Report for Net-MBlox-0.004

Back
From: metabase:user:dbfd798e-cbbe-11e2-b882-9c504e4df5df
Subject: NA Net-MBlox-0.004 v5.14.4 GNU/Linux
Date: 2013-06-21T14:22:18Z

This distribution has been tested as part of the CPAN Testers
project, supporting the Perl programming language.  See
http://wiki.cpantesters.org/ for more information or email
questions to cpan-testers-discuss@perl.org


--

Dear ELLIOTT,
    
This is a computer-generated error report created automatically by
CPANPLUS, version 0.9103. Testers personal comments may appear 
at the end of this report.


Thank you for uploading your work to CPAN.  However, it appears that
there were some problems testing your distribution.

TEST RESULTS:

Below is the error stack from stage 'make test':

[MSG] [Fri Jun 21 10:22:16 2013] Using cached file '/home/cthomas/.cpanplus/authors/id/E/EL/ELLIOTT/CHECKSUMS' on disk; ttl (3600s) is not exceeded
[MSG] [Fri Jun 21 10:22:16 2013] Archive size is not known for 'Net-MBlox-0.004.tar.gz'
[MSG] [Fri Jun 21 10:22:16 2013] No 'sha256' checksum known for 'Net-MBlox-0.004.tar.gz'
[MSG] [Fri Jun 21 10:22:16 2013] Extracted 'Net::MBlox' to '/home/cthomas/.cpanplus/5.14.4/build/Net-MBlox-0.004'
[MSG] [Fri Jun 21 10:22:16 2013] CPANPLUS is prefering Build.PL
[MSG] [Fri Jun 21 10:22:16 2013] Loading YACSmoke database "/home/cthomas/.cpanplus/cpansmoke.dat"
[MSG] [Fri Jun 21 10:22:17 2013] Checking if your kit is complete...
Looks good
Warning: prerequisite JSON::XS 0 not found.
Warning: prerequisite WWW::Mechanize::GZip 0 not found.
Writing Makefile for Net::MBlox
Writing MYMETA.yml and MYMETA.json

[MSG] [Fri Jun 21 10:22:17 2013] DEFAULT 'filter_prereqs' HANDLER RETURNING 'sub return value'
[MSG] [Fri Jun 21 10:22:17 2013] Checking for previous PASS result for "Net-MBlox-0.004"
[ERROR] [Fri Jun 21 10:22:17 2013] No such module 'HTTP::Request' found on CPAN
[ERROR] [Fri Jun 21 10:22:17 2013] No such module 'HTTP::Request::Common' found on CPAN
[ERROR] [Fri Jun 21 10:22:17 2013] No such module 'JSON::XS' found on CPAN
[ERROR] [Fri Jun 21 10:22:17 2013] No such module 'LWP::Protocol::https' found on CPAN
[ERROR] [Fri Jun 21 10:22:17 2013] No such module 'Moo' found on CPAN
[ERROR] [Fri Jun 21 10:22:17 2013] No such module 'WWW::Mechanize::GZip' found on CPAN
[MSG] [Fri Jun 21 10:22:17 2013] cp lib/Net/MBlox.pm blib/lib/Net/MBlox.pm
Manifying blib/man3/Net::MBlox.3

[ERROR] [Fri Jun 21 10:22:18 2013] MAKE TEST failed: PERL_DL_NONLAZY=1 /home/cthomas/perl5/perlbrew/perls/perl-5.14.4/bin/perl "-MExtUtils::Command::MM" "-e" "test_harness(0, 'blib/lib', 'blib/arch')" t/*.t
Can't locate WWW/Mechanize/GZip.pm in @INC (@INC contains: lib /home/cthomas/.cpanplus/5.14.4/build/Net-MBlox-0.004/blib/lib /home/cthomas/.cpanplus/5.14.4/build/Net-MBlox-0.004/blib/arch /home/cthomas/.cpanplus/5.14.4/build/Net-MBlox-0.004/blib/lib /home/cthomas/.cpanplus/5.14.4/build/Net-MBlox-0.004/blib/arch /home/cthomas/perl5/perlbrew/perls/perl-5.14.4/lib/site_perl/5.14.4/x86_64-linux /home/cthomas/perl5/perlbrew/perls/perl-5.14.4/lib/site_perl/5.14.4 /home/cthomas/perl5/perlbrew/perls/perl-5.14.4/lib/5.14.4/x86_64-linux /home/cthomas/perl5/perlbrew/perls/perl-5.14.4/lib/5.14.4 .) at lib/Net/MBlox.pm line 11.
BEGIN failed--compilation aborted at lib/Net/MBlox.pm line 11.
Compilation failed in require at -e line 1.

#   Failed test 'Net::MBlox loaded ok'
#   at t/00-compile.t line 62.
#                   ''
#     doesn't match '(?^s:^\s*Net::MBlox ok)'
# Looks like you failed 1 test of 1.
t/00-compile.t ......... 
Dubious, test returned 1 (wstat 256, 0x100)
Failed 1/1 subtests 
# Prerequisite Report:
#    Version Module               
#   -------- ---------------------
#       6.68 ExtUtils::MakeMaker  
#       1.19 File::Find           
#       3.40 File::Spec::Functions
#     0.2301 File::Temp           
#       6.00 HTTP::Request        
#       6.04 HTTP::Request::Common
#    missing JSON::XS             
#       6.04 LWP::Protocol::https 
#       1.23 List::Util           
#       3.13 MIME::Base64         
#   1.002000 Moo                  
#       0.98 Test::More           
#    missing WWW::Mechanize::GZip 
#       1.04 strict               
#       1.12 warnings             
t/00-report-prereqs.t .. ok
t/simple.t ............. skipped: Requires token

Test Summary Report
-------------------
t/00-compile.t       (Wstat: 256 Tests: 1 Failed: 1)
  Failed test:  1
  Non-zero exit status: 1
Files=3, Tests=2,  1 wallclock secs ( 0.03 usr  0.04 sys +  0.20 cusr  0.07 csys =  0.34 CPU)
Result: FAIL
Failed 1/3 test programs. 1/2 subtests failed.
make: *** [test_dynamic] Error 255

[MSG] [Fri Jun 21 10:22:18 2013] DEFAULT 'proceed_on_test_failure' HANDLER RETURNING 'sub return value'


******************************** NOTE ********************************
The comments above are created mechanically, possibly without manual
checking by the sender.  As there are many people performing automatic
tests on each upload to CPAN, it is likely that you will receive 
identical messages about the same problem.

If you believe that the message is mistaken, please reply to the first
one with correction and/or additional informations, and do not take
it personally.  We appreciate your patience. :)
**********************************************************************

Additional comments:
 

This report was machine-generated by CPANPLUS::Dist::YACSmoke 0.88.
Powered by minismokebox version 0.56

------------------------------
ENVIRONMENT AND OTHER CONTEXT
------------------------------

Environment variables:

    AUTOMATED_TESTING = 1
    LANG = en_US.UTF-8
    NONINTERACTIVE_TESTING = 1
    PATH = /home/cthomas/perl5/perlbrew/bin:/home/cthomas/perl5/perlbrew/perls/perl-5.14.4/bin:/usr/local/sbin:/usr/local/bin:/usr/sbin:/usr/bin:/sbin:/bin
    PERL5LIB = :/home/cthomas/.cpanplus/5.14.4/build/Net-MBlox-0.004/blib/lib:/home/cthomas/.cpanplus/5.14.4/build/Net-MBlox-0.004/blib/arch
    PERL5_CPANPLUS_IS_RUNNING = 26224
    PERL5_CPANPLUS_IS_VERSION = 0.9103
    PERL5_MINISMOKEBOX = 0.56
    PERLBREW_BASHRC_VERSION = 0.63
    PERLBREW_HOME = /home/cthomas/.perlbrew
    PERLBREW_MANPATH = /home/cthomas/perl5/perlbrew/perls/perl-5.14.4/man
    PERLBREW_PATH = /home/cthomas/perl5/perlbrew/bin:/home/cthomas/perl5/perlbrew/perls/perl-5.14.4/bin
    PERLBREW_PERL = perl-5.14.4
    PERLBREW_ROOT = /home/cthomas/perl5/perlbrew
    PERLBREW_VERSION = 0.64
    PERL_EXTUTILS_AUTOINSTALL = --defaultdeps
    PERL_MM_USE_DEFAULT = 1
    SHELL = /bin/bash
    TERM = screen

Perl special variables (and OS-specific diagnostics, for MSWin32):

    Perl: $^X = /home/cthomas/perl5/perlbrew/perls/perl-5.14.4/bin/perl
    UID:  $<  = 1000
    EUID: $>  = 1000
    GID:  $(  = 1000 4 24 27 30 46 105 106 1000
    EGID: $)  = 1000 4 24 27 30 46 105 106 1000


-------------------------------


--

Summary of my perl5 (revision 5 version 14 subversion 4) configuration:
   
  Platform:
    osname=linux, osvers=3.8.0-23-generic, archname=x86_64-linux
    uname='linux cthomas2 3.8.0-23-generic #34-ubuntu smp wed may 29 20:22:58 utc 2013 x86_64 x86_64 x86_64 gnulinux '
    config_args='-de -Dprefix=/home/cthomas/perl5/perlbrew/perls/perl-5.14.4 -Aeval:scriptdir=/home/cthomas/perl5/perlbrew/perls/perl-5.14.4/bin'
    hint=recommended, useposix=true, d_sigaction=define
    useithreads=undef, usemultiplicity=undef
    useperlio=define, d_sfio=undef, uselargefiles=define, usesocks=undef
    use64bitint=define, use64bitall=define, uselongdouble=undef
    usemymalloc=n, bincompat5005=undef
  Compiler:
    cc='cc', ccflags ='-fno-strict-aliasing -pipe -fstack-protector -I/usr/local/include -D_LARGEFILE_SOURCE -D_FILE_OFFSET_BITS=64',
    optimize='-O2',
    cppflags='-fno-strict-aliasing -pipe -fstack-protector -I/usr/local/include'
    ccversion='', gccversion='4.7.3', gccosandvers=''
    intsize=4, longsize=8, ptrsize=8, doublesize=8, byteorder=12345678
    d_longlong=define, longlongsize=8, d_longdbl=define, longdblsize=16
    ivtype='long', ivsize=8, nvtype='double', nvsize=8, Off_t='off_t', lseeksize=8
    alignbytes=8, prototype=define
  Linker and Libraries:
    ld='cc', ldflags =' -fstack-protector -L/usr/local/lib'
    libpth=/usr/local/lib /lib/x86_64-linux-gnu /lib/../lib /usr/lib/x86_64-linux-gnu /usr/lib/../lib /lib /usr/lib
    libs=-lnsl -ldl -lm -lcrypt -lutil -lc
    perllibs=-lnsl -ldl -lm -lcrypt -lutil -lc
    libc=, so=so, useshrplib=false, libperl=libperl.a
    gnulibc_version='2.17'
  Dynamic Linking:
    dlsrc=dl_dlopen.xs, dlext=so, d_dlsymun=undef, ccdlflags='-Wl,-E'
    cccdlflags='-fPIC', lddlflags='-shared -O2 -L/usr/local/lib -fstack-protector'


Characteristics of this binary (from libperl): 
  Compile-time options: PERL_DONT_CREATE_GVSV PERL_MALLOC_WRAP
                        PERL_PRESERVE_IVUV USE_64_BIT_ALL USE_64_BIT_INT
                        USE_LARGE_FILES USE_PERLIO USE_PERL_ATOF
  Built under linux
  Compiled at Jun 17 2013 18:15:27
  %ENV:
    PERL5LIB=":/home/cthomas/.cpanplus/5.14.4/build/Net-MBlox-0.004/blib/lib:/home/cthomas/.cpanplus/5.14.4/build/Net-MBlox-0.004/blib/arch"
    PERL5_CPANPLUS_IS_RUNNING="26224"
    PERL5_CPANPLUS_IS_VERSION="0.9103"
    PERL5_MINISMOKEBOX="0.56"
    PERLBREW_BASHRC_VERSION="0.63"
    PERLBREW_HOME="/home/cthomas/.perlbrew"
    PERLBREW_MANPATH="/home/cthomas/perl5/perlbrew/perls/perl-5.14.4/man"
    PERLBREW_PATH="/home/cthomas/perl5/perlbrew/bin:/home/cthomas/perl5/perlbrew/perls/perl-5.14.4/bin"
    PERLBREW_PERL="perl-5.14.4"
    PERLBREW_ROOT="/home/cthomas/perl5/perlbrew"
    PERLBREW_VERSION="0.64"
    PERL_EXTUTILS_AUTOINSTALL="--defaultdeps"
    PERL_MM_USE_DEFAULT="1"
  @INC:
    /home/cthomas/.cpanplus/5.14.4/build/Net-MBlox-0.004/blib/lib
    /home/cthomas/.cpanplus/5.14.4/build/Net-MBlox-0.004/blib/arch
    /home/cthomas/perl5/perlbrew/perls/perl-5.14.4/lib/site_perl/5.14.4/x86_64-linux
    /home/cthomas/perl5/perlbrew/perls/perl-5.14.4/lib/site_perl/5.14.4
    /home/cthomas/perl5/perlbrew/perls/perl-5.14.4/lib/5.14.4/x86_64-linux
    /home/cthomas/perl5/perlbrew/perls/perl-5.14.4/lib/5.14.4
    .