Report for DBIx-Class-Graph-1.05

Back
From: metabase:user:a0e144f2-373b-11e6-8edd-c6848980b093
Subject: FAIL DBIx-Class-Graph-1.05 v5.25.6 GNU/Linux
Date: 2016-11-09T07:27:32Z

This distribution has been tested as part of the CPAN Testers
project, supporting the Perl programming language.  See
http://wiki.cpantesters.org/ for more information or email
questions to cpan-testers-discuss@perl.org


--
Dear Moritz Onken,

This is a computer-generated report for DBIx-Class-Graph-1.05
on perl 5.25.6, created by CPAN-Reporter-1.2018.

Thank you for uploading your work to CPAN.  However, there was a problem
testing your distribution.

If you think this report is invalid, please consult the CPAN Testers Wiki
for suggestions on how to avoid getting FAIL reports for missing library
or binary dependencies, unsupported operating systems, and so on:

http://wiki.cpantesters.org/wiki/CPANAuthorNotes

Sections of this report:

    * Tester comments
    * Program output
    * Prerequisites
    * Environment and other context

------------------------------
TESTER COMMENTS
------------------------------

Additional comments from tester:

this report is from an automated smoke testing program
and was not reviewed by a human for accuracy

------------------------------
PROGRAM OUTPUT
------------------------------

Output from './Build test':

# 
# 
# perl: v5.25.6 (wanted any version) on linux from /home/cpan2/install/bin/perl
# 
# Class::C3                                     => 0.32       (want any version)
# DBIx::Class                                   => 0.082840   (want any version)
# DBIx::Class::ResultSet                        => <undef>    (want any version)
# DBIx::Class::Schema                           => <undef>    (want any version)
# File::Find                                    => 1.34       (want any version)
# File::Temp                                    => 0.2304     (want any version)
# Graph                                         => 0.9704     (want 0.94)   
# List::MoreUtils                               => 0.416      (want any version)
# Module::Build                                 => 0.422      (want 0.3601) 
# Moose                                         => 2.1900     (want any version)
# Moose::Role                                   => 2.1900     (want any version)
# Scalar::Util                                  => 1.46       (want any version)
# Test::Memory::Cycle                           => 1.06       (want any version)
# Test::More                                    => 1.302059   (want 0.88)   
# base                                          => 2.23       (want any version)
# strict                                        => 1.11       (want any version)
# warnings                                      => 1.37       (want any version)
# 
# Thanks for using my code.  I hope it works for you.
# If not, please try and include this output in the bug report.
# That will help me reproduce the issue and solve you problem.
# 
t/000-report-versions-tiny.t .. ok
{UNKNOWN}: Could not generate inline handles for _graph->("" because : Failed to compile source: syntax error at (eval 757) line 21, near """( "


source:
#line 1 "inline delegation in DBIx::Class::ResultSet::Graph for _graph->("""
sub {
    my $self = shift;

    my $proxy = $self->_graph;
    if ( !defined $proxy ) {
        die Module::Runtime::use_module("Moose::Exception::AttributeValueIsNotDefined")->new(method    => $self->meta->find_method_by_name("(\"\""),
instance  => $self,
attribute => $self->meta->find_attribute_by_name("_graph"),
);
    }
    elsif ( ref $proxy && !Scalar::Util::blessed($proxy) ) {
        die Module::Runtime::use_module("Moose::Exception::AttributeValueIsNotAnObject")->new(method      => $self->meta->find_method_by_name("(\"\""),
instance    => $self,
attribute   => $self->meta->find_attribute_by_name("_graph"),
given_value => $proxy,
);
    }
    return $proxy->(""( @_ );
}
 at /home/cpan2/install/lib/perl5/site_perl/5.25.6/x86_64-linux-thread-multi/Class/MOP/Method/Generated.pm line 56.
 at /home/cpan2/install/lib/perl5/site_perl/5.25.6/x86_64-linux-thread-multi/Moose/Meta/Method/Delegation.pm line 143
	Moose::Meta::Method::Delegation::catch {...} ('Failed to compile source: syntax error at (eval 757) line 21, near """( "^J^J^Jsource:^J#line 1 "inline delegation in DBIx::Class::ResultSet::Graph for _graph->("""^Jsub {^J    my $self = shift;^J^J    my $proxy = $self->_graph;^J    if ( !defined $proxy ) {^J        die Module::Runtime::use_module("Moose::Exception::AttributeValueIsNotDefined")->new(method    => $self->meta->find_method_by_name("(\"\""),^Jinstance  => $self,^Jattribute => $self->meta->find_attribute_by_name("_graph"),^J);^J    }^J    elsif ( ref $proxy && !Scalar::Util::blessed($proxy) ) {^J        die Module::Runtime::use_module("Moose::Exception::AttributeValueIsNotAnObject")->new(method      => $self->meta->find_method_by_name("(\"\""),^Jinstance    => $self,^Jattribute   => $self->meta->find_attribute_by_name("_graph"),^Jgiven_value => $proxy,^J);^J    }^J    return $proxy->(""( @_ );^J}^J at /home/cpan2/install/lib/perl5/site_perl/5.25.6/x86_64-linux-thread-multi/Class/MOP/Method/Generated.pm line 56.^J') called at /home/cpan2/install/lib/perl5/site_perl/5.25.6/Try/Tiny.pm line 124
	Try::Tiny::try('CODE(0x6576aa8)', 'Try::Tiny::Catch=REF(0x5758ce0)') called at /home/cpan2/install/lib/perl5/site_perl/5.25.6/x86_64-linux-thread-multi/Moose/Meta/Method/Delegation.pm line 149
	Moose::Meta::Method::Delegation::_generate_inline_method('Moose::Meta::Method::Delegation=HASH(0x3822600)') called at /home/cpan2/install/lib/perl5/site_perl/5.25.6/x86_64-linux-thread-multi/Moose/Meta/Method/Delegation.pm line 82
	Moose::Meta::Method::Delegation::_initialize_body('Moose::Meta::Method::Delegation=HASH(0x3822600)') called at /home/cpan2/install/lib/perl5/site_perl/5.25.6/x86_64-linux-thread-multi/Moose/Meta/Method/Delegation.pm line 54
	Moose::Meta::Method::Delegation::new('Moose::Meta::Method::Delegation', 'name', '(""', 'package_name', 'DBIx::Class::ResultSet::Graph', 'attribute', 'Moose::Meta::Attribute=HASH(0x5758080)', 'delegate_to_method', '(""', 'curried_arguments', 'ARRAY(0x3b85458)') called at /home/cpan2/install/lib/perl5/site_perl/5.25.6/x86_64-linux-thread-multi/Moose/Meta/Attribute.pm line 1255
	Moose::Meta::Attribute::_make_delegation_method('Moose::Meta::Attribute=HASH(0x5758080)', '(""', '(""') called at /home/cpan2/install/lib/perl5/site_perl/5.25.6/x86_64-linux-thread-multi/Moose/Meta/Attribute.pm line 1122
	Moose::Meta::Attribute::install_delegation('Moose::Meta::Attribute=HASH(0x5758080)') called at /home/cpan2/install/lib/perl5/site_perl/5.25.6/x86_64-linux-thread-multi/Moose/Meta/Attribute.pm line 1015
	Moose::Meta::Attribute::install_accessors('Moose::Meta::Attribute=HASH(0x5758080)') called at /home/cpan2/install/lib/perl5/site_perl/5.25.6/x86_64-linux-thread-multi/Class/MOP/Class.pm line 899
	Class::MOP::Class::try {...}  at /home/cpan2/install/lib/perl5/site_perl/5.25.6/Try/Tiny.pm line 103
	eval {...} at /home/cpan2/install/lib/perl5/site_perl/5.25.6/Try/Tiny.pm line 94
	Try::Tiny::try('CODE(0x64f92c0)', 'Try::Tiny::Catch=REF(0x45e7278)') called at /home/cpan2/install/lib/perl5/site_perl/5.25.6/x86_64-linux-thread-multi/Class/MOP/Class.pm line 904
	Class::MOP::Class::_post_add_attribute('Moose::Meta::Class=HASH(0x572e130)', 'Moose::Meta::Attribute=HASH(0x5758080)') called at /home/cpan2/install/lib/perl5/site_perl/5.25.6/x86_64-linux-thread-multi/Class/MOP/Mixin/HasAttributes.pm line 39
	Class::MOP::Mixin::HasAttributes::add_attribute('Moose::Meta::Class=HASH(0x572e130)', 'Moose::Meta::Attribute=HASH(0x5758080)') called at /home/cpan2/install/lib/perl5/site_perl/5.25.6/x86_64-linux-thread-multi/Moose/Meta/Class.pm line 577
	Moose::Meta::Class::add_attribute('Moose::Meta::Class=HASH(0x572e130)', 'Moose::Meta::Attribute=HASH(0x5758080)') called at /home/cpan2/install/lib/perl5/site_perl/5.25.6/x86_64-linux-thread-multi/Moose/Meta/Role/Application/ToClass.pm line 126
	Moose::Meta::Role::Application::ToClass::apply_attributes('Moose::Meta::Role::Application::ToClass=HASH(0x613e5d0)', 'Moose::Meta::Role=HASH(0x575ade0)', 'Moose::Meta::Class=HASH(0x572e130)') called at /home/cpan2/install/lib/perl5/site_perl/5.25.6/x86_64-linux-thread-multi/Moose/Meta/Role/Application.pm line 59
	Moose::Meta::Role::Application::apply('Moose::Meta::Role::Application::ToClass=HASH(0x613e5d0)', 'Moose::Meta::Role=HASH(0x575ade0)', 'Moose::Meta::Class=HASH(0x572e130)') called at /home/cpan2/install/lib/perl5/site_perl/5.25.6/x86_64-linux-thread-multi/Moose/Meta/Role/Application/ToClass.pm line 31
	Moose::Meta::Role::Application::ToClass::apply('Moose::Meta::Role::Application::ToClass=HASH(0x613e5d0)', 'Moose::Meta::Role=HASH(0x575ade0)', 'Moose::Meta::Class=HASH(0x572e130)', 'HASH(0x3f1d508)') called at /home/cpan2/install/lib/perl5/site_perl/5.25.6/x86_64-linux-thread-multi/Moose/Meta/Role.pm line 472
	Moose::Meta::Role::apply('Moose::Meta::Role=HASH(0x575ade0)', 'Moose::Meta::Class=HASH(0x572e130)') called at /home/cpan2/install/lib/perl5/site_perl/5.25.6/x86_64-linux-thread-multi/Moose/Util.pm line 172
	Moose::Util::_apply_all_roles('Moose::Meta::Class=HASH(0x572e130)', undef, 'DBIx::Class::Graph::Role::ResultSet') called at /home/cpan2/install/lib/perl5/site_perl/5.25.6/x86_64-linux-thread-multi/Moose/Util.pm line 114
	Moose::Util::apply_all_roles('Moose::Meta::Class=HASH(0x572e130)', 'DBIx::Class::Graph::Role::ResultSet') called at /home/cpan2/install/lib/perl5/site_perl/5.25.6/x86_64-linux-thread-multi/Moose.pm line 57
	Moose::with('Moose::Meta::Class=HASH(0x572e130)', 'DBIx::Class::Graph::Role::ResultSet') called at /home/cpan2/install/lib/perl5/site_perl/5.25.6/x86_64-linux-thread-multi/Moose/Exporter.pm line 419
	Moose::with('DBIx::Class::Graph::Role::ResultSet') called at /home/cpan2/.cpan/build/DBIx-Class-Graph-1.05-0/blib/lib/DBIx/Class/ResultSet/Graph.pm line 19
	require DBIx/Class/ResultSet/Graph.pm at /home/cpan2/install/lib/perl5/site_perl/5.25.6/Class/C3/Componentised.pm line 150
	eval {...} at /home/cpan2/install/lib/perl5/site_perl/5.25.6/Class/C3/Componentised.pm line 150
	Class::C3::Componentised::ensure_class_loaded('DBIx::Class::ResultSource::Table=HASH(0x452d7e8)', 'DBIx::Class::ResultSet::Graph') called at /home/cpan2/install/lib/perl5/site_perl/5.25.6/DBIx/Class/AccessorGroup.pm line 19
	DBIx::Class::AccessorGroup::get_component_class('DBIx::Class::ResultSource::Table=HASH(0x452d7e8)', 'resultset_class') called at (eval 192) line 2
	DBIx::Class::ResultSource::resultset_class('DBIx::Class::ResultSource::Table=HASH(0x452d7e8)') called at /home/cpan2/install/lib/perl5/site_perl/5.25.6/DBIx/Class/ResultSource.pm line 1135
	DBIx::Class::ResultSource::resultset('DBIx::Class::ResultSource::Table=HASH(0x452d7e8)') called at /home/cpan2/install/lib/perl5/site_perl/5.25.6/DBIx/Class/Schema.pm line 547
	DBIx::Class::Schema::resultset('TestLib::Schema=HASH(0x26a5b98)', 'Simple') called at /home/cpan2/install/lib/perl5/site_perl/5.25.6/DBIx/Class/Schema.pm line 769
	DBIx::Class::Schema::populate('TestLib::Schema=HASH(0x26a5b98)', 'Simple', 'ARRAY(0x5756228)') called at t/lib/TestLib.pm line 20
	TestLib::new('TestLib') called at t/complex.t line 7
Compilation failed in require at /home/cpan2/install/lib/perl5/site_perl/5.25.6/Class/C3/Componentised.pm line 150. at /home/cpan2/install/lib/perl5/site_perl/5.25.6/Class/C3/Componentised.pm line 155
t/complex.t ................... 
Dubious, test returned 255 (wstat 65280, 0xff00)
No subtests run 
t/release-has-version.t ....... skipped: these tests are for release candidate testing
t/release-kwalitee.t .......... skipped: these tests are for release candidate testing
t/release-minimum-version.t ... skipped: these tests are for release candidate testing
t/release-pod-coverage.t ...... skipped: these tests are for release candidate testing
t/release-pod-syntax.t ........ skipped: these tests are for release candidate testing
{UNKNOWN}: Could not generate inline handles for _graph->("" because : Failed to compile source: syntax error at (eval 757) line 21, near """( "


source:
#line 1 "inline delegation in DBIx::Class::ResultSet::Graph for _graph->("""
sub {
    my $self = shift;

    my $proxy = $self->_graph;
    if ( !defined $proxy ) {
        die Module::Runtime::use_module("Moose::Exception::AttributeValueIsNotDefined")->new(method    => $self->meta->find_method_by_name("(\"\""),
instance  => $self,
attribute => $self->meta->find_attribute_by_name("_graph"),
);
    }
    elsif ( ref $proxy && !Scalar::Util::blessed($proxy) ) {
        die Module::Runtime::use_module("Moose::Exception::AttributeValueIsNotAnObject")->new(method      => $self->meta->find_method_by_name("(\"\""),
instance    => $self,
attribute   => $self->meta->find_attribute_by_name("_graph"),
given_value => $proxy,
);
    }
    return $proxy->(""( @_ );
}
 at /home/cpan2/install/lib/perl5/site_perl/5.25.6/x86_64-linux-thread-multi/Class/MOP/Method/Generated.pm line 56.
 at /home/cpan2/install/lib/perl5/site_perl/5.25.6/x86_64-linux-thread-multi/Moose/Meta/Method/Delegation.pm line 143
	Moose::Meta::Method::Delegation::catch {...} ('Failed to compile source: syntax error at (eval 757) line 21, near """( "^J^J^Jsource:^J#line 1 "inline delegation in DBIx::Class::ResultSet::Graph for _graph->("""^Jsub {^J    my $self = shift;^J^J    my $proxy = $self->_graph;^J    if ( !defined $proxy ) {^J        die Module::Runtime::use_module("Moose::Exception::AttributeValueIsNotDefined")->new(method    => $self->meta->find_method_by_name("(\"\""),^Jinstance  => $self,^Jattribute => $self->meta->find_attribute_by_name("_graph"),^J);^J    }^J    elsif ( ref $proxy && !Scalar::Util::blessed($proxy) ) {^J        die Module::Runtime::use_module("Moose::Exception::AttributeValueIsNotAnObject")->new(method      => $self->meta->find_method_by_name("(\"\""),^Jinstance    => $self,^Jattribute   => $self->meta->find_attribute_by_name("_graph"),^Jgiven_value => $proxy,^J);^J    }^J    return $proxy->(""( @_ );^J}^J at /home/cpan2/install/lib/perl5/site_perl/5.25.6/x86_64-linux-thread-multi/Class/MOP/Method/Generated.pm line 56.^J') called at /home/cpan2/install/lib/perl5/site_perl/5.25.6/Try/Tiny.pm line 124
	Try::Tiny::try('CODE(0x644b150)', 'Try::Tiny::Catch=REF(0x562ed98)') called at /home/cpan2/install/lib/perl5/site_perl/5.25.6/x86_64-linux-thread-multi/Moose/Meta/Method/Delegation.pm line 149
	Moose::Meta::Method::Delegation::_generate_inline_method('Moose::Meta::Method::Delegation=HASH(0x3704dc0)') called at /home/cpan2/install/lib/perl5/site_perl/5.25.6/x86_64-linux-thread-multi/Moose/Meta/Method/Delegation.pm line 82
	Moose::Meta::Method::Delegation::_initialize_body('Moose::Meta::Method::Delegation=HASH(0x3704dc0)') called at /home/cpan2/install/lib/perl5/site_perl/5.25.6/x86_64-linux-thread-multi/Moose/Meta/Method/Delegation.pm line 54
	Moose::Meta::Method::Delegation::new('Moose::Meta::Method::Delegation', 'name', '(""', 'package_name', 'DBIx::Class::ResultSet::Graph', 'attribute', 'Moose::Meta::Attribute=HASH(0x63cf450)', 'delegate_to_method', '(""', 'curried_arguments', 'ARRAY(0x3a6e6a8)') called at /home/cpan2/install/lib/perl5/site_perl/5.25.6/x86_64-linux-thread-multi/Moose/Meta/Attribute.pm line 1255
	Moose::Meta::Attribute::_make_delegation_method('Moose::Meta::Attribute=HASH(0x63cf450)', '(""', '(""') called at /home/cpan2/install/lib/perl5/site_perl/5.25.6/x86_64-linux-thread-multi/Moose/Meta/Attribute.pm line 1122
	Moose::Meta::Attribute::install_delegation('Moose::Meta::Attribute=HASH(0x63cf450)') called at /home/cpan2/install/lib/perl5/site_perl/5.25.6/x86_64-linux-thread-multi/Moose/Meta/Attribute.pm line 1015
	Moose::Meta::Attribute::install_accessors('Moose::Meta::Attribute=HASH(0x63cf450)') called at /home/cpan2/install/lib/perl5/site_perl/5.25.6/x86_64-linux-thread-multi/Class/MOP/Class.pm line 899
	Class::MOP::Class::try {...}  at /home/cpan2/install/lib/perl5/site_perl/5.25.6/Try/Tiny.pm line 103
	eval {...} at /home/cpan2/install/lib/perl5/site_perl/5.25.6/Try/Tiny.pm line 94
	Try::Tiny::try('CODE(0x63ce8e0)', 'Try::Tiny::Catch=REF(0x55f8588)') called at /home/cpan2/install/lib/perl5/site_perl/5.25.6/x86_64-linux-thread-multi/Class/MOP/Class.pm line 904
	Class::MOP::Class::_post_add_attribute('Moose::Meta::Class=HASH(0x5601ed8)', 'Moose::Meta::Attribute=HASH(0x63cf450)') called at /home/cpan2/install/lib/perl5/site_perl/5.25.6/x86_64-linux-thread-multi/Class/MOP/Mixin/HasAttributes.pm line 39
	Class::MOP::Mixin::HasAttributes::add_attribute('Moose::Meta::Class=HASH(0x5601ed8)', 'Moose::Meta::Attribute=HASH(0x63cf450)') called at /home/cpan2/install/lib/perl5/site_perl/5.25.6/x86_64-linux-thread-multi/Moose/Meta/Class.pm line 577
	Moose::Meta::Class::add_attribute('Moose::Meta::Class=HASH(0x5601ed8)', 'Moose::Meta::Attribute=HASH(0x63cf450)') called at /home/cpan2/install/lib/perl5/site_perl/5.25.6/x86_64-linux-thread-multi/Moose/Meta/Role/Application/ToClass.pm line 126
	Moose::Meta::Role::Application::ToClass::apply_attributes('Moose::Meta::Role::Application::ToClass=HASH(0x6012218)', 'Moose::Meta::Role=HASH(0x5638398)', 'Moose::Meta::Class=HASH(0x5601ed8)') called at /home/cpan2/install/lib/perl5/site_perl/5.25.6/x86_64-linux-thread-multi/Moose/Meta/Role/Application.pm line 59
	Moose::Meta::Role::Application::apply('Moose::Meta::Role::Application::ToClass=HASH(0x6012218)', 'Moose::Meta::Role=HASH(0x5638398)', 'Moose::Meta::Class=HASH(0x5601ed8)') called at /home/cpan2/install/lib/perl5/site_perl/5.25.6/x86_64-linux-thread-multi/Moose/Meta/Role/Application/ToClass.pm line 31
	Moose::Meta::Role::Application::ToClass::apply('Moose::Meta::Role::Application::ToClass=HASH(0x6012218)', 'Moose::Meta::Role=HASH(0x5638398)', 'Moose::Meta::Class=HASH(0x5601ed8)', 'HASH(0x3dfab30)') called at /home/cpan2/install/lib/perl5/site_perl/5.25.6/x86_64-linux-thread-multi/Moose/Meta/Role.pm line 472
	Moose::Meta::Role::apply('Moose::Meta::Role=HASH(0x5638398)', 'Moose::Meta::Class=HASH(0x5601ed8)') called at /home/cpan2/install/lib/perl5/site_perl/5.25.6/x86_64-linux-thread-multi/Moose/Util.pm line 172
	Moose::Util::_apply_all_roles('Moose::Meta::Class=HASH(0x5601ed8)', undef, 'DBIx::Class::Graph::Role::ResultSet') called at /home/cpan2/install/lib/perl5/site_perl/5.25.6/x86_64-linux-thread-multi/Moose/Util.pm line 114
	Moose::Util::apply_all_roles('Moose::Meta::Class=HASH(0x5601ed8)', 'DBIx::Class::Graph::Role::ResultSet') called at /home/cpan2/install/lib/perl5/site_perl/5.25.6/x86_64-linux-thread-multi/Moose.pm line 57
	Moose::with('Moose::Meta::Class=HASH(0x5601ed8)', 'DBIx::Class::Graph::Role::ResultSet') called at /home/cpan2/install/lib/perl5/site_perl/5.25.6/x86_64-linux-thread-multi/Moose/Exporter.pm line 419
	Moose::with('DBIx::Class::Graph::Role::ResultSet') called at /home/cpan2/.cpan/build/DBIx-Class-Graph-1.05-0/blib/lib/DBIx/Class/ResultSet/Graph.pm line 19
	require DBIx/Class/ResultSet/Graph.pm at /home/cpan2/install/lib/perl5/site_perl/5.25.6/Class/C3/Componentised.pm line 150
	eval {...} at /home/cpan2/install/lib/perl5/site_perl/5.25.6/Class/C3/Componentised.pm line 150
	Class::C3::Componentised::ensure_class_loaded('DBIx::Class::ResultSource::Table=HASH(0x2aebaf0)', 'DBIx::Class::ResultSet::Graph') called at /home/cpan2/install/lib/perl5/site_perl/5.25.6/DBIx/Class/AccessorGroup.pm line 19
	DBIx::Class::AccessorGroup::get_component_class('DBIx::Class::ResultSource::Table=HASH(0x2aebaf0)', 'resultset_class') called at (eval 192) line 2
	DBIx::Class::ResultSource::resultset_class('DBIx::Class::ResultSource::Table=HASH(0x2aebaf0)') called at /home/cpan2/install/lib/perl5/site_perl/5.25.6/DBIx/Class/ResultSource.pm line 1135
	DBIx::Class::ResultSource::resultset('DBIx::Class::ResultSource::Table=HASH(0x2aebaf0)') called at /home/cpan2/install/lib/perl5/site_perl/5.25.6/DBIx/Class/Schema.pm line 547
	DBIx::Class::Schema::resultset('TestLib::Schema=HASH(0x253aae8)', 'Simple') called at /home/cpan2/install/lib/perl5/site_perl/5.25.6/DBIx/Class/Schema.pm line 769
	DBIx::Class::Schema::populate('TestLib::Schema=HASH(0x253aae8)', 'Simple', 'ARRAY(0x55f8300)') called at t/lib/TestLib.pm line 20
	TestLib::new('TestLib') called at t/leak.t line 8
Compilation failed in require at /home/cpan2/install/lib/perl5/site_perl/5.25.6/Class/C3/Componentised.pm line 150. at /home/cpan2/install/lib/perl5/site_perl/5.25.6/Class/C3/Componentised.pm line 155
t/leak.t ...................... 
Dubious, test returned 255 (wstat 65280, 0xff00)
No subtests run 
Could not generate inline handles for _graph->("" because : Failed to compile source: syntax error at (eval 198) line 21, near """( "


source:
#line 1 "inline delegation in DBIx::Class::ResultSet::Graph for _graph->("""
sub {
    my $self = shift;

    my $proxy = $self->_graph;
    if ( !defined $proxy ) {
        die Module::Runtime::use_module("Moose::Exception::AttributeValueIsNotDefined")->new(method    => $self->meta->find_method_by_name("(\"\""),
instance  => $self,
attribute => $self->meta->find_attribute_by_name("_graph"),
);
    }
    elsif ( ref $proxy && !Scalar::Util::blessed($proxy) ) {
        die Module::Runtime::use_module("Moose::Exception::AttributeValueIsNotAnObject")->new(method      => $self->meta->find_method_by_name("(\"\""),
instance    => $self,
attribute   => $self->meta->find_attribute_by_name("_graph"),
given_value => $proxy,
);
    }
    return $proxy->(""( @_ );
}
 at /home/cpan2/install/lib/perl5/site_perl/5.25.6/x86_64-linux-thread-multi/Class/MOP/Method/Generated.pm line 56.
 at /home/cpan2/install/lib/perl5/site_perl/5.25.6/x86_64-linux-thread-multi/Moose/Meta/Method/Delegation.pm line 143
	Moose::Meta::Method::Delegation::catch {...} ('Failed to compile source: syntax error at (eval 198) line 21, near """( "^J^J^Jsource:^J#line 1 "inline delegation in DBIx::Class::ResultSet::Graph for _graph->("""^Jsub {^J    my $self = shift;^J^J    my $proxy = $self->_graph;^J    if ( !defined $proxy ) {^J        die Module::Runtime::use_module("Moose::Exception::AttributeValueIsNotDefined")->new(method    => $self->meta->find_method_by_name("(\"\""),^Jinstance  => $self,^Jattribute => $self->meta->find_attribute_by_name("_graph"),^J);^J    }^J    elsif ( ref $proxy && !Scalar::Util::blessed($proxy) ) {^J        die Module::Runtime::use_module("Moose::Exception::AttributeValueIsNotAnObject")->new(method      => $self->meta->find_method_by_name("(\"\""),^Jinstance    => $self,^Jattribute   => $self->meta->find_attribute_by_name("_graph"),^Jgiven_value => $proxy,^J);^J    }^J    return $proxy->(""( @_ );^J}^J at /home/cpan2/install/lib/perl5/site_perl/5.25.6/x86_64-linux-thread-multi/Class/MOP/Method/Generated.pm line 56.^J') called at /home/cpan2/install/lib/perl5/site_perl/5.25.6/Try/Tiny.pm line 124
	Try::Tiny::try('CODE(0x3bfaaa0)', 'Try::Tiny::Catch=REF(0x3b83900)') called at /home/cpan2/install/lib/perl5/site_perl/5.25.6/x86_64-linux-thread-multi/Moose/Meta/Method/Delegation.pm line 149
	Moose::Meta::Method::Delegation::_generate_inline_method('Moose::Meta::Method::Delegation=HASH(0x22342d8)') called at /home/cpan2/install/lib/perl5/site_perl/5.25.6/x86_64-linux-thread-multi/Moose/Meta/Method/Delegation.pm line 82
	Moose::Meta::Method::Delegation::_initialize_body('Moose::Meta::Method::Delegation=HASH(0x22342d8)') called at /home/cpan2/install/lib/perl5/site_perl/5.25.6/x86_64-linux-thread-multi/Moose/Meta/Method/Delegation.pm line 54
	Moose::Meta::Method::Delegation::new('Moose::Meta::Method::Delegation', 'name', '(""', 'package_name', 'DBIx::Class::ResultSet::Graph', 'attribute', 'Moose::Meta::Attribute=HASH(0x3b78900)', 'delegate_to_method', '(""', 'curried_arguments', 'ARRAY(0x2598430)') called at /home/cpan2/install/lib/perl5/site_perl/5.25.6/x86_64-linux-thread-multi/Moose/Meta/Attribute.pm line 1255
	Moose::Meta::Attribute::_make_delegation_method('Moose::Meta::Attribute=HASH(0x3b78900)', '(""', '(""') called at /home/cpan2/install/lib/perl5/site_perl/5.25.6/x86_64-linux-thread-multi/Moose/Meta/Attribute.pm line 1122
	Moose::Meta::Attribute::install_delegation('Moose::Meta::Attribute=HASH(0x3b78900)') called at /home/cpan2/install/lib/perl5/site_perl/5.25.6/x86_64-linux-thread-multi/Moose/Meta/Attribute.pm line 1015
	Moose::Meta::Attribute::install_accessors('Moose::Meta::Attribute=HASH(0x3b78900)') called at /home/cpan2/install/lib/perl5/site_perl/5.25.6/x86_64-linux-thread-multi/Class/MOP/Class.pm line 899
	Class::MOP::Class::try {...}  at /home/cpan2/install/lib/perl5/site_perl/5.25.6/Try/Tiny.pm line 103
	eval {...} at /home/cpan2/install/lib/perl5/site_perl/5.25.6/Try/Tiny.pm line 94
	Try::Tiny::try('CODE(0x3b60968)', 'Try::Tiny::Catch=REF(0x38dadf0)') called at /home/cpan2/install/lib/perl5/site_perl/5.25.6/x86_64-linux-thread-multi/Class/MOP/Class.pm line 904
	Class::MOP::Class::_post_add_attribute('Moose::Meta::Class=HASH(0x288b918)', 'Moose::Meta::Attribute=HASH(0x3b78900)') called at /home/cpan2/install/lib/perl5/site_perl/5.25.6/x86_64-linux-thread-multi/Class/MOP/Mixin/HasAttributes.pm line 39
	Class::MOP::Mixin::HasAttributes::add_attribute('Moose::Meta::Class=HASH(0x288b918)', 'Moose::Meta::Attribute=HASH(0x3b78900)') called at /home/cpan2/install/lib/perl5/site_perl/5.25.6/x86_64-linux-thread-multi/Moose/Meta/Class.pm line 577
	Moose::Meta::Class::add_attribute('Moose::Meta::Class=HASH(0x288b918)', 'Moose::Meta::Attribute=HASH(0x3b78900)') called at /home/cpan2/install/lib/perl5/site_perl/5.25.6/x86_64-linux-thread-multi/Moose/Meta/Role/Application/ToClass.pm line 126
	Moose::Meta::Role::Application::ToClass::apply_attributes('Moose::Meta::Role::Application::ToClass=HASH(0x3a87d30)', 'Moose::Meta::Role=HASH(0x3b38118)', 'Moose::Meta::Class=HASH(0x288b918)') called at /home/cpan2/install/lib/perl5/site_perl/5.25.6/x86_64-linux-thread-multi/Moose/Meta/Role/Application.pm line 59
	Moose::Meta::Role::Application::apply('Moose::Meta::Role::Application::ToClass=HASH(0x3a87d30)', 'Moose::Meta::Role=HASH(0x3b38118)', 'Moose::Meta::Class=HASH(0x288b918)') called at /home/cpan2/install/lib/perl5/site_perl/5.25.6/x86_64-linux-thread-multi/Moose/Meta/Role/Application/ToClass.pm line 31
	Moose::Meta::Role::Application::ToClass::apply('Moose::Meta::Role::Application::ToClass=HASH(0x3a87d30)', 'Moose::Meta::Role=HASH(0x3b38118)', 'Moose::Meta::Class=HASH(0x288b918)', 'HASH(0x2636528)') called at /home/cpan2/install/lib/perl5/site_perl/5.25.6/x86_64-linux-thread-multi/Moose/Meta/Role.pm line 472
	Moose::Meta::Role::apply('Moose::Meta::Role=HASH(0x3b38118)', 'Moose::Meta::Class=HASH(0x288b918)') called at /home/cpan2/install/lib/perl5/site_perl/5.25.6/x86_64-linux-thread-multi/Moose/Util.pm line 172
	Moose::Util::_apply_all_roles('Moose::Meta::Class=HASH(0x288b918)', undef, 'DBIx::Class::Graph::Role::ResultSet') called at /home/cpan2/install/lib/perl5/site_perl/5.25.6/x86_64-linux-thread-multi/Moose/Util.pm line 114
	Moose::Util::apply_all_roles('Moose::Meta::Class=HASH(0x288b918)', 'DBIx::Class::Graph::Role::ResultSet') called at /home/cpan2/install/lib/perl5/site_perl/5.25.6/x86_64-linux-thread-multi/Moose.pm line 57
	Moose::with('Moose::Meta::Class=HASH(0x288b918)', 'DBIx::Class::Graph::Role::ResultSet') called at /home/cpan2/install/lib/perl5/site_perl/5.25.6/x86_64-linux-thread-multi/Moose/Exporter.pm line 419
	Moose::with('DBIx::Class::Graph::Role::ResultSet') called at lib/DBIx/Class/ResultSet/Graph.pm line 19
	require DBIx/Class/ResultSet/Graph.pm at -e line 1
Compilation failed in require at -e line 1.

#   Failed test 'DBIx::Class::ResultSet::Graph loaded ok'
#   at t/00-compile.t line 71.
#                   ''
#     doesn't match '(?^s:^\s*DBIx::Class::ResultSet::Graph ok)'
# Looks like you failed 1 test of 5.
t/00-compile.t ................ 
Dubious, test returned 1 (wstat 256, 0x100)
Failed 1/5 subtests 
{UNKNOWN}: Could not generate inline handles for _graph->("" because : Failed to compile source: syntax error at (eval 757) line 21, near """( "


source:
#line 1 "inline delegation in DBIx::Class::ResultSet::Graph for _graph->("""
sub {
    my $self = shift;

    my $proxy = $self->_graph;
    if ( !defined $proxy ) {
        die Module::Runtime::use_module("Moose::Exception::AttributeValueIsNotDefined")->new(method    => $self->meta->find_method_by_name("(\"\""),
instance  => $self,
attribute => $self->meta->find_attribute_by_name("_graph"),
);
    }
    elsif ( ref $proxy && !Scalar::Util::blessed($proxy) ) {
        die Module::Runtime::use_module("Moose::Exception::AttributeValueIsNotAnObject")->new(method      => $self->meta->find_method_by_name("(\"\""),
instance    => $self,
attribute   => $self->meta->find_attribute_by_name("_graph"),
given_value => $proxy,
);
    }
    return $proxy->(""( @_ );
}
 at /home/cpan2/install/lib/perl5/site_perl/5.25.6/x86_64-linux-thread-multi/Class/MOP/Method/Generated.pm line 56.
 at /home/cpan2/install/lib/perl5/site_perl/5.25.6/x86_64-linux-thread-multi/Moose/Meta/Method/Delegation.pm line 143
	Moose::Meta::Method::Delegation::catch {...} ('Failed to compile source: syntax error at (eval 757) line 21, near """( "^J^J^Jsource:^J#line 1 "inline delegation in DBIx::Class::ResultSet::Graph for _graph->("""^Jsub {^J    my $self = shift;^J^J    my $proxy = $self->_graph;^J    if ( !defined $proxy ) {^J        die Module::Runtime::use_module("Moose::Exception::AttributeValueIsNotDefined")->new(method    => $self->meta->find_method_by_name("(\"\""),^Jinstance  => $self,^Jattribute => $self->meta->find_attribute_by_name("_graph"),^J);^J    }^J    elsif ( ref $proxy && !Scalar::Util::blessed($proxy) ) {^J        die Module::Runtime::use_module("Moose::Exception::AttributeValueIsNotAnObject")->new(method      => $self->meta->find_method_by_name("(\"\""),^Jinstance    => $self,^Jattribute   => $self->meta->find_attribute_by_name("_graph"),^Jgiven_value => $proxy,^J);^J    }^J    return $proxy->(""( @_ );^J}^J at /home/cpan2/install/lib/perl5/site_perl/5.25.6/x86_64-linux-thread-multi/Class/MOP/Method/Generated.pm line 56.^J') called at /home/cpan2/install/lib/perl5/site_perl/5.25.6/Try/Tiny.pm line 124
	Try::Tiny::try('CODE(0x62528a8)', 'Try::Tiny::Catch=REF(0x54344b0)') called at /home/cpan2/install/lib/perl5/site_perl/5.25.6/x86_64-linux-thread-multi/Moose/Meta/Method/Delegation.pm line 149
	Moose::Meta::Method::Delegation::_generate_inline_method('Moose::Meta::Method::Delegation=HASH(0x3504580)') called at /home/cpan2/install/lib/perl5/site_perl/5.25.6/x86_64-linux-thread-multi/Moose/Meta/Method/Delegation.pm line 82
	Moose::Meta::Method::Delegation::_initialize_body('Moose::Meta::Method::Delegation=HASH(0x3504580)') called at /home/cpan2/install/lib/perl5/site_perl/5.25.6/x86_64-linux-thread-multi/Moose/Meta/Method/Delegation.pm line 54
	Moose::Meta::Method::Delegation::new('Moose::Meta::Method::Delegation', 'name', '(""', 'package_name', 'DBIx::Class::ResultSet::Graph', 'attribute', 'Moose::Meta::Attribute=HASH(0x5433818)', 'delegate_to_method', '(""', 'curried_arguments', 'ARRAY(0x3867748)') called at /home/cpan2/install/lib/perl5/site_perl/5.25.6/x86_64-linux-thread-multi/Moose/Meta/Attribute.pm line 1255
	Moose::Meta::Attribute::_make_delegation_method('Moose::Meta::Attribute=HASH(0x5433818)', '(""', '(""') called at /home/cpan2/install/lib/perl5/site_perl/5.25.6/x86_64-linux-thread-multi/Moose/Meta/Attribute.pm line 1122
	Moose::Meta::Attribute::install_delegation('Moose::Meta::Attribute=HASH(0x5433818)') called at /home/cpan2/install/lib/perl5/site_perl/5.25.6/x86_64-linux-thread-multi/Moose/Meta/Attribute.pm line 1015
	Moose::Meta::Attribute::install_accessors('Moose::Meta::Attribute=HASH(0x5433818)') called at /home/cpan2/install/lib/perl5/site_perl/5.25.6/x86_64-linux-thread-multi/Class/MOP/Class.pm line 899
	Class::MOP::Class::try {...}  at /home/cpan2/install/lib/perl5/site_perl/5.25.6/Try/Tiny.pm line 103
	eval {...} at /home/cpan2/install/lib/perl5/site_perl/5.25.6/Try/Tiny.pm line 94
	Try::Tiny::try('CODE(0x61d3af0)', 'Try::Tiny::Catch=REF(0x5280500)') called at /home/cpan2/install/lib/perl5/site_perl/5.25.6/x86_64-linux-thread-multi/Class/MOP/Class.pm line 904
	Class::MOP::Class::_post_add_attribute('Moose::Meta::Class=HASH(0x522e8f0)', 'Moose::Meta::Attribute=HASH(0x5433818)') called at /home/cpan2/install/lib/perl5/site_perl/5.25.6/x86_64-linux-thread-multi/Class/MOP/Mixin/HasAttributes.pm line 39
	Class::MOP::Mixin::HasAttributes::add_attribute('Moose::Meta::Class=HASH(0x522e8f0)', 'Moose::Meta::Attribute=HASH(0x5433818)') called at /home/cpan2/install/lib/perl5/site_perl/5.25.6/x86_64-linux-thread-multi/Moose/Meta/Class.pm line 577
	Moose::Meta::Class::add_attribute('Moose::Meta::Class=HASH(0x522e8f0)', 'Moose::Meta::Attribute=HASH(0x5433818)') called at /home/cpan2/install/lib/perl5/site_perl/5.25.6/x86_64-linux-thread-multi/Moose/Meta/Role/Application/ToClass.pm line 126
	Moose::Meta::Role::Application::ToClass::apply_attributes('Moose::Meta::Role::Application::ToClass=HASH(0x54436f8)', 'Moose::Meta::Role=HASH(0x543ca58)', 'Moose::Meta::Class=HASH(0x522e8f0)') called at /home/cpan2/install/lib/perl5/site_perl/5.25.6/x86_64-linux-thread-multi/Moose/Meta/Role/Application.pm line 59
	Moose::Meta::Role::Application::apply('Moose::Meta::Role::Application::ToClass=HASH(0x54436f8)', 'Moose::Meta::Role=HASH(0x543ca58)', 'Moose::Meta::Class=HASH(0x522e8f0)') called at /home/cpan2/install/lib/perl5/site_perl/5.25.6/x86_64-linux-thread-multi/Moose/Meta/Role/Application/ToClass.pm line 31
	Moose::Meta::Role::Application::ToClass::apply('Moose::Meta::Role::Application::ToClass=HASH(0x54436f8)', 'Moose::Meta::Role=HASH(0x543ca58)', 'Moose::Meta::Class=HASH(0x522e8f0)', 'HASH(0x3bff1f0)') called at /home/cpan2/install/lib/perl5/site_perl/5.25.6/x86_64-linux-thread-multi/Moose/Meta/Role.pm line 472
	Moose::Meta::Role::apply('Moose::Meta::Role=HASH(0x543ca58)', 'Moose::Meta::Class=HASH(0x522e8f0)') called at /home/cpan2/install/lib/perl5/site_perl/5.25.6/x86_64-linux-thread-multi/Moose/Util.pm line 172
	Moose::Util::_apply_all_roles('Moose::Meta::Class=HASH(0x522e8f0)', undef, 'DBIx::Class::Graph::Role::ResultSet') called at /home/cpan2/install/lib/perl5/site_perl/5.25.6/x86_64-linux-thread-multi/Moose/Util.pm line 114
	Moose::Util::apply_all_roles('Moose::Meta::Class=HASH(0x522e8f0)', 'DBIx::Class::Graph::Role::ResultSet') called at /home/cpan2/install/lib/perl5/site_perl/5.25.6/x86_64-linux-thread-multi/Moose.pm line 57
	Moose::with('Moose::Meta::Class=HASH(0x522e8f0)', 'DBIx::Class::Graph::Role::ResultSet') called at /home/cpan2/install/lib/perl5/site_perl/5.25.6/x86_64-linux-thread-multi/Moose/Exporter.pm line 419
	Moose::with('DBIx::Class::Graph::Role::ResultSet') called at /home/cpan2/.cpan/build/DBIx-Class-Graph-1.05-0/blib/lib/DBIx/Class/ResultSet/Graph.pm line 19
	require DBIx/Class/ResultSet/Graph.pm at /home/cpan2/install/lib/perl5/site_perl/5.25.6/Class/C3/Componentised.pm line 150
	eval {...} at /home/cpan2/install/lib/perl5/site_perl/5.25.6/Class/C3/Componentised.pm line 150
	Class::C3::Componentised::ensure_class_loaded('DBIx::Class::ResultSource::Table=HASH(0x289b708)', 'DBIx::Class::ResultSet::Graph') called at /home/cpan2/install/lib/perl5/site_perl/5.25.6/DBIx/Class/AccessorGroup.pm line 19
	DBIx::Class::AccessorGroup::get_component_class('DBIx::Class::ResultSource::Table=HASH(0x289b708)', 'resultset_class') called at (eval 192) line 2
	DBIx::Class::ResultSource::resultset_class('DBIx::Class::ResultSource::Table=HASH(0x289b708)') called at /home/cpan2/install/lib/perl5/site_perl/5.25.6/DBIx/Class/ResultSource.pm line 1135
	DBIx::Class::ResultSource::resultset('DBIx::Class::ResultSource::Table=HASH(0x289b708)') called at /home/cpan2/install/lib/perl5/site_perl/5.25.6/DBIx/Class/Schema.pm line 547
	DBIx::Class::Schema::resultset('TestLib::Schema=HASH(0x2387b98)', 'Simple') called at /home/cpan2/install/lib/perl5/site_perl/5.25.6/DBIx/Class/Schema.pm line 769
	DBIx::Class::Schema::populate('TestLib::Schema=HASH(0x2387b98)', 'Simple', 'ARRAY(0x52800c8)') called at t/lib/TestLib.pm line 20
	TestLib::new('TestLib') called at t/result.t line 7
Compilation failed in require at /home/cpan2/install/lib/perl5/site_perl/5.25.6/Class/C3/Componentised.pm line 150. at /home/cpan2/install/lib/perl5/site_perl/5.25.6/Class/C3/Componentised.pm line 155
t/result.t .................... 
Dubious, test returned 255 (wstat 65280, 0xff00)
No subtests run 
{UNKNOWN}: Could not generate inline handles for _graph->("" because : Failed to compile source: syntax error at (eval 757) line 21, near """( "


source:
#line 1 "inline delegation in DBIx::Class::ResultSet::Graph for _graph->("""
sub {
    my $self = shift;

    my $proxy = $self->_graph;
    if ( !defined $proxy ) {
        die Module::Runtime::use_module("Moose::Exception::AttributeValueIsNotDefined")->new(method    => $self->meta->find_method_by_name("(\"\""),
instance  => $self,
attribute => $self->meta->find_attribute_by_name("_graph"),
);
    }
    elsif ( ref $proxy && !Scalar::Util::blessed($proxy) ) {
        die Module::Runtime::use_module("Moose::Exception::AttributeValueIsNotAnObject")->new(method      => $self->meta->find_method_by_name("(\"\""),
instance    => $self,
attribute   => $self->meta->find_attribute_by_name("_graph"),
given_value => $proxy,
);
    }
    return $proxy->(""( @_ );
}
 at /home/cpan2/install/lib/perl5/site_perl/5.25.6/x86_64-linux-thread-multi/Class/MOP/Method/Generated.pm line 56.
 at /home/cpan2/install/lib/perl5/site_perl/5.25.6/x86_64-linux-thread-multi/Moose/Meta/Method/Delegation.pm line 143
	Moose::Meta::Method::Delegation::catch {...} ('Failed to compile source: syntax error at (eval 757) line 21, near """( "^J^J^Jsource:^J#line 1 "inline delegation in DBIx::Class::ResultSet::Graph for _graph->("""^Jsub {^J    my $self = shift;^J^J    my $proxy = $self->_graph;^J    if ( !defined $proxy ) {^J        die Module::Runtime::use_module("Moose::Exception::AttributeValueIsNotDefined")->new(method    => $self->meta->find_method_by_name("(\"\""),^Jinstance  => $self,^Jattribute => $self->meta->find_attribute_by_name("_graph"),^J);^J    }^J    elsif ( ref $proxy && !Scalar::Util::blessed($proxy) ) {^J        die Module::Runtime::use_module("Moose::Exception::AttributeValueIsNotAnObject")->new(method      => $self->meta->find_method_by_name("(\"\""),^Jinstance    => $self,^Jattribute   => $self->meta->find_attribute_by_name("_graph"),^Jgiven_value => $proxy,^J);^J    }^J    return $proxy->(""( @_ );^J}^J at /home/cpan2/install/lib/perl5/site_perl/5.25.6/x86_64-linux-thread-multi/Class/MOP/Method/Generated.pm line 56.^J') called at /home/cpan2/install/lib/perl5/site_perl/5.25.6/Try/Tiny.pm line 124
	Try::Tiny::try('CODE(0x606e730)', 'Try::Tiny::Catch=REF(0x6000108)') called at /home/cpan2/install/lib/perl5/site_perl/5.25.6/x86_64-linux-thread-multi/Moose/Meta/Method/Delegation.pm line 149
	Moose::Meta::Method::Delegation::_generate_inline_method('Moose::Meta::Method::Delegation=HASH(0x3301bb0)') called at /home/cpan2/install/lib/perl5/site_perl/5.25.6/x86_64-linux-thread-multi/Moose/Meta/Method/Delegation.pm line 82
	Moose::Meta::Method::Delegation::_initialize_body('Moose::Meta::Method::Delegation=HASH(0x3301bb0)') called at /home/cpan2/install/lib/perl5/site_perl/5.25.6/x86_64-linux-thread-multi/Moose/Meta/Method/Delegation.pm line 54
	Moose::Meta::Method::Delegation::new('Moose::Meta::Method::Delegation', 'name', '(""', 'package_name', 'DBIx::Class::ResultSet::Graph', 'attribute', 'Moose::Meta::Attribute=HASH(0x524f380)', 'delegate_to_method', '(""', 'curried_arguments', 'ARRAY(0x3668ab8)') called at /home/cpan2/install/lib/perl5/site_perl/5.25.6/x86_64-linux-thread-multi/Moose/Meta/Attribute.pm line 1255
	Moose::Meta::Attribute::_make_delegation_method('Moose::Meta::Attribute=HASH(0x524f380)', '(""', '(""') called at /home/cpan2/install/lib/perl5/site_perl/5.25.6/x86_64-linux-thread-multi/Moose/Meta/Attribute.pm line 1122
	Moose::Meta::Attribute::install_delegation('Moose::Meta::Attribute=HASH(0x524f380)') called at /home/cpan2/install/lib/perl5/site_perl/5.25.6/x86_64-linux-thread-multi/Moose/Meta/Attribute.pm line 1015
	Moose::Meta::Attribute::install_accessors('Moose::Meta::Attribute=HASH(0x524f380)') called at /home/cpan2/install/lib/perl5/site_perl/5.25.6/x86_64-linux-thread-multi/Class/MOP/Class.pm line 899
	Class::MOP::Class::try {...}  at /home/cpan2/install/lib/perl5/site_perl/5.25.6/Try/Tiny.pm line 103
	eval {...} at /home/cpan2/install/lib/perl5/site_perl/5.25.6/Try/Tiny.pm line 94
	Try::Tiny::try('CODE(0x5fef8f8)', 'Try::Tiny::Catch=REF(0x5219f90)') called at /home/cpan2/install/lib/perl5/site_perl/5.25.6/x86_64-linux-thread-multi/Class/MOP/Class.pm line 904
	Class::MOP::Class::_post_add_attribute('Moose::Meta::Class=HASH(0x521ee88)', 'Moose::Meta::Attribute=HASH(0x524f380)') called at /home/cpan2/install/lib/perl5/site_perl/5.25.6/x86_64-linux-thread-multi/Class/MOP/Mixin/HasAttributes.pm line 39
	Class::MOP::Mixin::HasAttributes::add_attribute('Moose::Meta::Class=HASH(0x521ee88)', 'Moose::Meta::Attribute=HASH(0x524f380)') called at /home/cpan2/install/lib/perl5/site_perl/5.25.6/x86_64-linux-thread-multi/Moose/Meta/Class.pm line 577
	Moose::Meta::Class::add_attribute('Moose::Meta::Class=HASH(0x521ee88)', 'Moose::Meta::Attribute=HASH(0x524f380)') called at /home/cpan2/install/lib/perl5/site_perl/5.25.6/x86_64-linux-thread-multi/Moose/Meta/Role/Application/ToClass.pm line 126
	Moose::Meta::Role::Application::ToClass::apply_attributes('Moose::Meta::Role::Application::ToClass=HASH(0x5b392a0)', 'Moose::Meta::Role=HASH(0x52581b0)', 'Moose::Meta::Class=HASH(0x521ee88)') called at /home/cpan2/install/lib/perl5/site_perl/5.25.6/x86_64-linux-thread-multi/Moose/Meta/Role/Application.pm line 59
	Moose::Meta::Role::Application::apply('Moose::Meta::Role::Application::ToClass=HASH(0x5b392a0)', 'Moose::Meta::Role=HASH(0x52581b0)', 'Moose::Meta::Class=HASH(0x521ee88)') called at /home/cpan2/install/lib/perl5/site_perl/5.25.6/x86_64-linux-thread-multi/Moose/Meta/Role/Application/ToClass.pm line 31
	Moose::Meta::Role::Application::ToClass::apply('Moose::Meta::Role::Application::ToClass=HASH(0x5b392a0)', 'Moose::Meta::Role=HASH(0x52581b0)', 'Moose::Meta::Class=HASH(0x521ee88)', 'HASH(0x39fc688)') called at /home/cpan2/install/lib/perl5/site_perl/5.25.6/x86_64-linux-thread-multi/Moose/Meta/Role.pm line 472
	Moose::Meta::Role::apply('Moose::Meta::Role=HASH(0x52581b0)', 'Moose::Meta::Class=HASH(0x521ee88)') called at /home/cpan2/install/lib/perl5/site_perl/5.25.6/x86_64-linux-thread-multi/Moose/Util.pm line 172
	Moose::Util::_apply_all_roles('Moose::Meta::Class=HASH(0x521ee88)', undef, 'DBIx::Class::Graph::Role::ResultSet') called at /home/cpan2/install/lib/perl5/site_perl/5.25.6/x86_64-linux-thread-multi/Moose/Util.pm line 114
	Moose::Util::apply_all_roles('Moose::Meta::Class=HASH(0x521ee88)', 'DBIx::Class::Graph::Role::ResultSet') called at /home/cpan2/install/lib/perl5/site_perl/5.25.6/x86_64-linux-thread-multi/Moose.pm line 57
	Moose::with('Moose::Meta::Class=HASH(0x521ee88)', 'DBIx::Class::Graph::Role::ResultSet') called at /home/cpan2/install/lib/perl5/site_perl/5.25.6/x86_64-linux-thread-multi/Moose/Exporter.pm line 419
	Moose::with('DBIx::Class::Graph::Role::ResultSet') called at /home/cpan2/.cpan/build/DBIx-Class-Graph-1.05-0/blib/lib/DBIx/Class/ResultSet/Graph.pm line 19
	require DBIx/Class/ResultSet/Graph.pm at /home/cpan2/install/lib/perl5/site_perl/5.25.6/Class/C3/Componentised.pm line 150
	eval {...} at /home/cpan2/install/lib/perl5/site_perl/5.25.6/Class/C3/Componentised.pm line 150
	Class::C3::Componentised::ensure_class_loaded('DBIx::Class::ResultSource::Table=HASH(0x2199120)', 'DBIx::Class::ResultSet::Graph') called at /home/cpan2/install/lib/perl5/site_perl/5.25.6/DBIx/Class/AccessorGroup.pm line 19
	DBIx::Class::AccessorGroup::get_component_class('DBIx::Class::ResultSource::Table=HASH(0x2199120)', 'resultset_class') called at (eval 192) line 2
	DBIx::Class::ResultSource::resultset_class('DBIx::Class::ResultSource::Table=HASH(0x2199120)') called at /home/cpan2/install/lib/perl5/site_perl/5.25.6/DBIx/Class/ResultSource.pm line 1135
	DBIx::Class::ResultSource::resultset('DBIx::Class::ResultSource::Table=HASH(0x2199120)') called at /home/cpan2/install/lib/perl5/site_perl/5.25.6/DBIx/Class/Schema.pm line 547
	DBIx::Class::Schema::resultset('TestLib::Schema=HASH(0x2184ae8)', 'Simple') called at /home/cpan2/install/lib/perl5/site_perl/5.25.6/DBIx/Class/Schema.pm line 769
	DBIx::Class::Schema::populate('TestLib::Schema=HASH(0x2184ae8)', 'Simple', 'ARRAY(0x509bef8)') called at t/lib/TestLib.pm line 20
	TestLib::new('TestLib') called at t/resultset.t line 7
Compilation failed in require at /home/cpan2/install/lib/perl5/site_perl/5.25.6/Class/C3/Componentised.pm line 150. at /home/cpan2/install/lib/perl5/site_perl/5.25.6/Class/C3/Componentised.pm line 155
t/resultset.t ................. 
Dubious, test returned 255 (wstat 65280, 0xff00)
No subtests run 
{UNKNOWN}: Could not generate inline handles for _graph->("" because : Failed to compile source: syntax error at (eval 758) line 21, near """( "


source:
#line 1 "inline delegation in DBIx::Class::ResultSet::Graph for _graph->("""
sub {
    my $self = shift;

    my $proxy = $self->_graph;
    if ( !defined $proxy ) {
        die Module::Runtime::use_module("Moose::Exception::AttributeValueIsNotDefined")->new(method    => $self->meta->find_method_by_name("(\"\""),
instance  => $self,
attribute => $self->meta->find_attribute_by_name("_graph"),
);
    }
    elsif ( ref $proxy && !Scalar::Util::blessed($proxy) ) {
        die Module::Runtime::use_module("Moose::Exception::AttributeValueIsNotAnObject")->new(method      => $self->meta->find_method_by_name("(\"\""),
instance    => $self,
attribute   => $self->meta->find_attribute_by_name("_graph"),
given_value => $proxy,
);
    }
    return $proxy->(""( @_ );
}
 at /home/cpan2/install/lib/perl5/site_perl/5.25.6/x86_64-linux-thread-multi/Class/MOP/Method/Generated.pm line 56.
 at /home/cpan2/install/lib/perl5/site_perl/5.25.6/x86_64-linux-thread-multi/Moose/Meta/Method/Delegation.pm line 143
	Moose::Meta::Method::Delegation::catch {...} ('Failed to compile source: syntax error at (eval 758) line 21, near """( "^J^J^Jsource:^J#line 1 "inline delegation in DBIx::Class::ResultSet::Graph for _graph->("""^Jsub {^J    my $self = shift;^J^J    my $proxy = $self->_graph;^J    if ( !defined $proxy ) {^J        die Module::Runtime::use_module("Moose::Exception::AttributeValueIsNotDefined")->new(method    => $self->meta->find_method_by_name("(\"\""),^Jinstance  => $self,^Jattribute => $self->meta->find_attribute_by_name("_graph"),^J);^J    }^J    elsif ( ref $proxy && !Scalar::Util::blessed($proxy) ) {^J        die Module::Runtime::use_module("Moose::Exception::AttributeValueIsNotAnObject")->new(method      => $self->meta->find_method_by_name("(\"\""),^Jinstance    => $self,^Jattribute   => $self->meta->find_attribute_by_name("_graph"),^Jgiven_value => $proxy,^J);^J    }^J    return $proxy->(""( @_ );^J}^J at /home/cpan2/install/lib/perl5/site_perl/5.25.6/x86_64-linux-thread-multi/Class/MOP/Method/Generated.pm line 56.^J') called at /home/cpan2/install/lib/perl5/site_perl/5.25.6/Try/Tiny.pm line 124
	Try::Tiny::try('CODE(0x68092e0)', 'Try::Tiny::Catch=REF(0x6799a38)') called at /home/cpan2/install/lib/perl5/site_perl/5.25.6/x86_64-linux-thread-multi/Moose/Meta/Method/Delegation.pm line 149
	Moose::Meta::Method::Delegation::_generate_inline_method('Moose::Meta::Method::Delegation=HASH(0x3ab86f0)') called at /home/cpan2/install/lib/perl5/site_perl/5.25.6/x86_64-linux-thread-multi/Moose/Meta/Method/Delegation.pm line 82
	Moose::Meta::Method::Delegation::_initialize_body('Moose::Meta::Method::Delegation=HASH(0x3ab86f0)') called at /home/cpan2/install/lib/perl5/site_perl/5.25.6/x86_64-linux-thread-multi/Moose/Meta/Method/Delegation.pm line 54
	Moose::Meta::Method::Delegation::new('Moose::Meta::Method::Delegation', 'name', '(""', 'package_name', 'DBIx::Class::ResultSet::Graph', 'attribute', 'Moose::Meta::Attribute=HASH(0x59e9a80)', 'delegate_to_method', '(""', 'curried_arguments', 'ARRAY(0x3e1f2c8)') called at /home/cpan2/install/lib/perl5/site_perl/5.25.6/x86_64-linux-thread-multi/Moose/Meta/Attribute.pm line 1255
	Moose::Meta::Attribute::_make_delegation_method('Moose::Meta::Attribute=HASH(0x59e9a80)', '(""', '(""') called at /home/cpan2/install/lib/perl5/site_perl/5.25.6/x86_64-linux-thread-multi/Moose/Meta/Attribute.pm line 1122
	Moose::Meta::Attribute::install_delegation('Moose::Meta::Attribute=HASH(0x59e9a80)') called at /home/cpan2/install/lib/perl5/site_perl/5.25.6/x86_64-linux-thread-multi/Moose/Meta/Attribute.pm line 1015
	Moose::Meta::Attribute::install_accessors('Moose::Meta::Attribute=HASH(0x59e9a80)') called at /home/cpan2/install/lib/perl5/site_perl/5.25.6/x86_64-linux-thread-multi/Class/MOP/Class.pm line 899
	Class::MOP::Class::try {...}  at /home/cpan2/install/lib/perl5/site_perl/5.25.6/Try/Tiny.pm line 103
	eval {...} at /home/cpan2/install/lib/perl5/site_perl/5.25.6/Try/Tiny.pm line 94
	Try::Tiny::try('CODE(0x6789318)', 'Try::Tiny::Catch=REF(0x59e9540)') called at /home/cpan2/install/lib/perl5/site_perl/5.25.6/x86_64-linux-thread-multi/Class/MOP/Class.pm line 904
	Class::MOP::Class::_post_add_attribute('Moose::Meta::Class=HASH(0x5982960)', 'Moose::Meta::Attribute=HASH(0x59e9a80)') called at /home/cpan2/install/lib/perl5/site_perl/5.25.6/x86_64-linux-thread-multi/Class/MOP/Mixin/HasAttributes.pm line 39
	Class::MOP::Mixin::HasAttributes::add_attribute('Moose::Meta::Class=HASH(0x5982960)', 'Moose::Meta::Attribute=HASH(0x59e9a80)') called at /home/cpan2/install/lib/perl5/site_perl/5.25.6/x86_64-linux-thread-multi/Moose/Meta/Class.pm line 577
	Moose::Meta::Class::add_attribute('Moose::Meta::Class=HASH(0x5982960)', 'Moose::Meta::Attribute=HASH(0x59e9a80)') called at /home/cpan2/install/lib/perl5/site_perl/5.25.6/x86_64-linux-thread-multi/Moose/Meta/Role/Application/ToClass.pm line 126
	Moose::Meta::Role::Application::ToClass::apply_attributes('Moose::Meta::Role::Application::ToClass=HASH(0x59f9320)', 'Moose::Meta::Role=HASH(0x6782580)', 'Moose::Meta::Class=HASH(0x5982960)') called at /home/cpan2/install/lib/perl5/site_perl/5.25.6/x86_64-linux-thread-multi/Moose/Meta/Role/Application.pm line 59
	Moose::Meta::Role::Application::apply('Moose::Meta::Role::Application::ToClass=HASH(0x59f9320)', 'Moose::Meta::Role=HASH(0x6782580)', 'Moose::Meta::Class=HASH(0x5982960)') called at /home/cpan2/install/lib/perl5/site_perl/5.25.6/x86_64-linux-thread-multi/Moose/Meta/Role/Application/ToClass.pm line 31
	Moose::Meta::Role::Application::ToClass::apply('Moose::Meta::Role::Application::ToClass=HASH(0x59f9320)', 'Moose::Meta::Role=HASH(0x6782580)', 'Moose::Meta::Class=HASH(0x5982960)', 'HASH(0x41b33c0)') called at /home/cpan2/install/lib/perl5/site_perl/5.25.6/x86_64-linux-thread-multi/Moose/Meta/Role.pm line 472
	Moose::Meta::Role::apply('Moose::Meta::Role=HASH(0x6782580)', 'Moose::Meta::Class=HASH(0x5982960)') called at /home/cpan2/install/lib/perl5/site_perl/5.25.6/x86_64-linux-thread-multi/Moose/Util.pm line 172
	Moose::Util::_apply_all_roles('Moose::Meta::Class=HASH(0x5982960)', undef, 'DBIx::Class::Graph::Role::ResultSet') called at /home/cpan2/install/lib/perl5/site_perl/5.25.6/x86_64-linux-thread-multi/Moose/Util.pm line 114
	Moose::Util::apply_all_roles('Moose::Meta::Class=HASH(0x5982960)', 'DBIx::Class::Graph::Role::ResultSet') called at /home/cpan2/install/lib/perl5/site_perl/5.25.6/x86_64-linux-thread-multi/Moose.pm line 57
	Moose::with('Moose::Meta::Class=HASH(0x5982960)', 'DBIx::Class::Graph::Role::ResultSet') called at /home/cpan2/install/lib/perl5/site_perl/5.25.6/x86_64-linux-thread-multi/Moose/Exporter.pm line 419
	Moose::with('DBIx::Class::Graph::Role::ResultSet') called at /home/cpan2/.cpan/build/DBIx-Class-Graph-1.05-0/blib/lib/DBIx/Class/ResultSet/Graph.pm line 19
	require DBIx/Class/ResultSet/Graph.pm at /home/cpan2/install/lib/perl5/site_perl/5.25.6/Class/C3/Componentised.pm line 150
	eval {...} at /home/cpan2/install/lib/perl5/site_perl/5.25.6/Class/C3/Componentised.pm line 150
	Class::C3::Componentised::ensure_class_loaded('DBIx::Class::ResultSource::Table=HASH(0x2946a80)', 'DBIx::Class::ResultSet::Graph') called at /home/cpan2/install/lib/perl5/site_perl/5.25.6/DBIx/Class/AccessorGroup.pm line 19
	DBIx::Class::AccessorGroup::get_component_class('DBIx::Class::ResultSource::Table=HASH(0x2946a80)', 'resultset_class') called at (eval 192) line 2
	DBIx::Class::ResultSource::resultset_class('DBIx::Class::ResultSource::Table=HASH(0x2946a80)') called at /home/cpan2/install/lib/perl5/site_perl/5.25.6/DBIx/Class/ResultSource.pm line 1135
	DBIx::Class::ResultSource::resultset('DBIx::Class::ResultSource::Table=HASH(0x2946a80)') called at /home/cpan2/install/lib/perl5/site_perl/5.25.6/DBIx/Class/Schema.pm line 547
	DBIx::Class::Schema::resultset('TestLib::Schema=HASH(0x293ba78)', 'Simple') called at /home/cpan2/install/lib/perl5/site_perl/5.25.6/DBIx/Class/Schema.pm line 769
	DBIx::Class::Schema::populate('TestLib::Schema=HASH(0x293ba78)', 'Simple', 'ARRAY(0x59b27f0)') called at t/lib/TestLib.pm line 20
	TestLib::new('TestLib') called at t/simple01.t line 7
Compilation failed in require at /home/cpan2/install/lib/perl5/site_perl/5.25.6/Class/C3/Componentised.pm line 150. at /home/cpan2/install/lib/perl5/site_perl/5.25.6/Class/C3/Componentised.pm line 155
t/simple01.t .................. 
Dubious, test returned 255 (wstat 65280, 0xff00)
No subtests run 
{UNKNOWN}: Could not generate inline handles for _graph->("" because : Failed to compile source: syntax error at (eval 758) line 21, near """( "


source:
#line 1 "inline delegation in DBIx::Class::ResultSet::Graph for _graph->("""
sub {
    my $self = shift;

    my $proxy = $self->_graph;
    if ( !defined $proxy ) {
        die Module::Runtime::use_module("Moose::Exception::AttributeValueIsNotDefined")->new(method    => $self->meta->find_method_by_name("(\"\""),
instance  => $self,
attribute => $self->meta->find_attribute_by_name("_graph"),
);
    }
    elsif ( ref $proxy && !Scalar::Util::blessed($proxy) ) {
        die Module::Runtime::use_module("Moose::Exception::AttributeValueIsNotAnObject")->new(method      => $self->meta->find_method_by_name("(\"\""),
instance    => $self,
attribute   => $self->meta->find_attribute_by_name("_graph"),
given_value => $proxy,
);
    }
    return $proxy->(""( @_ );
}
 at /home/cpan2/install/lib/perl5/site_perl/5.25.6/x86_64-linux-thread-multi/Class/MOP/Method/Generated.pm line 56.
 at /home/cpan2/install/lib/perl5/site_perl/5.25.6/x86_64-linux-thread-multi/Moose/Meta/Method/Delegation.pm line 143
	Moose::Meta::Method::Delegation::catch {...} ('Failed to compile source: syntax error at (eval 758) line 21, near """( "^J^J^Jsource:^J#line 1 "inline delegation in DBIx::Class::ResultSet::Graph for _graph->("""^Jsub {^J    my $self = shift;^J^J    my $proxy = $self->_graph;^J    if ( !defined $proxy ) {^J        die Module::Runtime::use_module("Moose::Exception::AttributeValueIsNotDefined")->new(method    => $self->meta->find_method_by_name("(\"\""),^Jinstance  => $self,^Jattribute => $self->meta->find_attribute_by_name("_graph"),^J);^J    }^J    elsif ( ref $proxy && !Scalar::Util::blessed($proxy) ) {^J        die Module::Runtime::use_module("Moose::Exception::AttributeValueIsNotAnObject")->new(method      => $self->meta->find_method_by_name("(\"\""),^Jinstance    => $self,^Jattribute   => $self->meta->find_attribute_by_name("_graph"),^Jgiven_value => $proxy,^J);^J    }^J    return $proxy->(""( @_ );^J}^J at /home/cpan2/install/lib/perl5/site_perl/5.25.6/x86_64-linux-thread-multi/Class/MOP/Method/Generated.pm line 56.^J') called at /home/cpan2/install/lib/perl5/site_perl/5.25.6/Try/Tiny.pm line 124
	Try::Tiny::try('CODE(0x5b32730)', 'Try::Tiny::Catch=REF(0x5ac4a78)') called at /home/cpan2/install/lib/perl5/site_perl/5.25.6/x86_64-linux-thread-multi/Moose/Meta/Method/Delegation.pm line 149
	Moose::Meta::Method::Delegation::_generate_inline_method('Moose::Meta::Method::Delegation=HASH(0x2de26f8)') called at /home/cpan2/install/lib/perl5/site_perl/5.25.6/x86_64-linux-thread-multi/Moose/Meta/Method/Delegation.pm line 82
	Moose::Meta::Method::Delegation::_initialize_body('Moose::Meta::Method::Delegation=HASH(0x2de26f8)') called at /home/cpan2/install/lib/perl5/site_perl/5.25.6/x86_64-linux-thread-multi/Moose/Meta/Method/Delegation.pm line 54
	Moose::Meta::Method::Delegation::new('Moose::Meta::Method::Delegation', 'name', '(""', 'package_name', 'DBIx::Class::ResultSet::Graph', 'attribute', 'Moose::Meta::Attribute=HASH(0x4d1e860)', 'delegate_to_method', '(""', 'curried_arguments', 'ARRAY(0x3146d68)') called at /home/cpan2/install/lib/perl5/site_perl/5.25.6/x86_64-linux-thread-multi/Moose/Meta/Attribute.pm line 1255
	Moose::Meta::Attribute::_make_delegation_method('Moose::Meta::Attribute=HASH(0x4d1e860)', '(""', '(""') called at /home/cpan2/install/lib/perl5/site_perl/5.25.6/x86_64-linux-thread-multi/Moose/Meta/Attribute.pm line 1122
	Moose::Meta::Attribute::install_delegation('Moose::Meta::Attribute=HASH(0x4d1e860)') called at /home/cpan2/install/lib/perl5/site_perl/5.25.6/x86_64-linux-thread-multi/Moose/Meta/Attribute.pm line 1015
	Moose::Meta::Attribute::install_accessors('Moose::Meta::Attribute=HASH(0x4d1e860)') called at /home/cpan2/install/lib/perl5/site_perl/5.25.6/x86_64-linux-thread-multi/Class/MOP/Class.pm line 899
	Class::MOP::Class::try {...}  at /home/cpan2/install/lib/perl5/site_perl/5.25.6/Try/Tiny.pm line 103
	eval {...} at /home/cpan2/install/lib/perl5/site_perl/5.25.6/Try/Tiny.pm line 94
	Try::Tiny::try('CODE(0x5ab34b8)', 'Try::Tiny::Catch=REF(0x4d1e320)') called at /home/cpan2/install/lib/perl5/site_perl/5.25.6/x86_64-linux-thread-multi/Class/MOP/Class.pm line 904
	Class::MOP::Class::_post_add_attribute('Moose::Meta::Class=HASH(0x4cddda0)', 'Moose::Meta::Attribute=HASH(0x4d1e860)') called at /home/cpan2/install/lib/perl5/site_perl/5.25.6/x86_64-linux-thread-multi/Class/MOP/Mixin/HasAttributes.pm line 39
	Class::MOP::Mixin::HasAttributes::add_attribute('Moose::Meta::Class=HASH(0x4cddda0)', 'Moose::Meta::Attribute=HASH(0x4d1e860)') called at /home/cpan2/install/lib/perl5/site_perl/5.25.6/x86_64-linux-thread-multi/Moose/Meta/Class.pm line 577
	Moose::Meta::Class::add_attribute('Moose::Meta::Class=HASH(0x4cddda0)', 'Moose::Meta::Attribute=HASH(0x4d1e860)') called at /home/cpan2/install/lib/perl5/site_perl/5.25.6/x86_64-linux-thread-multi/Moose/Meta/Role/Application/ToClass.pm line 126
	Moose::Meta::Role::Application::ToClass::apply_attributes('Moose::Meta::Role::Application::ToClass=HASH(0x5aad738)', 'Moose::Meta::Role=HASH(0x5aadf30)', 'Moose::Meta::Class=HASH(0x4cddda0)') called at /home/cpan2/install/lib/perl5/site_perl/5.25.6/x86_64-linux-thread-multi/Moose/Meta/Role/Application.pm line 59
	Moose::Meta::Role::Application::apply('Moose::Meta::Role::Application::ToClass=HASH(0x5aad738)', 'Moose::Meta::Role=HASH(0x5aadf30)', 'Moose::Meta::Class=HASH(0x4cddda0)') called at /home/cpan2/install/lib/perl5/site_perl/5.25.6/x86_64-linux-thread-multi/Moose/Meta/Role/Application/ToClass.pm line 31
	Moose::Meta::Role::Application::ToClass::apply('Moose::Meta::Role::Application::ToClass=HASH(0x5aad738)', 'Moose::Meta::Role=HASH(0x5aadf30)', 'Moose::Meta::Class=HASH(0x4cddda0)', 'HASH(0x34d17c0)') called at /home/cpan2/install/lib/perl5/site_perl/5.25.6/x86_64-linux-thread-multi/Moose/Meta/Role.pm line 472
	Moose::Meta::Role::apply('Moose::Meta::Role=HASH(0x5aadf30)', 'Moose::Meta::Class=HASH(0x4cddda0)') called at /home/cpan2/install/lib/perl5/site_perl/5.25.6/x86_64-linux-thread-multi/Moose/Util.pm line 172
	Moose::Util::_apply_all_roles('Moose::Meta::Class=HASH(0x4cddda0)', undef, 'DBIx::Class::Graph::Role::ResultSet') called at /home/cpan2/install/lib/perl5/site_perl/5.25.6/x86_64-linux-thread-multi/Moose/Util.pm line 114
	Moose::Util::apply_all_roles('Moose::Meta::Class=HASH(0x4cddda0)', 'DBIx::Class::Graph::Role::ResultSet') called at /home/cpan2/install/lib/perl5/site_perl/5.25.6/x86_64-linux-thread-multi/Moose.pm line 57
	Moose::with('Moose::Meta::Class=HASH(0x4cddda0)', 'DBIx::Class::Graph::Role::ResultSet') called at /home/cpan2/install/lib/perl5/site_perl/5.25.6/x86_64-linux-thread-multi/Moose/Exporter.pm line 419
	Moose::with('DBIx::Class::Graph::Role::ResultSet') called at lib/DBIx/Class/ResultSet/Graph.pm line 19
	require DBIx/Class/ResultSet/Graph.pm at /home/cpan2/install/lib/perl5/site_perl/5.25.6/Class/C3/Componentised.pm line 150
	eval {...} at /home/cpan2/install/lib/perl5/site_perl/5.25.6/Class/C3/Componentised.pm line 150
	Class::C3::Componentised::ensure_class_loaded('DBIx::Class::ResultSource::Table=HASH(0x1c72e90)', 'DBIx::Class::ResultSet::Graph') called at /home/cpan2/install/lib/perl5/site_perl/5.25.6/DBIx/Class/AccessorGroup.pm line 19
	DBIx::Class::AccessorGroup::get_component_class('DBIx::Class::ResultSource::Table=HASH(0x1c72e90)', 'resultset_class') called at (eval 192) line 2
	DBIx::Class::ResultSource::resultset_class('DBIx::Class::ResultSource::Table=HASH(0x1c72e90)') called at /home/cpan2/install/lib/perl5/site_perl/5.25.6/DBIx/Class/ResultSource.pm line 1135
	DBIx::Class::ResultSource::resultset('DBIx::Class::ResultSource::Table=HASH(0x1c72e90)') called at /home/cpan2/install/lib/perl5/site_perl/5.25.6/DBIx/Class/Schema.pm line 547
	DBIx::Class::Schema::resultset('TestLib::Schema=HASH(0x1c67b98)', 'Simple') called at /home/cpan2/install/lib/perl5/site_perl/5.25.6/DBIx/Class/Schema.pm line 769
	DBIx::Class::Schema::populate('TestLib::Schema=HASH(0x1c67b98)', 'Simple', 'ARRAY(0x4ce3a08)') called at t/lib/TestLib.pm line 20
	TestLib::new('TestLib') called at t/simple02.t line 7
Compilation failed in require at /home/cpan2/install/lib/perl5/site_perl/5.25.6/Class/C3/Componentised.pm line 150. at /home/cpan2/install/lib/perl5/site_perl/5.25.6/Class/C3/Componentised.pm line 155
t/simple02.t .................. 
Dubious, test returned 255 (wstat 65280, 0xff00)
No subtests run 
{UNKNOWN}: Could not generate inline handles for _graph->("" because : Failed to compile source: syntax error at (eval 757) line 21, near """( "


source:
#line 1 "inline delegation in DBIx::Class::ResultSet::Graph for _graph->("""
sub {
    my $self = shift;

    my $proxy = $self->_graph;
    if ( !defined $proxy ) {
        die Module::Runtime::use_module("Moose::Exception::AttributeValueIsNotDefined")->new(method    => $self->meta->find_method_by_name("(\"\""),
instance  => $self,
attribute => $self->meta->find_attribute_by_name("_graph"),
);
    }
    elsif ( ref $proxy && !Scalar::Util::blessed($proxy) ) {
        die Module::Runtime::use_module("Moose::Exception::AttributeValueIsNotAnObject")->new(method      => $self->meta->find_method_by_name("(\"\""),
instance    => $self,
attribute   => $self->meta->find_attribute_by_name("_graph"),
given_value => $proxy,
);
    }
    return $proxy->(""( @_ );
}
 at /home/cpan2/install/lib/perl5/site_perl/5.25.6/x86_64-linux-thread-multi/Class/MOP/Method/Generated.pm line 56.
 at /home/cpan2/install/lib/perl5/site_perl/5.25.6/x86_64-linux-thread-multi/Moose/Meta/Method/Delegation.pm line 143
	Moose::Meta::Method::Delegation::catch {...} ('Failed to compile source: syntax error at (eval 757) line 21, near """( "^J^J^Jsource:^J#line 1 "inline delegation in DBIx::Class::ResultSet::Graph for _graph->("""^Jsub {^J    my $self = shift;^J^J    my $proxy = $self->_graph;^J    if ( !defined $proxy ) {^J        die Module::Runtime::use_module("Moose::Exception::AttributeValueIsNotDefined")->new(method    => $self->meta->find_method_by_name("(\"\""),^Jinstance  => $self,^Jattribute => $self->meta->find_attribute_by_name("_graph"),^J);^J    }^J    elsif ( ref $proxy && !Scalar::Util::blessed($proxy) ) {^J        die Module::Runtime::use_module("Moose::Exception::AttributeValueIsNotAnObject")->new(method      => $self->meta->find_method_by_name("(\"\""),^Jinstance    => $self,^Jattribute   => $self->meta->find_attribute_by_name("_graph"),^Jgiven_value => $proxy,^J);^J    }^J    return $proxy->(""( @_ );^J}^J at /home/cpan2/install/lib/perl5/site_perl/5.25.6/x86_64-linux-thread-multi/Class/MOP/Method/Generated.pm line 56.^J') called at /home/cpan2/install/lib/perl5/site_perl/5.25.6/Try/Tiny.pm line 124
	Try::Tiny::try('CODE(0x64585f0)', 'Try::Tiny::Catch=REF(0x563af88)') called at /home/cpan2/install/lib/perl5/site_perl/5.25.6/x86_64-linux-thread-multi/Moose/Meta/Method/Delegation.pm line 149
	Moose::Meta::Method::Delegation::_generate_inline_method('Moose::Meta::Method::Delegation=HASH(0x3705c60)') called at /home/cpan2/install/lib/perl5/site_perl/5.25.6/x86_64-linux-thread-multi/Moose/Meta/Method/Delegation.pm line 82
	Moose::Meta::Method::Delegation::_initialize_body('Moose::Meta::Method::Delegation=HASH(0x3705c60)') called at /home/cpan2/install/lib/perl5/site_perl/5.25.6/x86_64-linux-thread-multi/Moose/Meta/Method/Delegation.pm line 54
	Moose::Meta::Method::Delegation::new('Moose::Meta::Method::Delegation', 'name', '(""', 'package_name', 'DBIx::Class::ResultSet::Graph', 'attribute', 'Moose::Meta::Attribute=HASH(0x63dd4f0)', 'delegate_to_method', '(""', 'curried_arguments', 'ARRAY(0x3a6c828)') called at /home/cpan2/install/lib/perl5/site_perl/5.25.6/x86_64-linux-thread-multi/Moose/Meta/Attribute.pm line 1255
	Moose::Meta::Attribute::_make_delegation_method('Moose::Meta::Attribute=HASH(0x63dd4f0)', '(""', '(""') called at /home/cpan2/install/lib/perl5/site_perl/5.25.6/x86_64-linux-thread-multi/Moose/Meta/Attribute.pm line 1122
	Moose::Meta::Attribute::install_delegation('Moose::Meta::Attribute=HASH(0x63dd4f0)') called at /home/cpan2/install/lib/perl5/site_perl/5.25.6/x86_64-linux-thread-multi/Moose/Meta/Attribute.pm line 1015
	Moose::Meta::Attribute::install_accessors('Moose::Meta::Attribute=HASH(0x63dd4f0)') called at /home/cpan2/install/lib/perl5/site_perl/5.25.6/x86_64-linux-thread-multi/Class/MOP/Class.pm line 899
	Class::MOP::Class::try {...}  at /home/cpan2/install/lib/perl5/site_perl/5.25.6/Try/Tiny.pm line 103
	eval {...} at /home/cpan2/install/lib/perl5/site_perl/5.25.6/Try/Tiny.pm line 94
	Try::Tiny::try('CODE(0x63dab58)', 'Try::Tiny::Catch=REF(0x560b920)') called at /home/cpan2/install/lib/perl5/site_perl/5.25.6/x86_64-linux-thread-multi/Class/MOP/Class.pm line 904
	Class::MOP::Class::_post_add_attribute('Moose::Meta::Class=HASH(0x5638138)', 'Moose::Meta::Attribute=HASH(0x63dd4f0)') called at /home/cpan2/install/lib/perl5/site_perl/5.25.6/x86_64-linux-thread-multi/Class/MOP/Mixin/HasAttributes.pm line 39
	Class::MOP::Mixin::HasAttributes::add_attribute('Moose::Meta::Class=HASH(0x5638138)', 'Moose::Meta::Attribute=HASH(0x63dd4f0)') called at /home/cpan2/install/lib/perl5/site_perl/5.25.6/x86_64-linux-thread-multi/Moose/Meta/Class.pm line 577
	Moose::Meta::Class::add_attribute('Moose::Meta::Class=HASH(0x5638138)', 'Moose::Meta::Attribute=HASH(0x63dd4f0)') called at /home/cpan2/install/lib/perl5/site_perl/5.25.6/x86_64-linux-thread-multi/Moose/Meta/Role/Application/ToClass.pm line 126
	Moose::Meta::Role::Application::ToClass::apply_attributes('Moose::Meta::Role::Application::ToClass=HASH(0x5649b88)', 'Moose::Meta::Role=HASH(0x63d69a8)', 'Moose::Meta::Class=HASH(0x5638138)') called at /home/cpan2/install/lib/perl5/site_perl/5.25.6/x86_64-linux-thread-multi/Moose/Meta/Role/Application.pm line 59
	Moose::Meta::Role::Application::apply('Moose::Meta::Role::Application::ToClass=HASH(0x5649b88)', 'Moose::Meta::Role=HASH(0x63d69a8)', 'Moose::Meta::Class=HASH(0x5638138)') called at /home/cpan2/install/lib/perl5/site_perl/5.25.6/x86_64-linux-thread-multi/Moose/Meta/Role/Application/ToClass.pm line 31
	Moose::Meta::Role::Application::ToClass::apply('Moose::Meta::Role::Application::ToClass=HASH(0x5649b88)', 'Moose::Meta::Role=HASH(0x63d69a8)', 'Moose::Meta::Class=HASH(0x5638138)', 'HASH(0x3e00320)') called at /home/cpan2/install/lib/perl5/site_perl/5.25.6/x86_64-linux-thread-multi/Moose/Meta/Role.pm line 472
	Moose::Meta::Role::apply('Moose::Meta::Role=HASH(0x63d69a8)', 'Moose::Meta::Class=HASH(0x5638138)') called at /home/cpan2/install/lib/perl5/site_perl/5.25.6/x86_64-linux-thread-multi/Moose/Util.pm line 172
	Moose::Util::_apply_all_roles('Moose::Meta::Class=HASH(0x5638138)', undef, 'DBIx::Class::Graph::Role::ResultSet') called at /home/cpan2/install/lib/perl5/site_perl/5.25.6/x86_64-linux-thread-multi/Moose/Util.pm line 114
	Moose::Util::apply_all_roles('Moose::Meta::Class=HASH(0x5638138)', 'DBIx::Class::Graph::Role::ResultSet') called at /home/cpan2/install/lib/perl5/site_perl/5.25.6/x86_64-linux-thread-multi/Moose.pm line 57
	Moose::with('Moose::Meta::Class=HASH(0x5638138)', 'DBIx::Class::Graph::Role::ResultSet') called at /home/cpan2/install/lib/perl5/site_perl/5.25.6/x86_64-linux-thread-multi/Moose/Exporter.pm line 419
	Moose::with('DBIx::Class::Graph::Role::ResultSet') called at /home/cpan2/.cpan/build/DBIx-Class-Graph-1.05-0/blib/lib/DBIx/Class/ResultSet/Graph.pm line 19
	require DBIx/Class/ResultSet/Graph.pm at /home/cpan2/install/lib/perl5/site_perl/5.25.6/Class/C3/Componentised.pm line 150
	eval {...} at /home/cpan2/install/lib/perl5/site_perl/5.25.6/Class/C3/Componentised.pm line 150
	Class::C3::Componentised::ensure_class_loaded('DBIx::Class::ResultSource::Table=HASH(0x25943e0)', 'DBIx::Class::ResultSet::Graph') called at /home/cpan2/install/lib/perl5/site_perl/5.25.6/DBIx/Class/AccessorGroup.pm line 19
	DBIx::Class::AccessorGroup::get_component_class('DBIx::Class::ResultSource::Table=HASH(0x25943e0)', 'resultset_class') called at (eval 192) line 2
	DBIx::Class::ResultSource::resultset_class('DBIx::Class::ResultSource::Table=HASH(0x25943e0)') called at /home/cpan2/install/lib/perl5/site_perl/5.25.6/DBIx/Class/ResultSource.pm line 1135
	DBIx::Class::ResultSource::resultset('DBIx::Class::ResultSource::Table=HASH(0x25943e0)') called at /home/cpan2/install/lib/perl5/site_perl/5.25.6/DBIx/Class/Schema.pm line 547
	DBIx::Class::Schema::resultset('TestLib::Schema=HASH(0x2588ae8)', 'Simple') called at /home/cpan2/install/lib/perl5/site_perl/5.25.6/DBIx/Class/Schema.pm line 769
	DBIx::Class::Schema::populate('TestLib::Schema=HASH(0x2588ae8)', 'Simple', 'ARRAY(0x5615218)') called at t/lib/TestLib.pm line 20
	TestLib::new('TestLib') called at t/simplesucc.t line 7
Compilation failed in require at /home/cpan2/install/lib/perl5/site_perl/5.25.6/Class/C3/Componentised.pm line 150. at /home/cpan2/install/lib/perl5/site_perl/5.25.6/Class/C3/Componentised.pm line 155
t/simplesucc.t ................ 
Dubious, test returned 255 (wstat 65280, 0xff00)
No subtests run 
{UNKNOWN}: Could not generate inline handles for _graph->("" because : Failed to compile source: syntax error at (eval 758) line 21, near """( "


source:
#line 1 "inline delegation in DBIx::Class::ResultSet::Graph for _graph->("""
sub {
    my $self = shift;

    my $proxy = $self->_graph;
    if ( !defined $proxy ) {
        die Module::Runtime::use_module("Moose::Exception::AttributeValueIsNotDefined")->new(method    => $self->meta->find_method_by_name("(\"\""),
instance  => $self,
attribute => $self->meta->find_attribute_by_name("_graph"),
);
    }
    elsif ( ref $proxy && !Scalar::Util::blessed($proxy) ) {
        die Module::Runtime::use_module("Moose::Exception::AttributeValueIsNotAnObject")->new(method      => $self->meta->find_method_by_name("(\"\""),
instance    => $self,
attribute   => $self->meta->find_attribute_by_name("_graph"),
given_value => $proxy,
);
    }
    return $proxy->(""( @_ );
}
 at /home/cpan2/install/lib/perl5/site_perl/5.25.6/x86_64-linux-thread-multi/Class/MOP/Method/Generated.pm line 56.
 at /home/cpan2/install/lib/perl5/site_perl/5.25.6/x86_64-linux-thread-multi/Moose/Meta/Method/Delegation.pm line 143
	Moose::Meta::Method::Delegation::catch {...} ('Failed to compile source: syntax error at (eval 758) line 21, near """( "^J^J^Jsource:^J#line 1 "inline delegation in DBIx::Class::ResultSet::Graph for _graph->("""^Jsub {^J    my $self = shift;^J^J    my $proxy = $self->_graph;^J    if ( !defined $proxy ) {^J        die Module::Runtime::use_module("Moose::Exception::AttributeValueIsNotDefined")->new(method    => $self->meta->find_method_by_name("(\"\""),^Jinstance  => $self,^Jattribute => $self->meta->find_attribute_by_name("_graph"),^J);^J    }^J    elsif ( ref $proxy && !Scalar::Util::blessed($proxy) ) {^J        die Module::Runtime::use_module("Moose::Exception::AttributeValueIsNotAnObject")->new(method      => $self->meta->find_method_by_name("(\"\""),^Jinstance    => $self,^Jattribute   => $self->meta->find_attribute_by_name("_graph"),^Jgiven_value => $proxy,^J);^J    }^J    return $proxy->(""( @_ );^J}^J at /home/cpan2/install/lib/perl5/site_perl/5.25.6/x86_64-linux-thread-multi/Class/MOP/Method/Generated.pm line 56.^J') called at /home/cpan2/install/lib/perl5/site_perl/5.25.6/Try/Tiny.pm line 124
	Try::Tiny::try('CODE(0x5d38aa8)', 'Try::Tiny::Catch=REF(0x4f18d30)') called at /home/cpan2/install/lib/perl5/site_perl/5.25.6/x86_64-linux-thread-multi/Moose/Meta/Method/Delegation.pm line 149
	Moose::Meta::Method::Delegation::_generate_inline_method('Moose::Meta::Method::Delegation=HASH(0x2fe2740)') called at /home/cpan2/install/lib/perl5/site_perl/5.25.6/x86_64-linux-thread-multi/Moose/Meta/Method/Delegation.pm line 82
	Moose::Meta::Method::Delegation::_initialize_body('Moose::Meta::Method::Delegation=HASH(0x2fe2740)') called at /home/cpan2/install/lib/perl5/site_perl/5.25.6/x86_64-linux-thread-multi/Moose/Meta/Method/Delegation.pm line 54
	Moose::Meta::Method::Delegation::new('Moose::Meta::Method::Delegation', 'name', '(""', 'package_name', 'DBIx::Class::ResultSet::Graph', 'attribute', 'Moose::Meta::Attribute=HASH(0x4f17fe0)', 'delegate_to_method', '(""', 'curried_arguments', 'ARRAY(0x3349318)') called at /home/cpan2/install/lib/perl5/site_perl/5.25.6/x86_64-linux-thread-multi/Moose/Meta/Attribute.pm line 1255
	Moose::Meta::Attribute::_make_delegation_method('Moose::Meta::Attribute=HASH(0x4f17fe0)', '(""', '(""') called at /home/cpan2/install/lib/perl5/site_perl/5.25.6/x86_64-linux-thread-multi/Moose/Meta/Attribute.pm line 1122
	Moose::Meta::Attribute::install_delegation('Moose::Meta::Attribute=HASH(0x4f17fe0)') called at /home/cpan2/install/lib/perl5/site_perl/5.25.6/x86_64-linux-thread-multi/Moose/Meta/Attribute.pm line 1015
	Moose::Meta::Attribute::install_accessors('Moose::Meta::Attribute=HASH(0x4f17fe0)') called at /home/cpan2/install/lib/perl5/site_perl/5.25.6/x86_64-linux-thread-multi/Class/MOP/Class.pm line 899
	Class::MOP::Class::try {...}  at /home/cpan2/install/lib/perl5/site_perl/5.25.6/Try/Tiny.pm line 103
	eval {...} at /home/cpan2/install/lib/perl5/site_perl/5.25.6/Try/Tiny.pm line 94
	Try::Tiny::try('CODE(0x5cb9278)', 'Try::Tiny::Catch=REF(0x5cb9c38)') called at /home/cpan2/install/lib/perl5/site_perl/5.25.6/x86_64-linux-thread-multi/Class/MOP/Class.pm line 904
	Class::MOP::Class::_post_add_attribute('Moose::Meta::Class=HASH(0x4ee91e8)', 'Moose::Meta::Attribute=HASH(0x4f17fe0)') called at /home/cpan2/install/lib/perl5/site_perl/5.25.6/x86_64-linux-thread-multi/Class/MOP/Mixin/HasAttributes.pm line 39
	Class::MOP::Mixin::HasAttributes::add_attribute('Moose::Meta::Class=HASH(0x4ee91e8)', 'Moose::Meta::Attribute=HASH(0x4f17fe0)') called at /home/cpan2/install/lib/perl5/site_perl/5.25.6/x86_64-linux-thread-multi/Moose/Meta/Class.pm line 577
	Moose::Meta::Class::add_attribute('Moose::Meta::Class=HASH(0x4ee91e8)', 'Moose::Meta::Attribute=HASH(0x4f17fe0)') called at /home/cpan2/install/lib/perl5/site_perl/5.25.6/x86_64-linux-thread-multi/Moose/Meta/Role/Application/ToClass.pm line 126
	Moose::Meta::Role::Application::ToClass::apply_attributes('Moose::Meta::Role::Application::ToClass=HASH(0x58fdac0)', 'Moose::Meta::Role=HASH(0x4f23dd0)', 'Moose::Meta::Class=HASH(0x4ee91e8)') called at /home/cpan2/install/lib/perl5/site_perl/5.25.6/x86_64-linux-thread-multi/Moose/Meta/Role/Application.pm line 59
	Moose::Meta::Role::Application::apply('Moose::Meta::Role::Application::ToClass=HASH(0x58fdac0)', 'Moose::Meta::Role=HASH(0x4f23dd0)', 'Moose::Meta::Class=HASH(0x4ee91e8)') called at /home/cpan2/install/lib/perl5/site_perl/5.25.6/x86_64-linux-thread-multi/Moose/Meta/Role/Application/ToClass.pm line 31
	Moose::Meta::Role::Application::ToClass::apply('Moose::Meta::Role::Application::ToClass=HASH(0x58fdac0)', 'Moose::Meta::Role=HASH(0x4f23dd0)', 'Moose::Meta::Class=HASH(0x4ee91e8)', 'HASH(0x36dd160)') called at /home/cpan2/install/lib/perl5/site_perl/5.25.6/x86_64-linux-thread-multi/Moose/Meta/Role.pm line 472
	Moose::Meta::Role::apply('Moose::Meta::Role=HASH(0x4f23dd0)', 'Moose::Meta::Class=HASH(0x4ee91e8)') called at /home/cpan2/install/lib/perl5/site_perl/5.25.6/x86_64-linux-thread-multi/Moose/Util.pm line 172
	Moose::Util::_apply_all_roles('Moose::Meta::Class=HASH(0x4ee91e8)', undef, 'DBIx::Class::Graph::Role::ResultSet') called at /home/cpan2/install/lib/perl5/site_perl/5.25.6/x86_64-linux-thread-multi/Moose/Util.pm line 114
	Moose::Util::apply_all_roles('Moose::Meta::Class=HASH(0x4ee91e8)', 'DBIx::Class::Graph::Role::ResultSet') called at /home/cpan2/install/lib/perl5/site_perl/5.25.6/x86_64-linux-thread-multi/Moose.pm line 57
	Moose::with('Moose::Meta::Class=HASH(0x4ee91e8)', 'DBIx::Class::Graph::Role::ResultSet') called at /home/cpan2/install/lib/perl5/site_perl/5.25.6/x86_64-linux-thread-multi/Moose/Exporter.pm line 419
	Moose::with('DBIx::Class::Graph::Role::ResultSet') called at /home/cpan2/.cpan/build/DBIx-Class-Graph-1.05-0/blib/lib/DBIx/Class/ResultSet/Graph.pm line 19
	require DBIx/Class/ResultSet/Graph.pm at /home/cpan2/install/lib/perl5/site_perl/5.25.6/Class/C3/Componentised.pm line 150
	eval {...} at /home/cpan2/install/lib/perl5/site_perl/5.25.6/Class/C3/Componentised.pm line 150
	Class::C3::Componentised::ensure_class_loaded('DBIx::Class::ResultSource::Table=HASH(0x1e70e88)', 'DBIx::Class::ResultSet::Graph') called at /home/cpan2/install/lib/perl5/site_perl/5.25.6/DBIx/Class/AccessorGroup.pm line 19
	DBIx::Class::AccessorGroup::get_component_class('DBIx::Class::ResultSource::Table=HASH(0x1e70e88)', 'resultset_class') called at (eval 192) line 2
	DBIx::Class::ResultSource::resultset_class('DBIx::Class::ResultSource::Table=HASH(0x1e70e88)') called at /home/cpan2/install/lib/perl5/site_perl/5.25.6/DBIx/Class/ResultSource.pm line 1135
	DBIx::Class::ResultSource::resultset('DBIx::Class::ResultSource::Table=HASH(0x1e70e88)') called at /home/cpan2/install/lib/perl5/site_perl/5.25.6/DBIx/Class/Schema.pm line 547
	DBIx::Class::Schema::resultset('TestLib::Schema=HASH(0x1e65a78)', 'Simple') called at /home/cpan2/install/lib/perl5/site_perl/5.25.6/DBIx/Class/Schema.pm line 769
	DBIx::Class::Schema::populate('TestLib::Schema=HASH(0x1e65a78)', 'Simple', 'ARRAY(0x4ee7178)') called at t/lib/TestLib.pm line 20
	TestLib::new('TestLib') called at t/wrapper.t line 7
Compilation failed in require at /home/cpan2/install/lib/perl5/site_perl/5.25.6/Class/C3/Componentised.pm line 150. at /home/cpan2/install/lib/perl5/site_perl/5.25.6/Class/C3/Componentised.pm line 155
t/wrapper.t ................... 
Dubious, test returned 255 (wstat 65280, 0xff00)
No subtests run 

Test Summary Report
-------------------
t/complex.t                 (Wstat: 65280 Tests: 0 Failed: 0)
  Non-zero exit status: 255
  Parse errors: No plan found in TAP output
t/leak.t                    (Wstat: 65280 Tests: 0 Failed: 0)
  Non-zero exit status: 255
  Parse errors: No plan found in TAP output
t/00-compile.t              (Wstat: 256 Tests: 5 Failed: 1)
  Failed test:  5
  Non-zero exit status: 1
t/result.t                  (Wstat: 65280 Tests: 0 Failed: 0)
  Non-zero exit status: 255
  Parse errors: No plan found in TAP output
t/resultset.t               (Wstat: 65280 Tests: 0 Failed: 0)
  Non-zero exit status: 255
  Parse errors: No plan found in TAP output
t/simple01.t                (Wstat: 65280 Tests: 0 Failed: 0)
  Non-zero exit status: 255
  Parse errors: No plan found in TAP output
t/simple02.t                (Wstat: 65280 Tests: 0 Failed: 0)
  Non-zero exit status: 255
  Parse errors: No plan found in TAP output
t/simplesucc.t              (Wstat: 65280 Tests: 0 Failed: 0)
  Non-zero exit status: 255
  Parse errors: No plan found in TAP output
t/wrapper.t                 (Wstat: 65280 Tests: 0 Failed: 0)
  Non-zero exit status: 255
  Parse errors: No plan found in TAP output
Files=15, Tests=6,  3 wallclock secs ( 0.06 usr  0.02 sys +  8.62 cusr  0.34 csys =  9.04 CPU)
Result: FAIL
Failed 9/15 test programs. 1/6 subtests failed.

------------------------------
PREREQUISITES
------------------------------

Prerequisite modules loaded:

requires:

    Module                 Need   Have    
    ---------------------- ------ --------
    base                   0      2.23    
    Class::C3              0      0.32    
    DBIx::Class            0      0.082840
    DBIx::Class::ResultSet 0      0       
    Graph                  0.94   0.9704  
    List::MoreUtils        0      0.416   
    Moose                  0      2.1900  
    Moose::Role            0      2.1900  
    Scalar::Util           0      1.46    
    strict                 0      1.11    
    warnings               0      1.37    

build_requires:

    Module                 Need   Have    
    ---------------------- ------ --------
    DBIx::Class::Schema    0      0       
    File::Find             0      1.34    
    File::Temp             0      0.2304  
    Module::Build          0.3601 0.4220  
    Test::Memory::Cycle    0      1.06    
    Test::More             0.88   1.302059

configure_requires:

    Module                 Need   Have    
    ---------------------- ------ --------
    Module::Build          0.3601 0.4220  


------------------------------
ENVIRONMENT AND OTHER CONTEXT
------------------------------

Environment variables:

    AUTOMATED_TESTING = 1
    HARNESS_OPTIONS = j3
    LANG = en_US.UTF-8
    PATH = /usr/local/bin:/usr/bin:/bin:/usr/local/games:/usr/games
    PERL5LIB = 
    PERL5OPT = 
    PERL5_CPANPLUS_IS_RUNNING = 30503
    PERL5_CPAN_IS_RUNNING = 30503
    PERL5_CPAN_IS_RUNNING_IN_RECURSION = 20451,30503
    PERLBREW_BASHRC_VERSION = 0.76
    PERLBREW_HOME = /home/dcollins/.perlbrew
    PERLBREW_ROOT = /home/dcollins/toolchain/perl5
    PERL_CR_SMOKER_CURRENT = DBIx-Class-Graph-1.05
    PERL_CR_SMOKER_RUNONCE = 1
    PERL_EXTUTILS_AUTOINSTALL = --defaultdeps
    PERL_MM_USE_DEFAULT = 1
    SHELL = /bin/bash
    TERM = putty

Perl special variables (and OS-specific diagnostics, for MSWin32):

    $^X = /home/cpan2/install/bin/perl
    $UID/$EUID = 1003 / 1003
    $GID = 1003 1003
    $EGID = 1003 1003

Perl module toolchain versions installed:

    Module              Have    
    ------------------- --------
    CPAN                2.14    
    CPAN::Meta          2.150010
    Cwd                 3.62    
    ExtUtils::CBuilder  0.280224
    ExtUtils::Command   7.24    
    ExtUtils::Install   2.04    
    ExtUtils::MakeMaker 7.24    
    ExtUtils::Manifest  1.70    
    ExtUtils::ParseXS   3.30    
    File::Spec          3.62    
    JSON                2.90    
    JSON::PP            2.27400 
    Module::Build       0.4220  
    Module::Signature   0.81    
    Parse::CPAN::Meta   2.150010
    Test::Harness       3.36    
    Test::More          1.302059
    YAML                1.18    
    YAML::Syck          1.29    
    version             0.9917  


--

Summary of my perl5 (revision 5 version 25 subversion 6) configuration:
  Commit id: 4eadd82f8c152034818f42956737102f674f9118
  Platform:
    osname=linux
    osvers=3.16.0-4-amd64
    archname=x86_64-linux-thread-multi
    uname='linux digitalis 3.16.0-4-amd64 #1 smp debian 3.16.36-1+deb8u1 (2016-09-03) x86_64 gnulinux '
    config_args='-Dusedevel -DDEBUGGING -Dusethreads -Dprefix=/home/cpan2/install -Uversiononly -des'
    hint=recommended
    useposix=true
    d_sigaction=define
    useithreads=define
    usemultiplicity=define
    use64bitint=define
    use64bitall=define
    uselongdouble=undef
    usemymalloc=n
    bincompat5005=undef
  Compiler:
    cc='cc'
    ccflags ='-D_REENTRANT -D_GNU_SOURCE -fwrapv -DDEBUGGING -fno-strict-aliasing -pipe -fstack-protector-strong -I/usr/local/include -D_LARGEFILE_SOURCE -D_FILE_OFFSET_BITS=64 -D_FORTIFY_SOURCE=2'
    optimize='-O2 -g'
    cppflags='-D_REENTRANT -D_GNU_SOURCE -fwrapv -DDEBUGGING -fno-strict-aliasing -pipe -fstack-protector-strong -I/usr/local/include'
    ccversion=''
    gccversion='4.9.2'
    gccosandvers=''
    intsize=4
    longsize=8
    ptrsize=8
    doublesize=8
    byteorder=12345678
    doublekind=3
    d_longlong=define
    longlongsize=8
    d_longdbl=define
    longdblsize=16
    longdblkind=3
    ivtype='long'
    ivsize=8
    nvtype='double'
    nvsize=8
    Off_t='off_t'
    lseeksize=8
    alignbytes=8
    prototype=define
  Linker and Libraries:
    ld='cc'
    ldflags =' -fstack-protector-strong -L/usr/local/lib'
    libpth=/usr/local/lib /usr/lib/gcc/x86_64-linux-gnu/4.9/include-fixed /usr/include/x86_64-linux-gnu /usr/lib /lib/x86_64-linux-gnu /lib/../lib /usr/lib/x86_64-linux-gnu /usr/lib/../lib /lib
    libs=-lpthread -lnsl -ldl -lm -lcrypt -lutil -lc
    perllibs=-lpthread -lnsl -ldl -lm -lcrypt -lutil -lc
    libc=libc-2.19.so
    so=so
    useshrplib=false
    libperl=libperl.a
    gnulibc_version='2.19'
  Dynamic Linking:
    dlsrc=dl_dlopen.xs
    dlext=so
    d_dlsymun=undef
    ccdlflags='-Wl,-E'
    cccdlflags='-fPIC'
    lddlflags='-shared -O2 -g -L/usr/local/lib -fstack-protector-strong'


Characteristics of this binary (from libperl): 
  Compile-time options:
    DEBUGGING
    HAS_TIMES
    MULTIPLICITY
    PERLIO_LAYERS
    PERL_COPY_ON_WRITE
    PERL_DONT_CREATE_GVSV
    PERL_HASH_FUNC_ONE_AT_A_TIME_HARD
    PERL_IMPLICIT_CONTEXT
    PERL_MALLOC_WRAP
    PERL_OP_PARENT
    PERL_PRESERVE_IVUV
    PERL_TRACK_MEMPOOL
    PERL_USE_DEVEL
    USE_64_BIT_ALL
    USE_64_BIT_INT
    USE_ITHREADS
    USE_LARGE_FILES
    USE_LOCALE
    USE_LOCALE_COLLATE
    USE_LOCALE_CTYPE
    USE_LOCALE_NUMERIC
    USE_LOCALE_TIME
    USE_PERLIO
    USE_PERL_ATOF
    USE_REENTRANT_API
  Built under linux
  Compiled at Oct 17 2016 18:50:03
  %ENV:
    PERL5LIB=""
    PERL5OPT=""
    PERL5_CPANPLUS_IS_RUNNING="30503"
    PERL5_CPAN_IS_RUNNING="30503"
    PERL5_CPAN_IS_RUNNING_IN_RECURSION="20451,30503"
    PERLBREW_BASHRC_VERSION="0.76"
    PERLBREW_HOME="/home/dcollins/.perlbrew"
    PERLBREW_ROOT="/home/dcollins/toolchain/perl5"
    PERL_CR_SMOKER_CURRENT="DBIx-Class-Graph-1.05"
    PERL_CR_SMOKER_RUNONCE="1"
    PERL_EXTUTILS_AUTOINSTALL="--defaultdeps"
    PERL_MM_USE_DEFAULT="1"
  @INC:
    /home/cpan2/install/lib/perl5/site_perl/5.25.6/x86_64-linux-thread-multi
    /home/cpan2/install/lib/perl5/site_perl/5.25.6
    /home/cpan2/install/lib/perl5/5.25.6/x86_64-linux-thread-multi
    /home/cpan2/install/lib/perl5/5.25.6
    .