Gtk2 v1.24993 Perl 5 v5.37.7 amd64-freebsd

Status
Fail
From
Slaven Rezić
Dist
Gtk2 v1.24993
Platform
Perl 5 v5.37.7 amd64-freebsd
Date
2023-01-08 18:05:05
ID
fa9d9728-8f7e-11ed-925b-86da6d8775ea
This distribution has been tested as part of the CPAN Testers
project, supporting the Perl programming language.  See
http://wiki.cpantesters.org/ for more information or email
questions to cpan-testers-discuss@perl.org


--
Dear Brian Manning,

This is a computer-generated report for Gtk2-1.24993
on perl 5.37.7, created by CPAN-Reporter-1.2018.

Thank you for uploading your work to CPAN.  However, there was a problem
testing your distribution.

If you think this report is invalid, please consult the CPAN Testers Wiki
for suggestions on how to avoid getting FAIL reports for missing library
or binary dependencies, unsupported operating systems, and so on:

http://wiki.cpantesters.org/wiki/CPANAuthorNotes

Sections of this report:

    * Tester comments
    * Program output
    * Prerequisites
    * Environment and other context

------------------------------
TESTER COMMENTS
------------------------------

Additional comments from tester:

none provided

------------------------------
PROGRAM OUTPUT
------------------------------

Output from '/usr/bin/make test':

"/usr/perl5.37.7p/bin/perl5.37.7" -MExtUtils::Command::MM -e 'cp_nonempty' -- Gtk2.bs blib/arch/auto/Gtk2/Gtk2.bs 644
PERL_DL_NONLAZY=1 "/usr/perl5.37.7p/bin/perl5.37.7" "-MExtUtils::Command::MM" "-MTest::Harness" "-e" "undef *Test::Harness::Switches; test_harness(0, 'blib/lib', 'blib/arch')" t/*.t
# Testing Gtk2 1.24993
#    Running against gtk+ 2.24.33
#   Compiled against gtk+ 2.24.33
Xlib:  extension "RANDR" missing on display ":59".
t/00.Gtk2.t ........................ ok
Xlib:  extension "RANDR" missing on display ":59".
t/01.GtkWindow.t ................... ok
Xlib:  extension "RANDR" missing on display ":59".
t/02.GtkContainer.t ................ ok
t/constants.t ...................... ok
Xlib:  extension "RANDR" missing on display ":59".
t/Gdk.t ............................ ok
Xlib:  extension "RANDR" missing on display ":59".
t/GdkCairo.t ....................... ok
Xlib:  extension "RANDR" missing on display ":59".
t/GdkColor.t ....................... ok
Xlib:  extension "RANDR" missing on display ":59".
t/GdkCursor.t ...................... ok
Xlib:  extension "RANDR" missing on display ":59".
Xlib:  extension "RANDR" missing on display ":59".
Xlib:  extension "RANDR" missing on display ":59".
t/GdkDisplay.t ..................... ok
Xlib:  extension "RANDR" missing on display ":59".
t/GdkDisplayManager.t .............. ok
Xlib:  extension "RANDR" missing on display ":59".
t/GdkDrawable.t .................... ok
Xlib:  extension "RANDR" missing on display ":59".
t/GdkEvent.t ....................... ok
Xlib:  extension "RANDR" missing on display ":59".
t/GdkGC.t .......................... ok
Xlib:  extension "RANDR" missing on display ":59".
t/GdkImage.t ....................... ok
Xlib:  extension "RANDR" missing on display ":59".
t/GdkInput.t ....................... ok
Xlib:  extension "RANDR" missing on display ":59".
t/GdkKeys.t ........................ ok
Xlib:  extension "RANDR" missing on display ":59".
t/GdkPango.t ....................... ok

#   Failed test 'Don't crash on partial pixmap data'
#   at t/GdkPixbuf.t line 126.
Xlib:  extension "RANDR" missing on display ":59".
# Looks like you failed 1 test of 112.
t/GdkPixbuf.t ...................... 
Dubious, test returned 1 (wstat 256, 0x100)
Failed 1/112 subtests 
t/GdkPixbufLoader.t ................ ok
t/GdkPixbufSimpleAnim.t ............ ok
Xlib:  extension "RANDR" missing on display ":59".
Gdk-WARNING **: XID collision, trouble ahead at t/GdkPixmap.t line 16.
Gdk-WARNING **: XID collision, trouble ahead at t/GdkPixmap.t line 25.
Gdk-WARNING **: XID collision, trouble ahead at t/GdkPixmap.t line 40.
t/GdkPixmap.t ...................... ok
Xlib:  extension "RANDR" missing on display ":59".
t/GdkProperty.t .................... ok
t/GdkRegion.t ...................... ok
Xlib:  extension "RANDR" missing on display ":59".
t/GdkRgb.t ......................... ok
Xlib:  extension "RANDR" missing on display ":59".
t/GdkScreen.t ...................... ok
Xlib:  extension "RANDR" missing on display ":59".
t/GdkSelection.t ................... ok
Xlib:  extension "RANDR" missing on display ":59".
t/GdkVisual.t ...................... ok
Xlib:  extension "RANDR" missing on display ":59".
t/GdkWindow.t ...................... ok
Xlib:  extension "RANDR" missing on display ":59".
t/GdkX11.t ......................... ok
Xlib:  extension "RANDR" missing on display ":59".
t/GtkAboutDialog.t ................. ok
Xlib:  extension "RANDR" missing on display ":59".
t/GtkAccelGroup.t .................. ok
Xlib:  extension "RANDR" missing on display ":59".
t/GtkAccelLabel.t .................. ok
Xlib:  extension "RANDR" missing on display ":59".
t/GtkAccelMap.t .................... ok
Xlib:  extension "RANDR" missing on display ":59".
t/GtkAction.t ...................... ok
Xlib:  extension "RANDR" missing on display ":59".
t/GtkActionGroup.t ................. ok
Xlib:  extension "RANDR" missing on display ":59".
t/GtkActivatable.t ................. ok
t/GtkAdjustment.t .................. ok
t/GtkAlignment.t ................... ok
t/GtkArrow.t ....................... ok
t/GtkAspectFrame.t ................. ok
Xlib:  extension "RANDR" missing on display ":59".
t/GtkAssistant.t ................... ok
Xlib:  extension "RANDR" missing on display ":59".
t/GtkBin.t ......................... ok
Xlib:  extension "RANDR" missing on display ":59".
t/GtkBindings.t .................... ok
Xlib:  extension "RANDR" missing on display ":59".
t/GtkBox.t ......................... ok
Xlib:  extension "RANDR" missing on display ":59".
t/GtkBuildable.t ................... ok
Xlib:  extension "RANDR" missing on display ":59".
t/GtkBuildableIface.t .............. ok
Xlib:  extension "RANDR" missing on display ":59".
t/GtkBuilder.t ..................... ok
Xlib:  extension "RANDR" missing on display ":59".
t/GtkButton.t ...................... ok
Xlib:  extension "RANDR" missing on display ":59".
t/GtkButtonBox.t ................... ok
Xlib:  extension "RANDR" missing on display ":59".
t/GtkCalendar.t .................... ok
Xlib:  extension "RANDR" missing on display ":59".
GLib-GObject-CRITICAL **: Object class EditableTest doesn't implement property 'editing-canceled' from interface 'GtkCellEditable' at /usr/perl5.37.7p/lib/site_perl/5.37.7/amd64-freebsd/Glib/Object/Subclass.pm line 235.
t/GtkCellEditable.t ................ ok
Xlib:  extension "RANDR" missing on display ":59".
t/GtkCellLayout.t .................. ok
Xlib:  extension "RANDR" missing on display ":59".
t/GtkCellLayoutIface.t ............. ok
Xlib:  extension "RANDR" missing on display ":59".
t/GtkCellRenderer.t ................ ok
t/GtkCellRendererAccel.t ........... ok
t/GtkCellRendererCombo.t ........... ok
Xlib:  extension "RANDR" missing on display ":59".
t/GtkCellRendererIface-Chaining.t .. ok
t/GtkCellRendererPixbuf.t .......... ok
t/GtkCellRendererProgress.t ........ ok
t/GtkCellRendererSpin.t ............ ok
t/GtkCellRendererSpinner.t ......... ok
t/GtkCellRendererText.t ............ ok
t/GtkCellRendererToggle.t .......... ok
Xlib:  extension "RANDR" missing on display ":59".
t/GtkCellView.t .................... ok
Xlib:  extension "RANDR" missing on display ":59".
t/GtkCheckButton.t ................. ok
Xlib:  extension "RANDR" missing on display ":59".
t/GtkCheckMenuItem.t ............... ok
Xlib:  extension "RANDR" missing on display ":59".
t/GtkClipboard.t ................... ok
Xlib:  extension "RANDR" missing on display ":59".
t/GtkColorButton.t ................. ok
Xlib:  extension "RANDR" missing on display ":59".
t/GtkColorSelection.t .............. ok
Xlib:  extension "RANDR" missing on display ":59".
t/GtkColorSelectionDialog.t ........ ok
Xlib:  extension "RANDR" missing on display ":59".
t/GtkCombo.t ....................... ok
Xlib:  extension "RANDR" missing on display ":59".
t/GtkComboBox.t .................... ok
Xlib:  extension "RANDR" missing on display ":59".
t/GtkComboBoxEntry.t ............... ok
Xlib:  extension "RANDR" missing on display ":59".
t/GtkCurve.t ....................... ok
Xlib:  extension "RANDR" missing on display ":59".
t/GtkDialog.t ...................... ok
t/GtkDrawingArea.t ................. ok
Xlib:  extension "RANDR" missing on display ":59".
t/GtkEditable.t .................... ok
Xlib:  extension "RANDR" missing on display ":59".
t/GtkEntry.t ....................... ok
Xlib:  extension "RANDR" missing on display ":59".
t/GtkEntryBuffer.t ................. ok
Xlib:  extension "RANDR" missing on display ":59".
t/GtkEntryCompletion.t ............. ok
t/GtkEventBox.t .................... ok
Xlib:  extension "RANDR" missing on display ":59".
t/GtkExpander.t .................... ok
t/GtkFileChooser.t ................. skipped: this test is unreliable
Xlib:  extension "RANDR" missing on display ":59".
t/GtkFileChooserButton.t ........... ok
Xlib:  extension "RANDR" missing on display ":59".
t/GtkFileChooserDialog.t ........... ok
Xlib:  extension "RANDR" missing on display ":59".
t/GtkFileChooserWidget.t ........... ok
t/GtkFileFilter.t .................. ok
Xlib:  extension "RANDR" missing on display ":59".
t/GtkFileSelection.t ............... ok
t/GtkFixed.t ....................... ok
Xlib:  extension "RANDR" missing on display ":59".
t/GtkFontButton.t .................. ok
Xlib:  extension "RANDR" missing on display ":59".
t/GtkFontSelection.t ............... ok
t/GtkFrame.t ....................... ok
Xlib:  extension "RANDR" missing on display ":59".
t/GtkGammaCurve.t .................. ok
Xlib:  extension "RANDR" missing on display ":59".
t/GtkGC.t .......................... ok
t/GtkHandleBox.t ................... ok
t/GtkHBox.t ........................ ok
t/GtkHButtonBox.t .................. ok
t/GtkHPaned.t ...................... ok
t/GtkHRuler.t ...................... ok
Xlib:  extension "RANDR" missing on display ":59".
t/GtkHScale.t ...................... ok
t/GtkHScrollbar.t .................. ok
t/GtkHSeparator.t .................. ok
t/GtkHSV.t ......................... ok
Xlib:  extension "RANDR" missing on display ":59".
t/GtkIconFactory.t ................. ok
Xlib:  extension "RANDR" missing on display ":59".
t/GtkIconTheme.t ................... ok
Xlib:  extension "RANDR" missing on display ":59".
t/GtkIconView.t .................... ok
Xlib:  extension "RANDR" missing on display ":59".
t/GtkImage.t ....................... ok
Xlib:  extension "RANDR" missing on display ":59".
t/GtkImageMenuItem.t ............... ok
Xlib:  extension "RANDR" missing on display ":59".
t/GtkIMContext.t ................... ok
Xlib:  extension "RANDR" missing on display ":59".
t/GtkInfoBar.t ..................... ok
Xlib:  extension "RANDR" missing on display ":59".
t/GtkInputDialog.t ................. ok
Xlib:  extension "RANDR" missing on display ":59".
t/GtkInvisible.t ................... ok
Xlib:  extension "RANDR" missing on display ":59".
t/GtkItemFactory.t ................. ok
Xlib:  extension "RANDR" missing on display ":59".
t/GtkLabel.t ....................... ok
Xlib:  extension "RANDR" missing on display ":59".
t/GtkLayout.t ...................... ok
Xlib:  extension "RANDR" missing on display ":59".
t/GtkLinkButton.t .................. ok
Xlib:  extension "RANDR" missing on display ":59".
t/GtkListStore.t ................... ok
Xlib:  extension "RANDR" missing on display ":59".
t/GtkMenu.t ........................ ok
t/GtkMenuBar.t ..................... ok
Xlib:  extension "RANDR" missing on display ":59".
t/GtkMenuItem.t .................... ok
Xlib:  extension "RANDR" missing on display ":59".
t/GtkMenuShell.t ................... ok
Xlib:  extension "RANDR" missing on display ":59".
t/GtkMenuToolButton.t .............. ok
Xlib:  extension "RANDR" missing on display ":59".
t/GtkMessageDialog.t ............... ok
t/GtkMisc.t ........................ ok
Xlib:  extension "RANDR" missing on display ":59".
t/GtkNotebook.t .................... ok
t/GtkObject.t ...................... ok
Xlib:  extension "RANDR" missing on display ":59".
t/GtkOffscreenWindow.t ............. ok
Xlib:  extension "RANDR" missing on display ":59".
t/GtkOptionMenu.t .................. ok
Xlib:  extension "RANDR" missing on display ":59".
t/GtkOrientable.t .................. ok
Xlib:  extension "RANDR" missing on display ":59".
t/GtkPageSetup.t ................... ok
Xlib:  extension "RANDR" missing on display ":59".
t/GtkPaned.t ....................... ok
Xlib:  extension "RANDR" missing on display ":59".
t/GtkPaperSize.t ................... ok
Xlib:  extension "RANDR" missing on display ":59".
t/GtkPrintContext.t ................ ok
Xlib:  extension "RANDR" missing on display ":59".
t/GtkPrintOperation.t .............. ok
Xlib:  extension "RANDR" missing on display ":59".
t/GtkPrintOperationPreview.t ....... ok
Xlib:  extension "RANDR" missing on display ":59".
t/GtkPrintSettings.t ............... ok
t/GtkProgressBar.t ................. ok
t/GtkRadioAction.t ................. ok
Xlib:  extension "RANDR" missing on display ":59".
t/GtkRadioButton.t ................. ok
Xlib:  extension "RANDR" missing on display ":59".
t/GtkRadioMenuItem.t ............... ok
Xlib:  extension "RANDR" missing on display ":59".
t/GtkRadioToolButton.t ............. ok
Xlib:  extension "RANDR" missing on display ":59".
t/GtkRange.t ....................... ok
Xlib:  extension "RANDR" missing on display ":59".
t/GtkRc.t .......................... ok
Xlib:  extension "RANDR" missing on display ":59".
t/GtkRecentAction.t ................ ok
Xlib:  extension "RANDR" missing on display ":59".
GLib-CRITICAL **: Source ID 5 was not found when attempting to remove it at t/GtkRecentChooser.t line 67.
GLib-CRITICAL **: Source ID 12 was not found when attempting to remove it at t/GtkRecentChooser.t line 103.
t/GtkRecentChooser.t ............... ok
Xlib:  extension "RANDR" missing on display ":59".
t/GtkRecentChooserDialog.t ......... ok
Xlib:  extension "RANDR" missing on display ":59".
t/GtkRecentChooserMenu.t ........... ok
Xlib:  extension "RANDR" missing on display ":59".
t/GtkRecentChooserWidget.t ......... ok
Xlib:  extension "RANDR" missing on display ":59".
t/GtkRecentFilter.t ................ ok
Xlib:  extension "RANDR" missing on display ":59".
t/GtkRecentManager.t ............... ok
t/GtkRuler.t ....................... ok
Xlib:  extension "RANDR" missing on display ":59".
t/GtkScale.t ....................... ok
Xlib:  extension "RANDR" missing on display ":59".
t/GtkScaleButton.t ................. ok
Xlib:  extension "RANDR" missing on display ":59".
t/GtkScrolledWindow.t .............. ok
Xlib:  extension "RANDR" missing on display ":59".
t/GtkSelection.t ................... ok
t/GtkSeparatorMenuItem.t ........... ok
Xlib:  extension "RANDR" missing on display ":59".
t/GtkSeparatorToolItem.t ........... ok
t/GtkShow.t ........................ skipped: can only test interactively
Xlib:  extension "RANDR" missing on display ":59".
t/GtkSimpleList.t .................. ok
Xlib:  extension "RANDR" missing on display ":59".
t/GtkSimpleMenu.t .................. ok
t/GtkSizeGroup.t ................... ok
Xlib:  extension "RANDR" missing on display ":59".
t/GtkSpinButton.t .................. ok
t/GtkSpinner.t ..................... ok
t/GtkStatusbar.t ................... ok
Xlib:  extension "RANDR" missing on display ":59".
t/GtkStatusIcon.t .................. ok
t/GtkStock.t ....................... ok
Xlib:  extension "RANDR" missing on display ":59".
t/GtkStyle.t ....................... ok
Xlib:  extension "RANDR" missing on display ":59".
t/GtkTable.t ....................... ok
t/GtkTearoffMenuItem.t ............. ok
Xlib:  extension "RANDR" missing on display ":59".
t/GtkTextBuffer.t .................. ok
Xlib:  extension "RANDR" missing on display ":59".
GLib-WARNING **: (../glib/gerror.c:763):g_error_new_valist: runtime check failed: (domain != 0) at t/GtkTextBufferRichText.t line 210, <DATA> line 1.
t/GtkTextBufferRichText.t .......... ok
Xlib:  extension "RANDR" missing on display ":59".
t/GtkTextChildAnchor.t ............. ok
t/GtkTextIter.t .................... ok
t/GtkTextMark.t .................... ok
Xlib:  extension "RANDR" missing on display ":59".
t/GtkTextTag.t ..................... ok
t/GtkTextTagTable.t ................ ok
Xlib:  extension "RANDR" missing on display ":59".
t/GtkTextView.t .................... ok
Xlib:  extension "RANDR" missing on display ":59".
t/GtkToggleAction.t ................ ok
Xlib:  extension "RANDR" missing on display ":59".
t/GtkToggleButton.t ................ ok
Xlib:  extension "RANDR" missing on display ":59".
t/GtkToggleToolButton.t ............ ok
Xlib:  extension "RANDR" missing on display ":59".
t/GtkToolbar.t ..................... ok
Xlib:  extension "RANDR" missing on display ":59".
t/GtkToolButton.t .................. ok
Xlib:  extension "RANDR" missing on display ":59".
t/GtkToolItem.t .................... ok
Xlib:  extension "RANDR" missing on display ":59".
t/GtkToolItemGroup.t ............... ok
Xlib:  extension "RANDR" missing on display ":59".
t/GtkToolPalette.t ................. ok
Xlib:  extension "RANDR" missing on display ":59".
t/GtkToolShell.t ................... ok
Xlib:  extension "RANDR" missing on display ":59".
t/GtkTooltip.t ..................... ok
Xlib:  extension "RANDR" missing on display ":59".
t/GtkTooltips.t .................... ok
t/GtkTreeDnd.t ..................... ok
t/GtkTreeModel.t ................... ok
t/GtkTreeModelFilter.t ............. ok
t/GtkTreeModelIface.t .............. ok
t/GtkTreeModelSort.t ............... ok
Xlib:  extension "RANDR" missing on display ":59".
t/GtkTreeSelection.t ............... ok
t/GtkTreeSortable.t ................ ok
t/GtkTreeStore.t ................... ok
t/GtkTreeView-Dnd.t ................ skipped: this test is interactive
Xlib:  extension "RANDR" missing on display ":59".
t/GtkTreeView.t .................... ok
Xlib:  extension "RANDR" missing on display ":59".
t/GtkUIManager.t ................... ok
t/GtkVBox.t ........................ ok
t/GtkVButtonBox.t .................. ok
Xlib:  extension "RANDR" missing on display ":59".
t/GtkViewport.t .................... ok
Xlib:  extension "RANDR" missing on display ":59".
t/GtkVolumeButton.t ................ ok
t/GtkVPaned.t ...................... ok
t/GtkVRuler.t ...................... ok
Xlib:  extension "RANDR" missing on display ":59".
t/GtkVScale.t ...................... ok
t/GtkVScrollbar.t .................. ok
t/GtkVSeparator.t .................. ok
Xlib:  extension "RANDR" missing on display ":59".
t/GtkWidget.t ...................... ok
Xlib:  extension "RANDR" missing on display ":59".
t/options.t ........................ ok
Xlib:  extension "RANDR" missing on display ":59".
t/pango-compat.t ................... ok
Xlib:  extension "RANDR" missing on display ":59".
t/PangoAttributes.t ................ ok
t/PangoCairo.t ..................... ok
Xlib:  extension "RANDR" missing on display ":59".
t/PangoContext.t ................... ok
Xlib:  extension "RANDR" missing on display ":59".
t/PangoFont.t ...................... ok
Xlib:  extension "RANDR" missing on display ":59".
t/PangoFontMap.t ................... ok
Xlib:  extension "RANDR" missing on display ":59".
t/PangoFontset.t ................... ok
t/PangoGravity.t ................... ok
Xlib:  extension "RANDR" missing on display ":59".
t/PangoLayout.t .................... ok
t/PangoMatrix.t .................... ok
Xlib:  extension "RANDR" missing on display ":59".
t/PangoRenderer.t .................. ok
Xlib:  extension "RANDR" missing on display ":59".
t/PangoScript.t .................... ok
t/PangoTabs.t ...................... ok
t/PangoTypes.t ..................... ok
Xlib:  extension "RANDR" missing on display ":59".
t/set-scroll-adjustments-signal.t .. ok
Xlib:  extension "RANDR" missing on display ":59".
t/signal-chaining.t ................ ok
Xlib:  extension "RANDR" missing on display ":59".
t/tied-objects.t ................... ok
t/version-checks.t ................. ok

Test Summary Report
-------------------
t/GdkPixbuf.t                    (Wstat: 256 (exited 1) Tests: 112 Failed: 1)
  Failed test:  44
  Non-zero exit status: 1
Files=228, Tests=5065, 33 wallclock secs ( 1.16 usr  0.62 sys + 24.45 cusr  7.06 csys = 33.30 CPU)
Result: FAIL
Failed 1/228 test programs. 1/5065 subtests failed.
*** Error code 255

Stop.
make: stopped in /usr/home/cpansand/.cpan/build/2023010812/Gtk2-1.24993-0

------------------------------
PREREQUISITES
------------------------------

Prerequisite modules loaded:

requires:

    Module              Need  Have  
    ------------------- ----- ------
    Cairo               1.000 1.109 
    ExtUtils::Depends   0.300 0.8001
    ExtUtils::PkgConfig 1.030 1.16  
    Glib                1.280 1.3293
    Pango               1.220 1.227 

build_requires:

    Module              Need  Have  
    ------------------- ----- ------
    ExtUtils::MakeMaker 0     7.64  

configure_requires:

    Module              Need  Have  
    ------------------- ----- ------
    Cairo               1.000 1.109 
    ExtUtils::Depends   0.300 0.8001
    ExtUtils::MakeMaker 0     7.64  
    ExtUtils::PkgConfig 1.030 1.16  
    Glib                1.280 1.3293
    Pango               1.220 1.227 


------------------------------
ENVIRONMENT AND OTHER CONTEXT
------------------------------

Environment variables:

    PATH = /usr/local/bin:/usr/bin:/bin:/usr/local/sbin:/usr/sbin:/sbin:/home/cpansand/bin/sh:/home/cpansand/bin:/usr/games:/home/cpansand/devel:/usr/home/eserte/src/srezic-misc/scripts
    PERL5LIB = /home/cpansand/.cpan/build/2023010812/Pango-1.227-0/blib/arch:/home/cpansand/.cpan/build/2023010812/Pango-1.227-0/blib/lib:/home/cpansand/.cpan/build/2023010812/Glib-Ex-ObjectBits-16-0/blib/arch:/home/cpansand/.cpan/build/2023010812/Glib-Ex-ObjectBits-16-0/blib/lib
    PERL5OPT = 
    PERL5_CPANPLUS_IS_RUNNING = 35498
    PERL5_CPAN_IS_RUNNING = 35498
    PERL5_CPAN_IS_RUNNING_IN_RECURSION = 35435,35498
    PERL_BATCH = yes
    PERL_CANARY_STABILITY_NOPROMPT = 1
    PERL_CPAN_REPORTER_CONFIG = /var/tmp/cpansmoker-1023/2023010812/cpanreporter_000_config.ini
    PERL_EXTUTILS_AUTOINSTALL = --defaultdeps
    PERL_USE_UNSAFE_INC = 1
    SHELL = /bin/sh
    TMPDIR = /var/tmp/cpansmoker-1023/2023010812

Perl special variables (and OS-specific diagnostics, for MSWin32):

    $^X = /usr/perl5.37.7p/bin/perl5.37.7
    $UID/$EUID = 1023 / 1023
    $GID = 1023 1023
    $EGID = 1023 1023

Perl module toolchain versions installed:

    Module              Have    
    ------------------- --------
    CPAN                2.34    
    CPAN::Meta          2.150010
    Cwd                 3.88    
    ExtUtils::CBuilder  0.280238
    ExtUtils::Command   7.64    
    ExtUtils::Install   2.20    
    ExtUtils::MakeMaker 7.64    
    ExtUtils::Manifest  1.73    
    ExtUtils::ParseXS   3.49    
    File::Spec          3.88    
    JSON                4.10    
    JSON::PP            4.16    
    Module::Build       0.4232  
    Module::Signature   n/a     
    Parse::CPAN::Meta   2.150010
    Test::Harness       3.44    
    Test::More          1.302191
    YAML                1.30    
    YAML::Syck          1.34    
    version             0.9929  


--

Summary of my perl5 (revision 5 version 37 subversion 7) configuration:
   
  Platform:
    osname=freebsd
    osvers=12.4-stable
    archname=amd64-freebsd
    uname='freebsd cloud1.bbbike.org 12.4-stable freebsd 12.4-stable stable12-83dd52764 generic amd64 '
    config_args='-ds -e -Dprefix=/usr/perl5.37.7p -Dusedevel -Dusemallocwrap=no -Dcf_email=srezic@cpan.org -Doptimize=-O2 -pipe'
    hint=recommended
    useposix=true
    d_sigaction=define
    useithreads=undef
    usemultiplicity=undef
    use64bitint=define
    use64bitall=define
    uselongdouble=undef
    usemymalloc=n
    default_inc_excludes_dot=define
  Compiler:
    cc='cc'
    ccflags ='-DHAS_FPSETMASK -DHAS_FLOATINGPOINT_H -fno-strict-aliasing -pipe -fstack-protector-strong -I/usr/local/include'
    optimize='-O2 -pipe'
    cppflags='-DHAS_FPSETMASK -DHAS_FLOATINGPOINT_H -fno-strict-aliasing -pipe -fstack-protector-strong -I/usr/local/include'
    ccversion=''
    gccversion='FreeBSD Clang 13.0.0 (git@github.com:llvm/llvm-project.git llvmorg-13.0.0-0-gd7b669b3a303)'
    gccosandvers=''
    intsize=4
    longsize=8
    ptrsize=8
    doublesize=8
    byteorder=12345678
    doublekind=3
    d_longlong=define
    longlongsize=8
    d_longdbl=define
    longdblsize=16
    longdblkind=3
    ivtype='long'
    ivsize=8
    nvtype='double'
    nvsize=8
    Off_t='off_t'
    lseeksize=8
    alignbytes=8
    prototype=define
  Linker and Libraries:
    ld='cc'
    ldflags ='-pthread -Wl,-E  -fstack-protector-strong -L/usr/local/lib'
    libpth=/usr/lib /usr/local/lib /usr/lib/clang/13.0.0/lib
    libs=-lpthread -lgdbm -ldl -lm -lcrypt -lutil -lc
    perllibs=-lpthread -ldl -lm -lcrypt -lutil -lc
    libc=
    so=so
    useshrplib=false
    libperl=libperl.a
    gnulibc_version=''
  Dynamic Linking:
    dlsrc=dl_dlopen.xs
    dlext=so
    d_dlsymun=undef
    ccdlflags=' '
    cccdlflags='-DPIC -fPIC'
    lddlflags='-shared  -L/usr/local/lib -fstack-protector-strong'


Characteristics of this binary (from libperl): 
  Compile-time options:
    HAS_TIMES
    PERLIO_LAYERS
    PERL_COPY_ON_WRITE
    PERL_DONT_CREATE_GVSV
    PERL_HASH_FUNC_SIPHASH13
    PERL_HASH_USE_SBOX32
    PERL_OP_PARENT
    PERL_PRESERVE_IVUV
    PERL_USE_DEVEL
    PERL_USE_SAFE_PUTENV
    USE_64_BIT_ALL
    USE_64_BIT_INT
    USE_LARGE_FILES
    USE_LOCALE
    USE_LOCALE_COLLATE
    USE_LOCALE_CTYPE
    USE_LOCALE_NUMERIC
    USE_LOCALE_TIME
    USE_PERLIO
    USE_PERL_ATOF
  Built under freebsd
  Compiled at Jan  1 2023 12:42:55
  %ENV:
    PERL5LIB="/home/cpansand/.cpan/build/2023010812/Pango-1.227-0/blib/arch:/home/cpansand/.cpan/build/2023010812/Pango-1.227-0/blib/lib:/home/cpansand/.cpan/build/2023010812/Glib-Ex-ObjectBits-16-0/blib/arch:/home/cpansand/.cpan/build/2023010812/Glib-Ex-ObjectBits-16-0/blib/lib"
    PERL5OPT=""
    PERL5_CPANPLUS_IS_RUNNING="35498"
    PERL5_CPAN_IS_RUNNING="35498"
    PERL5_CPAN_IS_RUNNING_IN_RECURSION="35435,35498"
    PERL_BATCH="yes"
    PERL_CANARY_STABILITY_NOPROMPT="1"
    PERL_CPAN_REPORTER_CONFIG="/var/tmp/cpansmoker-1023/2023010812/cpanreporter_000_config.ini"
    PERL_EXTUTILS_AUTOINSTALL="--defaultdeps"
    PERL_USE_UNSAFE_INC="1"
  @INC:
    /home/cpansand/.cpan/build/2023010812/Pango-1.227-0/blib/arch
    /home/cpansand/.cpan/build/2023010812/Pango-1.227-0/blib/lib
    /home/cpansand/.cpan/build/2023010812/Glib-Ex-ObjectBits-16-0/blib/arch
    /home/cpansand/.cpan/build/2023010812/Glib-Ex-ObjectBits-16-0/blib/lib
    /usr/perl5.37.7p/lib/site_perl/5.37.7/amd64-freebsd
    /usr/perl5.37.7p/lib/site_perl/5.37.7
    /usr/perl5.37.7p/lib/5.37.7/amd64-freebsd
    /usr/perl5.37.7p/lib/5.37.7
    .