Back
From: metabase:user:320bfe00-2aae-11df-837a-5e0a49663a4f
Subject: FAIL Scalar-Does-0.203 v5.8.6 GNU/Linux
Date: 2017-03-09T15:28:00Z
This distribution has been tested as part of the CPAN Testers
project, supporting the Perl programming language. See
http://wiki.cpantesters.org/ for more information or email
questions to cpan-testers-discuss@perl.org
--
Dear Toby Inkster,
This is a computer-generated report for Scalar-Does-0.203
on perl 5.8.6, created by CPAN-Reporter-1.2018.
Thank you for uploading your work to CPAN. However, there was a problem
testing your distribution.
If you think this report is invalid, please consult the CPAN Testers Wiki
for suggestions on how to avoid getting FAIL reports for missing library
or binary dependencies, unsupported operating systems, and so on:
http://wiki.cpantesters.org/wiki/CPANAuthorNotes
Sections of this report:
* Tester comments
* Program output
* Prerequisites
* Environment and other context
------------------------------
TESTER COMMENTS
------------------------------
Additional comments from tester:
this report is from an automated smoke testing program
and was not reviewed by a human for accuracy
------------------------------
PROGRAM OUTPUT
------------------------------
Output from '/usr/bin/make test':
PERL_DL_NONLAZY=1 "/home/sand/src/perl/repoperls/installed-perls/host/k93msid/perl-5.8.6/89ad/bin/perl" "-MExtUtils::Command::MM" "-MTest::Harness" "-e" "undef *Test::Harness::Switches; test_harness(0, 'blib/lib', 'blib/arch')" t/*.t
Argument "1.001_004" isn't numeric in subroutine entry at /tmp/loop_over_bdir-21188-qGERwX/Scalar-Does-0.203-0/blib/lib/Scalar/Does.pm line 48.
t/01basic.t ............ ok
Argument "1.001_004" isn't numeric in subroutine entry at /tmp/loop_over_bdir-21188-qGERwX/Scalar-Does-0.203-0/blib/lib/Scalar/Does.pm line 48.
t/02does.t ............. ok
Argument "1.001_004" isn't numeric in subroutine entry at /tmp/loop_over_bdir-21188-qGERwX/Scalar-Does-0.203-0/blib/lib/Scalar/Does.pm line 48.
t/03moosey.t ........... ok
Argument "1.001_004" isn't numeric in subroutine entry at /tmp/loop_over_bdir-21188-qGERwX/Scalar-Does-0.203-0/blib/lib/Scalar/Does.pm line 48.
t/04cleanliness.t ...... ok
Argument "1.001_004" isn't numeric in subroutine entry at /tmp/loop_over_bdir-21188-qGERwX/Scalar-Does-0.203-0/blib/lib/Scalar/Does.pm line 48.
t/05custom.t ........... ok
Argument "1.001_004" isn't numeric in subroutine entry at /tmp/loop_over_bdir-21188-qGERwX/Scalar-Does-0.203-0/blib/lib/Scalar/Does.pm line 48.
t/06constants.t ........ ok
Argument "1.001_004" isn't numeric in subroutine entry at /tmp/loop_over_bdir-21188-qGERwX/Scalar-Does-0.203-0/blib/lib/Scalar/Does.pm line 48.
t/07makerole.t ......... ok
Argument "1.001_004" isn't numeric in subroutine entry at /tmp/loop_over_bdir-21188-qGERwX/Scalar-Does-0.203-0/blib/lib/Scalar/Does.pm line 48.
t/08mooselike.t ........ ok
# Failed test 'no warnings'
# at /home/sand/src/perl/repoperls/installed-perls/host/k93msid/perl-5.8.6/89ad/lib/5.8.6/Test/Builder.pm line 129.
# There were 1 warning(s)
# Previous test 0 ''
# Argument "1.001_004" isn't numeric in subroutine entry at /tmp/loop_over_bdir-21188-qGERwX/Scalar-Does-0.203-0/blib/lib/Scalar/Does.pm line 48.
# at /tmp/loop_over_bdir-21188-qGERwX/Scalar-Does-0.203-0/blib/lib/Scalar/Does.pm line 48.
# Scalar::Does::BEGIN() called at /home/sand/src/perl/repoperls/installed-perls/host/k93msid/perl-5.8.6/89ad/lib/site_perl/5.8.6/Types/Standard.pm line 48
# eval {...} called at /home/sand/src/perl/repoperls/installed-perls/host/k93msid/perl-5.8.6/89ad/lib/site_perl/5.8.6/Types/Standard.pm line 48
# require Scalar/Does.pm called at t/09warnings.t line 42
#
# Looks like you failed 1 test of 1.
t/09warnings.t .........
Dubious, test returned 1 (wstat 256, 0x100)
Failed 1/1 subtests
t/10underscore.t ....... skipped: Perl v5.10.0 required--this is only v5.8.6, stopped at (eval 4) line 2.
t/11givenwhen.t ........ skipped: Perl v5.10.1 required--this is only v5.8.6, stopped at (eval 4) line 2.
t/iod-01basic.t ........ ok
t/iod-02filehandles.t .. ok
t/iod-03filenames.t .... ok
t/iod-04fileuris.t ..... ok
t/iod-05ducktype.t ..... ok
t/iod-06asfh.t ......... ok
t/iod-11ioall.t ........ skipped: Perl v5.10.0 required--this is only v5.8.6, stopped at (eval 4) line 2.
t/iod-12pathclass.t .... skipped: Perl v5.10.0 required--this is only v5.8.6, stopped at (eval 4) line 2.
t/iod-13pathtiny.t ..... skipped: Perl v5.10.0 required--this is only v5.8.6, stopped at (eval 4) line 2.
Test Summary Report
-------------------
t/09warnings.t (Wstat: 256 Tests: 1 Failed: 1)
Failed test: 1
Non-zero exit status: 1
Files=20, Tests=252, 9 wallclock secs ( 0.05 usr 0.12 sys + 1.35 cusr 0.27 csys = 1.79 CPU)
Result: FAIL
Failed 1/20 test programs. 1/252 subtests failed.
Makefile:876: recipe for target 'test_dynamic' failed
make: *** [test_dynamic] Error 255
------------------------------
PREREQUISITES
------------------------------
Prerequisite modules loaded:
requires:
Module Need Have
------------------- ----- ---------
Exporter::Tiny 0.026 0.044
lexical::underscore 0 0.004
namespace::clean 0.19 0.27
perl 5.008 5.008006
Scalar::Util 1.24 1.47
Type::Tiny 0.004 1.001_004
UNIVERSAL::DOES 0 0.005
URI::file 0 4.21
build_requires:
Module Need Have
------------------- ----- ---------
Test::More 0.96 1.302077
Test::NoWarnings 0 1.04
Test::Requires 0.06 0.10
URI 0 1.71
configure_requires:
Module Need Have
------------------- ----- ---------
ExtUtils::MakeMaker 6.17 7.24
------------------------------
ENVIRONMENT AND OTHER CONTEXT
------------------------------
Environment variables:
AUTOMATED_TESTING = 1
LANG = en_US.UTF-8
PATH = /home/sand/bin:/usr/local/bin:/usr/bin:/bin:/usr/games:/usr/local/perl/bin:/usr/X11/bin:/sbin:/usr/sbin
PERL5LIB =
PERL5OPT =
PERL5_CPANPLUS_IS_RUNNING = 21200
PERL5_CPAN_IS_RUNNING = 21200
PERL_CANARY_STABILITY_NOPROMPT = 1
PERL_MM_USE_DEFAULT = 1
PERL_USE_UNSAFE_INC = 1
SHELL = /usr/bin/zsh
TERM = screen
Perl special variables (and OS-specific diagnostics, for MSWin32):
$^X = /home/sand/src/perl/repoperls/installed-perls/host/k93msid/perl-5.8.6/89ad/bin/perl
$UID/$EUID = 1005 / 1005
$GID = 1005 1005
$EGID = 1005 1005
Perl module toolchain versions installed:
Module Have
------------------- --------
CPAN 2.17
CPAN::Meta 2.150010
Cwd 3.62
ExtUtils::CBuilder 0.280224
ExtUtils::Command 7.24
ExtUtils::Install 1.54
ExtUtils::MakeMaker 7.24
ExtUtils::Manifest 1.70
ExtUtils::ParseXS 3.30
File::Spec 3.62
JSON 2.91_03
JSON::PP 2.91_04
Module::Build 0.4220
Module::Signature 0.81
Parse::CPAN::Meta 2.150010
Test::Harness 3.37_01
Test::More 1.302077
YAML n/a
YAML::Syck 1.29
version 0.9917
--
Summary of my perl5 (revision 5 version 8 subversion 6) configuration:
Platform:
osname=linux, osvers=4.8.0-2-amd64, archname=x86_64-linux
uname='linux k93msid 4.8.0-2-amd64 #1 smp debian 4.8.11-1 (2016-12-02) x86_64 gnulinux '
config_args='-Dprefix=/home/sand/src/perl/repoperls/installed-perls/host/k93msid/perl-5.8.6/89ad -Dmyhostname=k93msid -Dinstallusrbinperl=n -Uversiononly -Dusedevel -des -Ui_db -Dlibswanted=cl pthread socket inet nsl gdbm dbm malloc dl ld sun m crypt sec util c cposix posix ucb BSD gdbm_compat -Uuseithreads -Uuselongdouble -DDEBUGGING=-g'
hint=recommended, useposix=true, d_sigaction=define
usethreads=undef use5005threads=undef useithreads=undef usemultiplicity=undef
useperlio=define d_sfio=undef uselargefiles=define usesocks=undef
use64bitint=define use64bitall=define uselongdouble=undef
usemymalloc=n, bincompat5005=undef
Compiler:
cc='cc', ccflags ='-fno-strict-aliasing -pipe -I/usr/local/include -D_LARGEFILE_SOURCE -D_FILE_OFFSET_BITS=64',
optimize='-O2',
cppflags='-fno-strict-aliasing -pipe -I/usr/local/include'
ccversion='', gccversion='6.2.1 20161124', gccosandvers=''
intsize=4, longsize=8, ptrsize=8, doublesize=8, byteorder=12345678
d_longlong=define, longlongsize=8, d_longdbl=define, longdblsize=16
ivtype='long', ivsize=8, nvtype='double', nvsize=8, Off_t='off_t', lseeksize=8
alignbytes=8, prototype=define
Linker and Libraries:
ld='cc', ldflags =' -L/usr/local/lib'
libpth=/usr/local/lib /lib/x86_64-linux-gnu /lib/../lib /usr/lib/x86_64-linux-gnu /usr/lib/../lib /lib /usr/lib
libs=-lpthread -lnsl -ldl -lm -lcrypt -lutil -lc
perllibs=-lpthread -lnsl -ldl -lm -lcrypt -lutil -lc
libc=libc-2.24.so, so=so, useshrplib=false, libperl=libperl.a
gnulibc_version='2.24'
Dynamic Linking:
dlsrc=dl_dlopen.xs, dlext=so, d_dlsymun=undef, ccdlflags='-Wl,-E'
cccdlflags='-fpic', lddlflags='-shared -L/usr/local/lib'
Characteristics of this binary (from libperl):
Compile-time options: USE_64_BIT_INT USE_64_BIT_ALL USE_LARGE_FILES
Locally applied patches:
MAINT23539
Built under linux
Compiled at Jan 4 2017 12:28:05
%ENV:
PERL5LIB=""
PERL5OPT=""
PERL5_CPANPLUS_IS_RUNNING="21200"
PERL5_CPAN_IS_RUNNING="21200"
PERL_CANARY_STABILITY_NOPROMPT="1"
PERL_MM_USE_DEFAULT="1"
PERL_USE_UNSAFE_INC="1"
@INC:
/home/sand/src/perl/repoperls/installed-perls/host/k93msid/perl-5.8.6/89ad/lib/5.8.6/x86_64-linux
/home/sand/src/perl/repoperls/installed-perls/host/k93msid/perl-5.8.6/89ad/lib/5.8.6
/home/sand/src/perl/repoperls/installed-perls/host/k93msid/perl-5.8.6/89ad/lib/site_perl/5.8.6/x86_64-linux
/home/sand/src/perl/repoperls/installed-perls/host/k93msid/perl-5.8.6/89ad/lib/site_perl/5.8.6
/home/sand/src/perl/repoperls/installed-perls/host/k93msid/perl-5.8.6/89ad/lib/site_perl
.