Back
From: metabase:user:322078bc-2aae-11df-837a-5e0a49663a4f
Subject: FAIL Net-Disqus-1.15 v5.12.2 Mac OS X
Date: 2011-04-26T12:37:42Z
This distribution has been tested as part of the CPAN Testers
project, supporting the Perl programming language. See
http://wiki.cpantesters.org/ for more information or email
questions to cpan-testers-discuss@perl.org
--
Dear MADCAT,
This is a computer-generated error report created automatically by
CPANPLUS, version 0.9104. Testers personal comments may appear
at the end of this report.
Thank you for uploading your work to CPAN. However, it appears that
there were some problems testing your distribution.
TEST RESULTS:
Below is the error stack from stage 'make test':
[MSG] [Tue Apr 26 13:38:29 2011] Building Net-Disqus
[ERROR] [Tue Apr 26 13:38:34 2011] MAKE TEST failed:
# Testing Net::Disqus 1.15, Perl 5.012002, /Volumes/Media/smoke/bare/perl-5.12.2/bin/perl
t/000-load.t ............... ok
t/001-exception.t .......... ok
# Failed test 'new() died'
# at t/002-instantiate.t line 7.
# Error was: Something really funny is going on, cannot find one of LWP::UserAgent, JSON::PP, URI, URI::Escape
# Looks like you failed 1 test of 4.
t/002-instantiate.t ........
Dubious, test returned 1 (wstat 256, 0x100)
Failed 1/4 subtests
t/003-instantiate-error.t .. ok
t/004-interfaces.t .........
Dubious, test returned 2 (wstat 512, 0x200)
Failed 3/5 subtests
Something really funny is going on, cannot find one of LWP::UserAgent, JSON::PP, URI, URI::Escape# Looks like you planned 5 tests but ran 2.
# Looks like your test exited with 2 just after 2.
t/005-online.t ............. skipped: No online testing requested, set the DISQUS_API_SECRET environment variable to your secret api key to test against the live Disqus API
t/manifest.t ............... skipped: Author tests not required for installation
Test Summary Report
-------------------
t/002-instantiate.t (Wstat: 256 Tests: 4 Failed: 1)
Failed test: 3
Non-zero exit status: 1
t/004-interfaces.t (Wstat: 512 Tests: 2 Failed: 0)
Non-zero exit status: 2
Parse errors: Bad plan. You planned 5 tests but ran 2.
Files=7, Tests=18, 3 wallclock secs ( 0.32 usr 0.20 sys + 1.76 cusr 0.47 csys = 2.75 CPU)
Result: FAIL
Failed 2/7 test programs. 1/18 subtests failed.
BEGIN failed--compilation aborted at /Volumes/Media/smoke/bare/perl-5.12.2/bin/cpanp-run-perl line 8.
[MSG] [Tue Apr 26 13:38:34 2011] DEFAULT 'proceed_on_test_failure' HANDLER RETURNING 'sub return value'
PREREQUISITES:
Here is a list of prerequisites you specified and versions we
managed to load:
Module Name Have Want
Class::Accessor 0.34 0
Data::Dumper 2.125 0
Module::Build 0.3800 0.3601
Test::Exception 0.31 0
Test::More 0.98 0
Try::Tiny 0.09 0
overload 1.10 0
Perl module toolchain versions installed:
Module Name Have
CPANPLUS 0.9104
CPANPLUS::Dist::Build 0.56
Cwd 3.33
ExtUtils::CBuilder 0.280202
ExtUtils::Command 1.16
ExtUtils::Install 1.55
ExtUtils::MakeMaker 6.56
ExtUtils::Manifest 1.58
ExtUtils::ParseXS 2.2206
File::Spec 3.33
Module::Build 0.3800
Test::Harness 3.23
Test::More 0.98
version 0.88
******************************** NOTE ********************************
The comments above are created mechanically, possibly without manual
checking by the sender. As there are many people performing automatic
tests on each upload to CPAN, it is likely that you will receive
identical messages about the same problem.
If you believe that the message is mistaken, please reply to the first
one with correction and/or additional informations, and do not take
it personally. We appreciate your patience. :)
**********************************************************************
Additional comments:
This report was machine-generated by CPANPLUS::Dist::YACSmoke 0.62.
Powered by minismokebox version 0.44
------------------------------
ENVIRONMENT AND OTHER CONTEXT
------------------------------
Environment variables:
AUTOMATED_TESTING = 1
PATH = /bin:/sbin:/usr/bin:/usr/sbin:/usr/local/bin:/usr/local/sbin
PERL5LIB = :/Volumes/Media/smoke/bare/conf/perl-5.12.2/.cpanplus/5.12.2/build/Class-Accessor-0.34/blib/lib:/Volumes/Media/smoke/bare/conf/perl-5.12.2/.cpanplus/5.12.2/build/Class-Accessor-0.34/blib/arch:/Volumes/Media/smoke/bare/conf/perl-5.12.2/.cpanplus/5.12.2/build/Sub-Uplevel-0.22/blib/lib:/Volumes/Media/smoke/bare/conf/perl-5.12.2/.cpanplus/5.12.2/build/Sub-Uplevel-0.22/blib/arch:/Volumes/Media/smoke/bare/conf/perl-5.12.2/.cpanplus/5.12.2/build/Test-Exception-0.31/blib/lib:/Volumes/Media/smoke/bare/conf/perl-5.12.2/.cpanplus/5.12.2/build/Test-Exception-0.31/blib/arch:/Volumes/Media/smoke/bare/conf/perl-5.12.2/.cpanplus/5.12.2/build/Try-Tiny-0.09/blib/lib:/Volumes/Media/smoke/bare/conf/perl-5.12.2/.cpanplus/5.12.2/build/Try-Tiny-0.09/blib/arch:/Volumes/Media/smoke/bare/conf/perl-5.12.2/.cpanplus/5.12.2/build/Net-Disqus-1.15/blib/lib:/Volumes/Media/smoke/bare/conf/perl-5.12.2/.cpanplus/5.12.2/build/Net-Disqus-1.15/blib/arch
PERL5_CPANPLUS_IS_RUNNING = 13570
PERL5_CPANPLUS_IS_VERSION = 0.9104
PERL5_MINISMOKEBOX = 0.44
PERL5_YACSMOKE_BASE = /Volumes/Media/smoke/bare/conf/perl-5.12.2
PERL_EXTUTILS_AUTOINSTALL = --defaultdeps
PERL_MM_USE_DEFAULT = 1
SHELL = /bin/bash
TERM = screen
Perl special variables (and OS-specific diagnostics, for MSWin32):
Perl: $^X = /Volumes/Media/smoke/bare/perl-5.12.2/bin/perl
UID: $< = 502
EUID: $> = 502
GID: $( = 502 502
EGID: $) = 502 502
-------------------------------
--
Summary of my perl5 (revision 5 version 12 subversion 2) configuration:
Platform:
osname=darwin, osvers=8.11.0, archname=darwin-2level
uname='darwin afalglas.bingosnet.co.uk 8.11.0 darwin kernel version 8.11.0: wed oct 10 18:26:00 pdt 2007; root:xnu-792.24.17~1release_ppc power macintosh powerpc '
config_args='-des -Dprefix=/Volumes/Media/smoke/bare/perl-5.12.2'
hint=recommended, useposix=true, d_sigaction=define
useithreads=undef, usemultiplicity=undef
useperlio=define, d_sfio=undef, uselargefiles=define, usesocks=undef
use64bitint=undef, use64bitall=undef, uselongdouble=undef
usemymalloc=n, bincompat5005=undef
Compiler:
cc='cc', ccflags ='-fno-common -DPERL_DARWIN -no-cpp-precomp -fno-strict-aliasing -pipe -I/usr/local/include',
optimize='-O3',
cppflags='-no-cpp-precomp -fno-common -DPERL_DARWIN -no-cpp-precomp -fno-strict-aliasing -pipe -I/usr/local/include'
ccversion='', gccversion='4.0.1 (Apple Computer, Inc. build 5367)', gccosandvers=''
intsize=4, longsize=4, ptrsize=4, doublesize=8, byteorder=4321
d_longlong=define, longlongsize=8, d_longdbl=define, longdblsize=16
ivtype='long', ivsize=4, nvtype='double', nvsize=8, Off_t='off_t', lseeksize=8
alignbytes=8, prototype=define
Linker and Libraries:
ld='env MACOSX_DEPLOYMENT_TARGET=10.3 cc', ldflags =' -L/usr/local/lib'
libpth=/usr/local/lib /usr/lib
libs=-ldbm -ldl -lm -lc
perllibs=-ldl -lm -lc
libc=/usr/lib/libc.dylib, so=dylib, useshrplib=false, libperl=libperl.a
gnulibc_version=''
Dynamic Linking:
dlsrc=dl_dlopen.xs, dlext=bundle, d_dlsymun=undef, ccdlflags=' '
cccdlflags=' ', lddlflags=' -bundle -undefined dynamic_lookup -L/usr/local/lib'
Characteristics of this binary (from libperl):
Compile-time options: PERL_DONT_CREATE_GVSV PERL_MALLOC_WRAP
USE_LARGE_FILES USE_PERLIO USE_PERL_ATOF
Built under darwin
Compiled at Sep 8 2010 12:11:34
%ENV:
PERL5LIB=":/Volumes/Media/smoke/bare/conf/perl-5.12.2/.cpanplus/5.12.2/build/Class-Accessor-0.34/blib/lib:/Volumes/Media/smoke/bare/conf/perl-5.12.2/.cpanplus/5.12.2/build/Class-Accessor-0.34/blib/arch:/Volumes/Media/smoke/bare/conf/perl-5.12.2/.cpanplus/5.12.2/build/Sub-Uplevel-0.22/blib/lib:/Volumes/Media/smoke/bare/conf/perl-5.12.2/.cpanplus/5.12.2/build/Sub-Uplevel-0.22/blib/arch:/Volumes/Media/smoke/bare/conf/perl-5.12.2/.cpanplus/5.12.2/build/Test-Exception-0.31/blib/lib:/Volumes/Media/smoke/bare/conf/perl-5.12.2/.cpanplus/5.12.2/build/Test-Exception-0.31/blib/arch:/Volumes/Media/smoke/bare/conf/perl-5.12.2/.cpanplus/5.12.2/build/Try-Tiny-0.09/blib/lib:/Volumes/Media/smoke/bare/conf/perl-5.12.2/.cpanplus/5.12.2/build/Try-Tiny-0.09/blib/arch:/Volumes/Media/smoke/bare/conf/perl-5.12.2/.cpanplus/5.12.2/build/Net-Disqus-1.15/blib/lib:/Volumes/Media/smoke/bare/conf/perl-5.12.2/.cpanplus/5.12.2/build/Net-Disqus-1.15/blib/arch"
PERL5_CPANPLUS_IS_RUNNING="13570"
PERL5_CPANPLUS_IS_VERSION="0.9104"
PERL5_MINISMOKEBOX="0.44"
PERL5_YACSMOKE_BASE="/Volumes/Media/smoke/bare/conf/perl-5.12.2"
PERL_EXTUTILS_AUTOINSTALL="--defaultdeps"
PERL_MM_USE_DEFAULT="1"
@INC:
/Volumes/Media/smoke/bare/conf/perl-5.12.2/.cpanplus/5.12.2/build/Class-Accessor-0.34/blib/lib
/Volumes/Media/smoke/bare/conf/perl-5.12.2/.cpanplus/5.12.2/build/Class-Accessor-0.34/blib/arch
/Volumes/Media/smoke/bare/conf/perl-5.12.2/.cpanplus/5.12.2/build/Sub-Uplevel-0.22/blib/lib
/Volumes/Media/smoke/bare/conf/perl-5.12.2/.cpanplus/5.12.2/build/Sub-Uplevel-0.22/blib/arch
/Volumes/Media/smoke/bare/conf/perl-5.12.2/.cpanplus/5.12.2/build/Test-Exception-0.31/blib/lib
/Volumes/Media/smoke/bare/conf/perl-5.12.2/.cpanplus/5.12.2/build/Test-Exception-0.31/blib/arch
/Volumes/Media/smoke/bare/conf/perl-5.12.2/.cpanplus/5.12.2/build/Try-Tiny-0.09/blib/lib
/Volumes/Media/smoke/bare/conf/perl-5.12.2/.cpanplus/5.12.2/build/Try-Tiny-0.09/blib/arch
/Volumes/Media/smoke/bare/conf/perl-5.12.2/.cpanplus/5.12.2/build/Net-Disqus-1.15/blib/lib
/Volumes/Media/smoke/bare/conf/perl-5.12.2/.cpanplus/5.12.2/build/Net-Disqus-1.15/blib/arch
/Volumes/Media/smoke/bare/perl-5.12.2/lib/site_perl/5.12.2/darwin-2level
/Volumes/Media/smoke/bare/perl-5.12.2/lib/site_perl/5.12.2
/Volumes/Media/smoke/bare/perl-5.12.2/lib/5.12.2/darwin-2level
/Volumes/Media/smoke/bare/perl-5.12.2/lib/5.12.2
.