Back
From: metabase:user:322078bc-2aae-11df-837a-5e0a49663a4f
Subject: FAIL HTTP-Server-Simple-0.45_03 v5.8.9 FreeBSD
Date: 2015-02-17T19:27:15Z
This distribution has been tested as part of the CPAN Testers
project, supporting the Perl programming language. See
http://wiki.cpantesters.org/ for more information or email
questions to cpan-testers-discuss@perl.org
--
Dear FALCONE,
This is a computer-generated error report created automatically by
CPANPLUS, version 0.9152. Testers personal comments may appear
at the end of this report.
Thank you for uploading your work to CPAN. However, it appears that
there were some problems testing your distribution.
TEST RESULTS:
Below is the error stack from stage 'make test':
PERL_DL_NONLAZY=1 "/usr/home/cpan/pit/bare-clang/perl-5.8.9/bin/perl" "-MExtUtils::Command::MM" "-MTest::Harness" "-e" "undef *Test::Harness::Switches; test_harness(0, 'inc', 'blib/lib', 'blib/arch')" t/*.t
t/00signature.t .... ok
# Failed test 'use HTTP::Server::Simple;'
# at t/00smoke.t line 3.
# Tried to use 'HTTP::Server::Simple'.
# Error: Bareword "Socket::IN6ADDR_ANY" not allowed while "strict subs" in use at /usr/home/cpan/pit/bare-clang/conf/perl-5.8.9/.cpanplus/5.8.9/build/HTTP-Server-Simple-0.45_03/blib/lib/HTTP/Server/Simple.pm line 718.
# Compilation failed in require at t/00smoke.t line 3.
# BEGIN failed--compilation aborted at t/00smoke.t line 3.
# Looks like you failed 1 test of 8.
t/00smoke.t ........
Dubious, test returned 1 (wstat 256, 0x100)
Failed 1/8 subtests
Bareword "Socket::IN6ADDR_ANY" not allowed while "strict subs" in use at /usr/home/cpan/pit/bare-clang/conf/perl-5.8.9/.cpanplus/5.8.9/build/HTTP-Server-Simple-0.45_03/blib/lib/HTTP/Server/Simple.pm line 718.
Compilation failed in require at t/01live.t line 13.
BEGIN failed--compilation aborted at t/01live.t line 13.
# Looks like your test exited with 2 before it could output anything.
t/01live.t .........
Dubious, test returned 2 (wstat 512, 0x200)
Failed 34/34 subtests
t/02pod.t .......... skipped: Test::Pod 1.14 required for testing POD
t/03podcoverage.t .. skipped: Test::Pod::Coverage 1.04 required for testing POD coverage
Bareword "Socket::IN6ADDR_ANY" not allowed while "strict subs" in use at /usr/home/cpan/pit/bare-clang/conf/perl-5.8.9/.cpanplus/5.8.9/build/HTTP-Server-Simple-0.45_03/blib/lib/HTTP/Server/Simple.pm line 718.
Compilation failed in require at (eval 5) line 3.
...propagated at /usr/home/cpan/pit/bare-clang/perl-5.8.9/lib/5.8.9/base.pm line 93.
BEGIN failed--compilation aborted at /usr/home/cpan/pit/bare-clang/conf/perl-5.8.9/.cpanplus/5.8.9/build/HTTP-Server-Simple-0.45_03/blib/lib/HTTP/Server/Simple/CGI.pm line 4.
Compilation failed in require at (eval 4) line 3.
...propagated at /usr/home/cpan/pit/bare-clang/perl-5.8.9/lib/5.8.9/base.pm line 93.
BEGIN failed--compilation aborted at t/04cgi.t line 183.
t/04cgi.t ..........
Dubious, test returned 2 (wstat 512, 0x200)
No subtests run
Test Summary Report
-------------------
t/00smoke.t (Wstat: 256 Tests: 8 Failed: 1)
Failed test: 1
Non-zero exit status: 1
t/01live.t (Wstat: 512 Tests: 0 Failed: 0)
Non-zero exit status: 2
Parse errors: Bad plan. You planned 34 tests but ran 0.
t/04cgi.t (Wstat: 512 Tests: 0 Failed: 0)
Non-zero exit status: 2
Parse errors: No plan found in TAP output
Files=6, Tests=9, 0 wallclock secs ( 0.02 usr 0.02 sys + 0.10 cusr 0.05 csys = 0.18 CPU)
Result: FAIL
Failed 3/6 test programs. 1/9 subtests failed.
*** [test_dynamic] Error code 2
Stop in /usr/home/cpan/pit/bare-clang/conf/perl-5.8.9/.cpanplus/5.8.9/build/HTTP-Server-Simple-0.45_03.
PREREQUISITES:
Here is a list of prerequisites you specified and versions we
managed to load:
Module Name Have Want
CGI 3.42 0
ExtUtils::MakeMaker 7.04 6.36
Socket 1.81 0
Test::More 1.001014 0
Perl module toolchain versions installed:
Module Name Have
CPANPLUS 0.9152
CPANPLUS::Dist::Build 0.78
Cwd 3.47
ExtUtils::CBuilder 0.280220
ExtUtils::Command 1.16
ExtUtils::Install 2.04
ExtUtils::MakeMaker 7.04
ExtUtils::Manifest 1.70
ExtUtils::ParseXS 3.24
File::Spec 3.47
Module::Build 0.4211
Pod::Parser 1.35
Pod::Simple 3.28
Test::Harness 3.35
Test::More 1.001014
version 0.9912
******************************** NOTE ********************************
The comments above are created mechanically, possibly without manual
checking by the sender. As there are many people performing automatic
tests on each upload to CPAN, it is likely that you will receive
identical messages about the same problem.
If you believe that the message is mistaken, please reply to the first
one with correction and/or additional informations, and do not take
it personally. We appreciate your patience. :)
**********************************************************************
Additional comments:
This report was machine-generated by CPANPLUS::Dist::YACSmoke 0.90.
Powered by minismokebox version 0.58
------------------------------
ENVIRONMENT AND OTHER CONTEXT
------------------------------
Environment variables:
AUTOMATED_TESTING = 1
NONINTERACTIVE_TESTING = 1
PATH = /sbin:/bin:/usr/sbin:/usr/bin:/usr/games:/usr/local/sbin:/usr/local/bin:/home/cpan/bin
PERL5LIB = :/usr/home/cpan/pit/bare-clang/conf/perl-5.8.9/.cpanplus/5.8.9/build/HTTP-Server-Simple-0.45_03/blib/lib:/usr/home/cpan/pit/bare-clang/conf/perl-5.8.9/.cpanplus/5.8.9/build/HTTP-Server-Simple-0.45_03/blib/arch
PERL5_CPANPLUS_IS_RUNNING = 45462
PERL5_CPANPLUS_IS_VERSION = 0.9152
PERL5_MINISMOKEBOX = 0.58
PERL5_YACSMOKE_BASE = /usr/home/cpan/pit/bare-clang/conf/perl-5.8.9
PERL_EXTUTILS_AUTOINSTALL = --defaultdeps
PERL_MM_USE_DEFAULT = 1
SHELL = /usr/local/bin/bash
TERM = screen
Perl special variables (and OS-specific diagnostics, for MSWin32):
Perl: $^X = /usr/home/cpan/pit/bare-clang/perl-5.8.9/bin/perl
UID: $< = 1002
EUID: $> = 1002
GID: $( = 1002 1002
EGID: $) = 1002 1002
-------------------------------
--
Summary of my perl5 (revision 5 version 8 subversion 9) configuration:
Platform:
osname=freebsd, osvers=9.3-release, archname=amd64-freebsd
uname='freebsd fremen 9.3-release freebsd 9.3-release #0 r268512: thu jul 10 23:44:39 utc 2014 root@snap.freebsd.org:usrobjusrsrcsysgeneric amd64 '
config_args='-des -Dprefix=/usr/home/cpan/pit/bare-clang/perl-5.8.9 -Dcc=clang'
hint=recommended, useposix=true, d_sigaction=define
usethreads=undef use5005threads=undef useithreads=undef usemultiplicity=undef
useperlio=define d_sfio=undef uselargefiles=define usesocks=undef
use64bitint=define use64bitall=define uselongdouble=undef
usemymalloc=n, bincompat5005=undef
Compiler:
cc='clang', ccflags ='-DHAS_FPSETMASK -DHAS_FLOATINGPOINT_H -fno-strict-aliasing -pipe -I/usr/local/include',
optimize='-O',
cppflags='-DHAS_FPSETMASK -DHAS_FLOATINGPOINT_H -fno-strict-aliasing -pipe -I/usr/local/include'
ccversion='', gccversion='4.2.1 Compatible FreeBSD Clang 3.4.1 (tags/RELEASE_34/dot1-final 208032)', gccosandvers=''
intsize=4, longsize=8, ptrsize=8, doublesize=8, byteorder=12345678
d_longlong=define, longlongsize=8, d_longdbl=define, longdblsize=16
ivtype='long', ivsize=8, nvtype='double', nvsize=8, Off_t='off_t', lseeksize=8
alignbytes=8, prototype=define
Linker and Libraries:
ld='clang', ldflags ='-Wl,-E -L/usr/local/lib'
libpth=/usr/lib /usr/local/lib
libs=-lgdbm -lm -lcrypt -lutil -lc
perllibs=-lm -lcrypt -lutil -lc
libc=, so=so, useshrplib=false, libperl=libperl.a
gnulibc_version=''
Dynamic Linking:
dlsrc=dl_dlopen.xs, dlext=so, d_dlsymun=undef, ccdlflags=' '
cccdlflags='-DPIC -fPIC', lddlflags='-shared -L/usr/local/lib'
Characteristics of this binary (from libperl):
Compile-time options: PERL_MALLOC_WRAP USE_64_BIT_ALL USE_64_BIT_INT
USE_FAST_STDIO USE_LARGE_FILES USE_PERLIO
Built under freebsd
Compiled at Jul 14 2014 13:48:30
%ENV:
PERL5LIB=":/usr/home/cpan/pit/bare-clang/conf/perl-5.8.9/.cpanplus/5.8.9/build/HTTP-Server-Simple-0.45_03/blib/lib:/usr/home/cpan/pit/bare-clang/conf/perl-5.8.9/.cpanplus/5.8.9/build/HTTP-Server-Simple-0.45_03/blib/arch"
PERL5_CPANPLUS_IS_RUNNING="45462"
PERL5_CPANPLUS_IS_VERSION="0.9152"
PERL5_MINISMOKEBOX="0.58"
PERL5_YACSMOKE_BASE="/usr/home/cpan/pit/bare-clang/conf/perl-5.8.9"
PERL_EXTUTILS_AUTOINSTALL="--defaultdeps"
PERL_MM_USE_DEFAULT="1"
@INC:
/usr/home/cpan/pit/bare-clang/conf/perl-5.8.9/.cpanplus/5.8.9/build/HTTP-Server-Simple-0.45_03/blib/lib
/usr/home/cpan/pit/bare-clang/conf/perl-5.8.9/.cpanplus/5.8.9/build/HTTP-Server-Simple-0.45_03/blib/arch
/usr/home/cpan/pit/bare-clang/perl-5.8.9/lib/5.8.9/amd64-freebsd
/usr/home/cpan/pit/bare-clang/perl-5.8.9/lib/5.8.9
/usr/home/cpan/pit/bare-clang/perl-5.8.9/lib/site_perl/5.8.9/amd64-freebsd
/usr/home/cpan/pit/bare-clang/perl-5.8.9/lib/site_perl/5.8.9
.