Back
From: metabase:user:9820532a-708b-1014-9a05-b18a96298da1
Subject: FAIL grok-0.26 v5.15.8 GNU/Linux
Date: 2012-03-13T04:49:56Z
This distribution has been tested as part of the CPAN Testers
project, supporting the Perl programming language. See
http://wiki.cpantesters.org/ for more information or email
questions to cpan-testers-discuss@perl.org
--
Dear Hinrik Orn Sigurdsson,
This is a computer-generated report for grok-0.26
on perl 5.15.8, created by CPAN-Reporter-1.2005.
Thank you for uploading your work to CPAN. However, there was a problem
testing your distribution.
If you think this report is invalid, please consult the CPAN Testers Wiki
for suggestions on how to avoid getting FAIL reports for missing library
or binary dependencies, unsupported operating systems, and so on:
http://wiki.cpantesters.org/wiki/CPANAuthorNotes
Sections of this report:
* Tester comments
* Program output
* Prerequisites
* Environment and other context
------------------------------
TESTER COMMENTS
------------------------------
Additional comments from tester:
this report is from an automated smoke testing program
and was not reviewed by a human for accuracy
------------------------------
PROGRAM OUTPUT
------------------------------
Output from '/usr/bin/make test':
PERL_DL_NONLAZY=1 /home/test/perl5/perlbrew/perls/perl-blead/bin/perl5.15.8 "-MExtUtils::Command::MM" "-e" "test_harness(0, 'blib/lib', 'blib/arch')" t/*.t t/02_source/*.t t/03_opts/*.t t/04_targets/*.t
# Pod::Parser version 1.51
# Pod::Simple version 3.20
# Pod::Text version 3.15
# Pod::Xhtml version 1.61
# Failed test 'use App::Grok;'
# at t/01_compile.t line 13.
# Tried to use 'App::Grok'.
# Error: Can't create /home/test/.local/share/.grok: No such file or directory
# Compilation failed in require at /home/test/.cpan/build/grok-0.26-NFOUHw/blib/lib/App/Grok.pm line 14.
# BEGIN failed--compilation aborted at /home/test/.cpan/build/grok-0.26-NFOUHw/blib/lib/App/Grok.pm line 14.
# Compilation failed in require at (eval 14) line 2.
# BEGIN failed--compilation aborted at (eval 14) line 2.
# Failed test 'Script bin/grok compiles'
# at t/01_compile.t line 19.
# 2 - Can't create /home/test/.local/share/.grok: No such file or directory
# Compilation failed in require at /home/test/.cpan/build/grok-0.26-NFOUHw/blib/lib/App/Grok.pm line 14.
# BEGIN failed--compilation aborted at /home/test/.cpan/build/grok-0.26-NFOUHw/blib/lib/App/Grok.pm line 14.
# Compilation failed in require at bin/grok line 13.
# BEGIN failed--compilation aborted at bin/grok line 13.
# Looks like you failed 2 tests of 4.
t/01_compile.t ..............
Dubious, test returned 2 (wstat 512, 0x200)
Failed 2/4 subtests
t/02_source/01_pod5.t ....... ok
t/02_source/02_pod6.t ....... ok
Can't create /home/test/.local/share/.grok: No such file or directory
Compilation failed in require at /home/test/.cpan/build/grok-0.26-NFOUHw/blib/lib/App/Grok.pm line 14.
BEGIN failed--compilation aborted at /home/test/.cpan/build/grok-0.26-NFOUHw/blib/lib/App/Grok.pm line 14.
Compilation failed in require at bin/grok line 13.
BEGIN failed--compilation aborted at bin/grok line 13.
Can't create /home/test/.local/share/.grok: No such file or directory
Compilation failed in require at /home/test/.cpan/build/grok-0.26-NFOUHw/blib/lib/App/Grok.pm line 14.
BEGIN failed--compilation aborted at /home/test/.cpan/build/grok-0.26-NFOUHw/blib/lib/App/Grok.pm line 14.
Compilation failed in require at bin/grok line 13.
BEGIN failed--compilation aborted at bin/grok line 13.
# Failed test 'Paragraph Foo (-F)'
# at t/03_opts/01_file.t line 12.
# ''
# doesn't match '(?^:Foo)'
# Failed test 'Paragraph Foo (--file)'
# at t/03_opts/01_file.t line 13.
# ''
# doesn't match '(?^:Foo)'
# Failed test 'Paragraph Bar (-F)'
# at t/03_opts/01_file.t line 12.
# ''
# doesn't match '(?^:Bar)'
# Failed test 'Paragraph Bar (--file)'
# at t/03_opts/01_file.t line 13.
# ''
# doesn't match '(?^:Bar)'
# Failed test 'Paragraph Baz (-F)'
# at t/03_opts/01_file.t line 12.
# ''
# doesn't match '(?^:Baz)'
# Failed test 'Paragraph Baz (--file)'
# at t/03_opts/01_file.t line 13.
# ''
# doesn't match '(?^:Baz)'
# Looks like you failed 6 tests of 6.
t/03_opts/01_file.t .........
Dubious, test returned 6 (wstat 1536, 0x600)
Failed 6/6 subtests
Can't create /home/test/.local/share/.grok: No such file or directory
Compilation failed in require at /home/test/.cpan/build/grok-0.26-NFOUHw/blib/lib/App/Grok.pm line 14.
BEGIN failed--compilation aborted at /home/test/.cpan/build/grok-0.26-NFOUHw/blib/lib/App/Grok.pm line 14.
Compilation failed in require at bin/grok line 13.
BEGIN failed--compilation aborted at bin/grok line 13.
Can't create /home/test/.local/share/.grok: No such file or directory
Compilation failed in require at /home/test/.cpan/build/grok-0.26-NFOUHw/blib/lib/App/Grok.pm line 14.
BEGIN failed--compilation aborted at /home/test/.cpan/build/grok-0.26-NFOUHw/blib/lib/App/Grok.pm line 14.
Compilation failed in require at bin/grok line 13.
BEGIN failed--compilation aborted at bin/grok line 13.
Can't create /home/test/.local/share/.grok: No such file or directory
Compilation failed in require at /home/test/.cpan/build/grok-0.26-NFOUHw/blib/lib/App/Grok.pm line 14.
BEGIN failed--compilation aborted at /home/test/.cpan/build/grok-0.26-NFOUHw/blib/lib/App/Grok.pm line 14.
Compilation failed in require at bin/grok line 13.
BEGIN failed--compilation aborted at bin/grok line 13.
Can't create /home/test/.local/share/.grok: No such file or directory
Compilation failed in require at /home/test/.cpan/build/grok-0.26-NFOUHw/blib/lib/App/Grok.pm line 14.
BEGIN failed--compilation aborted at /home/test/.cpan/build/grok-0.26-NFOUHw/blib/lib/App/Grok.pm line 14.
Compilation failed in require at bin/grok line 13.
BEGIN failed--compilation aborted at bin/grok line 13.
Can't create /home/test/.local/share/.grok: No such file or directory
Compilation failed in require at /home/test/.cpan/build/grok-0.26-NFOUHw/blib/lib/App/Grok.pm line 14.
BEGIN failed--compilation aborted at /home/test/.cpan/build/grok-0.26-NFOUHw/blib/lib/App/Grok.pm line 14.
Compilation failed in require at bin/grok line 13.
BEGIN failed--compilation aborted at bin/grok line 13.
Can't create /home/test/.local/share/.grok: No such file or directory
Compilation failed in require at /home/test/.cpan/build/grok-0.26-NFOUHw/blib/lib/App/Grok.pm line 14.
BEGIN failed--compilation aborted at /home/test/.cpan/build/grok-0.26-NFOUHw/blib/lib/App/Grok.pm line 14.
Compilation failed in require at bin/grok line 13.
BEGIN failed--compilation aborted at bin/grok line 13.
# Failed test 'Pod 6 text and ANSI are different (-o)'
# at t/03_opts/02_output.t line 16.
# got: ''
# expected: anything else
# Failed test 'Pod 6 ANSI has color codes (-o)'
# at t/03_opts/02_output.t line 17.
# ''
# doesn't match '(?^:\e\[)'
# Failed test 'Pod 6 text and ANSI are different (--output)'
# at t/03_opts/02_output.t line 18.
# got: ''
# expected: anything else
# Failed test 'Pod 6 ANSI has color codes (--output)'
# at t/03_opts/02_output.t line 19.
# ''
# doesn't match '(?^:\e\[)'
# Failed test 'Pod 6 text and xhtml are different (--output)'
# at t/03_opts/02_output.t line 20.
# got: ''
# expected: anything else
# Failed test 'Pod 6 xhtml has <p> (--output)'
# at t/03_opts/02_output.t line 21.
# ''
# doesn't match '(?^:<p>)'
Can't create /home/test/.local/share/.grok: No such file or directory
Compilation failed in require at /home/test/.cpan/build/grok-0.26-NFOUHw/blib/lib/App/Grok.pm line 14.
BEGIN failed--compilation aborted at /home/test/.cpan/build/grok-0.26-NFOUHw/blib/lib/App/Grok.pm line 14.
Compilation failed in require at bin/grok line 13.
BEGIN failed--compilation aborted at bin/grok line 13.
Can't create /home/test/.local/share/.grok: No such file or directory
Compilation failed in require at /home/test/.cpan/build/grok-0.26-NFOUHw/blib/lib/App/Grok.pm line 14.
BEGIN failed--compilation aborted at /home/test/.cpan/build/grok-0.26-NFOUHw/blib/lib/App/Grok.pm line 14.
Compilation failed in require at bin/grok line 13.
BEGIN failed--compilation aborted at bin/grok line 13.
Can't create /home/test/.local/share/.grok: No such file or directory
Compilation failed in require at /home/test/.cpan/build/grok-0.26-NFOUHw/blib/lib/App/Grok.pm line 14.
BEGIN failed--compilation aborted at /home/test/.cpan/build/grok-0.26-NFOUHw/blib/lib/App/Grok.pm line 14.
Compilation failed in require at bin/grok line 13.
BEGIN failed--compilation aborted at bin/grok line 13.
Can't create /home/test/.local/share/.grok: No such file or directory
Compilation failed in require at /home/test/.cpan/build/grok-0.26-NFOUHw/blib/lib/App/Grok.pm line 14.
BEGIN failed--compilation aborted at /home/test/.cpan/build/grok-0.26-NFOUHw/blib/lib/App/Grok.pm line 14.
Compilation failed in require at bin/grok line 13.
BEGIN failed--compilation aborted at bin/grok line 13.
Can't create /home/test/.local/share/.grok: No such file or directory
Compilation failed in require at /home/test/.cpan/build/grok-0.26-NFOUHw/blib/lib/App/Grok.pm line 14.
BEGIN failed--compilation aborted at /home/test/.cpan/build/grok-0.26-NFOUHw/blib/lib/App/Grok.pm line 14.
Compilation failed in require at bin/grok line 13.
BEGIN failed--compilation aborted at bin/grok line 13.
Can't create /home/test/.local/share/.grok: No such file or directory
Compilation failed in require at /home/test/.cpan/build/grok-0.26-NFOUHw/blib/lib/App/Grok.pm line 14.
BEGIN failed--compilation aborted at /home/test/.cpan/build/grok-0.26-NFOUHw/blib/lib/App/Grok.pm line 14.
Compilation failed in require at bin/grok line 13.
BEGIN failed--compilation aborted at bin/grok line 13.
Can't create /home/test/.local/share/.grok: No such file or directory
Compilation failed in require at /home/test/.cpan/build/grok-0.26-NFOUHw/blib/lib/App/Grok.pm line 14.
BEGIN failed--compilation aborted at /home/test/.cpan/build/grok-0.26-NFOUHw/blib/lib/App/Grok.pm line 14.
Compilation failed in require at bin/grok line 13.
BEGIN failed--compilation aborted at bin/grok line 13.
Can't create /home/test/.local/share/.grok: No such file or directory
Compilation failed in require at /home/test/.cpan/build/grok-0.26-NFOUHw/blib/lib/App/Grok.pm line 14.
BEGIN failed--compilation aborted at /home/test/.cpan/build/grok-0.26-NFOUHw/blib/lib/App/Grok.pm line 14.
Compilation failed in require at bin/grok line 13.
BEGIN failed--compilation aborted at bin/grok line 13.
# Failed test 'Pod 5 text and ANSI are different (-o)'
# at t/03_opts/02_output.t line 33.
# got: ''
# expected: anything else
# Failed test 'Pod 5 ANSI has color codes (-o)'
# at t/03_opts/02_output.t line 34.
# ''
# doesn't match '(?^:\e\[)'
# Failed test 'Pod 5 text and ANSI are different (--output)'
# at t/03_opts/02_output.t line 35.
# got: ''
# expected: anything else
# Failed test 'Pod 5 ANSI has color codes (--output)'
# at t/03_opts/02_output.t line 36.
# ''
# doesn't match '(?^:\e\[)'
# Failed test 'Pod 5 text and xhtml are different (--output)'
# at t/03_opts/02_output.t line 37.
# got: ''
# expected: anything else
# Failed test 'Pod 5 xhtml has <p> (--output)'
# at t/03_opts/02_output.t line 38.
# ''
# doesn't match '(?^:<p>)'
# Failed test 'Pod 5 text and pod are different (--output)'
# at t/03_opts/02_output.t line 39.
# got: ''
# expected: anything else
# Failed test 'Pod 5 pod has =head1 (--output)'
# at t/03_opts/02_output.t line 40.
# ''
# doesn't match '(?^m:^=head1)'
# Looks like you failed 14 tests of 14.
t/03_opts/02_output.t .......
Dubious, test returned 14 (wstat 3584, 0xe00)
Failed 14/14 subtests
Can't create /home/test/.local/share/.grok: No such file or directory
Compilation failed in require at /home/test/.cpan/build/grok-0.26-NFOUHw/blib/lib/App/Grok.pm line 14.
BEGIN failed--compilation aborted at /home/test/.cpan/build/grok-0.26-NFOUHw/blib/lib/App/Grok.pm line 14.
Compilation failed in require at bin/grok line 13.
BEGIN failed--compilation aborted at bin/grok line 13.
Can't create /home/test/.local/share/.grok: No such file or directory
Compilation failed in require at /home/test/.cpan/build/grok-0.26-NFOUHw/blib/lib/App/Grok.pm line 14.
BEGIN failed--compilation aborted at /home/test/.cpan/build/grok-0.26-NFOUHw/blib/lib/App/Grok.pm line 14.
Compilation failed in require at bin/grok line 13.
BEGIN failed--compilation aborted at bin/grok line 13.
# Failed test 'Got help message (-h)'
# at t/03_opts/03_help.t line 10.
# ''
# doesn't match '(?^:Options:)'
# Failed test 'Got help message (--help)'
# at t/03_opts/03_help.t line 11.
# ''
# doesn't match '(?^:Options:)'
# Looks like you failed 2 tests of 2.
t/03_opts/03_help.t .........
Dubious, test returned 2 (wstat 512, 0x200)
Failed 2/2 subtests
Can't create /home/test/.local/share/.grok: No such file or directory
Compilation failed in require at /home/test/.cpan/build/grok-0.26-NFOUHw/blib/lib/App/Grok.pm line 14.
BEGIN failed--compilation aborted at /home/test/.cpan/build/grok-0.26-NFOUHw/blib/lib/App/Grok.pm line 14.
Compilation failed in require at bin/grok line 13.
BEGIN failed--compilation aborted at bin/grok line 13.
Can't create /home/test/.local/share/.grok: No such file or directory
Compilation failed in require at /home/test/.cpan/build/grok-0.26-NFOUHw/blib/lib/App/Grok.pm line 14.
BEGIN failed--compilation aborted at /home/test/.cpan/build/grok-0.26-NFOUHw/blib/lib/App/Grok.pm line 14.
Compilation failed in require at bin/grok line 13.
BEGIN failed--compilation aborted at bin/grok line 13.
# Failed test 'Got version info (-V)'
# at t/03_opts/04_version.t line 10.
# ''
# doesn't match '(?^:^grok (?:dev-git|\d))'
# Failed test 'Got version info (--version)'
# at t/03_opts/04_version.t line 11.
# ''
# doesn't match '(?^:^grok (?:dev-git|\d))'
# Looks like you failed 2 tests of 2.
t/03_opts/04_version.t ......
Dubious, test returned 2 (wstat 512, 0x200)
Failed 2/2 subtests
Can't create /home/test/.local/share/.grok: No such file or directory
Compilation failed in require at /home/test/.cpan/build/grok-0.26-NFOUHw/blib/lib/App/Grok.pm line 14.
BEGIN failed--compilation aborted at /home/test/.cpan/build/grok-0.26-NFOUHw/blib/lib/App/Grok.pm line 14.
Compilation failed in require at bin/grok line 13.
BEGIN failed--compilation aborted at bin/grok line 13.
Can't create /home/test/.local/share/.grok: No such file or directory
Compilation failed in require at /home/test/.cpan/build/grok-0.26-NFOUHw/blib/lib/App/Grok.pm line 14.
BEGIN failed--compilation aborted at /home/test/.cpan/build/grok-0.26-NFOUHw/blib/lib/App/Grok.pm line 14.
Compilation failed in require at bin/grok line 13.
BEGIN failed--compilation aborted at bin/grok line 13.
Can't create /home/test/.local/share/.grok: No such file or directory
Compilation failed in require at /home/test/.cpan/build/grok-0.26-NFOUHw/blib/lib/App/Grok.pm line 14.
BEGIN failed--compilation aborted at /home/test/.cpan/build/grok-0.26-NFOUHw/blib/lib/App/Grok.pm line 14.
Compilation failed in require at bin/grok line 13.
BEGIN failed--compilation aborted at bin/grok line 13.
# Failed test 'Got unpaged output (-T)'
# at t/03_opts/05_no_pager.t line 12.
# Failed test 'Got unpaged output (--no-pager)'
# at t/03_opts/05_no_pager.t line 13.
# Looks like you failed 2 tests of 2.
t/03_opts/05_no_pager.t .....
Dubious, test returned 2 (wstat 512, 0x200)
Failed 2/2 subtests
Can't create /home/test/.local/share/.grok: No such file or directory
Compilation failed in require at /home/test/.cpan/build/grok-0.26-NFOUHw/blib/lib/App/Grok.pm line 14.
BEGIN failed--compilation aborted at /home/test/.cpan/build/grok-0.26-NFOUHw/blib/lib/App/Grok.pm line 14.
Compilation failed in require at bin/grok line 13.
BEGIN failed--compilation aborted at bin/grok line 13.
Can't create /home/test/.local/share/.grok: No such file or directory
Compilation failed in require at /home/test/.cpan/build/grok-0.26-NFOUHw/blib/lib/App/Grok.pm line 14.
BEGIN failed--compilation aborted at /home/test/.cpan/build/grok-0.26-NFOUHw/blib/lib/App/Grok.pm line 14.
Compilation failed in require at bin/grok line 13.
BEGIN failed--compilation aborted at bin/grok line 13.
# Failed test 'Found Synopsis 2 in index (-i)'
# at t/03_opts/06_index.t line 10.
# ''
# doesn't match '(?^m:^S02)'
# Failed test 'Found Synopsis 2 in index (--index)'
# at t/03_opts/06_index.t line 11.
# ''
# doesn't match '(?^m:^S02)'
# Failed test 'Found say() in index (-i)'
# at t/03_opts/06_index.t line 12.
# ''
# doesn't match '(?^m:^say\b)'
# Failed test 'Found say() in index (--index)'
# at t/03_opts/06_index.t line 13.
# ''
# doesn't match '(?^m:^say\b)'
# Failed test 'Found sleep() in index (-i)'
# at t/03_opts/06_index.t line 14.
# ''
# doesn't match '(?^m:^sleep\b)'
# Failed test 'Found sleep() in index (--index)'
# at t/03_opts/06_index.t line 15.
# ''
# doesn't match '(?^m:^sleep\b)'
# Looks like you failed 6 tests of 6.
t/03_opts/06_index.t ........
Dubious, test returned 6 (wstat 1536, 0x600)
Failed 6/6 subtests
Can't create /home/test/.local/share/.grok: No such file or directory
Compilation failed in require at /home/test/.cpan/build/grok-0.26-NFOUHw/blib/lib/App/Grok.pm line 14.
BEGIN failed--compilation aborted at /home/test/.cpan/build/grok-0.26-NFOUHw/blib/lib/App/Grok.pm line 14.
Compilation failed in require at bin/grok line 13.
BEGIN failed--compilation aborted at bin/grok line 13.
Can't create /home/test/.local/share/.grok: No such file or directory
Compilation failed in require at /home/test/.cpan/build/grok-0.26-NFOUHw/blib/lib/App/Grok.pm line 14.
BEGIN failed--compilation aborted at /home/test/.cpan/build/grok-0.26-NFOUHw/blib/lib/App/Grok.pm line 14.
Compilation failed in require at bin/grok line 13.
BEGIN failed--compilation aborted at bin/grok line 13.
# Failed test 'Found location of Synopsis 2 (-l)'
# at t/03_opts/07_locate.t line 10.
# ''
# doesn't match '(?^m:S02-bits\.pod$)'
# Failed test 'Found location of Synopsis 2 (--locate)'
# at t/03_opts/07_locate.t line 11.
# ''
# doesn't match '(?^m:S02-bits\.pod$)'
# Looks like you failed 2 tests of 2.
t/03_opts/07_locate.t .......
Dubious, test returned 2 (wstat 512, 0x200)
Failed 2/2 subtests
Can't create /home/test/.local/share/.grok: No such file or directory
Compilation failed in require at /home/test/.cpan/build/grok-0.26-NFOUHw/blib/lib/App/Grok.pm line 14.
BEGIN failed--compilation aborted at /home/test/.cpan/build/grok-0.26-NFOUHw/blib/lib/App/Grok.pm line 14.
Compilation failed in require at bin/grok line 13.
BEGIN failed--compilation aborted at bin/grok line 13.
# Failed test 'Got result'
# at t/04_targets/01_file.t line 12.
# ''
# doesn't match '(?^:Baz)'
# Looks like you failed 1 test of 1.
t/04_targets/01_file.t ......
Dubious, test returned 1 (wstat 256, 0x100)
Failed 1/1 subtests
Can't create /home/test/.local/share/.grok: No such file or directory
Compilation failed in require at /home/test/.cpan/build/grok-0.26-NFOUHw/blib/lib/App/Grok.pm line 14.
BEGIN failed--compilation aborted at /home/test/.cpan/build/grok-0.26-NFOUHw/blib/lib/App/Grok.pm line 14.
Compilation failed in require at bin/grok line 13.
BEGIN failed--compilation aborted at bin/grok line 13.
Can't create /home/test/.local/share/.grok: No such file or directory
Compilation failed in require at /home/test/.cpan/build/grok-0.26-NFOUHw/blib/lib/App/Grok.pm line 14.
BEGIN failed--compilation aborted at /home/test/.cpan/build/grok-0.26-NFOUHw/blib/lib/App/Grok.pm line 14.
Compilation failed in require at bin/grok line 13.
BEGIN failed--compilation aborted at bin/grok line 13.
Can't create /home/test/.local/share/.grok: No such file or directory
Compilation failed in require at /home/test/.cpan/build/grok-0.26-NFOUHw/blib/lib/App/Grok.pm line 14.
BEGIN failed--compilation aborted at /home/test/.cpan/build/grok-0.26-NFOUHw/blib/lib/App/Grok.pm line 14.
Compilation failed in require at bin/grok line 13.
BEGIN failed--compilation aborted at bin/grok line 13.
Can't create /home/test/.local/share/.grok: No such file or directory
Compilation failed in require at /home/test/.cpan/build/grok-0.26-NFOUHw/blib/lib/App/Grok.pm line 14.
BEGIN failed--compilation aborted at /home/test/.cpan/build/grok-0.26-NFOUHw/blib/lib/App/Grok.pm line 14.
Compilation failed in require at bin/grok line 13.
BEGIN failed--compilation aborted at bin/grok line 13.
# Failed test 'Got S02'
# at t/04_targets/02_synopsis.t line 13.
# ''
# doesn't match '(?^:Synopsis 2)'
# Failed test 'Got S04'
# at t/04_targets/02_synopsis.t line 14.
# ''
# doesn't match '(?^:Synopsis 4)'
# Failed test 'Got S32-exception'
# at t/04_targets/02_synopsis.t line 19.
# ''
# doesn't match '(?^:Synopsis 32: Setting Library - Exception)'
# Looks like you failed 3 tests of 4.
t/04_targets/02_synopsis.t ..
Dubious, test returned 3 (wstat 768, 0x300)
Failed 3/4 subtests
Can't create /home/test/.local/share/.grok: No such file or directory
Compilation failed in require at /home/test/.cpan/build/grok-0.26-NFOUHw/blib/lib/App/Grok.pm line 14.
BEGIN failed--compilation aborted at /home/test/.cpan/build/grok-0.26-NFOUHw/blib/lib/App/Grok.pm line 14.
Compilation failed in require at bin/grok line 13.
BEGIN failed--compilation aborted at bin/grok line 13.
Can't create /home/test/.local/share/.grok: No such file or directory
Compilation failed in require at /home/test/.cpan/build/grok-0.26-NFOUHw/blib/lib/App/Grok.pm line 14.
BEGIN failed--compilation aborted at /home/test/.cpan/build/grok-0.26-NFOUHw/blib/lib/App/Grok.pm line 14.
Compilation failed in require at bin/grok line 13.
BEGIN failed--compilation aborted at bin/grok line 13.
# Failed test 'Got fork()'
# at t/04_targets/03_function.t line 11.
# ''
# doesn't match '(?^:process)'
# Failed test 'Got kill()'
# at t/04_targets/03_function.t line 12.
# ''
# doesn't match '(?^:TERM)'
# Looks like you failed 2 tests of 2.
t/04_targets/03_function.t ..
Dubious, test returned 2 (wstat 512, 0x200)
Failed 2/2 subtests
Can't create /home/test/.local/share/.grok: No such file or directory
Compilation failed in require at /home/test/.cpan/build/grok-0.26-NFOUHw/blib/lib/App/Grok.pm line 14.
BEGIN failed--compilation aborted at /home/test/.cpan/build/grok-0.26-NFOUHw/blib/lib/App/Grok.pm line 14.
Compilation failed in require at bin/grok line 13.
BEGIN failed--compilation aborted at bin/grok line 13.
Can't create /home/test/.local/share/.grok: No such file or directory
Compilation failed in require at /home/test/.cpan/build/grok-0.26-NFOUHw/blib/lib/App/Grok.pm line 14.
BEGIN failed--compilation aborted at /home/test/.cpan/build/grok-0.26-NFOUHw/blib/lib/App/Grok.pm line 14.
Compilation failed in require at bin/grok line 13.
BEGIN failed--compilation aborted at bin/grok line 13.
# Failed test 'Got chdir()'
# at t/04_targets/04_tablet.t line 11.
# ''
# doesn't match '(?^:directory)'
# Failed test 'Got chop()'
# at t/04_targets/04_tablet.t line 12.
# ''
# doesn't match '(?^:string)'
# Looks like you failed 2 tests of 2.
t/04_targets/04_tablet.t ....
Dubious, test returned 2 (wstat 512, 0x200)
Failed 2/2 subtests
# Failed test 'Sane error message'
# at t/04_targets/05_failure.t line 11.
# 'Can't create /home/test/.local/share/.grok: No such file or directory
# Compilation failed in require at /home/test/.cpan/build/grok-0.26-NFOUHw/blib/lib/App/Grok.pm line 14.
# BEGIN failed--compilation aborted at /home/test/.cpan/build/grok-0.26-NFOUHw/blib/lib/App/Grok.pm line 14.
# Compilation failed in require at bin/grok line 13.
# BEGIN failed--compilation aborted at bin/grok line 13.
# '
# doesn't match '(?^:^Target 'definitely_completely_unrecognized_target' not recognized$)'
# Looks like you failed 1 test of 1.
t/04_targets/05_failure.t ...
Dubious, test returned 1 (wstat 256, 0x100)
Failed 1/1 subtests
Can't create /home/test/.local/share/.grok: No such file or directory
Compilation failed in require at /home/test/.cpan/build/grok-0.26-NFOUHw/blib/lib/App/Grok.pm line 14.
BEGIN failed--compilation aborted at /home/test/.cpan/build/grok-0.26-NFOUHw/blib/lib/App/Grok.pm line 14.
Compilation failed in require at bin/grok line 13.
BEGIN failed--compilation aborted at bin/grok line 13.
Can't create /home/test/.local/share/.grok: No such file or directory
Compilation failed in require at /home/test/.cpan/build/grok-0.26-NFOUHw/blib/lib/App/Grok.pm line 14.
BEGIN failed--compilation aborted at /home/test/.cpan/build/grok-0.26-NFOUHw/blib/lib/App/Grok.pm line 14.
Compilation failed in require at bin/grok line 13.
BEGIN failed--compilation aborted at bin/grok line 13.
# Failed test 'Got perlintro'
# at t/04_targets/06_man_page.t line 11.
# ''
# doesn't match '(?^:A brief introduction and overview of Perl 6)'
# Failed test 'Got perlsyn'
# at t/04_targets/06_man_page.t line 12.
# ''
# doesn't match '(?^:Perl 6 syntax)'
# Looks like you failed 2 tests of 2.
t/04_targets/06_man_page.t ..
Dubious, test returned 2 (wstat 512, 0x200)
Failed 2/2 subtests
Test Summary Report
-------------------
t/01_compile.t (Wstat: 512 Tests: 4 Failed: 2)
Failed tests: 1, 4
Non-zero exit status: 2
t/03_opts/01_file.t (Wstat: 1536 Tests: 6 Failed: 6)
Failed tests: 1-6
Non-zero exit status: 6
t/03_opts/02_output.t (Wstat: 3584 Tests: 14 Failed: 14)
Failed tests: 1-14
Non-zero exit status: 14
t/03_opts/03_help.t (Wstat: 512 Tests: 2 Failed: 2)
Failed tests: 1-2
Non-zero exit status: 2
t/03_opts/04_version.t (Wstat: 512 Tests: 2 Failed: 2)
Failed tests: 1-2
Non-zero exit status: 2
t/03_opts/05_no_pager.t (Wstat: 512 Tests: 2 Failed: 2)
Failed tests: 1-2
Non-zero exit status: 2
t/03_opts/06_index.t (Wstat: 1536 Tests: 6 Failed: 6)
Failed tests: 1-6
Non-zero exit status: 6
t/03_opts/07_locate.t (Wstat: 512 Tests: 2 Failed: 2)
Failed tests: 1-2
Non-zero exit status: 2
t/04_targets/01_file.t (Wstat: 256 Tests: 1 Failed: 1)
Failed test: 1
Non-zero exit status: 1
t/04_targets/02_synopsis.t (Wstat: 768 Tests: 4 Failed: 3)
Failed tests: 1-2, 4
Non-zero exit status: 3
t/04_targets/03_function.t (Wstat: 512 Tests: 2 Failed: 2)
Failed tests: 1-2
Non-zero exit status: 2
t/04_targets/04_tablet.t (Wstat: 512 Tests: 2 Failed: 2)
Failed tests: 1-2
Non-zero exit status: 2
t/04_targets/05_failure.t (Wstat: 256 Tests: 1 Failed: 1)
Failed test: 1
Non-zero exit status: 1
t/04_targets/06_man_page.t (Wstat: 512 Tests: 2 Failed: 2)
Failed tests: 1-2
Non-zero exit status: 2
Files=16, Tests=58, 4 wallclock secs ( 0.08 usr 0.03 sys + 2.72 cusr 0.52 csys = 3.35 CPU)
Result: FAIL
Failed 14/16 test programs. 47/58 subtests failed.
make: *** [test_dynamic] Error 2
------------------------------
PREREQUISITES
------------------------------
Prerequisite modules loaded:
requires:
Module Need Have
------------------------ ------ --------
File::HomeDir 0 0.99
File::ShareDir 0 1.03
File::Temp 0 0.22
Getopt::Long 2.33 2.38
IO::Interactive 0 0.0.6
IO::Socket::SSL 0 1.59
LWP::UserAgent 0 6.04
Perl6::Doc 0.47 0.47
Perl6::Perldoc v0.0.5 0.000007
Perl6::Perldoc::To::Ansi 0.07 0.11
Pod::Parser 1.36 1.51
Pod::Text::Ansi 0.04 0.05
Pod::Xhtml 0 1.61
build_requires:
Module Need Have
------------------------ ------ --------
Test::More 0.47 0.98
Test::Script 1.07 1.07
configure_requires:
Module Need Have
------------------------ ------ --------
ExtUtils::MakeMaker 6.30 6.63_02
------------------------------
ENVIRONMENT AND OTHER CONTEXT
------------------------------
Environment variables:
AUTOMATED_TESTING = 1
LANG = C
LC_ALL = C
MANPATH_WITHOUT_PERLBREW =
PATH = /home/test/perl5/perlbrew/bin:/home/test/perl5/perlbrew/perls/perl-blead/bin:/home/test/bin:~/bin:/usr/bin:/bin
PATH_WITHOUT_PERLBREW = /home/test/bin:~/bin:/usr/bin:/bin
PERL5LIB =
PERL5OPT =
PERL5_CPANPLUS_IS_RUNNING = 20188
PERL5_CPAN_IS_RUNNING = 20188
PERL5_CPAN_IS_RUNNING_IN_RECURSION = 17366,20188
PERLBREW_BASHRC_VERSION = 0.41
PERLBREW_HOME = /home/test/.perlbrew
PERLBREW_MANPATH = /home/test/perl5/perlbrew/perls/perl-blead/man
PERLBREW_PATH = /home/test/perl5/perlbrew/bin:/home/test/perl5/perlbrew/perls/perl-blead/bin
PERLBREW_PERL = perl-blead
PERLBREW_ROOT = /home/test/perl5/perlbrew
PERLBREW_VERSION = 0.42
PERL_CPANM_OPT = --prompt --mirror file:///mirrors/cpan/
PERL_CR_SMOKER_CURRENT = grok-0.26
PERL_EXTUTILS_AUTOINSTALL = --defaultdeps
PERL_MM_USE_DEFAULT = 1
SHELL = /bin/bash
TERM = linux
Perl special variables (and OS-specific diagnostics, for MSWin32):
$^X = /home/test/perl5/perlbrew/perls/perl-blead/bin/perl5.15.8
$UID/$EUID = 1001 / 1001
$GID = 1001 1001
$EGID = 1001 1001
Perl module toolchain versions installed:
Module Have
------------------- --------
CPAN 1.9800
CPAN::Meta 2.120351
Cwd 3.39_02
ExtUtils::CBuilder 0.280205
ExtUtils::Command 1.17
ExtUtils::Install 1.58
ExtUtils::MakeMaker 6.63_02
ExtUtils::Manifest 1.61
ExtUtils::ParseXS 3.15
File::Spec 3.39_02
JSON 2.53
JSON::PP 2.27200
Module::Build 0.40
Module::Signature n/a
Parse::CPAN::Meta 1.4402
Test::Harness 3.23
Test::More 0.98
YAML 0.80
YAML::Syck 1.20
version 0.96
--
Summary of my perl5 (revision 5 version 15 subversion 8) configuration:
Snapshot of: 3a3e1efce7f28011ce73f2f824c0114319c32573
Platform:
osname=linux, osvers=2.6.35-28-generic, archname=x86_64-linux
uname='linux zippy 2.6.35-28-generic #50-ubuntu smp fri mar 18 18:42:20 utc 2011 x86_64 gnulinux '
config_args='-de -Dprefix=/home/test/perl5/perlbrew/perls/perl-blead -Dusedevel'
hint=recommended, useposix=true, d_sigaction=define
useithreads=undef, usemultiplicity=undef
useperlio=define, d_sfio=undef, uselargefiles=define, usesocks=undef
use64bitint=define, use64bitall=define, uselongdouble=undef
usemymalloc=n, bincompat5005=undef
Compiler:
cc='cc', ccflags ='-fno-strict-aliasing -pipe -fstack-protector -I/usr/local/include -D_LARGEFILE_SOURCE -D_FILE_OFFSET_BITS=64',
optimize='-O2',
cppflags='-fno-strict-aliasing -pipe -fstack-protector -I/usr/local/include'
ccversion='', gccversion='4.4.5', gccosandvers=''
intsize=4, longsize=8, ptrsize=8, doublesize=8, byteorder=12345678
d_longlong=define, longlongsize=8, d_longdbl=define, longdblsize=16
ivtype='long', ivsize=8, nvtype='double', nvsize=8, Off_t='off_t', lseeksize=8
alignbytes=8, prototype=define
Linker and Libraries:
ld='cc', ldflags =' -fstack-protector -L/usr/local/lib'
libpth=/usr/local/lib /lib/../lib /usr/lib/../lib /lib /usr/lib /usr/lib/x86_64-linux-gnu /lib64 /usr/lib64
libs=-lnsl -ldl -lm -lcrypt -lutil -lc
perllibs=-lnsl -ldl -lm -lcrypt -lutil -lc
libc=/lib/libc-2.12.1.so, so=so, useshrplib=false, libperl=libperl.a
gnulibc_version='2.12.1'
Dynamic Linking:
dlsrc=dl_dlopen.xs, dlext=so, d_dlsymun=undef, ccdlflags='-Wl,-E'
cccdlflags='-fPIC', lddlflags='-shared -O2 -L/usr/local/lib -fstack-protector'
Characteristics of this binary (from libperl):
Compile-time options: HAS_TIMES PERLIO_LAYERS PERL_DONT_CREATE_GVSV
PERL_MALLOC_WRAP PERL_PRESERVE_IVUV PERL_USE_DEVEL
USE_64_BIT_ALL USE_64_BIT_INT USE_LARGE_FILES
USE_LOCALE USE_LOCALE_COLLATE USE_LOCALE_CTYPE
USE_LOCALE_NUMERIC USE_PERLIO USE_PERL_ATOF
Built under linux
Compiled at Mar 11 2012 22:56:27
%ENV:
PERL5LIB=""
PERL5OPT=""
PERL5_CPANPLUS_IS_RUNNING="20188"
PERL5_CPAN_IS_RUNNING="20188"
PERL5_CPAN_IS_RUNNING_IN_RECURSION="17366,20188"
PERLBREW_BASHRC_VERSION="0.41"
PERLBREW_HOME="/home/test/.perlbrew"
PERLBREW_MANPATH="/home/test/perl5/perlbrew/perls/perl-blead/man"
PERLBREW_PATH="/home/test/perl5/perlbrew/bin:/home/test/perl5/perlbrew/perls/perl-blead/bin"
PERLBREW_PERL="perl-blead"
PERLBREW_ROOT="/home/test/perl5/perlbrew"
PERLBREW_VERSION="0.42"
PERL_CPANM_OPT="--prompt --mirror file:///mirrors/cpan/"
PERL_CR_SMOKER_CURRENT="grok-0.26"
PERL_EXTUTILS_AUTOINSTALL="--defaultdeps"
PERL_MM_USE_DEFAULT="1"
@INC:
/home/test/perl5/perlbrew/perls/perl-blead/lib/site_perl/5.15.8/x86_64-linux
/home/test/perl5/perlbrew/perls/perl-blead/lib/site_perl/5.15.8
/home/test/perl5/perlbrew/perls/perl-blead/lib/5.15.8/x86_64-linux
/home/test/perl5/perlbrew/perls/perl-blead/lib/5.15.8
.