Report for Log-Log4perl-AutoCategorize-0.03

Back
From: metabase:user:9820532a-708b-1014-9a05-b18a96298da1
Subject: FAIL Log-Log4perl-AutoCategorize-0.03 v5.14.2 GNU/Linux
Date: 2011-11-23T15:01:11Z

This distribution has been tested as part of the CPAN Testers
project, supporting the Perl programming language.  See
http://wiki.cpantesters.org/ for more information or email
questions to cpan-testers-discuss@perl.org


--
Dear Jim Cromie,

This is a computer-generated report for Log-Log4perl-AutoCategorize-0.03
on perl 5.14.2, created by CPAN-Reporter-1.2002.

Thank you for uploading your work to CPAN.  However, there was a problem
testing your distribution.

If you think this report is invalid, please consult the CPAN Testers Wiki
for suggestions on how to avoid getting FAIL reports for missing library
or binary dependencies, unsupported operating systems, and so on:

http://wiki.cpantesters.org/wiki/CPANAuthorNotes

Sections of this report:

    * Tester comments
    * Program output
    * Prerequisites
    * Environment and other context

------------------------------
TESTER COMMENTS
------------------------------

Additional comments from tester:

this report is from an automated smoke testing program
and was not reviewed by a human for accuracy

------------------------------
PROGRAM OUTPUT
------------------------------

Output from './Build test':

Use of qw(...) as parentheses is deprecated at ../lib/Log/Log4perl/AutoCategorize.pm line 175.
Use of qw(...) as parentheses is deprecated at ../lib/Log/Log4perl/AutoCategorize.pm line 339.
2011/11/23 15:01:03 Log.Log4perl.AutoCategorize.END.info.322: Seen Log Events:, {
  'Log.Log4perl.AutoCategorize.END.info.322' => 1
}
2011/11/23 15:01:03 Log.Log4perl.AutoCategorize.END.info.322: UnSeen Log Events:, {}
2011/11/23 15:01:03 Log.Log4perl.AutoCategorize.END.info.322: cat2data:, {}
t/01_use.t ........... ok
Use of qw(...) as parentheses is deprecated at ../lib/Log/Log4perl/AutoCategorize.pm line 175.
Use of qw(...) as parentheses is deprecated at ../lib/Log/Log4perl/AutoCategorize.pm line 339.
# following tests look for expected line number reporting
# following tests check output of Data::Dumper

#   Failed test 'found info.41 complex ref dump'
#   at t/02_basic.t line 68.
#                   'Use of qw(...) as parentheses is deprecated at ../lib/Log/Log4perl/AutoCategorize.pm line 175.
# Use of qw(...) as parentheses is deprecated at ../lib/Log/Log4perl/AutoCategorize.pm line 339.
# 2011/11/23 15:01:04 main.main.debug.36: 1, 
# 2011/11/23 15:01:04 main.main.info.37: one arg, 
# 2011/11/23 15:01:04 main.main.warn.38: 2 args, 
# 2011/11/23 15:01:04 main.main.debug.39: [
#   'arrayref'
# ]
# 2011/11/23 15:01:04 main.main.info.40: {
#   'hash' => 'ref'
# }
# 2011/11/23 15:01:04 main.main.info.40: [
#   [
#     'nested',
#     'arrayref',
#     'and'
#   ],
#   {
#     'hash' => 'also'
#   }
# ]
# 2011/11/23 15:01:04 main.main.info.40: {
#   'inner' => 'call to same fn'
# }
# 2011/11/23 15:01:04 main.main.info.44: logged, 
# 2011/11/23 15:01:04 main.main.debug.39: {
#   'inner' => 'call to diff fn'
# }
# 2011/11/23 15:01:04 main.main.info.40: logged nested, {
#   'hash' => 'ref'
# }
# 2011/11/23 15:01:04 main.usersub.info.54: logging from main function, [
#   1
# ]
# 2011/11/23 15:01:04 main.usersub.info.55: logging from main function 1, 
# 2011/11/23 15:01:04 main.usersub.info.56: logging from main function arg1 1, 
# 2011/11/23 15:01:04 Foo.uselogger.debug.22: logging from Foo Foo 1, 
# 2011/11/23 15:01:04 Foo.uselogger.debug.23: logging from Foo Foo 1 extra, 
# 2011/11/23 15:01:04 Foo.uselogger.debug.24: logging from Foo, [
#   'Foo',
#   1
# ]
# 2011/11/23 15:01:04 main.main.debug.36: 2, 
# 2011/11/23 15:01:04 main.main.info.37: one arg, 
# 2011/11/23 15:01:04 main.main.warn.38: 2 args, 
# 2011/11/23 15:01:04 main.main.debug.39: [
#   'arrayref'
# ]
# 2011/11/23 15:01:04 main.main.info.40: {
#   'hash' => 'ref'
# }
# 2011/11/23 15:01:04 main.main.info.40: [
#   [
#     'nested',
#     'arrayref',
#     'and'
#   ],
#   {
#     'hash' => 'also'
#   }
# ]
# 2011/11/23 15:01:04 main.main.info.40: {
#   'inner' => 'call to same fn'
# }
# 2011/11/23 15:01:04 main.main.info.44: logged, 
# 2011/11/23 15:01:04 main.main.debug.39: {
#   'inner' => 'call to diff fn'
# }
# 2011/11/23 15:01:04 main.main.info.40: logged nested, {
#   'hash' => 'ref'
# }
# 2011/11/23 15:01:04 main.usersub.info.54: logging from main function, [
#   2
# ]
# 2011/11/23 15:01:04 main.usersub.info.55: logging from main function 2, 
# 2011/11/23 15:01:04 main.usersub.info.56: logging from main function arg1 2, 
# 2011/11/23 15:01:04 Foo.uselogger.debug.22: logging from Foo Foo 2, 
# 2011/11/23 15:01:04 Foo.uselogger.debug.23: logging from Foo Foo 2 extra, 
# 2011/11/23 15:01:04 Foo.uselogger.debug.24: logging from Foo, [
#   'Foo',
#   2
# ]
# bar is not a legitimate log-level
#  at dflt_stdout.pl line 59
# 2011/11/23 15:01:04 main.main.info.40: Seen Log Events:, {
#   'log4perl.category.Foo.uselogger.debug.22' => 2,
#   'log4perl.category.Foo.uselogger.debug.23' => 2,
#   'log4perl.category.Foo.uselogger.debug.24' => 2,
#   'log4perl.category.main.main.debug.36' => 2,
#   'log4perl.category.main.main.debug.39' => 4,
#   'log4perl.category.main.main.info.37' => 2,
#   'log4perl.category.main.main.info.40' => 8,
#   'log4perl.category.main.main.info.44' => 2,
#   'log4perl.category.main.main.warn.38' => 2,
#   'log4perl.category.main.usersub.info.54' => 2,
#   'log4perl.category.main.usersub.info.55' => 2,
#   'log4perl.category.main.usersub.info.56' => 2,
#   'main.main.info.40' => 1
# }
# 2011/11/23 15:01:04 main.main.info.40: UnSeen Log Events:, {
#   'debug_00012' => 'main,dflt_stdout.pl,63',
#   'info_00011' => 'main,dflt_stdout.pl,62'
# }
# 2011/11/23 15:01:04 main.main.info.40: cat2data:, {
#   'Foo.uselogger.debug.22' => 'debug_00001',
#   'Foo.uselogger.debug.23' => 'debug_00002',
#   'Foo.uselogger.debug.24' => 'debug_00003',
#   'main.main.debug.36' => 'debug_00007',
#   'main.main.debug.39' => 'debug',
#   'main.main.info.37' => 'info_00008',
#   'main.main.info.40' => 'info',
#   'main.main.info.44' => 'info_00010',
#   'main.main.warn.38' => 'warn_00009',
#   'main.usersub.info.54' => 'info_00004',
#   'main.usersub.info.55' => 'info_00005',
#   'main.usersub.info.56' => 'info_00006'
# }
# '
#     doesn't match '(?^:main\.main\.info\.41\:\ \[\
# \ \ \[\
# \ \ \ \ \'nested\'\,\
# \ \ \ \ \'arrayref\'\,\
# \ \ \ \ \'and\'\
# \ \ \]\,\
# \ \ \{\
# \ \ \ \ \'hash\'\ \=\>\ \'also\'\
# \ \ \}\
# \])'
# following test nested use of logger - dunno why anyone would..

#   Failed test 'found inner info() invocation'
#   at t/02_basic.t line 83.
#                   'Use of qw(...) as parentheses is deprecated at ../lib/Log/Log4perl/AutoCategorize.pm line 175.
# Use of qw(...) as parentheses is deprecated at ../lib/Log/Log4perl/AutoCategorize.pm line 339.
# 2011/11/23 15:01:04 main.main.debug.36: 1, 
# 2011/11/23 15:01:04 main.main.info.37: one arg, 
# 2011/11/23 15:01:04 main.main.warn.38: 2 args, 
# 2011/11/23 15:01:04 main.main.debug.39: [
#   'arrayref'
# ]
# 2011/11/23 15:01:04 main.main.info.40: {
#   'hash' => 'ref'
# }
# 2011/11/23 15:01:04 main.main.info.40: [
#   [
#     'nested',
#     'arrayref',
#     'and'
#   ],
#   {
#     'hash' => 'also'
#   }
# ]
# 2011/11/23 15:01:04 main.main.info.40: {
#   'inner' => 'call to same fn'
# }
# 2011/11/23 15:01:04 main.main.info.44: logged, 
# 2011/11/23 15:01:04 main.main.debug.39: {
#   'inner' => 'call to diff fn'
# }
# 2011/11/23 15:01:04 main.main.info.40: logged nested, {
#   'hash' => 'ref'
# }
# 2011/11/23 15:01:04 main.usersub.info.54: logging from main function, [
#   1
# ]
# 2011/11/23 15:01:04 main.usersub.info.55: logging from main function 1, 
# 2011/11/23 15:01:04 main.usersub.info.56: logging from main function arg1 1, 
# 2011/11/23 15:01:04 Foo.uselogger.debug.22: logging from Foo Foo 1, 
# 2011/11/23 15:01:04 Foo.uselogger.debug.23: logging from Foo Foo 1 extra, 
# 2011/11/23 15:01:04 Foo.uselogger.debug.24: logging from Foo, [
#   'Foo',
#   1
# ]
# 2011/11/23 15:01:04 main.main.debug.36: 2, 
# 2011/11/23 15:01:04 main.main.info.37: one arg, 
# 2011/11/23 15:01:04 main.main.warn.38: 2 args, 
# 2011/11/23 15:01:04 main.main.debug.39: [
#   'arrayref'
# ]
# 2011/11/23 15:01:04 main.main.info.40: {
#   'hash' => 'ref'
# }
# 2011/11/23 15:01:04 main.main.info.40: [
#   [
#     'nested',
#     'arrayref',
#     'and'
#   ],
#   {
#     'hash' => 'also'
#   }
# ]
# 2011/11/23 15:01:04 main.main.info.40: {
#   'inner' => 'call to same fn'
# }
# 2011/11/23 15:01:04 main.main.info.44: logged, 
# 2011/11/23 15:01:04 main.main.debug.39: {
#   'inner' => 'call to diff fn'
# }
# 2011/11/23 15:01:04 main.main.info.40: logged nested, {
#   'hash' => 'ref'
# }
# 2011/11/23 15:01:04 main.usersub.info.54: logging from main function, [
#   2
# ]
# 2011/11/23 15:01:04 main.usersub.info.55: logging from main function 2, 
# 2011/11/23 15:01:04 main.usersub.info.56: logging from main function arg1 2, 
# 2011/11/23 15:01:04 Foo.uselogger.debug.22: logging from Foo Foo 2, 
# 2011/11/23 15:01:04 Foo.uselogger.debug.23: logging from Foo Foo 2 extra, 
# 2011/11/23 15:01:04 Foo.uselogger.debug.24: logging from Foo, [
#   'Foo',
#   2
# ]
# bar is not a legitimate log-level
#  at dflt_stdout.pl line 59
# 2011/11/23 15:01:04 main.main.info.40: Seen Log Events:, {
#   'log4perl.category.Foo.uselogger.debug.22' => 2,
#   'log4perl.category.Foo.uselogger.debug.23' => 2,
#   'log4perl.category.Foo.uselogger.debug.24' => 2,
#   'log4perl.category.main.main.debug.36' => 2,
#   'log4perl.category.main.main.debug.39' => 4,
#   'log4perl.category.main.main.info.37' => 2,
#   'log4perl.category.main.main.info.40' => 8,
#   'log4perl.category.main.main.info.44' => 2,
#   'log4perl.category.main.main.warn.38' => 2,
#   'log4perl.category.main.usersub.info.54' => 2,
#   'log4perl.category.main.usersub.info.55' => 2,
#   'log4perl.category.main.usersub.info.56' => 2,
#   'main.main.info.40' => 1
# }
# 2011/11/23 15:01:04 main.main.info.40: UnSeen Log Events:, {
#   'debug_00012' => 'main,dflt_stdout.pl,63',
#   'info_00011' => 'main,dflt_stdout.pl,62'
# }
# 2011/11/23 15:01:04 main.main.info.40: cat2data:, {
#   'Foo.uselogger.debug.22' => 'debug_00001',
#   'Foo.uselogger.debug.23' => 'debug_00002',
#   'Foo.uselogger.debug.24' => 'debug_00003',
#   'main.main.debug.36' => 'debug_00007',
#   'main.main.debug.39' => 'debug',
#   'main.main.info.37' => 'info_00008',
#   'main.main.info.40' => 'info',
#   'main.main.info.44' => 'info_00010',
#   'main.main.warn.38' => 'warn_00009',
#   'main.usersub.info.54' => 'info_00004',
#   'main.usersub.info.55' => 'info_00005',
#   'main.usersub.info.56' => 'info_00006'
# }
# '
#     doesn't match '(?^:main\.main\.info\.44\:\ \{\
# \ \ \'inner\'\ \=\>\ \'call\ to\ same\ fn\'\
# \})'

#   Failed test 'found outer info() invocation on same line'
#   at t/02_basic.t line 89.
#                   'Use of qw(...) as parentheses is deprecated at ../lib/Log/Log4perl/AutoCategorize.pm line 175.
# Use of qw(...) as parentheses is deprecated at ../lib/Log/Log4perl/AutoCategorize.pm line 339.
# 2011/11/23 15:01:04 main.main.debug.36: 1, 
# 2011/11/23 15:01:04 main.main.info.37: one arg, 
# 2011/11/23 15:01:04 main.main.warn.38: 2 args, 
# 2011/11/23 15:01:04 main.main.debug.39: [
#   'arrayref'
# ]
# 2011/11/23 15:01:04 main.main.info.40: {
#   'hash' => 'ref'
# }
# 2011/11/23 15:01:04 main.main.info.40: [
#   [
#     'nested',
#     'arrayref',
#     'and'
#   ],
#   {
#     'hash' => 'also'
#   }
# ]
# 2011/11/23 15:01:04 main.main.info.40: {
#   'inner' => 'call to same fn'
# }
# 2011/11/23 15:01:04 main.main.info.44: logged, 
# 2011/11/23 15:01:04 main.main.debug.39: {
#   'inner' => 'call to diff fn'
# }
# 2011/11/23 15:01:04 main.main.info.40: logged nested, {
#   'hash' => 'ref'
# }
# 2011/11/23 15:01:04 main.usersub.info.54: logging from main function, [
#   1
# ]
# 2011/11/23 15:01:04 main.usersub.info.55: logging from main function 1, 
# 2011/11/23 15:01:04 main.usersub.info.56: logging from main function arg1 1, 
# 2011/11/23 15:01:04 Foo.uselogger.debug.22: logging from Foo Foo 1, 
# 2011/11/23 15:01:04 Foo.uselogger.debug.23: logging from Foo Foo 1 extra, 
# 2011/11/23 15:01:04 Foo.uselogger.debug.24: logging from Foo, [
#   'Foo',
#   1
# ]
# 2011/11/23 15:01:04 main.main.debug.36: 2, 
# 2011/11/23 15:01:04 main.main.info.37: one arg, 
# 2011/11/23 15:01:04 main.main.warn.38: 2 args, 
# 2011/11/23 15:01:04 main.main.debug.39: [
#   'arrayref'
# ]
# 2011/11/23 15:01:04 main.main.info.40: {
#   'hash' => 'ref'
# }
# 2011/11/23 15:01:04 main.main.info.40: [
#   [
#     'nested',
#     'arrayref',
#     'and'
#   ],
#   {
#     'hash' => 'also'
#   }
# ]
# 2011/11/23 15:01:04 main.main.info.40: {
#   'inner' => 'call to same fn'
# }
# 2011/11/23 15:01:04 main.main.info.44: logged, 
# 2011/11/23 15:01:04 main.main.debug.39: {
#   'inner' => 'call to diff fn'
# }
# 2011/11/23 15:01:04 main.main.info.40: logged nested, {
#   'hash' => 'ref'
# }
# 2011/11/23 15:01:04 main.usersub.info.54: logging from main function, [
#   2
# ]
# 2011/11/23 15:01:04 main.usersub.info.55: logging from main function 2, 
# 2011/11/23 15:01:04 main.usersub.info.56: logging from main function arg1 2, 
# 2011/11/23 15:01:04 Foo.uselogger.debug.22: logging from Foo Foo 2, 
# 2011/11/23 15:01:04 Foo.uselogger.debug.23: logging from Foo Foo 2 extra, 
# 2011/11/23 15:01:04 Foo.uselogger.debug.24: logging from Foo, [
#   'Foo',
#   2
# ]
# bar is not a legitimate log-level
#  at dflt_stdout.pl line 59
# 2011/11/23 15:01:04 main.main.info.40: Seen Log Events:, {
#   'log4perl.category.Foo.uselogger.debug.22' => 2,
#   'log4perl.category.Foo.uselogger.debug.23' => 2,
#   'log4perl.category.Foo.uselogger.debug.24' => 2,
#   'log4perl.category.main.main.debug.36' => 2,
#   'log4perl.category.main.main.debug.39' => 4,
#   'log4perl.category.main.main.info.37' => 2,
#   'log4perl.category.main.main.info.40' => 8,
#   'log4perl.category.main.main.info.44' => 2,
#   'log4perl.category.main.main.warn.38' => 2,
#   'log4perl.category.main.usersub.info.54' => 2,
#   'log4perl.category.main.usersub.info.55' => 2,
#   'log4perl.category.main.usersub.info.56' => 2,
#   'main.main.info.40' => 1
# }
# 2011/11/23 15:01:04 main.main.info.40: UnSeen Log Events:, {
#   'debug_00012' => 'main,dflt_stdout.pl,63',
#   'info_00011' => 'main,dflt_stdout.pl,62'
# }
# 2011/11/23 15:01:04 main.main.info.40: cat2data:, {
#   'Foo.uselogger.debug.22' => 'debug_00001',
#   'Foo.uselogger.debug.23' => 'debug_00002',
#   'Foo.uselogger.debug.24' => 'debug_00003',
#   'main.main.debug.36' => 'debug_00007',
#   'main.main.debug.39' => 'debug',
#   'main.main.info.37' => 'info_00008',
#   'main.main.info.40' => 'info',
#   'main.main.info.44' => 'info_00010',
#   'main.main.warn.38' => 'warn_00009',
#   'main.usersub.info.54' => 'info_00004',
#   'main.usersub.info.55' => 'info_00005',
#   'main.usersub.info.56' => 'info_00006'
# }
# '
#     doesn't match '(?^:main\.main\.info\.44a\:\ logged\,\ )'

#   Failed test 'found inner debug() invocation'
#   at t/02_basic.t line 92.
#                   'Use of qw(...) as parentheses is deprecated at ../lib/Log/Log4perl/AutoCategorize.pm line 175.
# Use of qw(...) as parentheses is deprecated at ../lib/Log/Log4perl/AutoCategorize.pm line 339.
# 2011/11/23 15:01:04 main.main.debug.36: 1, 
# 2011/11/23 15:01:04 main.main.info.37: one arg, 
# 2011/11/23 15:01:04 main.main.warn.38: 2 args, 
# 2011/11/23 15:01:04 main.main.debug.39: [
#   'arrayref'
# ]
# 2011/11/23 15:01:04 main.main.info.40: {
#   'hash' => 'ref'
# }
# 2011/11/23 15:01:04 main.main.info.40: [
#   [
#     'nested',
#     'arrayref',
#     'and'
#   ],
#   {
#     'hash' => 'also'
#   }
# ]
# 2011/11/23 15:01:04 main.main.info.40: {
#   'inner' => 'call to same fn'
# }
# 2011/11/23 15:01:04 main.main.info.44: logged, 
# 2011/11/23 15:01:04 main.main.debug.39: {
#   'inner' => 'call to diff fn'
# }
# 2011/11/23 15:01:04 main.main.info.40: logged nested, {
#   'hash' => 'ref'
# }
# 2011/11/23 15:01:04 main.usersub.info.54: logging from main function, [
#   1
# ]
# 2011/11/23 15:01:04 main.usersub.info.55: logging from main function 1, 
# 2011/11/23 15:01:04 main.usersub.info.56: logging from main function arg1 1, 
# 2011/11/23 15:01:04 Foo.uselogger.debug.22: logging from Foo Foo 1, 
# 2011/11/23 15:01:04 Foo.uselogger.debug.23: logging from Foo Foo 1 extra, 
# 2011/11/23 15:01:04 Foo.uselogger.debug.24: logging from Foo, [
#   'Foo',
#   1
# ]
# 2011/11/23 15:01:04 main.main.debug.36: 2, 
# 2011/11/23 15:01:04 main.main.info.37: one arg, 
# 2011/11/23 15:01:04 main.main.warn.38: 2 args, 
# 2011/11/23 15:01:04 main.main.debug.39: [
#   'arrayref'
# ]
# 2011/11/23 15:01:04 main.main.info.40: {
#   'hash' => 'ref'
# }
# 2011/11/23 15:01:04 main.main.info.40: [
#   [
#     'nested',
#     'arrayref',
#     'and'
#   ],
#   {
#     'hash' => 'also'
#   }
# ]
# 2011/11/23 15:01:04 main.main.info.40: {
#   'inner' => 'call to same fn'
# }
# 2011/11/23 15:01:04 main.main.info.44: logged, 
# 2011/11/23 15:01:04 main.main.debug.39: {
#   'inner' => 'call to diff fn'
# }
# 2011/11/23 15:01:04 main.main.info.40: logged nested, {
#   'hash' => 'ref'
# }
# 2011/11/23 15:01:04 main.usersub.info.54: logging from main function, [
#   2
# ]
# 2011/11/23 15:01:04 main.usersub.info.55: logging from main function 2, 
# 2011/11/23 15:01:04 main.usersub.info.56: logging from main function arg1 2, 
# 2011/11/23 15:01:04 Foo.uselogger.debug.22: logging from Foo Foo 2, 
# 2011/11/23 15:01:04 Foo.uselogger.debug.23: logging from Foo Foo 2 extra, 
# 2011/11/23 15:01:04 Foo.uselogger.debug.24: logging from Foo, [
#   'Foo',
#   2
# ]
# bar is not a legitimate log-level
#  at dflt_stdout.pl line 59
# 2011/11/23 15:01:04 main.main.info.40: Seen Log Events:, {
#   'log4perl.category.Foo.uselogger.debug.22' => 2,
#   'log4perl.category.Foo.uselogger.debug.23' => 2,
#   'log4perl.category.Foo.uselogger.debug.24' => 2,
#   'log4perl.category.main.main.debug.36' => 2,
#   'log4perl.category.main.main.debug.39' => 4,
#   'log4perl.category.main.main.info.37' => 2,
#   'log4perl.category.main.main.info.40' => 8,
#   'log4perl.category.main.main.info.44' => 2,
#   'log4perl.category.main.main.warn.38' => 2,
#   'log4perl.category.main.usersub.info.54' => 2,
#   'log4perl.category.main.usersub.info.55' => 2,
#   'log4perl.category.main.usersub.info.56' => 2,
#   'main.main.info.40' => 1
# }
# 2011/11/23 15:01:04 main.main.info.40: UnSeen Log Events:, {
#   'debug_00012' => 'main,dflt_stdout.pl,63',
#   'info_00011' => 'main,dflt_stdout.pl,62'
# }
# 2011/11/23 15:01:04 main.main.info.40: cat2data:, {
#   'Foo.uselogger.debug.22' => 'debug_00001',
#   'Foo.uselogger.debug.23' => 'debug_00002',
#   'Foo.uselogger.debug.24' => 'debug_00003',
#   'main.main.debug.36' => 'debug_00007',
#   'main.main.debug.39' => 'debug',
#   'main.main.info.37' => 'info_00008',
#   'main.main.info.40' => 'info',
#   'main.main.info.44' => 'info_00010',
#   'main.main.warn.38' => 'warn_00009',
#   'main.usersub.info.54' => 'info_00004',
#   'main.usersub.info.55' => 'info_00005',
#   'main.usersub.info.56' => 'info_00006'
# }
# '
#     doesn't match '(?^:main\.main\.debug\.47\:\ \{\
# \ \ \'inner\'\ \=\>\ \'call\ to\ diff\ fn\'\
# \})'

#   Failed test 'found outer info() invocation'
#   at t/02_basic.t line 97.
#                   'Use of qw(...) as parentheses is deprecated at ../lib/Log/Log4perl/AutoCategorize.pm line 175.
# Use of qw(...) as parentheses is deprecated at ../lib/Log/Log4perl/AutoCategorize.pm line 339.
# 2011/11/23 15:01:04 main.main.debug.36: 1, 
# 2011/11/23 15:01:04 main.main.info.37: one arg, 
# 2011/11/23 15:01:04 main.main.warn.38: 2 args, 
# 2011/11/23 15:01:04 main.main.debug.39: [
#   'arrayref'
# ]
# 2011/11/23 15:01:04 main.main.info.40: {
#   'hash' => 'ref'
# }
# 2011/11/23 15:01:04 main.main.info.40: [
#   [
#     'nested',
#     'arrayref',
#     'and'
#   ],
#   {
#     'hash' => 'also'
#   }
# ]
# 2011/11/23 15:01:04 main.main.info.40: {
#   'inner' => 'call to same fn'
# }
# 2011/11/23 15:01:04 main.main.info.44: logged, 
# 2011/11/23 15:01:04 main.main.debug.39: {
#   'inner' => 'call to diff fn'
# }
# 2011/11/23 15:01:04 main.main.info.40: logged nested, {
#   'hash' => 'ref'
# }
# 2011/11/23 15:01:04 main.usersub.info.54: logging from main function, [
#   1
# ]
# 2011/11/23 15:01:04 main.usersub.info.55: logging from main function 1, 
# 2011/11/23 15:01:04 main.usersub.info.56: logging from main function arg1 1, 
# 2011/11/23 15:01:04 Foo.uselogger.debug.22: logging from Foo Foo 1, 
# 2011/11/23 15:01:04 Foo.uselogger.debug.23: logging from Foo Foo 1 extra, 
# 2011/11/23 15:01:04 Foo.uselogger.debug.24: logging from Foo, [
#   'Foo',
#   1
# ]
# 2011/11/23 15:01:04 main.main.debug.36: 2, 
# 2011/11/23 15:01:04 main.main.info.37: one arg, 
# 2011/11/23 15:01:04 main.main.warn.38: 2 args, 
# 2011/11/23 15:01:04 main.main.debug.39: [
#   'arrayref'
# ]
# 2011/11/23 15:01:04 main.main.info.40: {
#   'hash' => 'ref'
# }
# 2011/11/23 15:01:04 main.main.info.40: [
#   [
#     'nested',
#     'arrayref',
#     'and'
#   ],
#   {
#     'hash' => 'also'
#   }
# ]
# 2011/11/23 15:01:04 main.main.info.40: {
#   'inner' => 'call to same fn'
# }
# 2011/11/23 15:01:04 main.main.info.44: logged, 
# 2011/11/23 15:01:04 main.main.debug.39: {
#   'inner' => 'call to diff fn'
# }
# 2011/11/23 15:01:04 main.main.info.40: logged nested, {
#   'hash' => 'ref'
# }
# 2011/11/23 15:01:04 main.usersub.info.54: logging from main function, [
#   2
# ]
# 2011/11/23 15:01:04 main.usersub.info.55: logging from main function 2, 
# 2011/11/23 15:01:04 main.usersub.info.56: logging from main function arg1 2, 
# 2011/11/23 15:01:04 Foo.uselogger.debug.22: logging from Foo Foo 2, 
# 2011/11/23 15:01:04 Foo.uselogger.debug.23: logging from Foo Foo 2 extra, 
# 2011/11/23 15:01:04 Foo.uselogger.debug.24: logging from Foo, [
#   'Foo',
#   2
# ]
# bar is not a legitimate log-level
#  at dflt_stdout.pl line 59
# 2011/11/23 15:01:04 main.main.info.40: Seen Log Events:, {
#   'log4perl.category.Foo.uselogger.debug.22' => 2,
#   'log4perl.category.Foo.uselogger.debug.23' => 2,
#   'log4perl.category.Foo.uselogger.debug.24' => 2,
#   'log4perl.category.main.main.debug.36' => 2,
#   'log4perl.category.main.main.debug.39' => 4,
#   'log4perl.category.main.main.info.37' => 2,
#   'log4perl.category.main.main.info.40' => 8,
#   'log4perl.category.main.main.info.44' => 2,
#   'log4perl.category.main.main.warn.38' => 2,
#   'log4perl.category.main.usersub.info.54' => 2,
#   'log4perl.category.main.usersub.info.55' => 2,
#   'log4perl.category.main.usersub.info.56' => 2,
#   'main.main.info.40' => 1
# }
# 2011/11/23 15:01:04 main.main.info.40: UnSeen Log Events:, {
#   'debug_00012' => 'main,dflt_stdout.pl,63',
#   'info_00011' => 'main,dflt_stdout.pl,62'
# }
# 2011/11/23 15:01:04 main.main.info.40: cat2data:, {
#   'Foo.uselogger.debug.22' => 'debug_00001',
#   'Foo.uselogger.debug.23' => 'debug_00002',
#   'Foo.uselogger.debug.24' => 'debug_00003',
#   'main.main.debug.36' => 'debug_00007',
#   'main.main.debug.39' => 'debug',
#   'main.main.info.37' => 'info_00008',
#   'main.main.info.40' => 'info',
#   'main.main.info.44' => 'info_00010',
#   'main.main.warn.38' => 'warn_00009',
#   'main.usersub.info.54' => 'info_00004',
#   'main.usersub.info.55' => 'info_00005',
#   'main.usersub.info.56' => 'info_00006'
# }
# '
#     doesn't match '(?^:main\.main\.info\.47\:\ logged\ nested\,\ \{\
# \ \ \'hash\'\ \=\>\ \'ref\'\
# \})'
# now check logging from user functions and packages
# now test contents of coverage report

#   Failed test 'OK - Seen report looks good - look at t/out.basic.stderr'
#   at t/02_basic.t line 128.
#                   'Use of qw(...) as parentheses is deprecated at ../lib/Log/Log4perl/AutoCategorize.pm line 175.
# Use of qw(...) as parentheses is deprecated at ../lib/Log/Log4perl/AutoCategorize.pm line 339.
# 2011/11/23 15:01:04 main.main.debug.36: 1, 
# 2011/11/23 15:01:04 main.main.info.37: one arg, 
# 2011/11/23 15:01:04 main.main.warn.38: 2 args, 
# 2011/11/23 15:01:04 main.main.debug.39: [
#   'arrayref'
# ]
# 2011/11/23 15:01:04 main.main.info.40: {
#   'hash' => 'ref'
# }
# 2011/11/23 15:01:04 main.main.info.40: [
#   [
#     'nested',
#     'arrayref',
#     'and'
#   ],
#   {
#     'hash' => 'also'
#   }
# ]
# 2011/11/23 15:01:04 main.main.info.40: {
#   'inner' => 'call to same fn'
# }
# 2011/11/23 15:01:04 main.main.info.44: logged, 
# 2011/11/23 15:01:04 main.main.debug.39: {
#   'inner' => 'call to diff fn'
# }
# 2011/11/23 15:01:04 main.main.info.40: logged nested, {
#   'hash' => 'ref'
# }
# 2011/11/23 15:01:04 main.usersub.info.54: logging from main function, [
#   1
# ]
# 2011/11/23 15:01:04 main.usersub.info.55: logging from main function 1, 
# 2011/11/23 15:01:04 main.usersub.info.56: logging from main function arg1 1, 
# 2011/11/23 15:01:04 Foo.uselogger.debug.22: logging from Foo Foo 1, 
# 2011/11/23 15:01:04 Foo.uselogger.debug.23: logging from Foo Foo 1 extra, 
# 2011/11/23 15:01:04 Foo.uselogger.debug.24: logging from Foo, [
#   'Foo',
#   1
# ]
# 2011/11/23 15:01:04 main.main.debug.36: 2, 
# 2011/11/23 15:01:04 main.main.info.37: one arg, 
# 2011/11/23 15:01:04 main.main.warn.38: 2 args, 
# 2011/11/23 15:01:04 main.main.debug.39: [
#   'arrayref'
# ]
# 2011/11/23 15:01:04 main.main.info.40: {
#   'hash' => 'ref'
# }
# 2011/11/23 15:01:04 main.main.info.40: [
#   [
#     'nested',
#     'arrayref',
#     'and'
#   ],
#   {
#     'hash' => 'also'
#   }
# ]
# 2011/11/23 15:01:04 main.main.info.40: {
#   'inner' => 'call to same fn'
# }
# 2011/11/23 15:01:04 main.main.info.44: logged, 
# 2011/11/23 15:01:04 main.main.debug.39: {
#   'inner' => 'call to diff fn'
# }
# 2011/11/23 15:01:04 main.main.info.40: logged nested, {
#   'hash' => 'ref'
# }
# 2011/11/23 15:01:04 main.usersub.info.54: logging from main function, [
#   2
# ]
# 2011/11/23 15:01:04 main.usersub.info.55: logging from main function 2, 
# 2011/11/23 15:01:04 main.usersub.info.56: logging from main function arg1 2, 
# 2011/11/23 15:01:04 Foo.uselogger.debug.22: logging from Foo Foo 2, 
# 2011/11/23 15:01:04 Foo.uselogger.debug.23: logging from Foo Foo 2 extra, 
# 2011/11/23 15:01:04 Foo.uselogger.debug.24: logging from Foo, [
#   'Foo',
#   2
# ]
# bar is not a legitimate log-level
#  at dflt_stdout.pl line 59
# 2011/11/23 15:01:04 main.main.info.40: Seen Log Events:, {
#   'log4perl.category.Foo.uselogger.debug.22' => 2,
#   'log4perl.category.Foo.uselogger.debug.23' => 2,
#   'log4perl.category.Foo.uselogger.debug.24' => 2,
#   'log4perl.category.main.main.debug.36' => 2,
#   'log4perl.category.main.main.debug.39' => 4,
#   'log4perl.category.main.main.info.37' => 2,
#   'log4perl.category.main.main.info.40' => 8,
#   'log4perl.category.main.main.info.44' => 2,
#   'log4perl.category.main.main.warn.38' => 2,
#   'log4perl.category.main.usersub.info.54' => 2,
#   'log4perl.category.main.usersub.info.55' => 2,
#   'log4perl.category.main.usersub.info.56' => 2,
#   'main.main.info.40' => 1
# }
# 2011/11/23 15:01:04 main.main.info.40: UnSeen Log Events:, {
#   'debug_00012' => 'main,dflt_stdout.pl,63',
#   'info_00011' => 'main,dflt_stdout.pl,62'
# }
# 2011/11/23 15:01:04 main.main.info.40: cat2data:, {
#   'Foo.uselogger.debug.22' => 'debug_00001',
#   'Foo.uselogger.debug.23' => 'debug_00002',
#   'Foo.uselogger.debug.24' => 'debug_00003',
#   'main.main.debug.36' => 'debug_00007',
#   'main.main.debug.39' => 'debug',
#   'main.main.info.37' => 'info_00008',
#   'main.main.info.40' => 'info',
#   'main.main.info.44' => 'info_00010',
#   'main.main.warn.38' => 'warn_00009',
#   'main.usersub.info.54' => 'info_00004',
#   'main.usersub.info.55' => 'info_00005',
#   'main.usersub.info.56' => 'info_00006'
# }
# '
#     doesn't match '(?^:(Log\.Log4perl\.AutoCategorize\.END\.info\.\d+\:\ Seen\ Log\ Events\:\,\ \{\
# \ \ \'Log\.Log4perl\.AutoCategorize\.END\.info\.\d+\'\ \=\>\ 1\,\
# \ \ \'log4perl\.category\.Foo\.uselogger\.debug\.22\'\ \=\>\ 2\,\
# \ \ \'log4perl\.category\.Foo\.uselogger\.debug\.23\'\ \=\>\ 2\,\
# \ \ \'log4perl\.category\.Foo\.uselogger\.debug\.24\'\ \=\>\ 2\,\
# \ \ \'log4perl\.category\.main\.main\.debug\.36\'\ \=\>\ 2\,\
# \ \ \'log4perl\.category\.main\.main\.debug\.39\'\ \=\>\ 2\,\
# \ \ \'log4perl\.category\.main\.main\.debug\.47\'\ \=\>\ 2\,\
# \ \ \'log4perl\.category\.main\.main\.info\.37\'\ \=\>\ 2\,\
# \ \ \'log4perl\.category\.main\.main\.info\.40\'\ \=\>\ 2\,\
# \ \ \'log4perl\.category\.main\.main\.info\.41\'\ \=\>\ 2\,\
# \ \ \'log4perl\.category\.main\.main\.info\.44\'\ \=\>\ 2\,\
# \ \ \'log4perl\.category\.main\.main\.info\.44a\'\ \=\>\ 2\,\
# \ \ \'log4perl\.category\.main\.main\.info\.47\'\ \=\>\ 2\,\
# \ \ \'log4perl\.category\.main\.main\.warn\.38\'\ \=\>\ 2\,\
# \ \ \'log4perl\.category\.main\.usersub\.info\.54\'\ \=\>\ 2\,\
# \ \ \'log4perl\.category\.main\.usersub\.info\.55\'\ \=\>\ 2\,\
# \ \ \'log4perl\.category\.main\.usersub\.info\.56\'\ \=\>\ 2\
# \}))'

#   Failed test 'OK - Un-Seen report looks good - look at t/out.basic.stderr'
#   at t/02_basic.t line 149.
#                   'Use of qw(...) as parentheses is deprecated at ../lib/Log/Log4perl/AutoCategorize.pm line 175.
# Use of qw(...) as parentheses is deprecated at ../lib/Log/Log4perl/AutoCategorize.pm line 339.
# 2011/11/23 15:01:04 main.main.debug.36: 1, 
# 2011/11/23 15:01:04 main.main.info.37: one arg, 
# 2011/11/23 15:01:04 main.main.warn.38: 2 args, 
# 2011/11/23 15:01:04 main.main.debug.39: [
#   'arrayref'
# ]
# 2011/11/23 15:01:04 main.main.info.40: {
#   'hash' => 'ref'
# }
# 2011/11/23 15:01:04 main.main.info.40: [
#   [
#     'nested',
#     'arrayref',
#     'and'
#   ],
#   {
#     'hash' => 'also'
#   }
# ]
# 2011/11/23 15:01:04 main.main.info.40: {
#   'inner' => 'call to same fn'
# }
# 2011/11/23 15:01:04 main.main.info.44: logged, 
# 2011/11/23 15:01:04 main.main.debug.39: {
#   'inner' => 'call to diff fn'
# }
# 2011/11/23 15:01:04 main.main.info.40: logged nested, {
#   'hash' => 'ref'
# }
# 2011/11/23 15:01:04 main.usersub.info.54: logging from main function, [
#   1
# ]
# 2011/11/23 15:01:04 main.usersub.info.55: logging from main function 1, 
# 2011/11/23 15:01:04 main.usersub.info.56: logging from main function arg1 1, 
# 2011/11/23 15:01:04 Foo.uselogger.debug.22: logging from Foo Foo 1, 
# 2011/11/23 15:01:04 Foo.uselogger.debug.23: logging from Foo Foo 1 extra, 
# 2011/11/23 15:01:04 Foo.uselogger.debug.24: logging from Foo, [
#   'Foo',
#   1
# ]
# 2011/11/23 15:01:04 main.main.debug.36: 2, 
# 2011/11/23 15:01:04 main.main.info.37: one arg, 
# 2011/11/23 15:01:04 main.main.warn.38: 2 args, 
# 2011/11/23 15:01:04 main.main.debug.39: [
#   'arrayref'
# ]
# 2011/11/23 15:01:04 main.main.info.40: {
#   'hash' => 'ref'
# }
# 2011/11/23 15:01:04 main.main.info.40: [
#   [
#     'nested',
#     'arrayref',
#     'and'
#   ],
#   {
#     'hash' => 'also'
#   }
# ]
# 2011/11/23 15:01:04 main.main.info.40: {
#   'inner' => 'call to same fn'
# }
# 2011/11/23 15:01:04 main.main.info.44: logged, 
# 2011/11/23 15:01:04 main.main.debug.39: {
#   'inner' => 'call to diff fn'
# }
# 2011/11/23 15:01:04 main.main.info.40: logged nested, {
#   'hash' => 'ref'
# }
# 2011/11/23 15:01:04 main.usersub.info.54: logging from main function, [
#   2
# ]
# 2011/11/23 15:01:04 main.usersub.info.55: logging from main function 2, 
# 2011/11/23 15:01:04 main.usersub.info.56: logging from main function arg1 2, 
# 2011/11/23 15:01:04 Foo.uselogger.debug.22: logging from Foo Foo 2, 
# 2011/11/23 15:01:04 Foo.uselogger.debug.23: logging from Foo Foo 2 extra, 
# 2011/11/23 15:01:04 Foo.uselogger.debug.24: logging from Foo, [
#   'Foo',
#   2
# ]
# bar is not a legitimate log-level
#  at dflt_stdout.pl line 59
# 2011/11/23 15:01:04 main.main.info.40: Seen Log Events:, {
#   'log4perl.category.Foo.uselogger.debug.22' => 2,
#   'log4perl.category.Foo.uselogger.debug.23' => 2,
#   'log4perl.category.Foo.uselogger.debug.24' => 2,
#   'log4perl.category.main.main.debug.36' => 2,
#   'log4perl.category.main.main.debug.39' => 4,
#   'log4perl.category.main.main.info.37' => 2,
#   'log4perl.category.main.main.info.40' => 8,
#   'log4perl.category.main.main.info.44' => 2,
#   'log4perl.category.main.main.warn.38' => 2,
#   'log4perl.category.main.usersub.info.54' => 2,
#   'log4perl.category.main.usersub.info.55' => 2,
#   'log4perl.category.main.usersub.info.56' => 2,
#   'main.main.info.40' => 1
# }
# 2011/11/23 15:01:04 main.main.info.40: UnSeen Log Events:, {
#   'debug_00012' => 'main,dflt_stdout.pl,63',
#   'info_00011' => 'main,dflt_stdout.pl,62'
# }
# 2011/11/23 15:01:04 main.main.info.40: cat2data:, {
#   'Foo.uselogger.debug.22' => 'debug_00001',
#   'Foo.uselogger.debug.23' => 'debug_00002',
#   'Foo.uselogger.debug.24' => 'debug_00003',
#   'main.main.debug.36' => 'debug_00007',
#   'main.main.debug.39' => 'debug',
#   'main.main.info.37' => 'info_00008',
#   'main.main.info.40' => 'info',
#   'main.main.info.44' => 'info_00010',
#   'main.main.warn.38' => 'warn_00009',
#   'main.usersub.info.54' => 'info_00004',
#   'main.usersub.info.55' => 'info_00005',
#   'main.usersub.info.56' => 'info_00006'
# }
# '
#     doesn't match '(?^:(Log\.Log4perl\.AutoCategorize\.END\.info\.\d+\:\ UnSeen\ Log\ Events\:\,\ \{\
# \ \ \'debug_00018\'\ \=\>\ \'main\,dflt_stdout\.pl\,63\'\,\
# \ \ \'info_00017\'\ \=\>\ \'main\,dflt_stdout\.pl\,62\'\
# \}))'
# 
# all done. now the Loggers (see test 1) END block reports ...
# 
2011/11/23 15:01:04 Log.Log4perl.AutoCategorize.END.info.322: Seen Log Events:, {
  'Log.Log4perl.AutoCategorize.END.info.322' => 1
}
2011/11/23 15:01:04 Log.Log4perl.AutoCategorize.END.info.322: UnSeen Log Events:, {}
2011/11/23 15:01:04 Log.Log4perl.AutoCategorize.END.info.322: cat2data:, {}
# Looks like you failed 7 tests of 25.
t/02_basic.t ......... 
Dubious, test returned 7 (wstat 1792, 0x700)
Failed 7/25 subtests 
# test options to print to stdout for; i-autoload invoke, b-build, c-category, a-caller-activity
# now examine output
# munged names reported: 
# 	debug
# 	debug_00001
# 	debug_00002
# 	debug_00003
# 	debug_00007
# 	info
# 	info_00004
# 	info_00005
# 	info_00006
# 	info_00008
# 	info_00010
# 	warn_00009

#   Failed test '17 munged names'
#   at t/03_options.t line 49.
#  for some reason, one method called from END block is un-munged
# categories reported: 
# 	Foo.uselogger.debug.22
# 	Foo.uselogger.debug.23
# 	Foo.uselogger.debug.24
# 	main.main.debug.36
# 	main.main.debug.39
# 	main.main.info.37
# 	main.main.info.40
# 	main.main.info.44
# 	main.main.warn.38
# 	main.usersub.info.54
# 	main.usersub.info.55
# 	main.usersub.info.56

#   Failed test '17 categories'
#   at t/03_options.t line 60.
# methods built: 
# 	Logger.debug
# 	Logger.debug_00001
# 	Logger.debug_00002
# 	Logger.debug_00003
# 	Logger.debug_00007
# 	Logger.info
# 	Logger.info_00004
# 	Logger.info_00005
# 	Logger.info_00006
# 	Logger.info_00008
# 	Logger.info_00010
# 	Logger.warn_00009

#   Failed test '17 methods built'
#   at t/03_options.t line 70.
# Looks like you failed 3 tests of 10.
t/03_options.t ....... 
Dubious, test returned 3 (wstat 768, 0x300)
Failed 3/10 subtests 
Use of qw(...) as parentheses is deprecated at ../lib/Log/Log4perl/AutoCategorize.pm line 175.
Use of qw(...) as parentheses is deprecated at ../lib/Log/Log4perl/AutoCategorize.pm line 339.
t/04_subclass.t ...... ok
# test a non-default initstr
# following tests look for expected logging output, with line numbers
# now test contents of coverage report

#   Failed test 'OK - Seen report in t/out.tinitstr.cover'
#   at t/05_initstr.t line 54.
#                   '(15:01:05.580) Log.Log4perl.AutoCategorize.END.info.322: Seen Log Events:, {
#   'Log.Log4perl.AutoCategorize.END.info.322' => 1,
#   'log4perl.category.A.bar.debug.52' => -50,
#   'log4perl.category.A.bar.warn.51' => 50,
#   'log4perl.category.main.foo.warn.41' => 25,
#   'log4perl.category.main.main.info.33' => 5,
#   'log4perl.category.main.main.warn.32' => 5
# }
# (15:01:05.581) Log.Log4perl.AutoCategorize.END.info.322: UnSeen Log Events:, {}
# (15:01:05.581) Log.Log4perl.AutoCategorize.END.info.322: cat2data:, {
#   'A.bar.debug.52' => 'debug_00003',
#   'A.bar.warn.51' => 'warn_00002',
#   'main.foo.warn.41' => 'warn_00001',
#   'main.main.info.33' => 'info_00005',
#   'main.main.warn.32' => 'warn_00004'
# }
# '
#     doesn't match '(?^:(Log\.Log4perl\.AutoCategorize\.END\.info\.\d+\:\ Seen\ Log\ Events\:\,\ \{\
# \ \ \'Log\.Log4perl\.AutoCategorize\.END\.info\.\d+\'\ \=\>\ 1\,\
# \ \ \'log4perl\.category\.A\.bar\.debug\.52\'\ \=\>\ \'\-50\'\,\
# \ \ \'log4perl\.category\.A\.bar\.warn\.51\'\ \=\>\ 50\,\
# \ \ \'log4perl\.category\.main\.foo\.warn\.41\'\ \=\>\ 25\,\
# \ \ \'log4perl\.category\.main\.main\.info\.33\'\ \=\>\ 5\,\
# \ \ \'log4perl\.category\.main\.main\.warn\.32\'\ \=\>\ 5\
# \}))'
# Looks like you failed 1 test of 12.
t/05_initstr.t ....... 
Dubious, test returned 1 (wstat 256, 0x100)
Failed 1/12 subtests 
# test with a loaded config-file
# following tests look for expected logging output, with line numbers
# now test contents of coverage report: t/out.tconf_file.cover

#   Failed test 'OK - Seen report'
#   at t/06_conf_file.t line 53.
#                   '(15:01:05.769) Log.Log4perl.AutoCategorize.END.info.322: Seen Log Events:, {
#   'Log.Log4perl.AutoCategorize.END.info.322' => 1,
#   'log4perl.category.A.truck.debug.63' => 20,
#   'log4perl.category.A.truck.debug.65' => 20,
#   'log4perl.category.A.truck.debug.66' => 20,
#   'log4perl.category.A.truck.warn.62' => 20,
#   'log4perl.category.main.car.warn.46' => 10,
#   'log4perl.category.main.main.info.28' => 5,
#   'log4perl.category.main.main.warn.27' => 5,
#   'log4perl.category.main.suv.warn.51' => -10,
#   'log4perl.category.main.suv.warn.52' => -10
# }
# (15:01:05.769) Log.Log4perl.AutoCategorize.END.info.322: UnSeen Log Events:, {
#   'info_00010' => 'main,tconf_file.pl,36',
#   'warn_00007' => 'B::C,tconf_file.pl,76'
# }
# (15:01:05.770) Log.Log4perl.AutoCategorize.END.info.322: cat2data:, {
#   'A.truck.debug.63' => 'debug_00004',
#   'A.truck.debug.65' => 'debug_00005',
#   'A.truck.debug.66' => 'debug_1_00006',
#   'A.truck.warn.62' => 'warn_00003',
#   'main.car.warn.46' => 'warn',
#   'main.main.info.28' => 'info_00009',
#   'main.main.warn.27' => 'warn_00008',
#   'main.suv.warn.51' => 'warn_00001',
#   'main.suv.warn.52' => 'warn_00002'
# }
# '
#     doesn't match '(?^:(Log\.Log4perl\.AutoCategorize\.END\.info\.\d+\:\ Seen\ Log\ Events\:\,\ \{\
# \ \ \'Log\.Log4perl\.AutoCategorize\.END\.info\.\d+\'\ \=\>\ 1\,\
# \ \ \'log4perl\.category\.A\.truck\.debug\.63\'\ \=\>\ 20\,\
# \ \ \'log4perl\.category\.A\.truck\.debug\.65\'\ \=\>\ 20\,\
# \ \ \'log4perl\.category\.A\.truck\.debug\.66\'\ \=\>\ 20\,\
# \ \ \'log4perl\.category\.A\.truck\.warn\.62\'\ \=\>\ 20\,\
# \ \ \'log4perl\.category\.main\.car\.warn\.46\'\ \=\>\ 10\,\
# \ \ \'log4perl\.category\.main\.main\.info\.28\'\ \=\>\ 5\,\
# \ \ \'log4perl\.category\.main\.main\.warn\.27\'\ \=\>\ 5\,\
# \ \ \'log4perl\.category\.main\.suv\.warn\.51\'\ \=\>\ \'\-10\'\,\
# \ \ \'log4perl\.category\.main\.suv\.warn\.52\'\ \=\>\ \'\-10\'\
# \}))'

#   Failed test 'OK - Un-Seen report'
#   at t/06_conf_file.t line 67.
#                   '(15:01:05.769) Log.Log4perl.AutoCategorize.END.info.322: Seen Log Events:, {
#   'Log.Log4perl.AutoCategorize.END.info.322' => 1,
#   'log4perl.category.A.truck.debug.63' => 20,
#   'log4perl.category.A.truck.debug.65' => 20,
#   'log4perl.category.A.truck.debug.66' => 20,
#   'log4perl.category.A.truck.warn.62' => 20,
#   'log4perl.category.main.car.warn.46' => 10,
#   'log4perl.category.main.main.info.28' => 5,
#   'log4perl.category.main.main.warn.27' => 5,
#   'log4perl.category.main.suv.warn.51' => -10,
#   'log4perl.category.main.suv.warn.52' => -10
# }
# (15:01:05.769) Log.Log4perl.AutoCategorize.END.info.322: UnSeen Log Events:, {
#   'info_00010' => 'main,tconf_file.pl,36',
#   'warn_00007' => 'B::C,tconf_file.pl,76'
# }
# (15:01:05.770) Log.Log4perl.AutoCategorize.END.info.322: cat2data:, {
#   'A.truck.debug.63' => 'debug_00004',
#   'A.truck.debug.65' => 'debug_00005',
#   'A.truck.debug.66' => 'debug_1_00006',
#   'A.truck.warn.62' => 'warn_00003',
#   'main.car.warn.46' => 'warn',
#   'main.main.info.28' => 'info_00009',
#   'main.main.warn.27' => 'warn_00008',
#   'main.suv.warn.51' => 'warn_00001',
#   'main.suv.warn.52' => 'warn_00002'
# }
# '
#     doesn't match '(?^:(Log\.Log4perl\.AutoCategorize\.END\.info\.\d+\:\ UnSeen\ Log\ Events\:\,\ \{\
# \ \ \'info_00011\'\ \=\>\ \'main\,tconf_file\.pl\,36\'\,\
# \ \ \'warn_00008\'\ \=\>\ \'B\:\:C\,tconf_file\.pl\,76\'\
# \}))'

#   Failed test 'OK - cat-2-munged data'
#   at t/06_conf_file.t line 73.
#                   '(15:01:05.769) Log.Log4perl.AutoCategorize.END.info.322: Seen Log Events:, {
#   'Log.Log4perl.AutoCategorize.END.info.322' => 1,
#   'log4perl.category.A.truck.debug.63' => 20,
#   'log4perl.category.A.truck.debug.65' => 20,
#   'log4perl.category.A.truck.debug.66' => 20,
#   'log4perl.category.A.truck.warn.62' => 20,
#   'log4perl.category.main.car.warn.46' => 10,
#   'log4perl.category.main.main.info.28' => 5,
#   'log4perl.category.main.main.warn.27' => 5,
#   'log4perl.category.main.suv.warn.51' => -10,
#   'log4perl.category.main.suv.warn.52' => -10
# }
# (15:01:05.769) Log.Log4perl.AutoCategorize.END.info.322: UnSeen Log Events:, {
#   'info_00010' => 'main,tconf_file.pl,36',
#   'warn_00007' => 'B::C,tconf_file.pl,76'
# }
# (15:01:05.770) Log.Log4perl.AutoCategorize.END.info.322: cat2data:, {
#   'A.truck.debug.63' => 'debug_00004',
#   'A.truck.debug.65' => 'debug_00005',
#   'A.truck.debug.66' => 'debug_1_00006',
#   'A.truck.warn.62' => 'warn_00003',
#   'main.car.warn.46' => 'warn',
#   'main.main.info.28' => 'info_00009',
#   'main.main.warn.27' => 'warn_00008',
#   'main.suv.warn.51' => 'warn_00001',
#   'main.suv.warn.52' => 'warn_00002'
# }
# '
#     doesn't match '(?^:(Log\.Log4perl\.AutoCategorize\.END\.info\.\d+\:\ cat2data\:\,\ \{\
# \ \ \'A\.truck\.debug\.63\'\ \=\>\ \'debug_00005\'\,\
# \ \ \'A\.truck\.debug\.65\'\ \=\>\ \'debug_00006\'\,\
# \ \ \'A\.truck\.debug\.66\'\ \=\>\ \'debug_1_00007\'\,\
# \ \ \'A\.truck\.warn\.62\'\ \=\>\ \'warn_00004\'\,\
# \ \ \'main\.car\.warn\.46\'\ \=\>\ \'warn_00001\'\,\
# \ \ \'main\.main\.info\.28\'\ \=\>\ \'info_00010\'\,\
# \ \ \'main\.main\.warn\.27\'\ \=\>\ \'warn_00009\'\,\
# \ \ \'main\.suv\.warn\.51\'\ \=\>\ \'warn_00002\'\,\
# \ \ \'main\.suv\.warn\.52\'\ \=\>\ \'warn_00003\'\
# \}))'
# Looks like you failed 3 tests of 9.
t/06_conf_file.t ..... 
Dubious, test returned 3 (wstat 768, 0x300)
Failed 3/9 subtests 
Use of qw(...) as parentheses is deprecated at ../lib/Log/Log4perl/AutoCategorize.pm line 175.
Use of qw(...) as parentheses is deprecated at ../lib/Log/Log4perl/AutoCategorize.pm line 339.
t/07_coexist.t ....... ok
# test -z options
#  now examine output
t/08_options_more.t .. ok
Use of qw(...) as parentheses is deprecated at ../lib/Log/Log4perl/AutoCategorize.pm line 175.
Use of qw(...) as parentheses is deprecated at ../lib/Log/Log4perl/AutoCategorize.pm line 339.
# test AutoCat output content vs expected logger layout
# test :easy output content vs expected logger layout
t/09_coexist_easy.t .. ok
# 
# load X.pm, Y.pm, then AutoCat
Use of qw(...) as parentheses is deprecated at ../lib/Log/Log4perl/AutoCategorize.pm line 175.
Use of qw(...) as parentheses is deprecated at ../lib/Log/Log4perl/AutoCategorize.pm line 339.

#   Failed test 'found: 'log4perl.category.X.truck.debug.9' => '-5''
#   at t/10_multi_pack.t line 128.
#                   '(15:01:06.530) Log.Log4perl.AutoCategorize.END.info.322: Seen Log Events:, {
#   'Log.Log4perl.AutoCategorize.END.info.322' => 1,
#   'log4perl.category.X.truck.debug.9' => -5,
#   'log4perl.category.X.truck.warn.8' => 5,
#   'log4perl.category.Y.truck.debug.9' => -5,
#   'log4perl.category.Y.truck.warn.8' => 5,
#   'log4perl.category.main.main.info.81' => 5,
#   'log4perl.category.main.main.warn.80' => 5
# }
# (15:01:06.530) Log.Log4perl.AutoCategorize.END.info.322: UnSeen Log Events:, {}
# (15:01:06.531) Log.Log4perl.AutoCategorize.END.info.322: cat2data:, {
#   'X.truck.debug.9' => 'debug_00002',
#   'X.truck.warn.8' => 'warn_00001',
#   'Y.truck.debug.9' => 'debug_00004',
#   'Y.truck.warn.8' => 'warn_00003',
#   'main.main.info.81' => 'info_00006',
#   'main.main.warn.80' => 'warn_00005'
# }
# '
#     doesn't match '(?^ms:\'log4perl\.category\.X\.truck\.debug\.9\'\ \=\>\ \'\-5\')'

#   Failed test 'found: 'log4perl.category.Y.truck.debug.9' => '-5''
#   at t/10_multi_pack.t line 128.
#                   '(15:01:06.530) Log.Log4perl.AutoCategorize.END.info.322: Seen Log Events:, {
#   'Log.Log4perl.AutoCategorize.END.info.322' => 1,
#   'log4perl.category.X.truck.debug.9' => -5,
#   'log4perl.category.X.truck.warn.8' => 5,
#   'log4perl.category.Y.truck.debug.9' => -5,
#   'log4perl.category.Y.truck.warn.8' => 5,
#   'log4perl.category.main.main.info.81' => 5,
#   'log4perl.category.main.main.warn.80' => 5
# }
# (15:01:06.530) Log.Log4perl.AutoCategorize.END.info.322: UnSeen Log Events:, {}
# (15:01:06.531) Log.Log4perl.AutoCategorize.END.info.322: cat2data:, {
#   'X.truck.debug.9' => 'debug_00002',
#   'X.truck.warn.8' => 'warn_00001',
#   'Y.truck.debug.9' => 'debug_00004',
#   'Y.truck.warn.8' => 'warn_00003',
#   'main.main.info.81' => 'info_00006',
#   'main.main.warn.80' => 'warn_00005'
# }
# '
#     doesn't match '(?^ms:\'log4perl\.category\.Y\.truck\.debug\.9\'\ \=\>\ \'\-5\')'
# 
# load X.pm, Z.pm, then AutoCat
Use of qw(...) as parentheses is deprecated at ../lib/Log/Log4perl/AutoCategorize.pm line 175.
Use of qw(...) as parentheses is deprecated at ../lib/Log/Log4perl/AutoCategorize.pm line 339.

#   Failed test 'found: 'log4perl.category.X.truck.debug.9' => '-5''
#   at t/10_multi_pack.t line 128.
#                   '(15:01:06.702) Log.Log4perl.AutoCategorize.END.info.322: Seen Log Events:, {
#   'Log.Log4perl.AutoCategorize.END.info.322' => 1,
#   'log4perl.category.X.truck.debug.9' => -5,
#   'log4perl.category.X.truck.warn.8' => 5,
#   'log4perl.category.Z.truck.debug.9' => -5,
#   'log4perl.category.Z.truck.warn.8' => 5,
#   'log4perl.category.main.main.info.81' => 5,
#   'log4perl.category.main.main.warn.80' => 5
# }
# (15:01:06.703) Log.Log4perl.AutoCategorize.END.info.322: UnSeen Log Events:, {}
# (15:01:06.703) Log.Log4perl.AutoCategorize.END.info.322: cat2data:, {
#   'X.truck.debug.9' => 'debug_00002',
#   'X.truck.warn.8' => 'warn_00001',
#   'Z.truck.debug.9' => 'debug_00004',
#   'Z.truck.warn.8' => 'warn_00003',
#   'main.main.info.81' => 'info_00006',
#   'main.main.warn.80' => 'warn_00005'
# }
# '
#     doesn't match '(?^ms:\'log4perl\.category\.X\.truck\.debug\.9\'\ \=\>\ \'\-5\')'

#   Failed test 'found: 'log4perl.category.Z.truck.debug.9' => '-5''
#   at t/10_multi_pack.t line 128.
#                   '(15:01:06.702) Log.Log4perl.AutoCategorize.END.info.322: Seen Log Events:, {
#   'Log.Log4perl.AutoCategorize.END.info.322' => 1,
#   'log4perl.category.X.truck.debug.9' => -5,
#   'log4perl.category.X.truck.warn.8' => 5,
#   'log4perl.category.Z.truck.debug.9' => -5,
#   'log4perl.category.Z.truck.warn.8' => 5,
#   'log4perl.category.main.main.info.81' => 5,
#   'log4perl.category.main.main.warn.80' => 5
# }
# (15:01:06.703) Log.Log4perl.AutoCategorize.END.info.322: UnSeen Log Events:, {}
# (15:01:06.703) Log.Log4perl.AutoCategorize.END.info.322: cat2data:, {
#   'X.truck.debug.9' => 'debug_00002',
#   'X.truck.warn.8' => 'warn_00001',
#   'Z.truck.debug.9' => 'debug_00004',
#   'Z.truck.warn.8' => 'warn_00003',
#   'main.main.info.81' => 'info_00006',
#   'main.main.warn.80' => 'warn_00005'
# }
# '
#     doesn't match '(?^ms:\'log4perl\.category\.Z\.truck\.debug\.9\'\ \=\>\ \'\-5\')'
# 
# load Y.pm, Z.pm, then AutoCat
Use of qw(...) as parentheses is deprecated at ../lib/Log/Log4perl/AutoCategorize.pm line 175.
Use of qw(...) as parentheses is deprecated at ../lib/Log/Log4perl/AutoCategorize.pm line 339.

#   Failed test 'found: 'log4perl.category.Y.truck.debug.9' => '-5''
#   at t/10_multi_pack.t line 128.
#                   '(15:01:06.873) Log.Log4perl.AutoCategorize.END.info.322: Seen Log Events:, {
#   'Log.Log4perl.AutoCategorize.END.info.322' => 1,
#   'log4perl.category.Y.truck.debug.9' => -5,
#   'log4perl.category.Y.truck.warn.8' => 5,
#   'log4perl.category.Z.truck.debug.9' => -5,
#   'log4perl.category.Z.truck.warn.8' => 5,
#   'log4perl.category.main.main.info.81' => 5,
#   'log4perl.category.main.main.warn.80' => 5
# }
# (15:01:06.874) Log.Log4perl.AutoCategorize.END.info.322: UnSeen Log Events:, {}
# (15:01:06.874) Log.Log4perl.AutoCategorize.END.info.322: cat2data:, {
#   'Y.truck.debug.9' => 'debug_00002',
#   'Y.truck.warn.8' => 'warn_00001',
#   'Z.truck.debug.9' => 'debug_00004',
#   'Z.truck.warn.8' => 'warn_00003',
#   'main.main.info.81' => 'info_00006',
#   'main.main.warn.80' => 'warn_00005'
# }
# '
#     doesn't match '(?^ms:\'log4perl\.category\.Y\.truck\.debug\.9\'\ \=\>\ \'\-5\')'

#   Failed test 'found: 'log4perl.category.Z.truck.debug.9' => '-5''
#   at t/10_multi_pack.t line 128.
#                   '(15:01:06.873) Log.Log4perl.AutoCategorize.END.info.322: Seen Log Events:, {
#   'Log.Log4perl.AutoCategorize.END.info.322' => 1,
#   'log4perl.category.Y.truck.debug.9' => -5,
#   'log4perl.category.Y.truck.warn.8' => 5,
#   'log4perl.category.Z.truck.debug.9' => -5,
#   'log4perl.category.Z.truck.warn.8' => 5,
#   'log4perl.category.main.main.info.81' => 5,
#   'log4perl.category.main.main.warn.80' => 5
# }
# (15:01:06.874) Log.Log4perl.AutoCategorize.END.info.322: UnSeen Log Events:, {}
# (15:01:06.874) Log.Log4perl.AutoCategorize.END.info.322: cat2data:, {
#   'Y.truck.debug.9' => 'debug_00002',
#   'Y.truck.warn.8' => 'warn_00001',
#   'Z.truck.debug.9' => 'debug_00004',
#   'Z.truck.warn.8' => 'warn_00003',
#   'main.main.info.81' => 'info_00006',
#   'main.main.warn.80' => 'warn_00005'
# }
# '
#     doesn't match '(?^ms:\'log4perl\.category\.Z\.truck\.debug\.9\'\ \=\>\ \'\-5\')'
# 
# load X.pm, Y.pm after main() uses AutoCat
Use of qw(...) as parentheses is deprecated at ../lib/Log/Log4perl/AutoCategorize.pm line 175.
Use of qw(...) as parentheses is deprecated at ../lib/Log/Log4perl/AutoCategorize.pm line 339.

#   Failed test 'found: 'log4perl.category.X.truck.debug.9' => '-5''
#   at t/10_multi_pack.t line 128.
#                   '(15:01:07.043) Log.Log4perl.AutoCategorize.END.info.322: Seen Log Events:, {
#   'Log.Log4perl.AutoCategorize.END.info.322' => 1,
#   'log4perl.category.X.truck.debug.9' => -5,
#   'log4perl.category.X.truck.warn.8' => 5,
#   'log4perl.category.Y.truck.debug.9' => -5,
#   'log4perl.category.Y.truck.warn.8' => 5,
#   'log4perl.category.main.main.info.81' => 5,
#   'log4perl.category.main.main.warn.80' => 5
# }
# (15:01:07.043) Log.Log4perl.AutoCategorize.END.info.322: UnSeen Log Events:, {}
# (15:01:07.044) Log.Log4perl.AutoCategorize.END.info.322: cat2data:, {
#   'X.truck.debug.9' => 'debug_00002',
#   'X.truck.warn.8' => 'warn_00001',
#   'Y.truck.debug.9' => 'debug_00004',
#   'Y.truck.warn.8' => 'warn_00003',
#   'main.main.info.81' => 'info',
#   'main.main.warn.80' => 'warn'
# }
# '
#     doesn't match '(?^ms:\'log4perl\.category\.X\.truck\.debug\.9\'\ \=\>\ \'\-5\')'

#   Failed test 'found: 'log4perl.category.Y.truck.debug.9' => '-5''
#   at t/10_multi_pack.t line 128.
#                   '(15:01:07.043) Log.Log4perl.AutoCategorize.END.info.322: Seen Log Events:, {
#   'Log.Log4perl.AutoCategorize.END.info.322' => 1,
#   'log4perl.category.X.truck.debug.9' => -5,
#   'log4perl.category.X.truck.warn.8' => 5,
#   'log4perl.category.Y.truck.debug.9' => -5,
#   'log4perl.category.Y.truck.warn.8' => 5,
#   'log4perl.category.main.main.info.81' => 5,
#   'log4perl.category.main.main.warn.80' => 5
# }
# (15:01:07.043) Log.Log4perl.AutoCategorize.END.info.322: UnSeen Log Events:, {}
# (15:01:07.044) Log.Log4perl.AutoCategorize.END.info.322: cat2data:, {
#   'X.truck.debug.9' => 'debug_00002',
#   'X.truck.warn.8' => 'warn_00001',
#   'Y.truck.debug.9' => 'debug_00004',
#   'Y.truck.warn.8' => 'warn_00003',
#   'main.main.info.81' => 'info',
#   'main.main.warn.80' => 'warn'
# }
# '
#     doesn't match '(?^ms:\'log4perl\.category\.Y\.truck\.debug\.9\'\ \=\>\ \'\-5\')'
# 
# load X.pm, Z.pm after main() uses AutoCat
Use of qw(...) as parentheses is deprecated at ../lib/Log/Log4perl/AutoCategorize.pm line 175.
Use of qw(...) as parentheses is deprecated at ../lib/Log/Log4perl/AutoCategorize.pm line 339.

#   Failed test 'found: 'log4perl.category.X.truck.debug.9' => '-5''
#   at t/10_multi_pack.t line 128.
#                   '(15:01:07.211) Log.Log4perl.AutoCategorize.END.info.322: Seen Log Events:, {
#   'Log.Log4perl.AutoCategorize.END.info.322' => 1,
#   'log4perl.category.X.truck.debug.9' => -5,
#   'log4perl.category.X.truck.warn.8' => 5,
#   'log4perl.category.Z.truck.debug.9' => -5,
#   'log4perl.category.Z.truck.warn.8' => 5,
#   'log4perl.category.main.main.info.81' => 5,
#   'log4perl.category.main.main.warn.80' => 5
# }
# (15:01:07.211) Log.Log4perl.AutoCategorize.END.info.322: UnSeen Log Events:, {}
# (15:01:07.212) Log.Log4perl.AutoCategorize.END.info.322: cat2data:, {
#   'X.truck.debug.9' => 'debug_00002',
#   'X.truck.warn.8' => 'warn_00001',
#   'Z.truck.debug.9' => 'debug_00004',
#   'Z.truck.warn.8' => 'warn_00003',
#   'main.main.info.81' => 'info',
#   'main.main.warn.80' => 'warn'
# }
# '
#     doesn't match '(?^ms:\'log4perl\.category\.X\.truck\.debug\.9\'\ \=\>\ \'\-5\')'

#   Failed test 'found: 'log4perl.category.Z.truck.debug.9' => '-5''
#   at t/10_multi_pack.t line 128.
#                   '(15:01:07.211) Log.Log4perl.AutoCategorize.END.info.322: Seen Log Events:, {
#   'Log.Log4perl.AutoCategorize.END.info.322' => 1,
#   'log4perl.category.X.truck.debug.9' => -5,
#   'log4perl.category.X.truck.warn.8' => 5,
#   'log4perl.category.Z.truck.debug.9' => -5,
#   'log4perl.category.Z.truck.warn.8' => 5,
#   'log4perl.category.main.main.info.81' => 5,
#   'log4perl.category.main.main.warn.80' => 5
# }
# (15:01:07.211) Log.Log4perl.AutoCategorize.END.info.322: UnSeen Log Events:, {}
# (15:01:07.212) Log.Log4perl.AutoCategorize.END.info.322: cat2data:, {
#   'X.truck.debug.9' => 'debug_00002',
#   'X.truck.warn.8' => 'warn_00001',
#   'Z.truck.debug.9' => 'debug_00004',
#   'Z.truck.warn.8' => 'warn_00003',
#   'main.main.info.81' => 'info',
#   'main.main.warn.80' => 'warn'
# }
# '
#     doesn't match '(?^ms:\'log4perl\.category\.Z\.truck\.debug\.9\'\ \=\>\ \'\-5\')'
# 
# load Y.pm, Z.pm after main() uses AutoCat
Use of qw(...) as parentheses is deprecated at ../lib/Log/Log4perl/AutoCategorize.pm line 175.
Use of qw(...) as parentheses is deprecated at ../lib/Log/Log4perl/AutoCategorize.pm line 339.

#   Failed test 'found: 'log4perl.category.Y.truck.debug.9' => '-5''
#   at t/10_multi_pack.t line 128.
#                   '(15:01:07.384) Log.Log4perl.AutoCategorize.END.info.322: Seen Log Events:, {
#   'Log.Log4perl.AutoCategorize.END.info.322' => 1,
#   'log4perl.category.Y.truck.debug.9' => -5,
#   'log4perl.category.Y.truck.warn.8' => 5,
#   'log4perl.category.Z.truck.debug.9' => -5,
#   'log4perl.category.Z.truck.warn.8' => 5,
#   'log4perl.category.main.main.info.81' => 5,
#   'log4perl.category.main.main.warn.80' => 5
# }
# (15:01:07.384) Log.Log4perl.AutoCategorize.END.info.322: UnSeen Log Events:, {}
# (15:01:07.384) Log.Log4perl.AutoCategorize.END.info.322: cat2data:, {
#   'Y.truck.debug.9' => 'debug_00002',
#   'Y.truck.warn.8' => 'warn_00001',
#   'Z.truck.debug.9' => 'debug_00004',
#   'Z.truck.warn.8' => 'warn_00003',
#   'main.main.info.81' => 'info',
#   'main.main.warn.80' => 'warn'
# }
# '
#     doesn't match '(?^ms:\'log4perl\.category\.Y\.truck\.debug\.9\'\ \=\>\ \'\-5\')'

#   Failed test 'found: 'log4perl.category.Z.truck.debug.9' => '-5''
#   at t/10_multi_pack.t line 128.
#                   '(15:01:07.384) Log.Log4perl.AutoCategorize.END.info.322: Seen Log Events:, {
#   'Log.Log4perl.AutoCategorize.END.info.322' => 1,
#   'log4perl.category.Y.truck.debug.9' => -5,
#   'log4perl.category.Y.truck.warn.8' => 5,
#   'log4perl.category.Z.truck.debug.9' => -5,
#   'log4perl.category.Z.truck.warn.8' => 5,
#   'log4perl.category.main.main.info.81' => 5,
#   'log4perl.category.main.main.warn.80' => 5
# }
# (15:01:07.384) Log.Log4perl.AutoCategorize.END.info.322: UnSeen Log Events:, {}
# (15:01:07.384) Log.Log4perl.AutoCategorize.END.info.322: cat2data:, {
#   'Y.truck.debug.9' => 'debug_00002',
#   'Y.truck.warn.8' => 'warn_00001',
#   'Z.truck.debug.9' => 'debug_00004',
#   'Z.truck.warn.8' => 'warn_00003',
#   'main.main.info.81' => 'info',
#   'main.main.warn.80' => 'warn'
# }
# '
#     doesn't match '(?^ms:\'log4perl\.category\.Z\.truck\.debug\.9\'\ \=\>\ \'\-5\')'
# 
# load X.pm, AutoCat (from main), then Y.pm
Use of qw(...) as parentheses is deprecated at ../lib/Log/Log4perl/AutoCategorize.pm line 175.
Use of qw(...) as parentheses is deprecated at ../lib/Log/Log4perl/AutoCategorize.pm line 339.

#   Failed test 'found: 'log4perl.category.X.truck.debug.9' => '-5''
#   at t/10_multi_pack.t line 128.
#                   '(15:01:07.555) Log.Log4perl.AutoCategorize.END.info.322: Seen Log Events:, {
#   'Log.Log4perl.AutoCategorize.END.info.322' => 1,
#   'log4perl.category.X.truck.debug.9' => -5,
#   'log4perl.category.X.truck.warn.8' => 5,
#   'log4perl.category.Y.truck.debug.9' => -5,
#   'log4perl.category.Y.truck.warn.8' => 5,
#   'log4perl.category.main.main.info.81' => 5,
#   'log4perl.category.main.main.warn.80' => 5
# }
# (15:01:07.556) Log.Log4perl.AutoCategorize.END.info.322: UnSeen Log Events:, {}
# (15:01:07.556) Log.Log4perl.AutoCategorize.END.info.322: cat2data:, {
#   'X.truck.debug.9' => 'debug_00002',
#   'X.truck.warn.8' => 'warn_00001',
#   'Y.truck.debug.9' => 'debug_00004',
#   'Y.truck.warn.8' => 'warn_00003',
#   'main.main.info.81' => 'info',
#   'main.main.warn.80' => 'warn'
# }
# '
#     doesn't match '(?^ms:\'log4perl\.category\.X\.truck\.debug\.9\'\ \=\>\ \'\-5\')'

#   Failed test 'found: 'log4perl.category.Y.truck.debug.9' => '-5''
#   at t/10_multi_pack.t line 128.
#                   '(15:01:07.555) Log.Log4perl.AutoCategorize.END.info.322: Seen Log Events:, {
#   'Log.Log4perl.AutoCategorize.END.info.322' => 1,
#   'log4perl.category.X.truck.debug.9' => -5,
#   'log4perl.category.X.truck.warn.8' => 5,
#   'log4perl.category.Y.truck.debug.9' => -5,
#   'log4perl.category.Y.truck.warn.8' => 5,
#   'log4perl.category.main.main.info.81' => 5,
#   'log4perl.category.main.main.warn.80' => 5
# }
# (15:01:07.556) Log.Log4perl.AutoCategorize.END.info.322: UnSeen Log Events:, {}
# (15:01:07.556) Log.Log4perl.AutoCategorize.END.info.322: cat2data:, {
#   'X.truck.debug.9' => 'debug_00002',
#   'X.truck.warn.8' => 'warn_00001',
#   'Y.truck.debug.9' => 'debug_00004',
#   'Y.truck.warn.8' => 'warn_00003',
#   'main.main.info.81' => 'info',
#   'main.main.warn.80' => 'warn'
# }
# '
#     doesn't match '(?^ms:\'log4perl\.category\.Y\.truck\.debug\.9\'\ \=\>\ \'\-5\')'
# 
# load X.pm, AutoCat (from main), then Z.pm
Use of qw(...) as parentheses is deprecated at ../lib/Log/Log4perl/AutoCategorize.pm line 175.
Use of qw(...) as parentheses is deprecated at ../lib/Log/Log4perl/AutoCategorize.pm line 339.

#   Failed test 'found: 'log4perl.category.X.truck.debug.9' => '-5''
#   at t/10_multi_pack.t line 128.
#                   '(15:01:07.726) Log.Log4perl.AutoCategorize.END.info.322: Seen Log Events:, {
#   'Log.Log4perl.AutoCategorize.END.info.322' => 1,
#   'log4perl.category.X.truck.debug.9' => -5,
#   'log4perl.category.X.truck.warn.8' => 5,
#   'log4perl.category.Z.truck.debug.9' => -5,
#   'log4perl.category.Z.truck.warn.8' => 5,
#   'log4perl.category.main.main.info.81' => 5,
#   'log4perl.category.main.main.warn.80' => 5
# }
# (15:01:07.727) Log.Log4perl.AutoCategorize.END.info.322: UnSeen Log Events:, {}
# (15:01:07.727) Log.Log4perl.AutoCategorize.END.info.322: cat2data:, {
#   'X.truck.debug.9' => 'debug_00002',
#   'X.truck.warn.8' => 'warn_00001',
#   'Z.truck.debug.9' => 'debug_00004',
#   'Z.truck.warn.8' => 'warn_00003',
#   'main.main.info.81' => 'info',
#   'main.main.warn.80' => 'warn'
# }
# '
#     doesn't match '(?^ms:\'log4perl\.category\.X\.truck\.debug\.9\'\ \=\>\ \'\-5\')'

#   Failed test 'found: 'log4perl.category.Z.truck.debug.9' => '-5''
#   at t/10_multi_pack.t line 128.
#                   '(15:01:07.726) Log.Log4perl.AutoCategorize.END.info.322: Seen Log Events:, {
#   'Log.Log4perl.AutoCategorize.END.info.322' => 1,
#   'log4perl.category.X.truck.debug.9' => -5,
#   'log4perl.category.X.truck.warn.8' => 5,
#   'log4perl.category.Z.truck.debug.9' => -5,
#   'log4perl.category.Z.truck.warn.8' => 5,
#   'log4perl.category.main.main.info.81' => 5,
#   'log4perl.category.main.main.warn.80' => 5
# }
# (15:01:07.727) Log.Log4perl.AutoCategorize.END.info.322: UnSeen Log Events:, {}
# (15:01:07.727) Log.Log4perl.AutoCategorize.END.info.322: cat2data:, {
#   'X.truck.debug.9' => 'debug_00002',
#   'X.truck.warn.8' => 'warn_00001',
#   'Z.truck.debug.9' => 'debug_00004',
#   'Z.truck.warn.8' => 'warn_00003',
#   'main.main.info.81' => 'info',
#   'main.main.warn.80' => 'warn'
# }
# '
#     doesn't match '(?^ms:\'log4perl\.category\.Z\.truck\.debug\.9\'\ \=\>\ \'\-5\')'
# 
# load Y.pm, AutoCat (from main), then Z.pm
Use of qw(...) as parentheses is deprecated at ../lib/Log/Log4perl/AutoCategorize.pm line 175.
Use of qw(...) as parentheses is deprecated at ../lib/Log/Log4perl/AutoCategorize.pm line 339.

#   Failed test 'found: 'log4perl.category.Y.truck.debug.9' => '-5''
#   at t/10_multi_pack.t line 128.
#                   '(15:01:07.897) Log.Log4perl.AutoCategorize.END.info.322: Seen Log Events:, {
#   'Log.Log4perl.AutoCategorize.END.info.322' => 1,
#   'log4perl.category.Y.truck.debug.9' => -5,
#   'log4perl.category.Y.truck.warn.8' => 5,
#   'log4perl.category.Z.truck.debug.9' => -5,
#   'log4perl.category.Z.truck.warn.8' => 5,
#   'log4perl.category.main.main.info.81' => 5,
#   'log4perl.category.main.main.warn.80' => 5
# }
# (15:01:07.898) Log.Log4perl.AutoCategorize.END.info.322: UnSeen Log Events:, {}
# (15:01:07.898) Log.Log4perl.AutoCategorize.END.info.322: cat2data:, {
#   'Y.truck.debug.9' => 'debug_00002',
#   'Y.truck.warn.8' => 'warn_00001',
#   'Z.truck.debug.9' => 'debug_00004',
#   'Z.truck.warn.8' => 'warn_00003',
#   'main.main.info.81' => 'info',
#   'main.main.warn.80' => 'warn'
# }
# '
#     doesn't match '(?^ms:\'log4perl\.category\.Y\.truck\.debug\.9\'\ \=\>\ \'\-5\')'

#   Failed test 'found: 'log4perl.category.Z.truck.debug.9' => '-5''
#   at t/10_multi_pack.t line 128.
#                   '(15:01:07.897) Log.Log4perl.AutoCategorize.END.info.322: Seen Log Events:, {
#   'Log.Log4perl.AutoCategorize.END.info.322' => 1,
#   'log4perl.category.Y.truck.debug.9' => -5,
#   'log4perl.category.Y.truck.warn.8' => 5,
#   'log4perl.category.Z.truck.debug.9' => -5,
#   'log4perl.category.Z.truck.warn.8' => 5,
#   'log4perl.category.main.main.info.81' => 5,
#   'log4perl.category.main.main.warn.80' => 5
# }
# (15:01:07.898) Log.Log4perl.AutoCategorize.END.info.322: UnSeen Log Events:, {}
# (15:01:07.898) Log.Log4perl.AutoCategorize.END.info.322: cat2data:, {
#   'Y.truck.debug.9' => 'debug_00002',
#   'Y.truck.warn.8' => 'warn_00001',
#   'Z.truck.debug.9' => 'debug_00004',
#   'Z.truck.warn.8' => 'warn_00003',
#   'main.main.info.81' => 'info',
#   'main.main.warn.80' => 'warn'
# }
# '
#     doesn't match '(?^ms:\'log4perl\.category\.Z\.truck\.debug\.9\'\ \=\>\ \'\-5\')'
# 
# load Y.pm, AutoCat (from main), then X.pm
Use of qw(...) as parentheses is deprecated at ../lib/Log/Log4perl/AutoCategorize.pm line 175.
Use of qw(...) as parentheses is deprecated at ../lib/Log/Log4perl/AutoCategorize.pm line 339.

#   Failed test 'found: 'log4perl.category.X.truck.debug.9' => '-5''
#   at t/10_multi_pack.t line 128.
#                   '(15:01:08.069) Log.Log4perl.AutoCategorize.END.info.322: Seen Log Events:, {
#   'Log.Log4perl.AutoCategorize.END.info.322' => 1,
#   'log4perl.category.X.truck.debug.9' => -5,
#   'log4perl.category.X.truck.warn.8' => 5,
#   'log4perl.category.Y.truck.debug.9' => -5,
#   'log4perl.category.Y.truck.warn.8' => 5,
#   'log4perl.category.main.main.info.81' => 5,
#   'log4perl.category.main.main.warn.80' => 5
# }
# (15:01:08.070) Log.Log4perl.AutoCategorize.END.info.322: UnSeen Log Events:, {}
# (15:01:08.070) Log.Log4perl.AutoCategorize.END.info.322: cat2data:, {
#   'X.truck.debug.9' => 'debug_00004',
#   'X.truck.warn.8' => 'warn_00003',
#   'Y.truck.debug.9' => 'debug_00002',
#   'Y.truck.warn.8' => 'warn_00001',
#   'main.main.info.81' => 'info_00006',
#   'main.main.warn.80' => 'warn_00005'
# }
# '
#     doesn't match '(?^ms:\'log4perl\.category\.X\.truck\.debug\.9\'\ \=\>\ \'\-5\')'

#   Failed test 'found: 'log4perl.category.Y.truck.debug.9' => '-5''
#   at t/10_multi_pack.t line 128.
#                   '(15:01:08.069) Log.Log4perl.AutoCategorize.END.info.322: Seen Log Events:, {
#   'Log.Log4perl.AutoCategorize.END.info.322' => 1,
#   'log4perl.category.X.truck.debug.9' => -5,
#   'log4perl.category.X.truck.warn.8' => 5,
#   'log4perl.category.Y.truck.debug.9' => -5,
#   'log4perl.category.Y.truck.warn.8' => 5,
#   'log4perl.category.main.main.info.81' => 5,
#   'log4perl.category.main.main.warn.80' => 5
# }
# (15:01:08.070) Log.Log4perl.AutoCategorize.END.info.322: UnSeen Log Events:, {}
# (15:01:08.070) Log.Log4perl.AutoCategorize.END.info.322: cat2data:, {
#   'X.truck.debug.9' => 'debug_00004',
#   'X.truck.warn.8' => 'warn_00003',
#   'Y.truck.debug.9' => 'debug_00002',
#   'Y.truck.warn.8' => 'warn_00001',
#   'main.main.info.81' => 'info_00006',
#   'main.main.warn.80' => 'warn_00005'
# }
# '
#     doesn't match '(?^ms:\'log4perl\.category\.Y\.truck\.debug\.9\'\ \=\>\ \'\-5\')'
# 
# load Z.pm, AutoCat (from main), then X.pm
Use of qw(...) as parentheses is deprecated at ../lib/Log/Log4perl/AutoCategorize.pm line 175.
Use of qw(...) as parentheses is deprecated at ../lib/Log/Log4perl/AutoCategorize.pm line 339.

#   Failed test 'found: 'log4perl.category.X.truck.debug.9' => '-5''
#   at t/10_multi_pack.t line 128.
#                   '(15:01:08.241) Log.Log4perl.AutoCategorize.END.info.322: Seen Log Events:, {
#   'Log.Log4perl.AutoCategorize.END.info.322' => 1,
#   'log4perl.category.X.truck.debug.9' => -5,
#   'log4perl.category.X.truck.warn.8' => 5,
#   'log4perl.category.Z.truck.debug.9' => -5,
#   'log4perl.category.Z.truck.warn.8' => 5,
#   'log4perl.category.main.main.info.81' => 5,
#   'log4perl.category.main.main.warn.80' => 5
# }
# (15:01:08.241) Log.Log4perl.AutoCategorize.END.info.322: UnSeen Log Events:, {}
# (15:01:08.241) Log.Log4perl.AutoCategorize.END.info.322: cat2data:, {
#   'X.truck.debug.9' => 'debug_00004',
#   'X.truck.warn.8' => 'warn_00003',
#   'Z.truck.debug.9' => 'debug_00002',
#   'Z.truck.warn.8' => 'warn_00001',
#   'main.main.info.81' => 'info_00006',
#   'main.main.warn.80' => 'warn_00005'
# }
# '
#     doesn't match '(?^ms:\'log4perl\.category\.X\.truck\.debug\.9\'\ \=\>\ \'\-5\')'

#   Failed test 'found: 'log4perl.category.Z.truck.debug.9' => '-5''
#   at t/10_multi_pack.t line 128.
#                   '(15:01:08.241) Log.Log4perl.AutoCategorize.END.info.322: Seen Log Events:, {
#   'Log.Log4perl.AutoCategorize.END.info.322' => 1,
#   'log4perl.category.X.truck.debug.9' => -5,
#   'log4perl.category.X.truck.warn.8' => 5,
#   'log4perl.category.Z.truck.debug.9' => -5,
#   'log4perl.category.Z.truck.warn.8' => 5,
#   'log4perl.category.main.main.info.81' => 5,
#   'log4perl.category.main.main.warn.80' => 5
# }
# (15:01:08.241) Log.Log4perl.AutoCategorize.END.info.322: UnSeen Log Events:, {}
# (15:01:08.241) Log.Log4perl.AutoCategorize.END.info.322: cat2data:, {
#   'X.truck.debug.9' => 'debug_00004',
#   'X.truck.warn.8' => 'warn_00003',
#   'Z.truck.debug.9' => 'debug_00002',
#   'Z.truck.warn.8' => 'warn_00001',
#   'main.main.info.81' => 'info_00006',
#   'main.main.warn.80' => 'warn_00005'
# }
# '
#     doesn't match '(?^ms:\'log4perl\.category\.Z\.truck\.debug\.9\'\ \=\>\ \'\-5\')'
# 
# load Z.pm, AutoCat (from main), then Y.pm
Use of qw(...) as parentheses is deprecated at ../lib/Log/Log4perl/AutoCategorize.pm line 175.
Use of qw(...) as parentheses is deprecated at ../lib/Log/Log4perl/AutoCategorize.pm line 339.

#   Failed test 'found: 'log4perl.category.Y.truck.debug.9' => '-5''
#   at t/10_multi_pack.t line 128.
#                   '(15:01:08.412) Log.Log4perl.AutoCategorize.END.info.322: Seen Log Events:, {
#   'Log.Log4perl.AutoCategorize.END.info.322' => 1,
#   'log4perl.category.Y.truck.debug.9' => -5,
#   'log4perl.category.Y.truck.warn.8' => 5,
#   'log4perl.category.Z.truck.debug.9' => -5,
#   'log4perl.category.Z.truck.warn.8' => 5,
#   'log4perl.category.main.main.info.81' => 5,
#   'log4perl.category.main.main.warn.80' => 5
# }
# (15:01:08.413) Log.Log4perl.AutoCategorize.END.info.322: UnSeen Log Events:, {}
# (15:01:08.413) Log.Log4perl.AutoCategorize.END.info.322: cat2data:, {
#   'Y.truck.debug.9' => 'debug_00004',
#   'Y.truck.warn.8' => 'warn_00003',
#   'Z.truck.debug.9' => 'debug_00002',
#   'Z.truck.warn.8' => 'warn_00001',
#   'main.main.info.81' => 'info',
#   'main.main.warn.80' => 'warn'
# }
# '
#     doesn't match '(?^ms:\'log4perl\.category\.Y\.truck\.debug\.9\'\ \=\>\ \'\-5\')'

#   Failed test 'found: 'log4perl.category.Z.truck.debug.9' => '-5''
#   at t/10_multi_pack.t line 128.
#                   '(15:01:08.412) Log.Log4perl.AutoCategorize.END.info.322: Seen Log Events:, {
#   'Log.Log4perl.AutoCategorize.END.info.322' => 1,
#   'log4perl.category.Y.truck.debug.9' => -5,
#   'log4perl.category.Y.truck.warn.8' => 5,
#   'log4perl.category.Z.truck.debug.9' => -5,
#   'log4perl.category.Z.truck.warn.8' => 5,
#   'log4perl.category.main.main.info.81' => 5,
#   'log4perl.category.main.main.warn.80' => 5
# }
# (15:01:08.413) Log.Log4perl.AutoCategorize.END.info.322: UnSeen Log Events:, {}
# (15:01:08.413) Log.Log4perl.AutoCategorize.END.info.322: cat2data:, {
#   'Y.truck.debug.9' => 'debug_00004',
#   'Y.truck.warn.8' => 'warn_00003',
#   'Z.truck.debug.9' => 'debug_00002',
#   'Z.truck.warn.8' => 'warn_00001',
#   'main.main.info.81' => 'info',
#   'main.main.warn.80' => 'warn'
# }
# '
#     doesn't match '(?^ms:\'log4perl\.category\.Z\.truck\.debug\.9\'\ \=\>\ \'\-5\')'
# 
# load AutoCat into main, then X.pm
Use of qw(...) as parentheses is deprecated at ../lib/Log/Log4perl/AutoCategorize.pm line 175.
Use of qw(...) as parentheses is deprecated at ../lib/Log/Log4perl/AutoCategorize.pm line 339.

#   Failed test 'found: 'log4perl.category.X.truck.debug.9' => '-5''
#   at t/10_multi_pack.t line 128.
#                   '(15:01:08.578) Log.Log4perl.AutoCategorize.END.info.322: Seen Log Events:, {
#   'Log.Log4perl.AutoCategorize.END.info.322' => 1,
#   'log4perl.category.X.truck.debug.9' => -5,
#   'log4perl.category.X.truck.warn.8' => 5,
#   'log4perl.category.main.main.info.81' => 5,
#   'log4perl.category.main.main.warn.80' => 5
# }
# (15:01:08.578) Log.Log4perl.AutoCategorize.END.info.322: UnSeen Log Events:, {}
# (15:01:08.579) Log.Log4perl.AutoCategorize.END.info.322: cat2data:, {
#   'X.truck.debug.9' => 'debug_00002',
#   'X.truck.warn.8' => 'warn_00001',
#   'main.main.info.81' => 'info_00004',
#   'main.main.warn.80' => 'warn_00003'
# }
# '
#     doesn't match '(?^ms:\'log4perl\.category\.X\.truck\.debug\.9\'\ \=\>\ \'\-5\')'
# 
# load AutoCat into main, then Y.pm
Use of qw(...) as parentheses is deprecated at ../lib/Log/Log4perl/AutoCategorize.pm line 175.
Use of qw(...) as parentheses is deprecated at ../lib/Log/Log4perl/AutoCategorize.pm line 339.

#   Failed test 'found: 'log4perl.category.Y.truck.debug.9' => '-5''
#   at t/10_multi_pack.t line 128.
#                   '(15:01:08.711) Log.Log4perl.AutoCategorize.END.info.322: Seen Log Events:, {
#   'Log.Log4perl.AutoCategorize.END.info.322' => 1,
#   'log4perl.category.Y.truck.debug.9' => -5,
#   'log4perl.category.Y.truck.warn.8' => 5,
#   'log4perl.category.main.main.info.81' => 5,
#   'log4perl.category.main.main.warn.80' => 5
# }
# (15:01:08.712) Log.Log4perl.AutoCategorize.END.info.322: UnSeen Log Events:, {}
# (15:01:08.712) Log.Log4perl.AutoCategorize.END.info.322: cat2data:, {
#   'Y.truck.debug.9' => 'debug_00002',
#   'Y.truck.warn.8' => 'warn_00001',
#   'main.main.info.81' => 'info',
#   'main.main.warn.80' => 'warn'
# }
# '
#     doesn't match '(?^ms:\'log4perl\.category\.Y\.truck\.debug\.9\'\ \=\>\ \'\-5\')'
# 
# load AutoCat into main, then Z.pm
Use of qw(...) as parentheses is deprecated at ../lib/Log/Log4perl/AutoCategorize.pm line 175.
Use of qw(...) as parentheses is deprecated at ../lib/Log/Log4perl/AutoCategorize.pm line 339.

#   Failed test 'found: 'log4perl.category.Z.truck.debug.9' => '-5''
#   at t/10_multi_pack.t line 128.
#                   '(15:01:08.844) Log.Log4perl.AutoCategorize.END.info.322: Seen Log Events:, {
#   'Log.Log4perl.AutoCategorize.END.info.322' => 1,
#   'log4perl.category.Z.truck.debug.9' => -5,
#   'log4perl.category.Z.truck.warn.8' => 5,
#   'log4perl.category.main.main.info.81' => 5,
#   'log4perl.category.main.main.warn.80' => 5
# }
# (15:01:08.844) Log.Log4perl.AutoCategorize.END.info.322: UnSeen Log Events:, {}
# (15:01:08.845) Log.Log4perl.AutoCategorize.END.info.322: cat2data:, {
#   'Z.truck.debug.9' => 'debug_00002',
#   'Z.truck.warn.8' => 'warn_00001',
#   'main.main.info.81' => 'info',
#   'main.main.warn.80' => 'warn'
# }
# '
#     doesn't match '(?^ms:\'log4perl\.category\.Z\.truck\.debug\.9\'\ \=\>\ \'\-5\')'
# 
# load X.pm, then AutoCat into main
Use of qw(...) as parentheses is deprecated at ../lib/Log/Log4perl/AutoCategorize.pm line 175.
Use of qw(...) as parentheses is deprecated at ../lib/Log/Log4perl/AutoCategorize.pm line 339.

#   Failed test 'found: 'log4perl.category.X.truck.debug.9' => '-5''
#   at t/10_multi_pack.t line 128.
#                   '(15:01:08.979) Log.Log4perl.AutoCategorize.END.info.322: Seen Log Events:, {
#   'Log.Log4perl.AutoCategorize.END.info.322' => 1,
#   'log4perl.category.X.truck.debug.9' => -5,
#   'log4perl.category.X.truck.warn.8' => 5,
#   'log4perl.category.main.main.info.81' => 5,
#   'log4perl.category.main.main.warn.80' => 5
# }
# (15:01:08.980) Log.Log4perl.AutoCategorize.END.info.322: UnSeen Log Events:, {}
# (15:01:08.980) Log.Log4perl.AutoCategorize.END.info.322: cat2data:, {
#   'X.truck.debug.9' => 'debug_00002',
#   'X.truck.warn.8' => 'warn_00001',
#   'main.main.info.81' => 'info_00004',
#   'main.main.warn.80' => 'warn_00003'
# }
# '
#     doesn't match '(?^ms:\'log4perl\.category\.X\.truck\.debug\.9\'\ \=\>\ \'\-5\')'
# 
# load Y.pm, then AutoCat into main
Use of qw(...) as parentheses is deprecated at ../lib/Log/Log4perl/AutoCategorize.pm line 175.
Use of qw(...) as parentheses is deprecated at ../lib/Log/Log4perl/AutoCategorize.pm line 339.

#   Failed test 'found: 'log4perl.category.Y.truck.debug.9' => '-5''
#   at t/10_multi_pack.t line 128.
#                   '(15:01:09.115) Log.Log4perl.AutoCategorize.END.info.322: Seen Log Events:, {
#   'Log.Log4perl.AutoCategorize.END.info.322' => 1,
#   'log4perl.category.Y.truck.debug.9' => -5,
#   'log4perl.category.Y.truck.warn.8' => 5,
#   'log4perl.category.main.main.info.81' => 5,
#   'log4perl.category.main.main.warn.80' => 5
# }
# (15:01:09.116) Log.Log4perl.AutoCategorize.END.info.322: UnSeen Log Events:, {}
# (15:01:09.116) Log.Log4perl.AutoCategorize.END.info.322: cat2data:, {
#   'Y.truck.debug.9' => 'debug_00002',
#   'Y.truck.warn.8' => 'warn_00001',
#   'main.main.info.81' => 'info_00004',
#   'main.main.warn.80' => 'warn_00003'
# }
# '
#     doesn't match '(?^ms:\'log4perl\.category\.Y\.truck\.debug\.9\'\ \=\>\ \'\-5\')'
# 
# load Z.pm, then AutoCat into main
Use of qw(...) as parentheses is deprecated at ../lib/Log/Log4perl/AutoCategorize.pm line 175.
Use of qw(...) as parentheses is deprecated at ../lib/Log/Log4perl/AutoCategorize.pm line 339.

#   Failed test 'found: 'log4perl.category.Z.truck.debug.9' => '-5''
#   at t/10_multi_pack.t line 128.
#                   '(15:01:09.251) Log.Log4perl.AutoCategorize.END.info.322: Seen Log Events:, {
#   'Log.Log4perl.AutoCategorize.END.info.322' => 1,
#   'log4perl.category.Z.truck.debug.9' => -5,
#   'log4perl.category.Z.truck.warn.8' => 5,
#   'log4perl.category.main.main.info.81' => 5,
#   'log4perl.category.main.main.warn.80' => 5
# }
# (15:01:09.252) Log.Log4perl.AutoCategorize.END.info.322: UnSeen Log Events:, {}
# (15:01:09.252) Log.Log4perl.AutoCategorize.END.info.322: cat2data:, {
#   'Z.truck.debug.9' => 'debug_00002',
#   'Z.truck.warn.8' => 'warn_00001',
#   'main.main.info.81' => 'info_00004',
#   'main.main.warn.80' => 'warn_00003'
# }
# '
#     doesn't match '(?^ms:\'log4perl\.category\.Z\.truck\.debug\.9\'\ \=\>\ \'\-5\')'
# 
# load X.pm, Y.pm, Z.pm, then AutoCat
Use of qw(...) as parentheses is deprecated at ../lib/Log/Log4perl/AutoCategorize.pm line 175.
Use of qw(...) as parentheses is deprecated at ../lib/Log/Log4perl/AutoCategorize.pm line 339.

#   Failed test 'found: 'log4perl.category.X.truck.debug.9' => '-5''
#   at t/10_multi_pack.t line 128.
#                   '(15:01:09.390) Log.Log4perl.AutoCategorize.END.info.322: Seen Log Events:, {
#   'Log.Log4perl.AutoCategorize.END.info.322' => 1,
#   'log4perl.category.X.truck.debug.9' => -5,
#   'log4perl.category.X.truck.warn.8' => 5,
#   'log4perl.category.Y.truck.debug.9' => -5,
#   'log4perl.category.Y.truck.warn.8' => 5,
#   'log4perl.category.Z.truck.debug.9' => -5,
#   'log4perl.category.Z.truck.warn.8' => 5,
#   'log4perl.category.main.main.info.81' => 5,
#   'log4perl.category.main.main.warn.80' => 5
# }
# (15:01:09.390) Log.Log4perl.AutoCategorize.END.info.322: UnSeen Log Events:, {}
# (15:01:09.391) Log.Log4perl.AutoCategorize.END.info.322: cat2data:, {
#   'X.truck.debug.9' => 'debug_00002',
#   'X.truck.warn.8' => 'warn_00001',
#   'Y.truck.debug.9' => 'debug_00004',
#   'Y.truck.warn.8' => 'warn_00003',
#   'Z.truck.debug.9' => 'debug_00006',
#   'Z.truck.warn.8' => 'warn_00005',
#   'main.main.info.81' => 'info_00008',
#   'main.main.warn.80' => 'warn_00007'
# }
# '
#     doesn't match '(?^ms:\'log4perl\.category\.X\.truck\.debug\.9\'\ \=\>\ \'\-5\')'

#   Failed test 'found: 'log4perl.category.Y.truck.debug.9' => '-5''
#   at t/10_multi_pack.t line 128.
#                   '(15:01:09.390) Log.Log4perl.AutoCategorize.END.info.322: Seen Log Events:, {
#   'Log.Log4perl.AutoCategorize.END.info.322' => 1,
#   'log4perl.category.X.truck.debug.9' => -5,
#   'log4perl.category.X.truck.warn.8' => 5,
#   'log4perl.category.Y.truck.debug.9' => -5,
#   'log4perl.category.Y.truck.warn.8' => 5,
#   'log4perl.category.Z.truck.debug.9' => -5,
#   'log4perl.category.Z.truck.warn.8' => 5,
#   'log4perl.category.main.main.info.81' => 5,
#   'log4perl.category.main.main.warn.80' => 5
# }
# (15:01:09.390) Log.Log4perl.AutoCategorize.END.info.322: UnSeen Log Events:, {}
# (15:01:09.391) Log.Log4perl.AutoCategorize.END.info.322: cat2data:, {
#   'X.truck.debug.9' => 'debug_00002',
#   'X.truck.warn.8' => 'warn_00001',
#   'Y.truck.debug.9' => 'debug_00004',
#   'Y.truck.warn.8' => 'warn_00003',
#   'Z.truck.debug.9' => 'debug_00006',
#   'Z.truck.warn.8' => 'warn_00005',
#   'main.main.info.81' => 'info_00008',
#   'main.main.warn.80' => 'warn_00007'
# }
# '
#     doesn't match '(?^ms:\'log4perl\.category\.Y\.truck\.debug\.9\'\ \=\>\ \'\-5\')'

#   Failed test 'found: 'log4perl.category.Z.truck.debug.9' => '-5''
#   at t/10_multi_pack.t line 128.
#                   '(15:01:09.390) Log.Log4perl.AutoCategorize.END.info.322: Seen Log Events:, {
#   'Log.Log4perl.AutoCategorize.END.info.322' => 1,
#   'log4perl.category.X.truck.debug.9' => -5,
#   'log4perl.category.X.truck.warn.8' => 5,
#   'log4perl.category.Y.truck.debug.9' => -5,
#   'log4perl.category.Y.truck.warn.8' => 5,
#   'log4perl.category.Z.truck.debug.9' => -5,
#   'log4perl.category.Z.truck.warn.8' => 5,
#   'log4perl.category.main.main.info.81' => 5,
#   'log4perl.category.main.main.warn.80' => 5
# }
# (15:01:09.390) Log.Log4perl.AutoCategorize.END.info.322: UnSeen Log Events:, {}
# (15:01:09.391) Log.Log4perl.AutoCategorize.END.info.322: cat2data:, {
#   'X.truck.debug.9' => 'debug_00002',
#   'X.truck.warn.8' => 'warn_00001',
#   'Y.truck.debug.9' => 'debug_00004',
#   'Y.truck.warn.8' => 'warn_00003',
#   'Z.truck.debug.9' => 'debug_00006',
#   'Z.truck.warn.8' => 'warn_00005',
#   'main.main.info.81' => 'info_00008',
#   'main.main.warn.80' => 'warn_00007'
# }
# '
#     doesn't match '(?^ms:\'log4perl\.category\.Z\.truck\.debug\.9\'\ \=\>\ \'\-5\')'
# 
# load W.pm (with debug), X.pm, Y.pm, Z.pm, then AutoCat
Use of qw(...) as parentheses is deprecated at ../lib/Log/Log4perl/AutoCategorize.pm line 175.
Use of qw(...) as parentheses is deprecated at ../lib/Log/Log4perl/AutoCategorize.pm line 339.

#   Failed test 'found: 'log4perl.category.W.truck.debug.9' => '-5''
#   at t/10_multi_pack.t line 128.
#                   '(15:01:09.608) Log.Log4perl.AutoCategorize.END.info.322: Seen Log Events:, {
#   'Log.Log4perl.AutoCategorize.END.info.322' => 1,
#   'log4perl.category.W.truck.debug.9' => -5,
#   'log4perl.category.W.truck.warn.8' => 5,
#   'log4perl.category.X.truck.debug.9' => -5,
#   'log4perl.category.X.truck.warn.8' => 5,
#   'log4perl.category.Y.truck.debug.9' => -5,
#   'log4perl.category.Y.truck.warn.8' => 5,
#   'log4perl.category.Z.truck.debug.9' => -5,
#   'log4perl.category.Z.truck.warn.8' => 5,
#   'log4perl.category.main.main.info.81' => 5,
#   'log4perl.category.main.main.warn.80' => 5
# }
# (15:01:09.608) Log.Log4perl.AutoCategorize.END.info.322: UnSeen Log Events:, {}
# (15:01:09.609) Log.Log4perl.AutoCategorize.END.info.322: cat2data:, {
#   'W.truck.debug.9' => 'debug_00002',
#   'W.truck.warn.8' => 'warn_00001',
#   'X.truck.debug.9' => 'debug_00004',
#   'X.truck.warn.8' => 'warn_00003',
#   'Y.truck.debug.9' => 'debug_00006',
#   'Y.truck.warn.8' => 'warn_00005',
#   'Z.truck.debug.9' => 'debug_00008',
#   'Z.truck.warn.8' => 'warn_00007',
#   'main.main.info.81' => 'info_00010',
#   'main.main.warn.80' => 'warn_00009'
# }
# '
#     doesn't match '(?^ms:\'log4perl\.category\.W\.truck\.debug\.9\'\ \=\>\ \'\-5\')'

#   Failed test 'found: 'log4perl.category.X.truck.debug.9' => '-5''
#   at t/10_multi_pack.t line 128.
#                   '(15:01:09.608) Log.Log4perl.AutoCategorize.END.info.322: Seen Log Events:, {
#   'Log.Log4perl.AutoCategorize.END.info.322' => 1,
#   'log4perl.category.W.truck.debug.9' => -5,
#   'log4perl.category.W.truck.warn.8' => 5,
#   'log4perl.category.X.truck.debug.9' => -5,
#   'log4perl.category.X.truck.warn.8' => 5,
#   'log4perl.category.Y.truck.debug.9' => -5,
#   'log4perl.category.Y.truck.warn.8' => 5,
#   'log4perl.category.Z.truck.debug.9' => -5,
#   'log4perl.category.Z.truck.warn.8' => 5,
#   'log4perl.category.main.main.info.81' => 5,
#   'log4perl.category.main.main.warn.80' => 5
# }
# (15:01:09.608) Log.Log4perl.AutoCategorize.END.info.322: UnSeen Log Events:, {}
# (15:01:09.609) Log.Log4perl.AutoCategorize.END.info.322: cat2data:, {
#   'W.truck.debug.9' => 'debug_00002',
#   'W.truck.warn.8' => 'warn_00001',
#   'X.truck.debug.9' => 'debug_00004',
#   'X.truck.warn.8' => 'warn_00003',
#   'Y.truck.debug.9' => 'debug_00006',
#   'Y.truck.warn.8' => 'warn_00005',
#   'Z.truck.debug.9' => 'debug_00008',
#   'Z.truck.warn.8' => 'warn_00007',
#   'main.main.info.81' => 'info_00010',
#   'main.main.warn.80' => 'warn_00009'
# }
# '
#     doesn't match '(?^ms:\'log4perl\.category\.X\.truck\.debug\.9\'\ \=\>\ \'\-5\')'

#   Failed test 'found: 'log4perl.category.Y.truck.debug.9' => '-5''
#   at t/10_multi_pack.t line 128.
#                   '(15:01:09.608) Log.Log4perl.AutoCategorize.END.info.322: Seen Log Events:, {
#   'Log.Log4perl.AutoCategorize.END.info.322' => 1,
#   'log4perl.category.W.truck.debug.9' => -5,
#   'log4perl.category.W.truck.warn.8' => 5,
#   'log4perl.category.X.truck.debug.9' => -5,
#   'log4perl.category.X.truck.warn.8' => 5,
#   'log4perl.category.Y.truck.debug.9' => -5,
#   'log4perl.category.Y.truck.warn.8' => 5,
#   'log4perl.category.Z.truck.debug.9' => -5,
#   'log4perl.category.Z.truck.warn.8' => 5,
#   'log4perl.category.main.main.info.81' => 5,
#   'log4perl.category.main.main.warn.80' => 5
# }
# (15:01:09.608) Log.Log4perl.AutoCategorize.END.info.322: UnSeen Log Events:, {}
# (15:01:09.609) Log.Log4perl.AutoCategorize.END.info.322: cat2data:, {
#   'W.truck.debug.9' => 'debug_00002',
#   'W.truck.warn.8' => 'warn_00001',
#   'X.truck.debug.9' => 'debug_00004',
#   'X.truck.warn.8' => 'warn_00003',
#   'Y.truck.debug.9' => 'debug_00006',
#   'Y.truck.warn.8' => 'warn_00005',
#   'Z.truck.debug.9' => 'debug_00008',
#   'Z.truck.warn.8' => 'warn_00007',
#   'main.main.info.81' => 'info_00010',
#   'main.main.warn.80' => 'warn_00009'
# }
# '
#     doesn't match '(?^ms:\'log4perl\.category\.Y\.truck\.debug\.9\'\ \=\>\ \'\-5\')'

#   Failed test 'found: 'log4perl.category.Z.truck.debug.9' => '-5''
#   at t/10_multi_pack.t line 128.
#                   '(15:01:09.608) Log.Log4perl.AutoCategorize.END.info.322: Seen Log Events:, {
#   'Log.Log4perl.AutoCategorize.END.info.322' => 1,
#   'log4perl.category.W.truck.debug.9' => -5,
#   'log4perl.category.W.truck.warn.8' => 5,
#   'log4perl.category.X.truck.debug.9' => -5,
#   'log4perl.category.X.truck.warn.8' => 5,
#   'log4perl.category.Y.truck.debug.9' => -5,
#   'log4perl.category.Y.truck.warn.8' => 5,
#   'log4perl.category.Z.truck.debug.9' => -5,
#   'log4perl.category.Z.truck.warn.8' => 5,
#   'log4perl.category.main.main.info.81' => 5,
#   'log4perl.category.main.main.warn.80' => 5
# }
# (15:01:09.608) Log.Log4perl.AutoCategorize.END.info.322: UnSeen Log Events:, {}
# (15:01:09.609) Log.Log4perl.AutoCategorize.END.info.322: cat2data:, {
#   'W.truck.debug.9' => 'debug_00002',
#   'W.truck.warn.8' => 'warn_00001',
#   'X.truck.debug.9' => 'debug_00004',
#   'X.truck.warn.8' => 'warn_00003',
#   'Y.truck.debug.9' => 'debug_00006',
#   'Y.truck.warn.8' => 'warn_00005',
#   'Z.truck.debug.9' => 'debug_00008',
#   'Z.truck.warn.8' => 'warn_00007',
#   'main.main.info.81' => 'info_00010',
#   'main.main.warn.80' => 'warn_00009'
# }
# '
#     doesn't match '(?^ms:\'log4perl\.category\.Z\.truck\.debug\.9\'\ \=\>\ \'\-5\')'
# 
# load X.pm, Y.pm, Z.pm, then AutoCat into main, W.pm (with debug)
Use of qw(...) as parentheses is deprecated at ../lib/Log/Log4perl/AutoCategorize.pm line 175.
Use of qw(...) as parentheses is deprecated at ../lib/Log/Log4perl/AutoCategorize.pm line 339.

#   Failed test 'found: 'log4perl.category.W.truck.debug.9' => '-5''
#   at t/10_multi_pack.t line 128.
#                   '(15:01:09.883) Log.Log4perl.AutoCategorize.END.info.322: Seen Log Events:, {
#   'Log.Log4perl.AutoCategorize.END.info.322' => 1,
#   'log4perl.category.W.truck.debug.9' => -5,
#   'log4perl.category.W.truck.warn.8' => 5,
#   'log4perl.category.X.truck.debug.9' => -5,
#   'log4perl.category.X.truck.warn.8' => 5,
#   'log4perl.category.Y.truck.debug.9' => -5,
#   'log4perl.category.Y.truck.warn.8' => 5,
#   'log4perl.category.Z.truck.debug.9' => -5,
#   'log4perl.category.Z.truck.warn.8' => 5,
#   'log4perl.category.main.main.info.81' => 5,
#   'log4perl.category.main.main.warn.80' => 5
# }
# (15:01:09.884) Log.Log4perl.AutoCategorize.END.info.322: UnSeen Log Events:, {}
# (15:01:09.884) Log.Log4perl.AutoCategorize.END.info.322: cat2data:, {
#   'W.truck.debug.9' => 'debug_00008',
#   'W.truck.warn.8' => 'warn_00007',
#   'X.truck.debug.9' => 'debug_00002',
#   'X.truck.warn.8' => 'warn_00001',
#   'Y.truck.debug.9' => 'debug_00004',
#   'Y.truck.warn.8' => 'warn_00003',
#   'Z.truck.debug.9' => 'debug_00006',
#   'Z.truck.warn.8' => 'warn_00005',
#   'main.main.info.81' => 'info',
#   'main.main.warn.80' => 'warn'
# }
# '
#     doesn't match '(?^ms:\'log4perl\.category\.W\.truck\.debug\.9\'\ \=\>\ \'\-5\')'

#   Failed test 'found: 'log4perl.category.X.truck.debug.9' => '-5''
#   at t/10_multi_pack.t line 128.
#                   '(15:01:09.883) Log.Log4perl.AutoCategorize.END.info.322: Seen Log Events:, {
#   'Log.Log4perl.AutoCategorize.END.info.322' => 1,
#   'log4perl.category.W.truck.debug.9' => -5,
#   'log4perl.category.W.truck.warn.8' => 5,
#   'log4perl.category.X.truck.debug.9' => -5,
#   'log4perl.category.X.truck.warn.8' => 5,
#   'log4perl.category.Y.truck.debug.9' => -5,
#   'log4perl.category.Y.truck.warn.8' => 5,
#   'log4perl.category.Z.truck.debug.9' => -5,
#   'log4perl.category.Z.truck.warn.8' => 5,
#   'log4perl.category.main.main.info.81' => 5,
#   'log4perl.category.main.main.warn.80' => 5
# }
# (15:01:09.884) Log.Log4perl.AutoCategorize.END.info.322: UnSeen Log Events:, {}
# (15:01:09.884) Log.Log4perl.AutoCategorize.END.info.322: cat2data:, {
#   'W.truck.debug.9' => 'debug_00008',
#   'W.truck.warn.8' => 'warn_00007',
#   'X.truck.debug.9' => 'debug_00002',
#   'X.truck.warn.8' => 'warn_00001',
#   'Y.truck.debug.9' => 'debug_00004',
#   'Y.truck.warn.8' => 'warn_00003',
#   'Z.truck.debug.9' => 'debug_00006',
#   'Z.truck.warn.8' => 'warn_00005',
#   'main.main.info.81' => 'info',
#   'main.main.warn.80' => 'warn'
# }
# '
#     doesn't match '(?^ms:\'log4perl\.category\.X\.truck\.debug\.9\'\ \=\>\ \'\-5\')'

#   Failed test 'found: 'log4perl.category.Y.truck.debug.9' => '-5''
#   at t/10_multi_pack.t line 128.
#                   '(15:01:09.883) Log.Log4perl.AutoCategorize.END.info.322: Seen Log Events:, {
#   'Log.Log4perl.AutoCategorize.END.info.322' => 1,
#   'log4perl.category.W.truck.debug.9' => -5,
#   'log4perl.category.W.truck.warn.8' => 5,
#   'log4perl.category.X.truck.debug.9' => -5,
#   'log4perl.category.X.truck.warn.8' => 5,
#   'log4perl.category.Y.truck.debug.9' => -5,
#   'log4perl.category.Y.truck.warn.8' => 5,
#   'log4perl.category.Z.truck.debug.9' => -5,
#   'log4perl.category.Z.truck.warn.8' => 5,
#   'log4perl.category.main.main.info.81' => 5,
#   'log4perl.category.main.main.warn.80' => 5
# }
# (15:01:09.884) Log.Log4perl.AutoCategorize.END.info.322: UnSeen Log Events:, {}
# (15:01:09.884) Log.Log4perl.AutoCategorize.END.info.322: cat2data:, {
#   'W.truck.debug.9' => 'debug_00008',
#   'W.truck.warn.8' => 'warn_00007',
#   'X.truck.debug.9' => 'debug_00002',
#   'X.truck.warn.8' => 'warn_00001',
#   'Y.truck.debug.9' => 'debug_00004',
#   'Y.truck.warn.8' => 'warn_00003',
#   'Z.truck.debug.9' => 'debug_00006',
#   'Z.truck.warn.8' => 'warn_00005',
#   'main.main.info.81' => 'info',
#   'main.main.warn.80' => 'warn'
# }
# '
#     doesn't match '(?^ms:\'log4perl\.category\.Y\.truck\.debug\.9\'\ \=\>\ \'\-5\')'

#   Failed test 'found: 'log4perl.category.Z.truck.debug.9' => '-5''
#   at t/10_multi_pack.t line 128.
#                   '(15:01:09.883) Log.Log4perl.AutoCategorize.END.info.322: Seen Log Events:, {
#   'Log.Log4perl.AutoCategorize.END.info.322' => 1,
#   'log4perl.category.W.truck.debug.9' => -5,
#   'log4perl.category.W.truck.warn.8' => 5,
#   'log4perl.category.X.truck.debug.9' => -5,
#   'log4perl.category.X.truck.warn.8' => 5,
#   'log4perl.category.Y.truck.debug.9' => -5,
#   'log4perl.category.Y.truck.warn.8' => 5,
#   'log4perl.category.Z.truck.debug.9' => -5,
#   'log4perl.category.Z.truck.warn.8' => 5,
#   'log4perl.category.main.main.info.81' => 5,
#   'log4perl.category.main.main.warn.80' => 5
# }
# (15:01:09.884) Log.Log4perl.AutoCategorize.END.info.322: UnSeen Log Events:, {}
# (15:01:09.884) Log.Log4perl.AutoCategorize.END.info.322: cat2data:, {
#   'W.truck.debug.9' => 'debug_00008',
#   'W.truck.warn.8' => 'warn_00007',
#   'X.truck.debug.9' => 'debug_00002',
#   'X.truck.warn.8' => 'warn_00001',
#   'Y.truck.debug.9' => 'debug_00004',
#   'Y.truck.warn.8' => 'warn_00003',
#   'Z.truck.debug.9' => 'debug_00006',
#   'Z.truck.warn.8' => 'warn_00005',
#   'main.main.info.81' => 'info',
#   'main.main.warn.80' => 'warn'
# }
# '
#     doesn't match '(?^ms:\'log4perl\.category\.Z\.truck\.debug\.9\'\ \=\>\ \'\-5\')'
# Looks like you failed 41 tests of 644.
t/10_multi_pack.t .... 
Dubious, test returned 41 (wstat 10496, 0x2900)
Failed 41/644 subtests 
# deleting test output files: out.01_use.cover
# out.02_basic.cover
# out.04_subclass
# out.04_subclass.cover
# out.07_coexist
# out.07_coexist.cover
# out.09_coexist_easy
# out.09_coexist_easy.cover
# out.09_coexist_easy_easyout
# out.basic.stderr
# out.basic.stdout
# out.dflt_stdout.cover
# out.multi_pack.ab
# out.multi_pack.ac
# out.multi_pack.ad
# out.multi_pack.ae
# out.multi_pack.af
# out.multi_pack.ag
# out.multi_pack.ah
# out.multi_pack.ai
# out.multi_pack.aj
# out.multi_pack.ak
# out.multi_pack.al
# out.multi_pack.am
# out.multi_pack.an
# out.multi_pack.ao
# out.multi_pack.ap
# out.multi_pack.aq
# out.multi_pack.ar
# out.multi_pack.as
# out.multi_pack.at
# out.multi_pack.au
# out.multi_pack.av
# out.multi_pack.cover.ab
# out.multi_pack.cover.ac
# out.multi_pack.cover.ad
# out.multi_pack.cover.ae
# out.multi_pack.cover.af
# out.multi_pack.cover.ag
# out.multi_pack.cover.ah
# out.multi_pack.cover.ai
# out.multi_pack.cover.aj
# out.multi_pack.cover.ak
# out.multi_pack.cover.al
# out.multi_pack.cover.am
# out.multi_pack.cover.an
# out.multi_pack.cover.ao
# out.multi_pack.cover.ap
# out.multi_pack.cover.aq
# out.multi_pack.cover.ar
# out.multi_pack.cover.as
# out.multi_pack.cover.at
# out.multi_pack.cover.au
# out.multi_pack.cover.av
# out.options.err
# out.options.std
# out.options_more.err
# out.options_more.std
# out.tconf_file
# out.tconf_file.cover
# out.tconf_file.stderr
# out.tinitstr
# out.tinitstr.cover
# out.tinitstr.stderr
t/99_cleanup.t ....... ok

Test Summary Report
-------------------
t/02_basic.t       (Wstat: 1792 Tests: 25 Failed: 7)
  Failed tests:  14-18, 24-25
  Non-zero exit status: 7
t/03_options.t     (Wstat: 768 Tests: 10 Failed: 3)
  Failed tests:  7-9
  Non-zero exit status: 3
t/05_initstr.t     (Wstat: 256 Tests: 12 Failed: 1)
  Failed test:  10
  Non-zero exit status: 1
t/06_conf_file.t   (Wstat: 768 Tests: 9 Failed: 3)
  Failed tests:  7-9
  Non-zero exit status: 3
t/10_multi_pack.t  (Wstat: 10496 Tests: 644 Failed: 41)
  Failed tests:  26, 28, 57, 59, 88, 90, 119, 121, 150, 152
                181, 183, 212, 214, 243, 245, 274, 276
                305, 307, 336, 338, 367, 369, 393, 417
                441, 465, 489, 513, 547, 549, 551, 590
                592, 594, 596, 635, 637, 639, 641
  Non-zero exit status: 41
Files=11, Tests=833,  7 wallclock secs ( 0.14 usr  0.02 sys +  3.31 cusr  0.28 csys =  3.75 CPU)
Result: FAIL
Failed 5/11 test programs. 55/833 subtests failed.

------------------------------
PREREQUISITES
------------------------------

Prerequisite modules loaded:

requires:

    Module      Need   Have    
    ----------- ------ --------
    B::Generate 0      1.39    
    optimizer   0      0.07    
    perl        v5.8.0 5.014002


------------------------------
ENVIRONMENT AND OTHER CONTEXT
------------------------------

Environment variables:

    AUTOMATED_TESTING = 1
    LANG = C
    LANGUAGE = en_GB:en
    LC_ALL = C
    PATH = /home/bri/bin:/home/bri/perl5/perlbrew/bin:/home/bri/perl5/perlbrew/perls/perl-5.14.2/bin:~/bin:/usr/local/sbin:/usr/local/bin:/usr/sbin:/usr/bin:/sbin:/bin:/usr/games
    PATH_WITHOUT_PERLBREW = ~/bin:/usr/local/sbin:/usr/local/bin:/usr/sbin:/usr/bin:/sbin:/bin:/usr/games
    PERL5LIB = 
    PERL5OPT = 
    PERL5_CPANPLUS_IS_RUNNING = 6087
    PERL5_CPAN_IS_RUNNING = 6087
    PERL5_CPAN_IS_RUNNING_IN_RECURSION = 1889,6087
    PERLBREW_BASHRC_VERSION = 0.33
    PERLBREW_HOME = /home/bri/.perlbrew
    PERLBREW_PATH = /home/bri/perl5/perlbrew/bin:/home/bri/perl5/perlbrew/perls/perl-5.14.2/bin
    PERLBREW_PERL = perl-5.14.2
    PERLBREW_ROOT = /home/bri/perl5/perlbrew
    PERLBREW_VERSION = 0.33
    PERL_CPANM_OPT = --prompt --mirror http://172.16.1.3/cpan/
    PERL_CR_SMOKER_CURRENT = Log-Log4perl-AutoCategorize-0.03
    PERL_EXTUTILS_AUTOINSTALL = --defaultdeps
    PERL_MM_USE_DEFAULT = 1
    SHELL = /bin/bash
    TERM = linux

Perl special variables (and OS-specific diagnostics, for MSWin32):

    $^X = /home/bri/perl5/perlbrew/perls/perl-5.14.2/bin/perl5.14.2
    $UID/$EUID = 1000 / 1000
    $GID = 1000 4 20 24 46 112 120 122 1000
    $EGID = 1000 4 20 24 46 112 120 122 1000

Perl module toolchain versions installed:

    Module              Have    
    ------------------- --------
    CPAN                1.9800  
    CPAN::Meta          2.112621
    Cwd                 3.33    
    ExtUtils::CBuilder  0.280202
    ExtUtils::Command   1.17    
    ExtUtils::Install   1.52    
    ExtUtils::MakeMaker 6.63_02 
    ExtUtils::Manifest  1.60    
    ExtUtils::ParseXS   3.05    
    File::Spec          3.33    
    JSON                2.53    
    JSON::PP            2.27008 
    Module::Build       0.3800  
    Module::Signature   n/a     
    Parse::CPAN::Meta   1.4401  
    Test::Harness       3.23    
    Test::More          0.98    
    YAML                0.77    
    YAML::Syck          1.19    
    version             0.95    


--

Summary of my perl5 (revision 5 version 14 subversion 2) configuration:
   
  Platform:
    osname=linux, osvers=2.6.38-11-generic, archname=i686-linux
    uname='linux lappy 2.6.38-11-generic #48-ubuntu smp fri jul 29 19:05:14 utc 2011 i686 i686 i386 gnulinux '
    config_args='-de -Dprefix=/home/bri/perl5/perlbrew/perls/perl-5.14.2'
    hint=recommended, useposix=true, d_sigaction=define
    useithreads=undef, usemultiplicity=undef
    useperlio=define, d_sfio=undef, uselargefiles=define, usesocks=undef
    use64bitint=undef, use64bitall=undef, uselongdouble=undef
    usemymalloc=n, bincompat5005=undef
  Compiler:
    cc='cc', ccflags ='-fno-strict-aliasing -pipe -fstack-protector -I/usr/local/include -D_LARGEFILE_SOURCE -D_FILE_OFFSET_BITS=64',
    optimize='-O2',
    cppflags='-fno-strict-aliasing -pipe -fstack-protector -I/usr/local/include'
    ccversion='', gccversion='4.5.2', gccosandvers=''
    intsize=4, longsize=4, ptrsize=4, doublesize=8, byteorder=1234
    d_longlong=define, longlongsize=8, d_longdbl=define, longdblsize=12
    ivtype='long', ivsize=4, nvtype='double', nvsize=8, Off_t='off_t', lseeksize=8
    alignbytes=4, prototype=define
  Linker and Libraries:
    ld='cc', ldflags =' -fstack-protector -L/usr/local/lib'
    libpth=/usr/local/lib /lib /usr/lib /usr/lib/i386-linux-gnu /usr/lib64
    libs=-lnsl -ldl -lm -lcrypt -lutil -lc
    perllibs=-lnsl -ldl -lm -lcrypt -lutil -lc
    libc=, so=so, useshrplib=false, libperl=libperl.a
    gnulibc_version='2.13'
  Dynamic Linking:
    dlsrc=dl_dlopen.xs, dlext=so, d_dlsymun=undef, ccdlflags='-Wl,-E'
    cccdlflags='-fPIC', lddlflags='-shared -O2 -L/usr/local/lib -fstack-protector'


Characteristics of this binary (from libperl): 
  Compile-time options: PERL_DONT_CREATE_GVSV PERL_MALLOC_WRAP
                        PERL_PRESERVE_IVUV USE_LARGE_FILES USE_PERLIO
                        USE_PERL_ATOF
  Built under linux
  Compiled at Nov 15 2011 23:23:28
  %ENV:
    PERL5LIB=""
    PERL5OPT=""
    PERL5_CPANPLUS_IS_RUNNING="6087"
    PERL5_CPAN_IS_RUNNING="6087"
    PERL5_CPAN_IS_RUNNING_IN_RECURSION="1889,6087"
    PERLBREW_BASHRC_VERSION="0.33"
    PERLBREW_HOME="/home/bri/.perlbrew"
    PERLBREW_PATH="/home/bri/perl5/perlbrew/bin:/home/bri/perl5/perlbrew/perls/perl-5.14.2/bin"
    PERLBREW_PERL="perl-5.14.2"
    PERLBREW_ROOT="/home/bri/perl5/perlbrew"
    PERLBREW_VERSION="0.33"
    PERL_CPANM_OPT="--prompt --mirror http://172.16.1.3/cpan/"
    PERL_CR_SMOKER_CURRENT="Log-Log4perl-AutoCategorize-0.03"
    PERL_EXTUTILS_AUTOINSTALL="--defaultdeps"
    PERL_MM_USE_DEFAULT="1"
  @INC:
    /home/bri/perl5/perlbrew/perls/perl-5.14.2/lib/site_perl/5.14.2/i686-linux
    /home/bri/perl5/perlbrew/perls/perl-5.14.2/lib/site_perl/5.14.2
    /home/bri/perl5/perlbrew/perls/perl-5.14.2/lib/5.14.2/i686-linux
    /home/bri/perl5/perlbrew/perls/perl-5.14.2/lib/5.14.2
    .