Report for ExtUtils-CChecker-0.09

Back
From: metabase:user:30f4dfbe-2aae-11df-837a-5e0a49663a4f
Subject: FAIL ExtUtils-CChecker-0.09 v5.12.0 SunOS/Solaris
Date: 2014-01-15T19:48:18Z

This distribution has been tested as part of the CPAN Testers
project, supporting the Perl programming language.  See
http://wiki.cpantesters.org/ for more information or email
questions to cpan-testers-discuss@perl.org


--
Dear Paul Evans,

This is a computer-generated report for ExtUtils-CChecker-0.09
on perl 5.12.0, created by CPAN-Reporter-1.2010.

Thank you for uploading your work to CPAN.  However, there was a problem
testing your distribution.

If you think this report is invalid, please consult the CPAN Testers Wiki
for suggestions on how to avoid getting FAIL reports for missing library
or binary dependencies, unsupported operating systems, and so on:

http://wiki.cpantesters.org/wiki/CPANAuthorNotes

Sections of this report:

    * Tester comments
    * Program output
    * Prerequisites
    * Environment and other context

------------------------------
TESTER COMMENTS
------------------------------

Additional comments from tester:

this report is from an automated smoke testing program
and was not reviewed by a human for accuracy

------------------------------
PROGRAM OUTPUT
------------------------------

Output from './Build test':

t/00use.t ........... ok
Can't exec "cc": No such file or directory at /home/njh/perl5/perlbrew/perls/perl-5.12.0/lib/site_perl/5.12.0/ExtUtils/CBuilder/Base.pm line 322.

#   Failed test 'Trivial C program compiles and runs'
#   at t/01run.t line 13.
Can't exec "cc": No such file or directory at /home/njh/perl5/perlbrew/perls/perl-5.12.0/lib/site_perl/5.12.0/ExtUtils/CBuilder/Base.pm line 322.
Can't exec "cc": No such file or directory at /home/njh/perl5/perlbrew/perls/perl-5.12.0/lib/site_perl/5.12.0/ExtUtils/CBuilder/Base.pm line 322.

#   Failed test 'source named argument'
#   at t/01run.t line 16.
Can't exec "cc": No such file or directory at /home/njh/perl5/perlbrew/perls/perl-5.12.0/lib/site_perl/5.12.0/ExtUtils/CBuilder/Base.pm line 322.

#   Failed test 'HAVE_C defined'
#   at t/01run.t line 23.
#     Structures begin differing at:
#          $got->[0] = Does not exist
#     $expected->[0] = '-DHAVE_C'
# Looks like you failed 3 tests of 6.
t/01run.t ........... 
Dubious, test returned 3 (wstat 768, 0x300)
Failed 3/6 subtests 
Can't exec "cc": No such file or directory at /home/njh/perl5/perlbrew/perls/perl-5.12.0/lib/site_perl/5.12.0/ExtUtils/CBuilder/Base.pm line 322.

#   Failed test 'Trivial C program'
#   at t/02assert.t line 13.
Can't exec "cc": No such file or directory at /home/njh/perl5/perlbrew/perls/perl-5.12.0/lib/site_perl/5.12.0/ExtUtils/CBuilder/Base.pm line 322.
# Looks like you failed 1 test of 2.
t/02assert.t ........ 
Dubious, test returned 1 (wstat 256, 0x100)
Failed 1/2 subtests 
t/03accessors.t ..... ok
t/04module_build.t .. ok
Can't exec "cc": No such file or directory at /home/njh/perl5/perlbrew/perls/perl-5.12.0/lib/site_perl/5.12.0/ExtUtils/CBuilder/Base.pm line 322.

#   Failed test 'test-config.h exists'
#   at t/05defines_to.t line 24.
Cannot read test-config.h - No such file or directory at t/05defines_to.t line 26.
# Looks like you planned 5 tests but ran 4.
# Looks like you failed 1 test of 4 run.
# Looks like your test exited with 2 just after 4.
t/05defines_to.t .... 
Dubious, test returned 2 (wstat 512, 0x200)
Failed 2/5 subtests 
t/99pod.t ........... ok

Test Summary Report
-------------------
t/01run.t         (Wstat: 768 Tests: 6 Failed: 3)
  Failed tests:  3, 5-6
  Non-zero exit status: 3
t/02assert.t      (Wstat: 256 Tests: 2 Failed: 1)
  Failed test:  1
  Non-zero exit status: 1
t/05defines_to.t  (Wstat: 512 Tests: 4 Failed: 1)
  Failed test:  4
  Non-zero exit status: 2
  Parse errors: Bad plan.  You planned 5 tests but ran 4.
Files=7, Tests=24,  2 wallclock secs ( 0.05 usr  0.04 sys +  1.25 cusr  0.34 csys =  1.68 CPU)
Result: FAIL
Failed 3/7 test programs. 5/24 subtests failed.

------------------------------
PREREQUISITES
------------------------------

Prerequisite modules loaded:

requires:

    Module             Need Have    
    ------------------ ---- --------
    ExtUtils::CBuilder 0    0.280205

build_requires:

    Module             Need Have    
    ------------------ ---- --------
    Module::Build      0    0.4003  
    Test::Fatal        0    0.010   
    Test::More         0    0.98    


------------------------------
ENVIRONMENT AND OTHER CONTEXT
------------------------------

Environment variables:

    AUTOMATED_TESTING = 1
    PATH = /home/njh/perl5/perlbrew/bin:/home/njh/perl5/perlbrew/perls/perl-5.12.0/bin:/usr/bin:
    PERL5LIB = /home/njh/.cpan/build/Alien-Base-0.003-KLciRR/blib/arch:/home/njh/.cpan/build/Alien-Base-0.003-KLciRR/blib/lib:/home/njh/.cpan/build/File-ShareDir-1.03-OxgQ0p/blib/arch:/home/njh/.cpan/build/File-ShareDir-1.03-OxgQ0p/blib/lib:/home/njh/.cpan/build/HTTP-Tiny-0.039-4PciIL/blib/arch:/home/njh/.cpan/build/HTTP-Tiny-0.039-4PciIL/blib/lib
    PERL5OPT = 
    PERL5_CPANPLUS_IS_RUNNING = 12607
    PERL5_CPAN_IS_RUNNING = 12607
    PERL5_MINISMOKEBOX = 0.54
    PERLBREW_MANPATH = /home/njh/perl5/perlbrew/perls/perl-5.12.0/man
    PERLBREW_PATH = /home/njh/perl5/perlbrew/bin:/home/njh/perl5/perlbrew/perls/perl-5.12.0/bin
    PERLBREW_PERL = perl-5.12.0
    PERLBREW_ROOT = /home/njh/perl5/perlbrew
    PERLBREW_VERSION = 0.66
    PERL_EXTUTILS_AUTOINSTALL = --defaultdeps
    PERL_MM_USE_DEFAULT = 1
    SHELL = /usr/bin/sh

Perl special variables (and OS-specific diagnostics, for MSWin32):

    $^X = /home/njh/perl5/perlbrew/perls/perl-5.12.0/bin/perl
    $UID/$EUID = 1000 / 1000
    $GID = 1000 1000 10
    $EGID = 1000 1000 10

Perl module toolchain versions installed:

    Module              Have    
    ------------------- --------
    CPAN                1.9800  
    CPAN::Meta          broken  
    Cwd                 3.31    
    ExtUtils::CBuilder  0.280205
    ExtUtils::Command   1.17    
    ExtUtils::Install   1.55    
    ExtUtils::MakeMaker 6.62    
    ExtUtils::Manifest  1.61    
    ExtUtils::ParseXS   3.15    
    File::Spec          3.31    
    JSON                2.53    
    JSON::PP            2.27200 
    Module::Build       0.4003  
    Module::Signature   n/a     
    Parse::CPAN::Meta   1.4404  
    Test::Harness       3.25    
    Test::More          0.98    
    YAML                0.84    
    YAML::Syck          1.22    
    version             0.9901  


--

Summary of my perl5 (revision 5 version 12 subversion 0) configuration:
   
  Platform:
    osname=solaris, osvers=2.11, archname=i86pc-solaris-thread-multi
    uname='sunos solaris 5.11 11.0 i86pc i386 i86pc '
    config_args='-de -Dprefix=/home/njh/perl5/perlbrew/perls/perl-5.12.0 -Duseithreads -Dusemultiplicity -Accflags=-O -v -xstrconst -D__EXTENSIONS__ -I/usr/local/include -native -Aeval:scriptdir=/home/njh/perl5/perlbrew/perls/perl-5.12.0/bin'
    hint=recommended, useposix=true, d_sigaction=define
    useithreads=define, usemultiplicity=define
    useperlio=define, d_sfio=undef, uselargefiles=define, usesocks=undef
    use64bitint=undef, use64bitall=undef, uselongdouble=undef
    usemymalloc=n, bincompat5005=undef
  Compiler:
    cc='cc', ccflags ='-D_REENTRANT -O -v -xstrconst -D__EXTENSIONS__ -I/usr/local/include -native -D_LARGEFILE_SOURCE -D_FILE_OFFSET_BITS=64 -DPERL_USE_SAFE_PUTENV',
    optimize='-O',
    cppflags='-D_REENTRANT -O -v -xstrconst -D__EXTENSIONS__ -I/usr/local/include -native'
    ccversion='Sun C 5.12 SunOS_i386 2011/11/16', gccversion='', gccosandvers=''
    intsize=4, longsize=4, ptrsize=4, doublesize=8, byteorder=1234
    d_longlong=define, longlongsize=8, d_longdbl=define, longdblsize=12
    ivtype='long', ivsize=4, nvtype='double', nvsize=8, Off_t='off_t', lseeksize=8
    alignbytes=4, prototype=define
  Linker and Libraries:
    ld='cc', ldflags =' -L/usr/lib -L/usr/ccs/lib -L/opt/solarisstudio12.3/prod/lib -L/lib -L/usr/gnu/lib '
    libpth=/usr/lib /usr/ccs/lib /opt/solarisstudio12.3/prod/lib /lib /usr/gnu/lib
    libs=-lsocket -lnsl -lgdbm -ldl -lm -lpthread -lc
    perllibs=-lsocket -lnsl -ldl -lm -lpthread -lc
    libc=/lib/libc.so, so=so, useshrplib=false, libperl=libperl.a
    gnulibc_version=''
  Dynamic Linking:
    dlsrc=dl_dlopen.xs, dlext=so, d_dlsymun=undef, ccdlflags=' '
    cccdlflags='-KPIC', lddlflags='-G -L/usr/lib -L/usr/ccs/lib -L/opt/solarisstudio12.3/prod/lib -L/lib -L/usr/gnu/lib'


Characteristics of this binary (from libperl): 
  Compile-time options: MULTIPLICITY PERL_DONT_CREATE_GVSV
                        PERL_IMPLICIT_CONTEXT PERL_MALLOC_WRAP
                        PERL_USE_SAFE_PUTENV USE_ITHREADS USE_LARGE_FILES
                        USE_PERLIO USE_PERL_ATOF USE_REENTRANT_API
  Built under solaris
  Compiled at Aug  6 2012 09:39:03
  %ENV:
    PERL5LIB="/home/njh/.cpan/build/Alien-Base-0.003-KLciRR/blib/arch:/home/njh/.cpan/build/Alien-Base-0.003-KLciRR/blib/lib:/home/njh/.cpan/build/File-ShareDir-1.03-OxgQ0p/blib/arch:/home/njh/.cpan/build/File-ShareDir-1.03-OxgQ0p/blib/lib:/home/njh/.cpan/build/HTTP-Tiny-0.039-4PciIL/blib/arch:/home/njh/.cpan/build/HTTP-Tiny-0.039-4PciIL/blib/lib"
    PERL5OPT=""
    PERL5_CPANPLUS_IS_RUNNING="12607"
    PERL5_CPAN_IS_RUNNING="12607"
    PERL5_MINISMOKEBOX="0.54"
    PERLBREW_MANPATH="/home/njh/perl5/perlbrew/perls/perl-5.12.0/man"
    PERLBREW_PATH="/home/njh/perl5/perlbrew/bin:/home/njh/perl5/perlbrew/perls/perl-5.12.0/bin"
    PERLBREW_PERL="perl-5.12.0"
    PERLBREW_ROOT="/home/njh/perl5/perlbrew"
    PERLBREW_VERSION="0.66"
    PERL_EXTUTILS_AUTOINSTALL="--defaultdeps"
    PERL_MM_USE_DEFAULT="1"
  @INC:
    /home/njh/.cpan/build/Alien-Base-0.003-KLciRR/blib/arch
    /home/njh/.cpan/build/Alien-Base-0.003-KLciRR/blib/lib
    /home/njh/.cpan/build/File-ShareDir-1.03-OxgQ0p/blib/arch
    /home/njh/.cpan/build/File-ShareDir-1.03-OxgQ0p/blib/lib
    /home/njh/.cpan/build/HTTP-Tiny-0.039-4PciIL/blib/arch
    /home/njh/.cpan/build/HTTP-Tiny-0.039-4PciIL/blib/lib
    /home/njh/perl5/perlbrew/perls/perl-5.12.0/lib/site_perl/5.12.0/i86pc-solaris-thread-multi
    /home/njh/perl5/perlbrew/perls/perl-5.12.0/lib/site_perl/5.12.0
    /home/njh/perl5/perlbrew/perls/perl-5.12.0/lib/5.12.0/i86pc-solaris-thread-multi
    /home/njh/perl5/perlbrew/perls/perl-5.12.0/lib/5.12.0
    .