Back
From: metabase:user:30ae4450-2aae-11df-837a-5e0a49663a4f
Subject: FAIL Log-Localized-0.05 v5.16.2
Date: 2013-01-01T13:32:26Z
This distribution has been tested as part of the CPAN Testers
project, supporting the Perl programming language. See
http://wiki.cpantesters.org/ for more information or email
questions to cpan-testers-discuss@perl.org
--
Dear Erwan Lemonnier,
This is a computer-generated report for Log-Localized-0.05
on perl 5.16.2, created by CPAN-Reporter-1.2009.
Thank you for uploading your work to CPAN. However, there was a problem
testing your distribution.
If you think this report is invalid, please consult the CPAN Testers Wiki
for suggestions on how to avoid getting FAIL reports for missing library
or binary dependencies, unsupported operating systems, and so on:
http://wiki.cpantesters.org/wiki/CPANAuthorNotes
Sections of this report:
* Tester comments
* Program output
* Prerequisites
* Environment and other context
------------------------------
TESTER COMMENTS
------------------------------
Additional comments from tester:
this report is from an automated smoke testing program
and was not reviewed by a human for accuracy
------------------------------
PROGRAM OUTPUT
------------------------------
Output from 'C:\strawberry5162\c\bin\dmake.exe test':
C:\strawberry5162\perl\bin\perl.exe "-MExtUtils::Command::MM" "-e" "test_harness(0, 'blib\lib', 'blib\arch')" t/*.t
t/01_test_logging_off.t .............. ok
# [Log::Localized::llog() l.434] [LEVEL 1]: found no verbosity rules file in search path [.,C:\Documents and Settings\c,/]
# [Log::Localized::llog() l.434] [LEVEL 2]: running program is [02_test_global_switch_on.t]
# [Log::Localized::_init_dispatchers() l.284] [LEVEL 1]: using default dispatcher to stdout
# [main::main() l.44] [LEVEL 0]: called mark_log_called
# [main::main() l.46] [LEVEL 1]: called mark_log_called
# [main::main() l.48] [LEVEL 2]: called mark_log_called
# [main::test1() l.33] [LEVEL 0]: called mark_log_called
# [main::test1() l.33] [LEVEL 1]: called mark_log_called
# [main::test1() l.33] [LEVEL 2]: called mark_log_called
# [main::test2() l.38] [LEVEL 0]: called mark_log_called
# [main::test2() l.38] [LEVEL 1]: called mark_log_called
# [main::test2() l.38] [LEVEL 2]: called mark_log_called
# [Foo::test1() l.20] [LEVEL 0]: called mark_log_called
# [Foo::test1() l.20] [LEVEL 1]: called mark_log_called
# [Foo::test1() l.20] [LEVEL 2]: called mark_log_called
# [Foo::test2() l.25] [LEVEL 0]: called mark_log_called
# [Foo::test2() l.25] [LEVEL 1]: called mark_log_called
# [Foo::test2() l.25] [LEVEL 2]: called mark_log_called
# [Foo::Bar::test1() l.20] [LEVEL 0]: called mark_log_called
# [Foo::Bar::test1() l.20] [LEVEL 1]: called mark_log_called
# [Foo::Bar::test1() l.20] [LEVEL 2]: called mark_log_called
# [Foo::Bar::test2() l.25] [LEVEL 0]: called mark_log_called
# [Foo::Bar::test2() l.25] [LEVEL 1]: called mark_log_called
# [Foo::Bar::test2() l.25] [LEVEL 2]: called mark_log_called
t/02_test_global_switch_on.t ......... ok
# [main::main() l.57] [LEVEL 0]: called mark_log_called
# [main::main() l.59] [LEVEL 1]: called mark_log_called
# [main::main() l.61] [LEVEL 2]: called mark_log_called
# [main::test1() l.46] [LEVEL 0]: called mark_log_called
# [main::test1() l.46] [LEVEL 1]: called mark_log_called
# [main::test1() l.46] [LEVEL 2]: called mark_log_called
# [main::test2() l.51] [LEVEL 0]: called mark_log_called
# [main::test2() l.51] [LEVEL 1]: called mark_log_called
# [main::test2() l.51] [LEVEL 2]: called mark_log_called
# [main::test2() l.51] [LEVEL 3]: called mark_log_called
# [main::test2() l.51] [LEVEL 4]: called mark_log_called
# [Foo::test1() l.20] [LEVEL 0]: called mark_log_called
# [Foo::test1() l.20] [LEVEL 1]: called mark_log_called
# [Foo::test1() l.20] [LEVEL 2]: called mark_log_called
# [Foo::test1() l.20] [LEVEL 3]: called mark_log_called
# [Foo::test2() l.25] [LEVEL 0]: called mark_log_called
# [Foo::Bar::test1() l.20] [LEVEL 0]: called mark_log_called
# [Foo::Bar::test1() l.20] [LEVEL 1]: called mark_log_called
# [Foo::Bar::test2() l.25] [LEVEL 0]: called mark_log_called
# [Foo::Bar::test2() l.25] [LEVEL 1]: called mark_log_called
t/03_test_verbosity_rules.t .......... ok
# [main::main() l.55] [LEVEL 0]: called mark_log_called
# [main::test1() l.44] [LEVEL 0]: called mark_log_called
# [main::test2() l.49] [LEVEL 0]: called mark_log_called
# [main::test2() l.49] [LEVEL 1]: called mark_log_called
# [main::test2() l.49] [LEVEL 2]: called mark_log_called
# [main::test2() l.49] [LEVEL 3]: called mark_log_called
# [main::test2() l.49] [LEVEL 4]: called mark_log_called
# [Foo::test1() l.20] [LEVEL 0]: called mark_log_called
# [Foo::test1() l.20] [LEVEL 1]: called mark_log_called
# [Foo::test1() l.20] [LEVEL 2]: called mark_log_called
# [Foo::test1() l.20] [LEVEL 3]: called mark_log_called
# [Foo::test2() l.25] [LEVEL 0]: called mark_log_called
# [Foo::test2() l.25] [LEVEL 1]: called mark_log_called
# [Foo::test2() l.25] [LEVEL 2]: called mark_log_called
# [Foo::test2() l.25] [LEVEL 3]: called mark_log_called
# [Foo::Bar::test1() l.20] [LEVEL 0]: called mark_log_called
# [Foo::Bar::test1() l.20] [LEVEL 1]: called mark_log_called
# [Foo::Bar::test2() l.25] [LEVEL 0]: called mark_log_called
# [Foo::Bar::test2() l.25] [LEVEL 1]: called mark_log_called
# [Foo::Bar::test2() l.25] [LEVEL 2]: called mark_log_called
# [Foo::Bar::test2() l.25] [LEVEL 3]: called mark_log_called
t/04_test_verbosity_rules_bis.t ...... ok
t/05_test_parsing_rules.t ............ ok
# [main::main() l.34] [LEVEL 0]: called mark_log_called
# [main::main() l.43] [LEVEL 0]: called mark_log_called
# [main::main() l.45] [LEVEL 1]: called mark_log_called
# [main::main() l.47] [LEVEL 2]: called mark_log_called
# [main::main() l.49] [LEVEL 3]: called mark_log_called
# [main::main() l.58] [LEVEL 0]: called mark_log_called
t/06_test_log_localized_verbosity.t .. ok
t/07_test_get_search_path.t .......... ok
t/08_test_program_name.t ............. ok
t/10_test_option_dispatchers.t ....... ok
t/11_test_option_format.t ............ ok
t/12_test_option_rules.t ............. ok
# Failed test 'checking that rules were properly loaded'
# at t/13_test_option_path.t line 61.
# Structures begin differing at:
# $got->{main::test2} = Does not exist
# $expected->{main::test2} = '4'
"rm" ¥ ï¥âáï ¢ãâ॥© ¨«¨ ¢¥è¥©
ª®¬ ¤®©, ¨á¯®«ï¥¬®© ¯à®£à ¬¬®© ¨«¨ ¯ ª¥âë¬ ä ©«®¬.
# Looks like you failed 1 test of 2.
t/13_test_option_path.t ..............
Dubious, test returned 1 (wstat 256, 0x100)
Failed 1/2 subtests
# [main::main() l.28] [LEVEL 1]: called mark_log_called
t/14_test_option_rename.t ............ ok
# [main::main() l.35] [LEVEL 0]: called mark_log_called
# [main::main() l.37] [LEVEL 1]: called mark_log_called
# [main::main() l.39] [LEVEL 2]: called mark_log_called
# [main::main() l.41] [LEVEL 3]: called mark_log_called
# [Foo::Bar::test1() l.20] [LEVEL 0]: called mark_log_called
# [Foo::Bar::test1() l.20] [LEVEL 1]: called mark_log_called
# [Foo::Bar::test1() l.20] [LEVEL 2]: called mark_log_called
# [Foo::Bar::test1() l.20] [LEVEL 3]: called mark_log_called
t/15_test_option_global_verbosity.t .. ok
# [main::main() l.22] [LEVEL 0]: called mark_log_called
t/20_test_param_log.t ................ ok
t/21_test_param_rules.t .............. ok
# [main::main() l.29] [LEVEL 0]: called mark_log_called
t/22_test_param_rename.t ............. ok
# [Log::Localized::llog() l.434] [LEVEL 1]: found no verbosity rules file in search path [.,C:\Documents and Settings\c,/]
# [Log::Localized::llog() l.434] [LEVEL 2]: running program is [30_test_class_variable_level.t]
# [Log::Localized::_init_dispatchers() l.284] [LEVEL 1]: using default dispatcher to stdout
# [main::main() l.28] [LEVEL 0]: ok
# [main::main() l.29] [LEVEL 1]: ok
# [main::main() l.30] [LEVEL 2]: ok
t/30_test_class_variable_level.t ..... ok
t/40_test_errors.t ................... ok
# [Log::Localized::llog() l.434] [LEVEL 1]: found no verbosity rules file in search path [.,C:\Documents and Settings\c,/]
# [Log::Localized::_init_dispatchers() l.284] [LEVEL 1]: using default dispatcher to stdout
# [main::warnings_like() l.32] [LEVEL 0]: test
t/41_test_warnings.t ................. ok
t/pod-coverage.t ..................... ok
t/pod.t .............................. ok
Test Summary Report
-------------------
t/13_test_option_path.t (Wstat: 256 Tests: 2 Failed: 1)
Failed test: 2
Non-zero exit status: 1
Files=22, Tests=231, 6 wallclock secs ( 0.03 usr + 0.12 sys = 0.15 CPU)
Result: FAIL
Failed 1/22 test programs. 1/231 subtests failed.
dmake.exe: Error code 255, while making 'test_dynamic'
------------------------------
PREREQUISITES
------------------------------
Prerequisite modules loaded:
requires:
Module Need Have
--------------------- ---- -------
Config::Tiny 2.01 2.14
File::HomeDir 0.06 1.00
File::Spec 0.86 3.39_02
Log::Dispatch 2.1 2.34
Log::Dispatch::Config 1.01 1.04
Log::Dispatch::Screen 1.01 2.34
build_requires:
Module Need Have
--------------------- ---- -------
ExtUtils::MakeMaker 0 6.63_02
------------------------------
ENVIRONMENT AND OTHER CONTEXT
------------------------------
Environment variables:
AUTOMATED_TESTING = 1
COMSPEC = C:\WINDOWS\system32\cmd.exe
NUMBER_OF_PROCESSORS = 1
PATH = C:\Program Files\Far Manager\;C:\P\ImageMagick-6.8.0-Q8;C:\WINDOWS\system32;C:\WINDOWS;C:\WINDOWS\System32\Wbem;C:\strawberry5162\c\bin;C:\strawberry5162\perl\site\bin;C:\strawberry5162\perl\bin
PERL5LIB =
PERL5OPT =
PERL5_CPANPLUS_IS_RUNNING = 928
PERL5_CPAN_IS_RUNNING = 928
PERL5_CPAN_IS_RUNNING_IN_RECURSION = 1160,928
PERL_CR_SMOKER_CURRENT = Log-Localized-0.05
PERL_EXTUTILS_AUTOINSTALL = --defaultdeps
PERL_MM_USE_DEFAULT = 1
PROCESSOR_IDENTIFIER = x86 Family 16 Model 5 Stepping 3, AuthenticAMD
TEMP = C:\DOCUME~1\c\LOCALS~1\Temp
TERM = dumb
Perl special variables (and OS-specific diagnostics, for MSWin32):
$^X = C:\strawberry5162\perl\bin\perl.exe
$UID/$EUID = 0 / 0
$GID = 0
$EGID = 0
Win32::GetOSName = WinXP/.Net
Win32::GetOSVersion = Service Pack 3, 5, 1, 2600, 2, 3, 0, 256, 1
Win32::FsType = NTFS
Win32::IsAdminUser = 1
Perl module toolchain versions installed:
Module Have
------------------- --------
CPAN 1.9800
CPAN::Meta 2.120921
Cwd 3.39_02
ExtUtils::CBuilder 0.280206
ExtUtils::Command 1.17
ExtUtils::Install 1.58
ExtUtils::MakeMaker 6.63_02
ExtUtils::Manifest 1.61
ExtUtils::ParseXS 3.16
File::Spec 3.39_02
JSON 2.53
JSON::PP 2.27200
Module::Build 0.4003
Module::Signature 0.68
Parse::CPAN::Meta 1.4404
Test::Harness 3.25
Test::More 0.98
YAML 0.84
YAML::Syck 1.22
version 0.9901
--
Summary of my perl5 (revision 5 version 16 subversion 2) configuration:
Platform:
osname=MSWin32, osvers=4.0, archname=MSWin32-x86-multi-thread
uname='Win32 strawberry-perl 5.16.2.1 #1 Fri Nov 2 00:33:54 2012 i386'
config_args='undef'
hint=recommended, useposix=true, d_sigaction=undef
useithreads=define, usemultiplicity=define
useperlio=define, d_sfio=undef, uselargefiles=define, usesocks=undef
use64bitint=undef, use64bitall=undef, uselongdouble=undef
usemymalloc=n, bincompat5005=undef
Compiler:
cc='gcc', ccflags =' -s -O2 -DWIN32 -DPERL_TEXTMODE_SCRIPTS -DPERL_IMPLICIT_CONTEXT -DPERL_IMPLICIT_SYS -fno-strict-aliasing -mms-bitfields',
optimize='-s -O2',
cppflags='-DWIN32'
ccversion='', gccversion='4.6.3', gccosandvers=''
intsize=4, longsize=4, ptrsize=4, doublesize=8, byteorder=1234
d_longlong=undef, longlongsize=8, d_longdbl=define, longdblsize=12
ivtype='long', ivsize=4, nvtype='double', nvsize=8, Off_t='long long', lseeksize=8
alignbytes=8, prototype=define
Linker and Libraries:
ld='g++', ldflags ='-s -L"C:\strawberry5162\perl\lib\CORE" -L"C:\strawberry5162\c\lib"'
libpth=C:\strawberry5162\c\lib C:\strawberry5162\c\i686-w64-mingw32\lib
libs=-lmoldname -lkernel32 -luser32 -lgdi32 -lwinspool -lcomdlg32 -ladvapi32 -lshell32 -lole32 -loleaut32 -lnetapi32 -luuid -lws2_32 -lmpr -lwinmm -lversion -lodbc32 -lodbccp32 -lcomctl32
perllibs=-lmoldname -lkernel32 -luser32 -lgdi32 -lwinspool -lcomdlg32 -ladvapi32 -lshell32 -lole32 -loleaut32 -lnetapi32 -luuid -lws2_32 -lmpr -lwinmm -lversion -lodbc32 -lodbccp32 -lcomctl32
libc=, so=dll, useshrplib=true, libperl=libperl516.a
gnulibc_version=''
Dynamic Linking:
dlsrc=dl_win32.xs, dlext=dll, d_dlsymun=undef, ccdlflags=' '
cccdlflags=' ', lddlflags='-mdll -s -L"C:\strawberry5162\perl\lib\CORE" -L"C:\strawberry5162\c\lib"'
Characteristics of this binary (from libperl):
Compile-time options: HAS_TIMES HAVE_INTERP_INTERN MULTIPLICITY
PERLIO_LAYERS PERL_DONT_CREATE_GVSV
PERL_IMPLICIT_CONTEXT PERL_IMPLICIT_SYS
PERL_MALLOC_WRAP PERL_PRESERVE_IVUV PL_OP_SLAB_ALLOC
USE_ITHREADS USE_LARGE_FILES USE_LOCALE
USE_LOCALE_COLLATE USE_LOCALE_CTYPE
USE_LOCALE_NUMERIC USE_PERLIO USE_PERL_ATOF
Built under MSWin32
Compiled at Nov 2 2012 00:44:17
%ENV:
PERL5_CPANPLUS_IS_RUNNING="928"
PERL5_CPAN_IS_RUNNING="928"
PERL5_CPAN_IS_RUNNING_IN_RECURSION="1160,928"
PERL_CR_SMOKER_CURRENT="Log-Localized-0.05"
PERL_EXTUTILS_AUTOINSTALL="--defaultdeps"
PERL_MM_USE_DEFAULT="1"
@INC:
C:/strawberry5162/perl/site/lib
C:/strawberry5162/perl/vendor/lib
C:/strawberry5162/perl/lib
.