Report for Text-Perfide-BookCleaner-0.01_01

Back
From: metabase:user:322078bc-2aae-11df-837a-5e0a49663a4f
Subject: FAIL Text-Perfide-BookCleaner-0.01_01 v5.12.2 OpenBSD
Date: 2011-11-24T15:00:00Z

This distribution has been tested as part of the CPAN Testers
project, supporting the Perl programming language.  See
http://wiki.cpantesters.org/ for more information or email
questions to cpan-testers-discuss@perl.org


--

Dear ANDREFS,

This is a computer-generated error report created automatically by
CPANPLUS, version 0.9111. Testers personal comments may appear
at the end of this report.


Thank you for uploading your work to CPAN.  However, it appears that
there were some problems testing your distribution.

TEST RESULTS:

Below is the error stack from stage 'make test':

[MSG] [Thu Nov 24 14:59:57 2011] cp lib/Roman.pm blib/lib/Roman.pm
Manifying blib/man3/Roman.3

[MSG] [Thu Nov 24 14:59:58 2011] MAKE TEST passed: PERL_DL_NONLAZY=1 /home/cpan/pit/bare/perl-5.12.2/bin/perl "-MExtUtils::Command::MM" "-e" "test_harness(0, 'blib/lib', 'blib/arch')" t/*.t
# Testing Roman 1.23, Perl 5.012002, /home/cpan/pit/bare/perl-5.12.2/bin/perl
t/00-load.t ....... ok
t/01.t ............ ok
t/pod-coverage.t .. skipped: Test::Pod::Coverage 1.04 required for testing POD coverage
t/pod.t ........... skipped: Test::Pod 1.14 required for testing POD
All tests successful.
Files=4, Tests=34,  0 wallclock secs ( 0.02 usr  0.06 sys +  0.15 cusr  0.09 csys =  0.32 CPU)
Result: PASS

[MSG] [Thu Nov 24 14:59:58 2011] Sending test report for 'Roman-1.23'
[MSG] [Thu Nov 24 14:59:58 2011] Successfully sent 'pass' report for 'Roman-1.23'
[MSG] [Thu Nov 24 14:59:59 2011] Building Text-Perfide-BookCleaner

[ERROR] [Thu Nov 24 15:00:00 2011] MAKE TEST failed:
# Testing Text::Perfide::BookCleaner 0.01_01, Perl 5.012002, /home/cpan/pit/bare/perl-5.12.2/bin/perl
# Testing Text::Perfide::BookCleaner::Aux, Perl 5.012002, /home/cpan/pit/bare/perl-5.12.2/bin/perl
t/00-load.t ....... ok
t/jj1.t ........... ok
You tried to plan twice at t/pod-coverage.t line 8.
# Looks like your test exited with 2 before it could output anything.
t/pod-coverage.t .. 
Dubious, test returned 2 (wstat 512, 0x200)
Failed 1/1 subtests 
t/pod.t ........... skipped: Test::Pod 1.22 required for testing POD

Test Summary Report
-------------------
t/pod-coverage.t (Wstat: 512 Tests: 0 Failed: 0)
  Non-zero exit status: 2
  Parse errors: Bad plan.  You planned 1 tests but ran 0.
Files=4, Tests=3,  1 wallclock secs ( 0.02 usr  0.06 sys +  0.31 cusr  0.20 csys =  0.59 CPU)
Result: FAIL
Failed 1/4 test programs. 0/3 subtests failed.
BEGIN failed--compilation aborted at -e line 1.
 
[MSG] [Thu Nov 24 15:00:00 2011] DEFAULT 'proceed_on_test_failure' HANDLER RETURNING 'sub return value'

PREREQUISITES:

Here is a list of prerequisites you specified and versions we
managed to load:

	  Module Name                        Have     Want
	  Biblio::Thesaurus                  0.42        0
	  Roman                              1.23        0
	  Test::More                         0.98        0

Perl module toolchain versions installed:
	Module Name                        Have
	CPANPLUS                         0.9111
	CPANPLUS::Dist::Build              0.60
	Cwd                                3.33
	ExtUtils::CBuilder             0.280202
	ExtUtils::Command                  1.16
	ExtUtils::Install                  1.55
	ExtUtils::MakeMaker                6.62
	ExtUtils::Manifest                 1.60
	ExtUtils::ParseXS                  3.05
	File::Spec                         3.33
	Module::Build                    0.3800
	Test::Harness                      3.23
	Test::More                         0.98
	version                            0.94

******************************** NOTE ********************************
The comments above are created mechanically, possibly without manual
checking by the sender.  As there are many people performing automatic
tests on each upload to CPAN, it is likely that you will receive
identical messages about the same problem.

If you believe that the message is mistaken, please reply to the first
one with correction and/or additional informations, and do not take
it personally.  We appreciate your patience. :)
**********************************************************************

Additional comments:


This report was machine-generated by CPANPLUS::Dist::YACSmoke 0.64.
Powered by minismokebox version 0.54

------------------------------
ENVIRONMENT AND OTHER CONTEXT
------------------------------

Environment variables:

    AUTOMATED_TESTING = 1
    PATH = /home/cpan/bin:/bin:/sbin:/usr/bin:/usr/sbin:/usr/X11R6/bin:/usr/local/bin:/usr/local/sbin:/usr/games:.
    PERL5LIB = :/home/cpan/pit/bare/conf/perl-5.12.2/.cpanplus/5.12.2/build/Biblio-Thesaurus-0.42/blib/lib:/home/cpan/pit/bare/conf/perl-5.12.2/.cpanplus/5.12.2/build/Biblio-Thesaurus-0.42/blib/arch:/home/cpan/pit/bare/conf/perl-5.12.2/.cpanplus/5.12.2/build/Roman-1.23/blib/lib:/home/cpan/pit/bare/conf/perl-5.12.2/.cpanplus/5.12.2/build/Roman-1.23/blib/arch:/home/cpan/pit/bare/conf/perl-5.12.2/.cpanplus/5.12.2/build/Text-Perfide-BookCleaner-0.01_01/blib/lib:/home/cpan/pit/bare/conf/perl-5.12.2/.cpanplus/5.12.2/build/Text-Perfide-BookCleaner-0.01_01/blib/arch
    PERL5_CPANPLUS_IS_RUNNING = 20766
    PERL5_CPANPLUS_IS_VERSION = 0.9111
    PERL5_MINISMOKEBOX = 0.54
    PERL5_YACSMOKE_BASE = /home/cpan/pit/bare/conf/perl-5.12.2
    PERL_EXTUTILS_AUTOINSTALL = --defaultdeps
    PERL_MM_USE_DEFAULT = 1
    SHELL = /usr/local/bin/bash
    TERM = screen

Perl special variables (and OS-specific diagnostics, for MSWin32):

    Perl: $^X = /home/cpan/pit/bare/perl-5.12.2/bin/perl
    UID:  $<  = 1001
    EUID: $>  = 1001
    GID:  $(  = 1001 1001
    EGID: $)  = 1001 1001


-------------------------------


--

Summary of my perl5 (revision 5 version 12 subversion 2) configuration:
   
  Platform:
    osname=openbsd, osvers=4.9, archname=OpenBSD.i386-openbsd
    uname='openbsd obadiah.bingosnet.co.uk 4.9 generic#671 i386 '
    config_args='-des -Dprefix=/home/cpan/pit/bare/perl-5.12.2'
    hint=recommended, useposix=true, d_sigaction=define
    useithreads=undef, usemultiplicity=undef
    useperlio=define, d_sfio=undef, uselargefiles=define, usesocks=undef
    use64bitint=undef, use64bitall=undef, uselongdouble=undef
    usemymalloc=y, bincompat5005=undef
  Compiler:
    cc='cc', ccflags ='-fno-strict-aliasing -pipe -fstack-protector -I/usr/local/include',
    optimize='-O2',
    cppflags='-fno-strict-aliasing -pipe -fstack-protector -I/usr/local/include'
    ccversion='', gccversion='4.2.1 20070719 ', gccosandvers='openbsd4.9'
    intsize=4, longsize=4, ptrsize=4, doublesize=8, byteorder=1234
    d_longlong=define, longlongsize=8, d_longdbl=define, longdblsize=12
    ivtype='long', ivsize=4, nvtype='double', nvsize=8, Off_t='off_t', lseeksize=8
    alignbytes=4, prototype=define
  Linker and Libraries:
    ld='cc', ldflags ='-Wl,-E  -fstack-protector -L/usr/local/lib'
    libpth=/usr/local/lib /usr/lib
    libs=-lgdbm -lm -lutil -lc
    perllibs=-lm -lutil -lc
    libc=/usr/lib/libc.so.58.0, so=so, useshrplib=false, libperl=libperl.a
    gnulibc_version=''
  Dynamic Linking:
    dlsrc=dl_dlopen.xs, dlext=so, d_dlsymun=undef, ccdlflags=' '
    cccdlflags='-DPIC -fPIC ', lddlflags='-shared -fPIC  -L/usr/local/lib -fstack-protector'


Characteristics of this binary (from libperl): 
  Compile-time options: MYMALLOC PERL_DONT_CREATE_GVSV PERL_MALLOC_WRAP
                        USE_LARGE_FILES USE_PERLIO USE_PERL_ATOF
  Built under openbsd
  Compiled at Jul 27 2011 17:01:45
  %ENV:
    PERL5LIB=":/home/cpan/pit/bare/conf/perl-5.12.2/.cpanplus/5.12.2/build/Biblio-Thesaurus-0.42/blib/lib:/home/cpan/pit/bare/conf/perl-5.12.2/.cpanplus/5.12.2/build/Biblio-Thesaurus-0.42/blib/arch:/home/cpan/pit/bare/conf/perl-5.12.2/.cpanplus/5.12.2/build/Roman-1.23/blib/lib:/home/cpan/pit/bare/conf/perl-5.12.2/.cpanplus/5.12.2/build/Roman-1.23/blib/arch:/home/cpan/pit/bare/conf/perl-5.12.2/.cpanplus/5.12.2/build/Text-Perfide-BookCleaner-0.01_01/blib/lib:/home/cpan/pit/bare/conf/perl-5.12.2/.cpanplus/5.12.2/build/Text-Perfide-BookCleaner-0.01_01/blib/arch"
    PERL5_CPANPLUS_IS_RUNNING="20766"
    PERL5_CPANPLUS_IS_VERSION="0.9111"
    PERL5_MINISMOKEBOX="0.54"
    PERL5_YACSMOKE_BASE="/home/cpan/pit/bare/conf/perl-5.12.2"
    PERL_EXTUTILS_AUTOINSTALL="--defaultdeps"
    PERL_MM_USE_DEFAULT="1"
  @INC:
    /home/cpan/pit/bare/conf/perl-5.12.2/.cpanplus/5.12.2/build/Biblio-Thesaurus-0.42/blib/lib
    /home/cpan/pit/bare/conf/perl-5.12.2/.cpanplus/5.12.2/build/Biblio-Thesaurus-0.42/blib/arch
    /home/cpan/pit/bare/conf/perl-5.12.2/.cpanplus/5.12.2/build/Roman-1.23/blib/lib
    /home/cpan/pit/bare/conf/perl-5.12.2/.cpanplus/5.12.2/build/Roman-1.23/blib/arch
    /home/cpan/pit/bare/conf/perl-5.12.2/.cpanplus/5.12.2/build/Text-Perfide-BookCleaner-0.01_01/blib/lib
    /home/cpan/pit/bare/conf/perl-5.12.2/.cpanplus/5.12.2/build/Text-Perfide-BookCleaner-0.01_01/blib/arch
    /home/cpan/pit/bare/perl-5.12.2/lib/site_perl/5.12.2/OpenBSD.i386-openbsd
    /home/cpan/pit/bare/perl-5.12.2/lib/site_perl/5.12.2
    /home/cpan/pit/bare/perl-5.12.2/lib/5.12.2/OpenBSD.i386-openbsd
    /home/cpan/pit/bare/perl-5.12.2/lib/5.12.2
    .