CGI-Untaint v1.26 Perl 5 v5.33.3 armv7l-linux-thread-multi

Status
Fail
From
Nigel Horne
Dist
CGI-Untaint v1.26
Platform
Perl 5 v5.33.3 armv7l-linux-thread-multi
Date
2020-11-24 21:06:55
ID
fbcec41c-2e98-11eb-b9db-b6c7a8faccfa
This distribution has been tested as part of the CPAN Testers
project, supporting the Perl programming language.  See
http://wiki.cpantesters.org/ for more information or email
questions to cpan-testers-discuss@perl.org


--
Dear Tony Bowden,

This is a computer-generated report for CGI-Untaint-1.26
on perl 5.33.3, created by CPAN-Reporter-1.2018.

Thank you for uploading your work to CPAN.  However, there was a problem
testing your distribution.

If you think this report is invalid, please consult the CPAN Testers Wiki
for suggestions on how to avoid getting FAIL reports for missing library
or binary dependencies, unsupported operating systems, and so on:

http://wiki.cpantesters.org/wiki/CPANAuthorNotes

Sections of this report:

    * Tester comments
    * Program output
    * Prerequisites
    * Environment and other context

------------------------------
TESTER COMMENTS
------------------------------

Additional comments from tester:

none provided

------------------------------
PROGRAM OUTPUT
------------------------------

Output from '/usr/bin/make test':

PERL_DL_NONLAZY=1 "/mnt/nas/home/pi4/njh/perl5/perlbrew/perls/perl-5.33.3-thread/bin/perl5.33.3" "-MExtUtils::Command::MM" "-MTest::Harness" "-e" "undef *Test::Harness::Switches; test_harness(0, 'blib/lib', 'blib/arch')" t/*.t
Can't locate CGI.pm in @INC (you may need to install the CGI module) (@INC contains: /var/tmp/build/CGI-Untaint-1.26-7/blib/lib /var/tmp/build/CGI-Untaint-1.26-7/blib/arch /var/tmp/build/CGI-Untaint-1.26-7/blib/lib /var/tmp/build/CGI-Untaint-1.26-7/blib/arch /home/njh/perl5/perlbrew/perls/perl-5.33.3-thread/lib/site_perl/5.33.3/armv7l-linux-thread-multi /home/njh/perl5/perlbrew/perls/perl-5.33.3-thread/lib/site_perl/5.33.3 /home/njh/perl5/perlbrew/perls/perl-5.33.3-thread/lib/5.33.3/armv7l-linux-thread-multi /home/njh/perl5/perlbrew/perls/perl-5.33.3-thread/lib/5.33.3 .) at t/apache.t line 4.
BEGIN failed--compilation aborted at t/apache.t line 4.
t/apache.t ........ 
Dubious, test returned 2 (wstat 512, 0x200)
No subtests run 
Can't locate CGI.pm in @INC (you may need to install the CGI module) (@INC contains: /var/tmp/build/CGI-Untaint-1.26-7/blib/lib /var/tmp/build/CGI-Untaint-1.26-7/blib/arch /home/njh/perl5/perlbrew/perls/perl-5.33.3-thread/lib/site_perl/5.33.3/armv7l-linux-thread-multi /home/njh/perl5/perlbrew/perls/perl-5.33.3-thread/lib/site_perl/5.33.3 /home/njh/perl5/perlbrew/perls/perl-5.33.3-thread/lib/5.33.3/armv7l-linux-thread-multi /home/njh/perl5/perlbrew/perls/perl-5.33.3-thread/lib/5.33.3 .) at t/01.t line 6.
BEGIN failed--compilation aborted at t/01.t line 6.
# Looks like your test exited with 2 before it could output anything.
t/01.t ............ 
Dubious, test returned 2 (wstat 512, 0x200)
Failed 24/24 subtests 
Can't locate CGI.pm in @INC (you may need to install the CGI module) (@INC contains: /var/tmp/build/CGI-Untaint-1.26-7/blib/lib /var/tmp/build/CGI-Untaint-1.26-7/blib/arch /var/tmp/build/CGI-Untaint-1.26-7/blib/lib /var/tmp/build/CGI-Untaint-1.26-7/blib/arch /var/tmp/build/CGI-Untaint-1.26-7/blib/lib /var/tmp/build/CGI-Untaint-1.26-7/blib/arch /var/tmp/build/CGI-Untaint-1.26-7/blib/lib /var/tmp/build/CGI-Untaint-1.26-7/blib/arch /home/njh/perl5/perlbrew/perls/perl-5.33.3-thread/lib/site_perl/5.33.3/armv7l-linux-thread-multi /home/njh/perl5/perlbrew/perls/perl-5.33.3-thread/lib/site_perl/5.33.3 /home/njh/perl5/perlbrew/perls/perl-5.33.3-thread/lib/5.33.3/armv7l-linux-thread-multi /home/njh/perl5/perlbrew/perls/perl-5.33.3-thread/lib/5.33.3 .) at t/mypath.t line 5.
BEGIN failed--compilation aborted at t/mypath.t line 5.
t/mypath.t ........ 
Dubious, test returned 2 (wstat 512, 0x200)
No subtests run 
t/empty.t ......... ok
t/pod.t ........... ok
Can't locate CGI.pm in @INC (you may need to install the CGI module) (@INC contains: /var/tmp/build/CGI-Untaint-1.26-7/blib/lib /var/tmp/build/CGI-Untaint-1.26-7/blib/arch /var/tmp/build/CGI-Untaint-1.26-7/blib/lib /var/tmp/build/CGI-Untaint-1.26-7/blib/arch /var/tmp/build/CGI-Untaint-1.26-7/blib/lib /var/tmp/build/CGI-Untaint-1.26-7/blib/arch /var/tmp/build/CGI-Untaint-1.26-7/blib/lib /var/tmp/build/CGI-Untaint-1.26-7/blib/arch /home/njh/perl5/perlbrew/perls/perl-5.33.3-thread/lib/site_perl/5.33.3/armv7l-linux-thread-multi /home/njh/perl5/perlbrew/perls/perl-5.33.3-thread/lib/site_perl/5.33.3 /home/njh/perl5/perlbrew/perls/perl-5.33.3-thread/lib/5.33.3/armv7l-linux-thread-multi /home/njh/perl5/perlbrew/perls/perl-5.33.3-thread/lib/5.33.3 .) at t/printable.t line 6.
BEGIN failed--compilation aborted at t/printable.t line 6.
# Looks like your test exited with 2 before it could output anything.
t/printable.t ..... 
Dubious, test returned 2 (wstat 512, 0x200)
Failed 6/6 subtests 
t/pod-coverage.t .. ok
Can't locate CGI.pm in @INC (you may need to install the CGI module) (@INC contains: /var/tmp/build/CGI-Untaint-1.26-7/blib/lib /var/tmp/build/CGI-Untaint-1.26-7/blib/arch /home/njh/perl5/perlbrew/perls/perl-5.33.3-thread/lib/site_perl/5.33.3/armv7l-linux-thread-multi /home/njh/perl5/perlbrew/perls/perl-5.33.3-thread/lib/site_perl/5.33.3 /home/njh/perl5/perlbrew/perls/perl-5.33.3-thread/lib/5.33.3/armv7l-linux-thread-multi /home/njh/perl5/perlbrew/perls/perl-5.33.3-thread/lib/5.33.3 .) at t/twodigit.t line 5.
BEGIN failed--compilation aborted at t/twodigit.t line 5.
t/twodigit.t ...... 
Dubious, test returned 2 (wstat 512, 0x200)
No subtests run 
Can't locate CGI.pm in @INC (you may need to install the CGI module) (@INC contains: /var/tmp/build/CGI-Untaint-1.26-7/blib/lib /var/tmp/build/CGI-Untaint-1.26-7/blib/arch /var/tmp/build/CGI-Untaint-1.26-7/blib/lib /var/tmp/build/CGI-Untaint-1.26-7/blib/arch /var/tmp/build/CGI-Untaint-1.26-7/blib/lib /var/tmp/build/CGI-Untaint-1.26-7/blib/arch /home/njh/perl5/perlbrew/perls/perl-5.33.3-thread/lib/site_perl/5.33.3/armv7l-linux-thread-multi /home/njh/perl5/perlbrew/perls/perl-5.33.3-thread/lib/site_perl/5.33.3 /home/njh/perl5/perlbrew/perls/perl-5.33.3-thread/lib/5.33.3/armv7l-linux-thread-multi /home/njh/perl5/perlbrew/perls/perl-5.33.3-thread/lib/5.33.3 .) at t/setval.t line 5.
BEGIN failed--compilation aborted at t/setval.t line 5.
t/setval.t ........ 
Dubious, test returned 2 (wstat 512, 0x200)
No subtests run 

Test Summary Report
-------------------
t/apache.t      (Wstat: 512 Tests: 0 Failed: 0)
  Non-zero exit status: 2
  Parse errors: No plan found in TAP output
t/01.t          (Wstat: 512 Tests: 0 Failed: 0)
  Non-zero exit status: 2
  Parse errors: Bad plan.  You planned 24 tests but ran 0.
t/mypath.t      (Wstat: 512 Tests: 0 Failed: 0)
  Non-zero exit status: 2
  Parse errors: No plan found in TAP output
t/printable.t   (Wstat: 512 Tests: 0 Failed: 0)
  Non-zero exit status: 2
  Parse errors: Bad plan.  You planned 6 tests but ran 0.
t/twodigit.t    (Wstat: 512 Tests: 0 Failed: 0)
  Non-zero exit status: 2
  Parse errors: No plan found in TAP output
t/setval.t      (Wstat: 512 Tests: 0 Failed: 0)
  Non-zero exit status: 2
  Parse errors: No plan found in TAP output
Files=9, Tests=14,  2 wallclock secs ( 0.08 usr  0.04 sys +  1.52 cusr  0.25 csys =  1.89 CPU)
Result: FAIL
Failed 6/9 test programs. 0/14 subtests failed.
make: *** [Makefile:858: test_dynamic] Error 2

------------------------------
PREREQUISITES
------------------------------

Prerequisite modules loaded:

requires:

    Module              Need Have    
    ------------------- ---- --------
    Test::More          0.11 1.302183
    UNIVERSAL::require  0.01 0.18    

build_requires:

    Module              Need Have    
    ------------------- ---- --------
    ExtUtils::MakeMaker 0    7.54    


------------------------------
ENVIRONMENT AND OTHER CONTEXT
------------------------------

Environment variables:

    HARNESS_OPTIONS = j4:c
    LANG = en_US.UTF-8
    LD_LIBRARY_PATH = /usr/local/lib::
    NONINTERACTIVE_TESTING = 1
    PATH = /home/njh/perl5/perlbrew/bin:/home/njh/perl5/perlbrew/perls/perl-5.33.3-thread/bin:/home/njh/perl5/perlbrew/bin:/usr/local/bin:/usr/bin:/bin:/usr/games:/home/njh/bin:/sbin:/home/njh/.cargo/bin
    PERL5LIB = 
    PERL5OPT = 
    PERL5_CPANPLUS_IS_RUNNING = 944
    PERL5_CPAN_IS_RUNNING = 944
    PERLBREW_HOME = /home/njh/.perlbrew
    PERLBREW_LIB = 
    PERLBREW_MANPATH = /home/njh/perl5/perlbrew/perls/perl-5.33.3-thread/man
    PERLBREW_PATH = /home/njh/perl5/perlbrew/bin:/home/njh/perl5/perlbrew/perls/perl-5.33.3-thread/bin
    PERLBREW_PERL = perl-5.33.3-thread
    PERLBREW_ROOT = /home/njh/perl5/perlbrew
    PERLBREW_SHELLRC_VERSION = 0.87
    PERLBREW_VERSION = 0.87
    PERL_LOCAL_LIB_ROOT = 
    PERL_MM_USE_DEFAULT = 1
    PERL_USE_UNSAFE_INC = 1
    SHELL = /bin/bash
    TEMP = /tmp/user/1000
    TMPDIR = /tmp/user/1000

Perl special variables (and OS-specific diagnostics, for MSWin32):

    $^X = /mnt/nas/home/pi4/njh/perl5/perlbrew/perls/perl-5.33.3-thread/bin/perl5.33.3
    $UID/$EUID = 1000 / 1000
    $GID = 1000 4 20 24 25 27 29 30 44 46 60 100 105 109 995 997 998 999 1000
    $EGID = 1000 4 20 24 25 27 29 30 44 46 60 100 105 109 995 997 998 999 1000

Perl module toolchain versions installed:

    Module              Have    
    ------------------- --------
    CPAN                2.28    
    CPAN::Meta          2.150010
    Cwd                 3.78    
    ExtUtils::CBuilder  0.280235
    ExtUtils::Command   7.54    
    ExtUtils::Install   2.18    
    ExtUtils::MakeMaker 7.54    
    ExtUtils::Manifest  1.72    
    ExtUtils::ParseXS   3.41    
    File::Spec          3.78    
    JSON                4.02    
    JSON::PP            4.05    
    Module::Build       0.4231  
    Module::Signature   n/a     
    Parse::CPAN::Meta   2.150010
    Test::Harness       3.42    
    Test::More          1.302183
    YAML                n/a     
    YAML::Syck          n/a     
    version             0.9928  


--

Summary of my perl5 (revision 5 version 33 subversion 3) configuration:
   
  Platform:
    osname=linux
    osvers=5.4.51-v7l+
    archname=armv7l-linux-thread-multi
    uname='linux pi4 5.4.51-v7l+ #1333 smp mon aug 10 16:51:40 bst 2020 armv7l gnulinux '
    config_args='-de -Dprefix=/home/njh/perl5/perlbrew/perls/perl-5.33.3-thread -Dusedevel -Dusethreads -Dusedevel -Accflags= -Aeval:scriptdir=/home/njh/perl5/perlbrew/perls/perl-5.33.3-thread/bin'
    hint=recommended
    useposix=true
    d_sigaction=define
    useithreads=define
    usemultiplicity=define
    use64bitint=undef
    use64bitall=undef
    uselongdouble=undef
    usemymalloc=n
    default_inc_excludes_dot=define
  Compiler:
    cc='cc'
    ccflags ='-D_REENTRANT -D_GNU_SOURCE -fwrapv -fno-strict-aliasing -pipe -fstack-protector-strong -I/usr/local/include -D_LARGEFILE_SOURCE -D_FILE_OFFSET_BITS=64 -D_FORTIFY_SOURCE=2'
    optimize='-O2'
    cppflags='-D_REENTRANT -D_GNU_SOURCE -fwrapv -fno-strict-aliasing -pipe -fstack-protector-strong -I/usr/local/include'
    ccversion=''
    gccversion='8.3.0'
    gccosandvers=''
    intsize=4
    longsize=4
    ptrsize=4
    doublesize=8
    byteorder=1234
    doublekind=3
    d_longlong=define
    longlongsize=8
    d_longdbl=define
    longdblsize=8
    longdblkind=0
    ivtype='long'
    ivsize=4
    nvtype='double'
    nvsize=8
    Off_t='off_t'
    lseeksize=8
    alignbytes=8
    prototype=define
  Linker and Libraries:
    ld='cc'
    ldflags =' -fstack-protector-strong -L/usr/local/lib'
    libpth=/usr/local/lib /usr/lib/gcc/arm-linux-gnueabihf/8/include-fixed /usr/include/arm-linux-gnueabihf /usr/lib /lib/arm-linux-gnueabihf /lib /usr/lib/arm-linux-gnueabihf
    libs=-lpthread -lnsl -lgdbm -ldb -ldl -lm -lcrypt -lutil -lc
    perllibs=-lpthread -lnsl -ldl -lm -lcrypt -lutil -lc
    libc=libc-2.28.so
    so=so
    useshrplib=false
    libperl=libperl.a
    gnulibc_version='2.28'
  Dynamic Linking:
    dlsrc=dl_dlopen.xs
    dlext=so
    d_dlsymun=undef
    ccdlflags='-Wl,-E'
    cccdlflags='-fPIC'
    lddlflags='-shared -O2 -L/usr/local/lib -fstack-protector-strong'


Characteristics of this binary (from libperl): 
  Compile-time options:
    HAS_TIMES
    MULTIPLICITY
    PERLIO_LAYERS
    PERL_COPY_ON_WRITE
    PERL_DONT_CREATE_GVSV
    PERL_IMPLICIT_CONTEXT
    PERL_MALLOC_WRAP
    PERL_OP_PARENT
    PERL_PRESERVE_IVUV
    PERL_USE_DEVEL
    USE_ITHREADS
    USE_LARGE_FILES
    USE_LOCALE
    USE_LOCALE_COLLATE
    USE_LOCALE_CTYPE
    USE_LOCALE_NUMERIC
    USE_LOCALE_TIME
    USE_PERLIO
    USE_PERL_ATOF
    USE_REENTRANT_API
    USE_THREAD_SAFE_LOCALE
  Built under linux
  Compiled at Oct 24 2020 10:44:07
  %ENV:
    PERL5LIB=""
    PERL5OPT=""
    PERL5_CPANPLUS_IS_RUNNING="944"
    PERL5_CPAN_IS_RUNNING="944"
    PERLBREW_HOME="/home/njh/.perlbrew"
    PERLBREW_LIB=""
    PERLBREW_MANPATH="/home/njh/perl5/perlbrew/perls/perl-5.33.3-thread/man"
    PERLBREW_PATH="/home/njh/perl5/perlbrew/bin:/home/njh/perl5/perlbrew/perls/perl-5.33.3-thread/bin"
    PERLBREW_PERL="perl-5.33.3-thread"
    PERLBREW_ROOT="/home/njh/perl5/perlbrew"
    PERLBREW_SHELLRC_VERSION="0.87"
    PERLBREW_VERSION="0.87"
    PERL_LOCAL_LIB_ROOT=""
    PERL_MM_USE_DEFAULT="1"
    PERL_USE_UNSAFE_INC="1"
  @INC:
    /home/njh/perl5/perlbrew/perls/perl-5.33.3-thread/lib/site_perl/5.33.3/armv7l-linux-thread-multi
    /home/njh/perl5/perlbrew/perls/perl-5.33.3-thread/lib/site_perl/5.33.3
    /home/njh/perl5/perlbrew/perls/perl-5.33.3-thread/lib/5.33.3/armv7l-linux-thread-multi
    /home/njh/perl5/perlbrew/perls/perl-5.33.3-thread/lib/5.33.3
    .