Report for Astro-ADS-1.20.7

Back
From: metabase:user:20a45eae-6c1a-1014-abaf-4bc2b30e56df
Subject: FAIL Astro-ADS-1.20.7 v5.8.6 Windows (Cygwin)
Date: 2014-03-01T10:57:39Z

This distribution has been tested as part of the CPAN Testers
project, supporting the Perl programming language.  See
http://wiki.cpantesters.org/ for more information or email
questions to cpan-testers-discuss@perl.org


--
Dear Alasdair Allan,

This is a computer-generated report for Astro-ADS-1.20.7
on perl 5.8.6, created by CPAN-Reporter-1.2010.

Thank you for uploading your work to CPAN.  However, there was a problem
testing your distribution.

If you think this report is invalid, please consult the CPAN Testers Wiki
for suggestions on how to avoid getting FAIL reports for missing library
or binary dependencies, unsupported operating systems, and so on:

http://wiki.cpantesters.org/wiki/CPANAuthorNotes

Sections of this report:

    * Tester comments
    * Program output
    * Prerequisites
    * Environment and other context

------------------------------
TESTER COMMENTS
------------------------------

Additional comments from tester:

this report is from an automated smoke testing program
and was not reviewed by a human for accuracy

------------------------------
PROGRAM OUTPUT
------------------------------

Output from '/usr/bin/make test':

make[1]: Entering directory '/cygdrive/e/opt/perl5/cygwin_nt-6.1/1.7.28/x86_64/cpan/5.8.6/cygwin-multi/build/Astro-ADS-1.20.7-dgf6UF/Query'
make[1]: Leaving directory '/cygdrive/e/opt/perl5/cygwin_nt-6.1/1.7.28/x86_64/cpan/5.8.6/cygwin-multi/build/Astro-ADS-1.20.7-dgf6UF/Query'
make[1]: Entering directory '/cygdrive/e/opt/perl5/cygwin_nt-6.1/1.7.28/x86_64/cpan/5.8.6/cygwin-multi/build/Astro-ADS-1.20.7-dgf6UF/Result'
make[2]: Entering directory '/cygdrive/e/opt/perl5/cygwin_nt-6.1/1.7.28/x86_64/cpan/5.8.6/cygwin-multi/build/Astro-ADS-1.20.7-dgf6UF/Result/Paper'
make[2]: Leaving directory '/cygdrive/e/opt/perl5/cygwin_nt-6.1/1.7.28/x86_64/cpan/5.8.6/cygwin-multi/build/Astro-ADS-1.20.7-dgf6UF/Result/Paper'
make[1]: Leaving directory '/cygdrive/e/opt/perl5/cygwin_nt-6.1/1.7.28/x86_64/cpan/5.8.6/cygwin-multi/build/Astro-ADS-1.20.7-dgf6UF/Result'
PERL_DL_NONLAZY=1 /cygdrive/e/opt/perl5/cygwin_nt-6.1/1.7.28/x86_64/perl/5.8.6/cygwin-multi/bin/perl.exe "-MExtUtils::Command::MM" "-e" "test_harness(0, 'blib/lib', 'blib/arch')" t/*.t
# Test 48 got: "30" (t/paper.t at line 164)
#    Expected: "27"
#  t/paper.t line 164 is: ok( $refs->sizeof(), 27 );
t/paper.t ... 
Failed 1/49 subtests 
# Test 19 got: "46" (t/query.t at line 167)
#    Expected: "32"
#  t/query.t line 167 is: ok( @timj_abstract, 32 );
t/query.t ... 
Failed 1/23 subtests 
t/result.t .. ok

Test Summary Report
-------------------
t/paper.t (Wstat: 0 Tests: 49 Failed: 1)
  Failed test:  48
t/query.t (Wstat: 0 Tests: 23 Failed: 1)
  Failed test:  19
Files=3, Tests=76, 34 wallclock secs ( 0.09 usr  0.22 sys +  0.82 cusr  2.60 csys =  3.74 CPU)
Result: FAIL
Failed 2/3 test programs. 2/76 subtests failed.
Makefile:874: recipe for target 'test_dynamic' failed
make: *** [test_dynamic] Error 14

------------------------------
PREREQUISITES
------------------------------

Prerequisite modules loaded:

requires:

    Module              Need Have
    ------------------- ---- ----
    LWP                 5.53 6.05
    Net::Domain         2.13 2.19
    Pod::Usage          1.14 1.16

build_requires:

    Module              Need Have
    ------------------- ---- ----
    ExtUtils::MakeMaker 0    6.68


------------------------------
ENVIRONMENT AND OTHER CONTEXT
------------------------------

Environment variables:

    AUTOMATED_TESTING = 1
    COMSPEC = C:\Windows\system32\cmd.exe
    LD_LIBRARY_PATH = 
    NUMBER_OF_PROCESSORS = 8
    PATH = /opt/perl5/cygwin_nt-6.1/1.7.28/x86_64/bin/5.8.6/cygwin-multi:/opt/perl5/cygwin_nt-6.1/1.7.28/x86_64/perl/5.8.6/cygwin-multi/local/bin:/opt/perl5/cygwin_nt-6.1/1.7.28/x86_64/perl/5.8.6/cygwin-multi/bin:/usr/local/bin:/usr/bin
    PERL5LIB = /opt/perl5/cygwin_nt-6.1/1.7.28/x86_64/cpan/5.8.6/cygwin-multi/build/Games-LogicPuzzle-0.20-IrFnHx/blib/arch:/opt/perl5/cygwin_nt-6.1/1.7.28/x86_64/cpan/5.8.6/cygwin-multi/build/Games-LogicPuzzle-0.20-IrFnHx/blib/lib:/opt/perl5/cygwin_nt-6.1/1.7.28/x86_64/cpan/5.8.6/cygwin-multi/build/Games-LogicPuzzle-0.13-22fMMG/blib/arch:/opt/perl5/cygwin_nt-6.1/1.7.28/x86_64/cpan/5.8.6/cygwin-multi/build/Games-LogicPuzzle-0.13-22fMMG/blib/lib:/opt/perl5/cygwin_nt-6.1/1.7.28/x86_64/cpan/5.8.6/cygwin-multi/build/Games-LogicPuzzle-0.12-zX0thh/blib/arch:/opt/perl5/cygwin_nt-6.1/1.7.28/x86_64/cpan/5.8.6/cygwin-multi/build/Games-LogicPuzzle-0.12-zX0thh/blib/lib:/opt/perl5/cygwin_nt-6.1/1.7.28/x86_64/cpan/5.8.6/cygwin-multi/build/Games-LogicPuzzle-0.10-qSKYKj/blib/arch:/opt/perl5/cygwin_nt-6.1/1.7.28/x86_64/cpan/5.8.6/cygwin-multi/build/Games-LogicPuzzle-0.10-qSKYKj/blib/lib:/opt/perl5/cygwin_nt-6.1/1.7.28/x86_64/perl/5.8.6/cygwin-multi/local/lib/site_perl/5.8.6:/opt/perl5/cygwin_nt-6.1/1.7.28/x86_64/perl/5.8.6/cygwin-multi/local/lib/5.8.6:/opt/perl5/cygwin_nt-6.1/1.7.28/x86_64/perl/5.8.6/cygwin-multi/local/lib/perl5
    PERL5OPT = 
    PERL5_CPANPLUS_IS_RUNNING = 15848
    PERL5_CPAN_IS_RUNNING = 15848
    PERL_CPAN_REPORTER_CONFIG = /cygdrive/e/peter/.cpanreporter/config-cygdrive-e-peter.ini
    PERL_EXTUTILS_AUTOINSTALL = 1
    PERL_MM_USE_DEFAULT = 1
    PERL_MY_PREFIX = /opt/perl5
    PERL_MY_SOURCE_DIR = /cygdrive/e/src/perl
    PERL_TEST_CRITIC = 1
    PROCESSOR_IDENTIFIER = Intel64 Family 6 Model 42 Stepping 7, GenuineIntel
    SHELL = /usr/bin/bash
    TEMP = /tmp
    TERM = xterm

Perl special variables (and OS-specific diagnostics, for MSWin32):

    $^X = /cygdrive/e/opt/perl5/cygwin_nt-6.1/1.7.28/x86_64/perl/5.8.6/cygwin-multi/bin/perl
    $UID/$EUID = 1006 / 1006
    $GID = 513 513 1003 545
    $EGID = 513 513 1003 545

Perl module toolchain versions installed:

    Module              Have    
    ------------------- --------
    CPAN                2.00    
    CPAN::Meta          2.112621
    Cwd                 3.33    
    ExtUtils::CBuilder  n/a     
    ExtUtils::Command   1.16    
    ExtUtils::Install   1.54    
    ExtUtils::MakeMaker 6.68    
    ExtUtils::Manifest  1.60    
    ExtUtils::ParseXS   n/a     
    File::Spec          3.33    
    JSON                n/a     
    JSON::PP            2.27200 
    Module::Build       n/a     
    Module::Signature   n/a     
    Parse::CPAN::Meta   1.4401  
    Test::Harness       3.30    
    Test::More          1.001002
    YAML                0.90    
    YAML::Syck          n/a     
    version             0.88    


--

Summary of my perl5 (revision 5 version 8 subversion 6) configuration:
  Platform:
    osname=cygwin, osvers=1.7.28(0.27153), archname=cygwin-multi
    uname='cygwin_nt-6.1 rigel 1.7.28(0.27153) 2014-02-09 21:06 x86_64 cygwin '
    config_args='-de -Dmksymlinks -Dcc=gcc -Uinc_version_list -Uinstallusrbinperl -Uusethreads -Dusemultiplicity -Duse64bitint -Uuselongdouble -Dprefix=/opt/perl5/cygwin_nt-6.1/1.7.28/x86_64/perl/5.8.6/cygwin-multi'
    hint=recommended, useposix=true, d_sigaction=define
    usethreads=undef use5005threads=undef useithreads=undef usemultiplicity=define
    useperlio=define d_sfio=undef uselargefiles=define usesocks=undef
    use64bitint=define use64bitall=define uselongdouble=undef
    usemymalloc=n, bincompat5005=undef
  Compiler:
    cc='gcc', ccflags ='-DPERL_USE_SAFE_PUTENV -fno-strict-aliasing -pipe',
    optimize='-O2',
    cppflags='-DPERL_USE_SAFE_PUTENV -fno-strict-aliasing -pipe'
    ccversion='', gccversion='4.8.2', gccosandvers=''
    intsize=4, longsize=8, ptrsize=8, doublesize=8, byteorder=12345678
    d_longlong=define, longlongsize=8, d_longdbl=define, longdblsize=16
    ivtype='long', ivsize=8, nvtype='double', nvsize=8, Off_t='off_t', lseeksize=8
    alignbytes=8, prototype=define
  Linker and Libraries:
    ld='ld2', ldflags =' -L/usr/local/lib'
    libpth=/usr/local/lib /usr/lib /lib
    libs=-ldb -ldl -lcrypt
    perllibs=-ldl -lcrypt
    libc=/usr/lib/libc.a, so=dll, useshrplib=true, libperl=libperl.a
    gnulibc_version=''
  Dynamic Linking:
    dlsrc=dl_dlopen.xs, dlext=dll, d_dlsymun=undef, ccdlflags=' '
    cccdlflags=' ', lddlflags=' -L/usr/local/lib'


Characteristics of this binary (from libperl): 
  Compile-time options: MULTIPLICITY USE_64_BIT_INT USE_64_BIT_ALL USE_LARGE_FILES PERL_IMPLICIT_CONTEXT
  Built under cygwin
  Compiled at Feb 12 2014 10:06:10
  %ENV:
    PERL=""
    PERL5LIB="/opt/perl5/cygwin_nt-6.1/1.7.28/x86_64/cpan/5.8.6/cygwin-multi/build/Games-LogicPuzzle-0.20-IrFnHx/blib/arch:/opt/perl5/cygwin_nt-6.1/1.7.28/x86_64/cpan/5.8.6/cygwin-multi/build/Games-LogicPuzzle-0.20-IrFnHx/blib/lib:/opt/perl5/cygwin_nt-6.1/1.7.28/x86_64/cpan/5.8.6/cygwin-multi/build/Games-LogicPuzzle-0.13-22fMMG/blib/arch:/opt/perl5/cygwin_nt-6.1/1.7.28/x86_64/cpan/5.8.6/cygwin-multi/build/Games-LogicPuzzle-0.13-22fMMG/blib/lib:/opt/perl5/cygwin_nt-6.1/1.7.28/x86_64/cpan/5.8.6/cygwin-multi/build/Games-LogicPuzzle-0.12-zX0thh/blib/arch:/opt/perl5/cygwin_nt-6.1/1.7.28/x86_64/cpan/5.8.6/cygwin-multi/build/Games-LogicPuzzle-0.12-zX0thh/blib/lib:/opt/perl5/cygwin_nt-6.1/1.7.28/x86_64/cpan/5.8.6/cygwin-multi/build/Games-LogicPuzzle-0.10-qSKYKj/blib/arch:/opt/perl5/cygwin_nt-6.1/1.7.28/x86_64/cpan/5.8.6/cygwin-multi/build/Games-LogicPuzzle-0.10-qSKYKj/blib/lib:/opt/perl5/cygwin_nt-6.1/1.7.28/x86_64/perl/5.8.6/cygwin-multi/local/lib/site_perl/5.8.6:/opt/perl5/cygwin_nt-6.1/1.7.28/x86_64/perl/5.8.6/cygwin-multi/local/lib/5.8.6:/opt/perl5/cygwin_nt-6.1/1.7.28/x86_64/perl/5.8.6/cygwin-multi/local/lib/perl5"
    PERL5OPT=""
    PERL5_CPANPLUS_IS_RUNNING="15848"
    PERL5_CPAN_IS_EXECUTING="/opt/perl5/cygwin_nt-6.1/1.7.28/x86_64/cpan/5.8.6/cygwin-multi/build/Astro-ADS-1.20.7-dgf6UF/Makefile.PL"
    PERL5_CPAN_IS_RUNNING="15848"
    PERL_AUTOINSTALL="--defaultdeps"
    PERL_CPAN_REPORTER_CONFIG="/cygdrive/e/peter/.cpanreporter/config-cygdrive-e-peter.ini"
    PERL_EXTUTILS_AUTOINSTALL="1"
    PERL_MM_USE_DEFAULT="1"
    PERL_MY_PREFIX="/opt/perl5"
    PERL_MY_SOURCE_DIR="/cygdrive/e/src/perl"
    PERL_TEST_CRITIC="1"
    CYGWIN="codepage:utf8 nodosfilewarning"
  @INC:
    /opt/perl5/cygwin_nt-6.1/1.7.28/x86_64/cpan/5.8.6/cygwin-multi/build/Games-LogicPuzzle-0.20-IrFnHx/blib/arch
    /opt/perl5/cygwin_nt-6.1/1.7.28/x86_64/cpan/5.8.6/cygwin-multi/build/Games-LogicPuzzle-0.20-IrFnHx/blib/lib
    /opt/perl5/cygwin_nt-6.1/1.7.28/x86_64/cpan/5.8.6/cygwin-multi/build/Games-LogicPuzzle-0.13-22fMMG/blib/arch
    /opt/perl5/cygwin_nt-6.1/1.7.28/x86_64/cpan/5.8.6/cygwin-multi/build/Games-LogicPuzzle-0.13-22fMMG/blib/lib
    /opt/perl5/cygwin_nt-6.1/1.7.28/x86_64/cpan/5.8.6/cygwin-multi/build/Games-LogicPuzzle-0.12-zX0thh/blib/arch
    /opt/perl5/cygwin_nt-6.1/1.7.28/x86_64/cpan/5.8.6/cygwin-multi/build/Games-LogicPuzzle-0.12-zX0thh/blib/lib
    /opt/perl5/cygwin_nt-6.1/1.7.28/x86_64/cpan/5.8.6/cygwin-multi/build/Games-LogicPuzzle-0.10-qSKYKj/blib/arch
    /opt/perl5/cygwin_nt-6.1/1.7.28/x86_64/cpan/5.8.6/cygwin-multi/build/Games-LogicPuzzle-0.10-qSKYKj/blib/lib
    /opt/perl5/cygwin_nt-6.1/1.7.28/x86_64/perl/5.8.6/cygwin-multi/local/lib/site_perl/5.8.6/cygwin-multi
    /opt/perl5/cygwin_nt-6.1/1.7.28/x86_64/perl/5.8.6/cygwin-multi/local/lib/site_perl/5.8.6
    /opt/perl5/cygwin_nt-6.1/1.7.28/x86_64/perl/5.8.6/cygwin-multi/local/lib/5.8.6/cygwin-multi
    /opt/perl5/cygwin_nt-6.1/1.7.28/x86_64/perl/5.8.6/cygwin-multi/local/lib/5.8.6
    /opt/perl5/cygwin_nt-6.1/1.7.28/x86_64/perl/5.8.6/cygwin-multi/local/lib/perl5
    /opt/perl5/cygwin_nt-6.1/1.7.28/x86_64/perl/5.8.6/cygwin-multi/lib/5.8.6/cygwin-multi
    /opt/perl5/cygwin_nt-6.1/1.7.28/x86_64/perl/5.8.6/cygwin-multi/lib/5.8.6
    /opt/perl5/cygwin_nt-6.1/1.7.28/x86_64/perl/5.8.6/cygwin-multi/lib/site_perl/5.8.6/cygwin-multi
    /opt/perl5/cygwin_nt-6.1/1.7.28/x86_64/perl/5.8.6/cygwin-multi/lib/site_perl/5.8.6
    /opt/perl5/cygwin_nt-6.1/1.7.28/x86_64/perl/5.8.6/cygwin-multi/lib/site_perl
    .