Report for Test-Mock-Recorder-0.01

Back
From: metabase:user:9820532a-708b-1014-9a05-b18a96298da1
Subject: FAIL Test-Mock-Recorder-0.01 v5.14.1 GNU/Linux
Date: 2011-11-10T22:33:17Z

This distribution has been tested as part of the CPAN Testers
project, supporting the Perl programming language.  See
http://wiki.cpantesters.org/ for more information or email
questions to cpan-testers-discuss@perl.org


--
Dear Kato Kazuyoshi,

This is a computer-generated report for Test-Mock-Recorder-0.01
on perl 5.14.1, created by CPAN-Reporter-1.2002.

Thank you for uploading your work to CPAN.  However, there was a problem
testing your distribution.

If you think this report is invalid, please consult the CPAN Testers Wiki
for suggestions on how to avoid getting FAIL reports for missing library
or binary dependencies, unsupported operating systems, and so on:

http://wiki.cpantesters.org/wiki/CPANAuthorNotes

Sections of this report:

    * Tester comments
    * Program output
    * Prerequisites
    * Environment and other context

------------------------------
TESTER COMMENTS
------------------------------

Additional comments from tester:

this report is from an automated smoke testing program
and was not reviewed by a human for accuracy

------------------------------
PROGRAM OUTPUT
------------------------------

Output from '/usr/bin/make test':

PERL_DL_NONLAZY=1 /home/test/perl5/perlbrew/perls/perl-5.14.1-ld/bin/perl "-MExtUtils::Command::MM" "-e" "test_harness(0, 'inc', 'blib/lib', 'blib/arch')" t/*.t

#   Failed test 'use Test::Mock::Recorder;'
#   at t/arguments.t line 5.
#     Tried to use 'Test::Mock::Recorder'.
#     Error:  Can't locate Test/MockObject.pm in @INC (@INC contains: /home/test/.cpan/build/Test-Mock-Recorder-0.01-JBsJ8z/inc /home/test/.cpan/build/Test-Mock-Recorder-0.01-JBsJ8z/blib/lib /home/test/.cpan/build/Test-Mock-Recorder-0.01-JBsJ8z/blib/arch /home/test/perl5/perlbrew/perls/perl-5.14.1-ld/lib/site_perl/5.14.1/x86_64-linux-ld /home/test/perl5/perlbrew/perls/perl-5.14.1-ld/lib/site_perl/5.14.1 /home/test/perl5/perlbrew/perls/perl-5.14.1-ld/lib/5.14.1/x86_64-linux-ld /home/test/perl5/perlbrew/perls/perl-5.14.1-ld/lib/5.14.1 .) at /home/test/.cpan/build/Test-Mock-Recorder-0.01-JBsJ8z/blib/lib/Test/Mock/Recorder.pm line 6.
# BEGIN failed--compilation aborted at /home/test/.cpan/build/Test-Mock-Recorder-0.01-JBsJ8z/blib/lib/Test/Mock/Recorder.pm line 6.
# Compilation failed in require at t/arguments.t line 5.
Can't locate object method "expects" via package "Test::Mock::Recorder" at t/arguments.t line 9.
# Tests were run but no plan was declared and done_testing() was not seen.
t/arguments.t .. 
Dubious, test returned 255 (wstat 65280, 0xff00)
Failed 1/1 subtests 

#   Failed test 'use Test::Mock::Recorder;'
#   at t/chain.t line 5.
#     Tried to use 'Test::Mock::Recorder'.
#     Error:  Can't locate Test/MockObject.pm in @INC (@INC contains: /home/test/.cpan/build/Test-Mock-Recorder-0.01-JBsJ8z/inc /home/test/.cpan/build/Test-Mock-Recorder-0.01-JBsJ8z/blib/lib /home/test/.cpan/build/Test-Mock-Recorder-0.01-JBsJ8z/blib/arch /home/test/perl5/perlbrew/perls/perl-5.14.1-ld/lib/site_perl/5.14.1/x86_64-linux-ld /home/test/perl5/perlbrew/perls/perl-5.14.1-ld/lib/site_perl/5.14.1 /home/test/perl5/perlbrew/perls/perl-5.14.1-ld/lib/5.14.1/x86_64-linux-ld /home/test/perl5/perlbrew/perls/perl-5.14.1-ld/lib/5.14.1 .) at /home/test/.cpan/build/Test-Mock-Recorder-0.01-JBsJ8z/blib/lib/Test/Mock/Recorder.pm line 6.
# BEGIN failed--compilation aborted at /home/test/.cpan/build/Test-Mock-Recorder-0.01-JBsJ8z/blib/lib/Test/Mock/Recorder.pm line 6.
# Compilation failed in require at t/chain.t line 5.
Can't locate object method "expects" via package "Test::Mock::Recorder" at t/chain.t line 10.
# Tests were run but no plan was declared and done_testing() was not seen.
t/chain.t ...... 
Dubious, test returned 255 (wstat 65280, 0xff00)
Failed 1/1 subtests 
Can't locate Test/MockObject.pm in @INC (@INC contains: /home/test/.cpan/build/Test-Mock-Recorder-0.01-JBsJ8z/inc /home/test/.cpan/build/Test-Mock-Recorder-0.01-JBsJ8z/blib/lib /home/test/.cpan/build/Test-Mock-Recorder-0.01-JBsJ8z/blib/arch /home/test/perl5/perlbrew/perls/perl-5.14.1-ld/lib/site_perl/5.14.1/x86_64-linux-ld /home/test/perl5/perlbrew/perls/perl-5.14.1-ld/lib/site_perl/5.14.1 /home/test/perl5/perlbrew/perls/perl-5.14.1-ld/lib/5.14.1/x86_64-linux-ld /home/test/perl5/perlbrew/perls/perl-5.14.1-ld/lib/5.14.1 .) at /home/test/.cpan/build/Test-Mock-Recorder-0.01-JBsJ8z/blib/lib/Test/Mock/Recorder.pm line 6.
BEGIN failed--compilation aborted at /home/test/.cpan/build/Test-Mock-Recorder-0.01-JBsJ8z/blib/lib/Test/Mock/Recorder.pm line 6.
Compilation failed in require at t/expects.t line 4.
BEGIN failed--compilation aborted at t/expects.t line 4.
t/expects.t .... 
Dubious, test returned 2 (wstat 512, 0x200)
No subtests run 

#   Failed test 'use Test::Mock::Recorder;'
#   at t/replay.t line 5.
#     Tried to use 'Test::Mock::Recorder'.
#     Error:  Can't locate Test/MockObject.pm in @INC (@INC contains: /home/test/.cpan/build/Test-Mock-Recorder-0.01-JBsJ8z/inc /home/test/.cpan/build/Test-Mock-Recorder-0.01-JBsJ8z/blib/lib /home/test/.cpan/build/Test-Mock-Recorder-0.01-JBsJ8z/blib/arch /home/test/perl5/perlbrew/perls/perl-5.14.1-ld/lib/site_perl/5.14.1/x86_64-linux-ld /home/test/perl5/perlbrew/perls/perl-5.14.1-ld/lib/site_perl/5.14.1 /home/test/perl5/perlbrew/perls/perl-5.14.1-ld/lib/5.14.1/x86_64-linux-ld /home/test/perl5/perlbrew/perls/perl-5.14.1-ld/lib/5.14.1 .) at /home/test/.cpan/build/Test-Mock-Recorder-0.01-JBsJ8z/blib/lib/Test/Mock/Recorder.pm line 6.
# BEGIN failed--compilation aborted at /home/test/.cpan/build/Test-Mock-Recorder-0.01-JBsJ8z/blib/lib/Test/Mock/Recorder.pm line 6.
# Compilation failed in require at t/replay.t line 5.
Can't locate object method "expects" via package "Test::Mock::Recorder" at t/replay.t line 7.
# Tests were run but no plan was declared and done_testing() was not seen.
t/replay.t ..... 
Dubious, test returned 255 (wstat 65280, 0xff00)
Failed 1/1 subtests 

#   Failed test 'use Test::Mock::Recorder;'
#   at t/synopsis.t line 23.
#     Tried to use 'Test::Mock::Recorder'.
#     Error:  Can't locate Test/MockObject.pm in @INC (@INC contains: /home/test/.cpan/build/Test-Mock-Recorder-0.01-JBsJ8z/inc /home/test/.cpan/build/Test-Mock-Recorder-0.01-JBsJ8z/blib/lib /home/test/.cpan/build/Test-Mock-Recorder-0.01-JBsJ8z/blib/arch /home/test/perl5/perlbrew/perls/perl-5.14.1-ld/lib/site_perl/5.14.1/x86_64-linux-ld /home/test/perl5/perlbrew/perls/perl-5.14.1-ld/lib/site_perl/5.14.1 /home/test/perl5/perlbrew/perls/perl-5.14.1-ld/lib/5.14.1/x86_64-linux-ld /home/test/perl5/perlbrew/perls/perl-5.14.1-ld/lib/5.14.1 .) at /home/test/.cpan/build/Test-Mock-Recorder-0.01-JBsJ8z/blib/lib/Test/Mock/Recorder.pm line 6.
# BEGIN failed--compilation aborted at /home/test/.cpan/build/Test-Mock-Recorder-0.01-JBsJ8z/blib/lib/Test/Mock/Recorder.pm line 6.
# Compilation failed in require at t/synopsis.t line 23.

#   Failed test 'eval synopsis'
#   at t/synopsis.t line 29.
#          got: 'Can't locate object method "expects" via package "Test::Mock::Recorder" at (eval 9) line 3.
# '
#     expected: ''
# Looks like you failed 2 tests of 3.
t/synopsis.t ... 
Dubious, test returned 2 (wstat 512, 0x200)
Failed 2/3 subtests 

#   Failed test 'use Test::Mock::Recorder;'
#   at t/test_name.t line 5.
#     Tried to use 'Test::Mock::Recorder'.
#     Error:  Can't locate Test/MockObject.pm in @INC (@INC contains: /home/test/.cpan/build/Test-Mock-Recorder-0.01-JBsJ8z/inc /home/test/.cpan/build/Test-Mock-Recorder-0.01-JBsJ8z/blib/lib /home/test/.cpan/build/Test-Mock-Recorder-0.01-JBsJ8z/blib/arch /home/test/perl5/perlbrew/perls/perl-5.14.1-ld/lib/site_perl/5.14.1/x86_64-linux-ld /home/test/perl5/perlbrew/perls/perl-5.14.1-ld/lib/site_perl/5.14.1 /home/test/perl5/perlbrew/perls/perl-5.14.1-ld/lib/5.14.1/x86_64-linux-ld /home/test/perl5/perlbrew/perls/perl-5.14.1-ld/lib/5.14.1 .) at /home/test/.cpan/build/Test-Mock-Recorder-0.01-JBsJ8z/blib/lib/Test/Mock/Recorder.pm line 6.
# BEGIN failed--compilation aborted at /home/test/.cpan/build/Test-Mock-Recorder-0.01-JBsJ8z/blib/lib/Test/Mock/Recorder.pm line 6.
# Compilation failed in require at t/test_name.t line 5.
Can't locate object method "expects" via package "Test::Mock::Recorder" at t/test_name.t line 9.
    # Child (A) exited without calling finalize()

#   Failed test 'A'
#   at /home/test/perl5/perlbrew/perls/perl-5.14.1-ld/lib/5.14.1/Test/Builder.pm line 273.
# Tests were run but no plan was declared and done_testing() was not seen.
t/test_name.t .. 
Dubious, test returned 29 (wstat 7424, 0x1d00)
Failed 2/2 subtests 

#   Failed test 'use Test::Mock::Recorder;'
#   at t/use.t line 3.
#     Tried to use 'Test::Mock::Recorder'.
#     Error:  Can't locate Test/MockObject.pm in @INC (@INC contains: /home/test/.cpan/build/Test-Mock-Recorder-0.01-JBsJ8z/inc /home/test/.cpan/build/Test-Mock-Recorder-0.01-JBsJ8z/blib/lib /home/test/.cpan/build/Test-Mock-Recorder-0.01-JBsJ8z/blib/arch /home/test/perl5/perlbrew/perls/perl-5.14.1-ld/lib/site_perl/5.14.1/x86_64-linux-ld /home/test/perl5/perlbrew/perls/perl-5.14.1-ld/lib/site_perl/5.14.1 /home/test/perl5/perlbrew/perls/perl-5.14.1-ld/lib/5.14.1/x86_64-linux-ld /home/test/perl5/perlbrew/perls/perl-5.14.1-ld/lib/5.14.1 .) at /home/test/.cpan/build/Test-Mock-Recorder-0.01-JBsJ8z/blib/lib/Test/Mock/Recorder.pm line 6.
# BEGIN failed--compilation aborted at /home/test/.cpan/build/Test-Mock-Recorder-0.01-JBsJ8z/blib/lib/Test/Mock/Recorder.pm line 6.
# Compilation failed in require at t/use.t line 3.
# Looks like you failed 1 test of 1.
t/use.t ........ 
Dubious, test returned 1 (wstat 256, 0x100)
Failed 1/1 subtests 

#   Failed test 'use Test::Mock::Recorder;'
#   at t/verify_ok.t line 5.
#     Tried to use 'Test::Mock::Recorder'.
#     Error:  Can't locate Test/MockObject.pm in @INC (@INC contains: /home/test/.cpan/build/Test-Mock-Recorder-0.01-JBsJ8z/inc /home/test/.cpan/build/Test-Mock-Recorder-0.01-JBsJ8z/blib/lib /home/test/.cpan/build/Test-Mock-Recorder-0.01-JBsJ8z/blib/arch /home/test/perl5/perlbrew/perls/perl-5.14.1-ld/lib/site_perl/5.14.1/x86_64-linux-ld /home/test/perl5/perlbrew/perls/perl-5.14.1-ld/lib/site_perl/5.14.1 /home/test/perl5/perlbrew/perls/perl-5.14.1-ld/lib/5.14.1/x86_64-linux-ld /home/test/perl5/perlbrew/perls/perl-5.14.1-ld/lib/5.14.1 .) at /home/test/.cpan/build/Test-Mock-Recorder-0.01-JBsJ8z/blib/lib/Test/Mock/Recorder.pm line 6.
# BEGIN failed--compilation aborted at /home/test/.cpan/build/Test-Mock-Recorder-0.01-JBsJ8z/blib/lib/Test/Mock/Recorder.pm line 6.
# Compilation failed in require at t/verify_ok.t line 5.
Can't locate object method "expects" via package "Test::Mock::Recorder" at t/verify_ok.t line 8.
# Tests were run but no plan was declared and done_testing() was not seen.
t/verify_ok.t .. 
Dubious, test returned 255 (wstat 65280, 0xff00)
Failed 1/1 subtests 

Test Summary Report
-------------------
t/arguments.t (Wstat: 65280 Tests: 1 Failed: 1)
  Failed test:  1
  Non-zero exit status: 255
  Parse errors: No plan found in TAP output
t/chain.t    (Wstat: 65280 Tests: 1 Failed: 1)
  Failed test:  1
  Non-zero exit status: 255
  Parse errors: No plan found in TAP output
t/expects.t  (Wstat: 512 Tests: 0 Failed: 0)
  Non-zero exit status: 2
  Parse errors: No plan found in TAP output
t/replay.t   (Wstat: 65280 Tests: 1 Failed: 1)
  Failed test:  1
  Non-zero exit status: 255
  Parse errors: No plan found in TAP output
t/synopsis.t (Wstat: 512 Tests: 3 Failed: 2)
  Failed tests:  1, 3
  Non-zero exit status: 2
t/test_name.t (Wstat: 7424 Tests: 2 Failed: 2)
  Failed tests:  1-2
  Non-zero exit status: 29
  Parse errors: No plan found in TAP output
t/use.t      (Wstat: 256 Tests: 1 Failed: 1)
  Failed test:  1
  Non-zero exit status: 1
t/verify_ok.t (Wstat: 65280 Tests: 1 Failed: 1)
  Failed test:  1
  Non-zero exit status: 255
  Parse errors: No plan found in TAP output
Files=8, Tests=10,  0 wallclock secs ( 0.03 usr  0.02 sys +  0.18 cusr  0.06 csys =  0.29 CPU)
Result: FAIL
Failed 8/8 test programs. 9/10 subtests failed.
make: *** [test_dynamic] Error 255

------------------------------
PREREQUISITES
------------------------------

Prerequisite modules loaded:

requires:

    Module                Need Have   
    --------------------- ---- -------
    Class::Accessor::Fast 0    0.34   
    Data::Compare         0    1.22   
    Test::Builder         0    0.98_01

build_requires:

    Module                Need Have   
    --------------------- ---- -------
    ExtUtils::MakeMaker   6.42 6.63_02
    Test::More            0    0.98_01

configure_requires:

    Module                Need Have   
    --------------------- ---- -------
    ExtUtils::MakeMaker   6.42 6.63_02


------------------------------
ENVIRONMENT AND OTHER CONTEXT
------------------------------

Environment variables:

    AUTOMATED_TESTING = 1
    LANG = C
    LC_ALL = C
    PATH = /home/test/perl5/perlbrew/bin:/home/test/perl5/perlbrew/perls/perl-5.14.1-ld/bin:/home/test/bin:~/bin:/usr/bin:/bin
    PATH_WITHOUT_PERLBREW = /home/test/bin:~/bin:/usr/bin:/bin
    PERL5LIB = 
    PERL5OPT = 
    PERL5_CPANPLUS_IS_RUNNING = 25887
    PERL5_CPAN_IS_RUNNING = 25887
    PERL5_CPAN_IS_RUNNING_IN_RECURSION = 20153,25887
    PERLBREW_BASHRC_VERSION = 0.31
    PERLBREW_HOME = /home/test/.perlbrew
    PERLBREW_PATH = /home/test/perl5/perlbrew/bin:/home/test/perl5/perlbrew/perls/perl-5.14.1-ld/bin
    PERLBREW_PERL = perl-5.14.1-ld
    PERLBREW_ROOT = /home/test/perl5/perlbrew
    PERLBREW_VERSION = 0.31
    PERL_CPANM_OPT = --prompt --mirror file:///mirrors/cpan/
    PERL_CR_SMOKER_CURRENT = Test-Mock-Recorder-0.01
    PERL_EXTUTILS_AUTOINSTALL = --defaultdeps
    PERL_MM_USE_DEFAULT = 1
    SHELL = /bin/bash
    TERM = linux

Perl special variables (and OS-specific diagnostics, for MSWin32):

    $^X = /home/test/perl5/perlbrew/perls/perl-5.14.1-ld/bin/perl
    $UID/$EUID = 1001 / 1001
    $GID = 1001 1001
    $EGID = 1001 1001

Perl module toolchain versions installed:

    Module              Have    
    ------------------- --------
    CPAN                1.9800  
    CPAN::Meta          2.112621
    Cwd                 3.36    
    ExtUtils::CBuilder  0.280203
    ExtUtils::Command   1.17    
    ExtUtils::Install   1.56    
    ExtUtils::MakeMaker 6.63_02 
    ExtUtils::Manifest  1.60    
    ExtUtils::ParseXS   3.05    
    File::Spec          3.33    
    JSON                2.53    
    JSON::PP            2.27200 
    Module::Build       0.39_01 
    Module::Signature   n/a     
    Parse::CPAN::Meta   1.4401  
    Test::Harness       3.23    
    Test::More          0.98_01 
    YAML                0.77    
    YAML::Syck          1.19    
    version             0.94    


--

Summary of my perl5 (revision 5 version 14 subversion 1) configuration:
   
  Platform:
    osname=linux, osvers=2.6.35-28-generic, archname=x86_64-linux-ld
    uname='linux zippy 2.6.35-28-generic #50-ubuntu smp fri mar 18 18:42:20 utc 2011 x86_64 gnulinux '
    config_args='-de -Dprefix=/home/test/perl5/perlbrew/perls/perl-5.14.1-ld -Duselongdouble'
    hint=recommended, useposix=true, d_sigaction=define
    useithreads=undef, usemultiplicity=undef
    useperlio=define, d_sfio=undef, uselargefiles=define, usesocks=undef
    use64bitint=define, use64bitall=define, uselongdouble=define
    usemymalloc=n, bincompat5005=undef
  Compiler:
    cc='cc', ccflags ='-fno-strict-aliasing -pipe -fstack-protector -I/usr/local/include -D_LARGEFILE_SOURCE -D_FILE_OFFSET_BITS=64',
    optimize='-O2',
    cppflags='-fno-strict-aliasing -pipe -fstack-protector -I/usr/local/include'
    ccversion='', gccversion='4.4.5', gccosandvers=''
    intsize=4, longsize=8, ptrsize=8, doublesize=8, byteorder=12345678
    d_longlong=define, longlongsize=8, d_longdbl=define, longdblsize=16
    ivtype='long', ivsize=8, nvtype='long double', nvsize=16, Off_t='off_t', lseeksize=8
    alignbytes=16, prototype=define
  Linker and Libraries:
    ld='cc', ldflags =' -fstack-protector -L/usr/local/lib'
    libpth=/usr/local/lib /lib/../lib /usr/lib/../lib /lib /usr/lib /usr/lib/x86_64-linux-gnu /lib64 /usr/lib64
    libs=-lnsl -ldl -lm -lcrypt -lutil -lc
    perllibs=-lnsl -ldl -lm -lcrypt -lutil -lc
    libc=/lib/libc-2.12.1.so, so=so, useshrplib=false, libperl=libperl.a
    gnulibc_version='2.12.1'
  Dynamic Linking:
    dlsrc=dl_dlopen.xs, dlext=so, d_dlsymun=undef, ccdlflags='-Wl,-E'
    cccdlflags='-fPIC', lddlflags='-shared -O2 -L/usr/local/lib -fstack-protector'


Characteristics of this binary (from libperl): 
  Compile-time options: PERL_DONT_CREATE_GVSV PERL_MALLOC_WRAP
                        PERL_PRESERVE_IVUV USE_64_BIT_ALL USE_64_BIT_INT
                        USE_LARGE_FILES USE_LONG_DOUBLE USE_PERLIO
                        USE_PERL_ATOF
  Built under linux
  Compiled at Nov  8 2011 21:16:18
  %ENV:
    PERL5LIB=""
    PERL5OPT=""
    PERL5_CPANPLUS_IS_RUNNING="25887"
    PERL5_CPAN_IS_RUNNING="25887"
    PERL5_CPAN_IS_RUNNING_IN_RECURSION="20153,25887"
    PERLBREW_BASHRC_VERSION="0.31"
    PERLBREW_HOME="/home/test/.perlbrew"
    PERLBREW_PATH="/home/test/perl5/perlbrew/bin:/home/test/perl5/perlbrew/perls/perl-5.14.1-ld/bin"
    PERLBREW_PERL="perl-5.14.1-ld"
    PERLBREW_ROOT="/home/test/perl5/perlbrew"
    PERLBREW_VERSION="0.31"
    PERL_CPANM_OPT="--prompt --mirror file:///mirrors/cpan/"
    PERL_CR_SMOKER_CURRENT="Test-Mock-Recorder-0.01"
    PERL_EXTUTILS_AUTOINSTALL="--defaultdeps"
    PERL_MM_USE_DEFAULT="1"
  @INC:
    /home/test/perl5/perlbrew/perls/perl-5.14.1-ld/lib/site_perl/5.14.1/x86_64-linux-ld
    /home/test/perl5/perlbrew/perls/perl-5.14.1-ld/lib/site_perl/5.14.1
    /home/test/perl5/perlbrew/perls/perl-5.14.1-ld/lib/5.14.1/x86_64-linux-ld
    /home/test/perl5/perlbrew/perls/perl-5.14.1-ld/lib/5.14.1
    .