Back
From: metabase:user:4dfc06c6-195a-11e2-a206-b3515ddc64b8
Subject: FAIL Mail-Transport-Dbx-0.07 v5.16.0 GNU/Linux
Date: 2012-12-04T16:23:49Z
This distribution has been tested as part of the CPAN Testers
project, supporting the Perl programming language. See
http://wiki.cpantesters.org/ for more information or email
questions to cpan-testers-discuss@perl.org
--
Dear Tassilo von Parseval,
This is a computer-generated report for Mail-Transport-Dbx-0.07
on perl 5.16.0, created by CPAN-Reporter-1.2006.
Thank you for uploading your work to CPAN. However, there was a problem
testing your distribution.
If you think this report is invalid, please consult the CPAN Testers Wiki
for suggestions on how to avoid getting FAIL reports for missing library
or binary dependencies, unsupported operating systems, and so on:
http://wiki.cpantesters.org/wiki/CPANAuthorNotes
Sections of this report:
* Tester comments
* Program output
* Prerequisites
* Environment and other context
------------------------------
TESTER COMMENTS
------------------------------
Additional comments from tester:
none provided
------------------------------
PROGRAM OUTPUT
------------------------------
Output from '/usr/bin/make test':
make[1]: Entering directory `/root/.cpan/build/Mail-Transport-Dbx-0.07-nTvyrl/libdbx'
make[1]: Nothing to be done for `all'.
make[1]: Leaving directory `/root/.cpan/build/Mail-Transport-Dbx-0.07-nTvyrl/libdbx'
PERL_DL_NONLAZY=1 /usr/bin/perl "-MExtUtils::Command::MM" "-e" "test_harness(0, 'blib/lib', 'blib/arch')" t/*.t
# Failed test 'POD test for blib/lib/Mail/Transport/Dbx.pm'
# at /usr/lib/perl5/site_perl/5.16.0/Test/Pod.pm line 182.
# blib/lib/Mail/Transport/Dbx.pm (450): Non-ASCII character seen before =encoding in 'Ordner/Entwürfe'. Assuming ISO8859-1
# Looks like you failed 1 test of 1.
t/0_pod.t ...........
Dubious, test returned 1 (wstat 256, 0x100)
Failed 1/1 subtests
t/0_pod_coverage.t .. ok
t/1.t ............... ok
t/2.t ............... ok
t/3.t ............... ok
t/fixed.t ........... ok
Test Summary Report
-------------------
t/0_pod.t (Wstat: 256 Tests: 1 Failed: 1)
Failed test: 1
Non-zero exit status: 1
Files=6, Tests=60, 1 wallclock secs ( 0.03 usr 0.01 sys + 0.18 cusr 0.03 csys = 0.25 CPU)
Result: FAIL
Failed 1/6 test programs. 1/60 subtests failed.
make: *** [test_dynamic] Error 255
------------------------------
PREREQUISITES
------------------------------
Prerequisite modules loaded:
build_requires:
Module Need Have
------------------- ---- -------
ExtUtils::MakeMaker 0 6.63_02
------------------------------
ENVIRONMENT AND OTHER CONTEXT
------------------------------
Environment variables:
LANG = POSIX
LC_CTYPE = ru_RU.UTF-8
LD_LIBRARY_PATH = /usr/lib64/mpi/gcc/openmpi/lib64:/opt/AMDAPP/lib/x86_64:/opt/AMDAPP/lib/x86
PATH = /usr/lib64/mpi/gcc/openmpi/bin:/sbin:/usr/sbin:/usr/local/sbin:/root/bin:/usr/local/bin:/usr/bin:/bin:/usr/bin/X11:/usr/X11R6/bin:/usr/games:/opt/bin:/opt/kde3/bin:/usr/lib/mit/bin:/usr/lib/mit/sbin:/usr/lib/qt3/bin:/usr/sbin
PERL5LIB =
PERL5OPT =
PERL5_CPANPLUS_IS_RUNNING = 4904
PERL5_CPAN_IS_RUNNING = 4904
SHELL = /bin/bash
TERM = xterm
Perl special variables (and OS-specific diagnostics, for MSWin32):
$^X = /usr/bin/perl
$UID/$EUID = 0 / 0
$GID = 0 0
$EGID = 0 0
Perl module toolchain versions installed:
Module Have
------------------- --------
CPAN 1.9800
CPAN::Meta 2.120921
Cwd 3.33
ExtUtils::CBuilder 0.280206
ExtUtils::Command 1.17
ExtUtils::Install 1.58
ExtUtils::MakeMaker 6.63_02
ExtUtils::Manifest 1.61
ExtUtils::ParseXS 3.18
File::Spec 3.33
JSON 2.53
JSON::PP 2.27200
Module::Build 0.4003
Module::Signature n/a
Parse::CPAN::Meta 1.4404
Test::Harness 3.25
Test::More 0.98
YAML 0.84
YAML::Syck 1.21
version 0.9901
--
Summary of my perl5 (revision 5 version 16 subversion 0) configuration:
Platform:
osname=linux, osvers=3.1.10-1.9-default, archname=x86_64-linux-thread-multi
uname='linux build33 3.1.10-1.9-default #1 smp thu apr 5 18:48:38 utc 2012 (4a97ec8) x86_64 x86_64 x86_64 gnulinux '
config_args='-ds -e -Dprefix=/usr -Dvendorprefix=/usr -Dinstallusrbinperl -Dusethreads -Di_db -Di_dbm -Di_ndbm -Di_gdbm -Dd_dbm_open -Duseshrplib=true -Doptimize=-fmessage-length=0 -O2 -Wall -D_FORTIFY_SOURCE=2 -fstack-protector -funwind-tables -fasynchronous-unwind-tables -g -Wall -pipe -Accflags=-DPERL_USE_SAFE_PUTENV -Dotherlibdirs=/usr/lib/perl5/site_perl'
hint=recommended, useposix=true, d_sigaction=define
useithreads=define, usemultiplicity=define
useperlio=define, d_sfio=undef, uselargefiles=define, usesocks=undef
use64bitint=define, use64bitall=define, uselongdouble=undef
usemymalloc=n, bincompat5005=undef
Compiler:
cc='cc', ccflags ='-D_REENTRANT -D_GNU_SOURCE -DPERL_USE_SAFE_PUTENV -fno-strict-aliasing -pipe -fstack-protector -D_LARGEFILE_SOURCE -D_FILE_OFFSET_BITS=64',
optimize='-fmessage-length=0 -O2 -Wall -D_FORTIFY_SOURCE=2 -fstack-protector -funwind-tables -fasynchronous-unwind-tables -g -Wall -pipe',
cppflags='-D_REENTRANT -D_GNU_SOURCE -DPERL_USE_SAFE_PUTENV -fno-strict-aliasing -pipe -fstack-protector'
ccversion='', gccversion='4.7.1 20120713 [gcc-4_7-branch revision 189457]', gccosandvers=''
intsize=4, longsize=8, ptrsize=8, doublesize=8, byteorder=12345678
d_longlong=define, longlongsize=8, d_longdbl=define, longdblsize=16
ivtype='long', ivsize=8, nvtype='double', nvsize=8, Off_t='off_t', lseeksize=8
alignbytes=8, prototype=define
Linker and Libraries:
ld='cc', ldflags =' -L/usr/local/lib64 -fstack-protector'
libpth=/lib64 /usr/lib64 /usr/local/lib64
libs=-lm -ldl -lcrypt -lpthread
perllibs=-lm -ldl -lcrypt -lpthread
libc=/lib64/libc-2.15.so, so=so, useshrplib=true, libperl=libperl.so
gnulibc_version='2.15'
Dynamic Linking:
dlsrc=dl_dlopen.xs, dlext=so, d_dlsymun=undef, ccdlflags='-Wl,-E -Wl,-rpath,/usr/lib/perl5/5.16.0/x86_64-linux-thread-multi/CORE'
cccdlflags='-fPIC', lddlflags='-shared -L/usr/local/lib64 -fstack-protector'
Characteristics of this binary (from libperl):
Compile-time options: HAS_TIMES MULTIPLICITY PERLIO_LAYERS
PERL_DONT_CREATE_GVSV PERL_IMPLICIT_CONTEXT
PERL_MALLOC_WRAP PERL_PRESERVE_IVUV
PERL_USE_SAFE_PUTENV USE_64_BIT_ALL USE_64_BIT_INT
USE_ITHREADS USE_LARGE_FILES USE_LOCALE
USE_LOCALE_COLLATE USE_LOCALE_CTYPE
USE_LOCALE_NUMERIC USE_PERLIO USE_PERL_ATOF
USE_REENTRANT_API
Built under linux
Compiled at Jul 16 2012 08:51:58
%ENV:
PERL5LIB=""
PERL5OPT=""
PERL5_CPANPLUS_IS_RUNNING="4904"
PERL5_CPAN_IS_RUNNING="4904"
@INC:
/usr/lib/perl5/site_perl/5.16.0/x86_64-linux-thread-multi
/usr/lib/perl5/site_perl/5.16.0
/usr/lib/perl5/vendor_perl/5.16.0/x86_64-linux-thread-multi
/usr/lib/perl5/vendor_perl/5.16.0
/usr/lib/perl5/5.16.0/x86_64-linux-thread-multi
/usr/lib/perl5/5.16.0
/usr/lib/perl5/site_perl/5.16.0/x86_64-linux-thread-multi
/usr/lib/perl5/site_perl/5.16.0
/usr/lib/perl5/site_perl
.