XML-Filter-Dispatcher v0.52 Perl 5 v5.12.5 x86_64-linux

Status
Fail
From
Andreas J. König (ANDK)
Dist
XML-Filter-Dispatcher v0.52
Platform
Perl 5 v5.12.5 x86_64-linux
Date
2017-12-22 09:39:20
ID
fc97843e-e6fb-11e7-9272-164d58f8a7fe
This distribution has been tested as part of the CPAN Testers
project, supporting the Perl programming language.  See
http://wiki.cpantesters.org/ for more information or email
questions to cpan-testers-discuss@perl.org


--
Dear Barrie Slaymaker,

This is a computer-generated report for XML-Filter-Dispatcher-0.52
on perl 5.12.5, created by CPAN-Reporter-1.2018.

Thank you for uploading your work to CPAN.  However, there was a problem
testing your distribution.

If you think this report is invalid, please consult the CPAN Testers Wiki
for suggestions on how to avoid getting FAIL reports for missing library
or binary dependencies, unsupported operating systems, and so on:

http://wiki.cpantesters.org/wiki/CPANAuthorNotes

Sections of this report:

    * Tester comments
    * Program output
    * Prerequisites
    * Environment and other context

------------------------------
TESTER COMMENTS
------------------------------

Additional comments from tester:

this report is from an automated smoke testing program
and was not reviewed by a human for accuracy

------------------------------
PROGRAM OUTPUT
------------------------------

Output from '/usr/bin/make test':

PERL_DL_NONLAZY=1 "/home/sand/src/perl/repoperls/installed-perls/host/k93msid/v5.12.5/89ad/bin/perl" "-MExtUtils::Command::MM" "-MTest::Harness" "-e" "undef *Test::Harness::Switches; test_harness(0, 'blib/lib', 'blib/arch')" t/*.t
Runaway prototype at /tmp/loop_over_bdir-22566-61vGrF/XML-Filter-Dispatcher-0.52-0/blib/lib/XML/Filter/Dispatcher/Runtime.pm line 33.
Prototype mismatch:: none vs () at /tmp/loop_over_bdir-22566-61vGrF/XML-Filter-Dispatcher-0.52-0/blib/lib/XML/Filter/Dispatcher/Runtime.pm line 33.
Undefined subroutine &XFD::is_tracing called at (eval 38) line 17.
t/builder.t ........ 
Dubious, test returned 255 (wstat 65280, 0xff00)
Failed 25/25 subtests 
Runaway prototype at /tmp/loop_over_bdir-22566-61vGrF/XML-Filter-Dispatcher-0.52-0/blib/lib/XML/Filter/Dispatcher/Runtime.pm line 33.
Prototype mismatch:: none vs () at /tmp/loop_over_bdir-22566-61vGrF/XML-Filter-Dispatcher-0.52-0/blib/lib/XML/Filter/Dispatcher/Runtime.pm line 33.
t/compiler.t ....... ok
Runaway prototype at /tmp/loop_over_bdir-22566-61vGrF/XML-Filter-Dispatcher-0.52-0/blib/lib/XML/Filter/Dispatcher/Runtime.pm line 33.
Prototype mismatch:: none vs () at /tmp/loop_over_bdir-22566-61vGrF/XML-Filter-Dispatcher-0.52-0/blib/lib/XML/Filter/Dispatcher/Runtime.pm line 33.
Undefined subroutine &XFD::is_tracing called at (eval 40) line 122.
t/filter.t ......... 
Dubious, test returned 255 (wstat 65280, 0xff00)
Failed 21/21 subtests 
Runaway prototype at /tmp/loop_over_bdir-22566-61vGrF/XML-Filter-Dispatcher-0.52-0/blib/lib/XML/Filter/Dispatcher/Runtime.pm line 33.
Prototype mismatch:: none vs () at /tmp/loop_over_bdir-22566-61vGrF/XML-Filter-Dispatcher-0.52-0/blib/lib/XML/Filter/Dispatcher/Runtime.pm line 33.
Undefined subroutine &XFD::is_tracing called at (eval 38) line 12.
t/hash.t ........... 
Dubious, test returned 255 (wstat 65280, 0xff00)
Failed 21/27 subtests 
t/helpfulerrors.t .. ok
Runaway prototype at /tmp/loop_over_bdir-22566-61vGrF/XML-Filter-Dispatcher-0.52-0/blib/lib/XML/Filter/Dispatcher/Runtime.pm line 33.
Prototype mismatch:: none vs () at /tmp/loop_over_bdir-22566-61vGrF/XML-Filter-Dispatcher-0.52-0/blib/lib/XML/Filter/Dispatcher/Runtime.pm line 33.
Undefined subroutine &XFD::is_tracing called at (eval 39) line 41.
t/namespaces.t ..... 
Dubious, test returned 255 (wstat 65280, 0xff00)
Failed 16/16 subtests 
t/nothing.t ........ ok
Runaway prototype at /tmp/loop_over_bdir-22566-61vGrF/XML-Filter-Dispatcher-0.52-0/blib/lib/XML/Filter/Dispatcher/Runtime.pm line 33.
Prototype mismatch:: none vs () at /tmp/loop_over_bdir-22566-61vGrF/XML-Filter-Dispatcher-0.52-0/blib/lib/XML/Filter/Dispatcher/Runtime.pm line 33.
Undefined subroutine &XFD::is_tracing called at (eval 38) line 14.
t/order.t .......... 
Dubious, test returned 255 (wstat 65280, 0xff00)
Failed 4/4 subtests 
Runaway prototype at /tmp/loop_over_bdir-22566-61vGrF/XML-Filter-Dispatcher-0.52-0/blib/lib/XML/Filter/Dispatcher/Runtime.pm line 33.
Prototype mismatch:: none vs () at /tmp/loop_over_bdir-22566-61vGrF/XML-Filter-Dispatcher-0.52-0/blib/lib/XML/Filter/Dispatcher/Runtime.pm line 33.
Undefined subroutine &XFD::is_tracing called at (eval 38) line 14.
t/postponements.t .. 
Dubious, test returned 255 (wstat 65280, 0xff00)
Failed 9/9 subtests 
Runaway prototype at /tmp/loop_over_bdir-22566-61vGrF/XML-Filter-Dispatcher-0.52-0/blib/lib/XML/Filter/Dispatcher/Runtime.pm line 33.
Prototype mismatch:: none vs () at /tmp/loop_over_bdir-22566-61vGrF/XML-Filter-Dispatcher-0.52-0/blib/lib/XML/Filter/Dispatcher/Runtime.pm line 33.
Undefined subroutine &XFD::is_tracing called at (eval 38) line 14.
t/stooges.t ........ 
Dubious, test returned 255 (wstat 65280, 0xff00)
Failed 9/9 subtests 
Runaway prototype at /tmp/loop_over_bdir-22566-61vGrF/XML-Filter-Dispatcher-0.52-0/blib/lib/XML/Filter/Dispatcher/Runtime.pm line 33.
Prototype mismatch:: none vs () at /tmp/loop_over_bdir-22566-61vGrF/XML-Filter-Dispatcher-0.52-0/blib/lib/XML/Filter/Dispatcher/Runtime.pm line 33.
Undefined subroutine &XFD::is_tracing called at (eval 38) line 12.
t/struct.t ......... 
Dubious, test returned 255 (wstat 65280, 0xff00)
Failed 22/29 subtests 
Runaway prototype at /tmp/loop_over_bdir-22566-61vGrF/XML-Filter-Dispatcher-0.52-0/blib/lib/XML/Filter/Dispatcher/Runtime.pm line 33.
Prototype mismatch:: none vs () at /tmp/loop_over_bdir-22566-61vGrF/XML-Filter-Dispatcher-0.52-0/blib/lib/XML/Filter/Dispatcher/Runtime.pm line 33.
Undefined subroutine &XFD::is_tracing called at (eval 39) line 83.
t/synopsis.t ....... 
Dubious, test returned 255 (wstat 65280, 0xff00)
Failed 8/8 subtests 
t/useless.t ........ ok
Runaway prototype at /tmp/loop_over_bdir-22566-61vGrF/XML-Filter-Dispatcher-0.52-0/blib/lib/XML/Filter/Dispatcher/Runtime.pm line 33.
Prototype mismatch:: none vs () at /tmp/loop_over_bdir-22566-61vGrF/XML-Filter-Dispatcher-0.52-0/blib/lib/XML/Filter/Dispatcher/Runtime.pm line 33.
Undefined subroutine &XFD::is_tracing called at (eval 37) line 12.
t/vars.t ........... 
Dubious, test returned 255 (wstat 65280, 0xff00)
Failed 11/13 subtests 
Runaway prototype at /tmp/loop_over_bdir-22566-61vGrF/XML-Filter-Dispatcher-0.52-0/blib/lib/XML/Filter/Dispatcher/Runtime.pm line 33.
Prototype mismatch:: none vs () at /tmp/loop_over_bdir-22566-61vGrF/XML-Filter-Dispatcher-0.52-0/blib/lib/XML/Filter/Dispatcher/Runtime.pm line 33.
Undefined subroutine &XFD::is_tracing called at (eval 40) line 13.
t/xpath.t .......... 
Dubious, test returned 255 (wstat 65280, 0xff00)
Failed 542/542 subtests 
Runaway prototype at /tmp/loop_over_bdir-22566-61vGrF/XML-Filter-Dispatcher-0.52-0/blib/lib/XML/Filter/Dispatcher/Runtime.pm line 33.
Prototype mismatch:: none vs () at /tmp/loop_over_bdir-22566-61vGrF/XML-Filter-Dispatcher-0.52-0/blib/lib/XML/Filter/Dispatcher/Runtime.pm line 33.
Undefined subroutine &XFD::is_tracing called at (eval 39) line 16.
t/xstack.t ......... 
Dubious, test returned 25 (wstat 6400, 0x1900)
Failed 20/20 subtests 

Test Summary Report
-------------------
t/builder.t      (Wstat: 65280 Tests: 0 Failed: 0)
  Non-zero exit status: 255
  Parse errors: Bad plan.  You planned 25 tests but ran 0.
t/filter.t       (Wstat: 65280 Tests: 0 Failed: 0)
  Non-zero exit status: 255
  Parse errors: Bad plan.  You planned 21 tests but ran 0.
t/hash.t         (Wstat: 65280 Tests: 6 Failed: 0)
  Non-zero exit status: 255
  Parse errors: Bad plan.  You planned 27 tests but ran 6.
t/namespaces.t   (Wstat: 65280 Tests: 0 Failed: 0)
  Non-zero exit status: 255
  Parse errors: Bad plan.  You planned 16 tests but ran 0.
t/order.t        (Wstat: 65280 Tests: 0 Failed: 0)
  Non-zero exit status: 255
  Parse errors: Bad plan.  You planned 4 tests but ran 0.
t/postponements.t (Wstat: 65280 Tests: 0 Failed: 0)
  Non-zero exit status: 255
  Parse errors: Bad plan.  You planned 9 tests but ran 0.
t/stooges.t      (Wstat: 65280 Tests: 0 Failed: 0)
  Non-zero exit status: 255
  Parse errors: Bad plan.  You planned 9 tests but ran 0.
t/struct.t       (Wstat: 65280 Tests: 7 Failed: 0)
  Non-zero exit status: 255
  Parse errors: Bad plan.  You planned 29 tests but ran 7.
t/synopsis.t     (Wstat: 65280 Tests: 0 Failed: 0)
  Non-zero exit status: 255
  Parse errors: Bad plan.  You planned 8 tests but ran 0.
t/vars.t         (Wstat: 65280 Tests: 2 Failed: 0)
  Non-zero exit status: 255
  Parse errors: Bad plan.  You planned 13 tests but ran 2.
t/xpath.t        (Wstat: 65280 Tests: 0 Failed: 0)
  Non-zero exit status: 255
  Parse errors: Bad plan.  You planned 542 tests but ran 0.
t/xstack.t       (Wstat: 6400 Tests: 0 Failed: 0)
  Non-zero exit status: 25
  Parse errors: Bad plan.  You planned 20 tests but ran 0.
Files=16, Tests=37,  4 wallclock secs ( 0.02 usr  0.10 sys +  1.60 cusr  0.36 csys =  2.08 CPU)
Result: FAIL
Failed 12/16 test programs. 0/37 subtests failed.
Makefile:888: recipe for target 'test_dynamic' failed
make: *** [test_dynamic] Error 25

------------------------------
PREREQUISITES
------------------------------

Prerequisite modules loaded:

requires:

    Module                     Need Have   
    -------------------------- ---- -------
    XML::NamespaceSupport      0    1.12   
    XML::SAX::Base             0    1.09   
    XML::SAX::EventMethodMaker 0    0.46   
    XML::SAX::ParserFactory    0    1.01   

build_requires:

    Module                     Need Have   
    -------------------------- ---- -------
    ExtUtils::MakeMaker        0    7.31_05


------------------------------
ENVIRONMENT AND OTHER CONTEXT
------------------------------

Environment variables:

    AUTOMATED_TESTING = 1
    LANG = en_US.UTF-8
    PATH = /home/sand/bin:/usr/local/bin:/usr/bin:/bin:/usr/games:/usr/local/perl/bin:/usr/X11/bin:/sbin:/usr/sbin
    PERL5LIB = /tmp/loop_over_bdir-22566-61vGrF/XML-SAX-Machines-0.46-0/blib/arch:/tmp/loop_over_bdir-22566-61vGrF/XML-SAX-Machines-0.46-0/blib/lib:/tmp/loop_over_bdir-22566-61vGrF/XML-SAX-Writer-0.57-0/blib/arch:/tmp/loop_over_bdir-22566-61vGrF/XML-SAX-Writer-0.57-0/blib/lib:/tmp/loop_over_bdir-22566-61vGrF/XML-Filter-BufferText-1.01-0/blib/arch:/tmp/loop_over_bdir-22566-61vGrF/XML-Filter-BufferText-1.01-0/blib/lib
    PERL5OPT = 
    PERL5_CPANPLUS_IS_RUNNING = 22587
    PERL5_CPAN_IS_RUNNING = 22587
    PERL5_CPAN_IS_RUNNING_IN_RECURSION = 2891,22587
    PERL_CANARY_STABILITY_NOPROMPT = 1
    PERL_MM_USE_DEFAULT = 1
    PERL_USE_UNSAFE_INC = 1
    SHELL = /usr/bin/zsh
    TERM = screen

Perl special variables (and OS-specific diagnostics, for MSWin32):

    $^X = /home/sand/src/perl/repoperls/installed-perls/host/k93msid/v5.12.5/89ad/bin/perl
    $UID/$EUID = 1005 / 1005
    $GID = 1005 1005
    $EGID = 1005 1005

Perl module toolchain versions installed:

    Module              Have    
    ------------------- --------
    CPAN                2.20    
    CPAN::Meta          2.150010
    Cwd                 3.62    
    ExtUtils::CBuilder  0.280226
    ExtUtils::Command   7.31_05 
    ExtUtils::Install   2.06    
    ExtUtils::MakeMaker 7.31_05 
    ExtUtils::Manifest  1.70    
    ExtUtils::ParseXS   3.35    
    File::Spec          3.62    
    JSON                2.95    
    JSON::PP            2.97000 
    Module::Build       0.4224  
    Module::Signature   0.81    
    Parse::CPAN::Meta   2.150010
    Test::Harness       3.39    
    Test::More          1.302120
    YAML                1.23    
    YAML::Syck          1.30    
    version             0.9918  


--

Summary of my perl5 (revision 5 version 12 subversion 5) configuration:
  Derived from: 9a9cbd715960a905dcbc9166349a73a64a007e4e
  Platform:
    osname=linux, osvers=4.12.0-2-amd64, archname=x86_64-linux
    uname='linux k93msid 4.12.0-2-amd64 #1 smp debian 4.12.13-1 (2017-09-19) x86_64 gnulinux '
    config_args='-Dprefix=/home/sand/src/perl/repoperls/installed-perls/host/k93msid/v5.12.5/89ad -Dmyhostname=k93msid -Dinstallusrbinperl=n -Uversiononly -Dusedevel -des -Ui_db -Dlibswanted=cl pthread socket inet nsl gdbm dbm malloc dl ld sun m crypt sec util c cposix posix ucb BSD gdbm_compat -Uuseithreads -Uuselongdouble -DDEBUGGING=-g'
    hint=recommended, useposix=true, d_sigaction=define
    useithreads=undef, usemultiplicity=undef
    useperlio=define, d_sfio=undef, uselargefiles=define, usesocks=undef
    use64bitint=define, use64bitall=define, uselongdouble=undef
    usemymalloc=n, bincompat5005=undef
  Compiler:
    cc='cc', ccflags ='-fno-strict-aliasing -pipe -fstack-protector -I/usr/local/include -D_LARGEFILE_SOURCE -D_FILE_OFFSET_BITS=64',
    optimize='-O2 -g',
    cppflags='-fno-strict-aliasing -pipe -fstack-protector -I/usr/local/include'
    ccversion='', gccversion='7.2.0', gccosandvers=''
    intsize=4, longsize=8, ptrsize=8, doublesize=8, byteorder=12345678
    d_longlong=define, longlongsize=8, d_longdbl=define, longdblsize=16
    ivtype='long', ivsize=8, nvtype='double', nvsize=8, Off_t='off_t', lseeksize=8
    alignbytes=8, prototype=define
  Linker and Libraries:
    ld='cc', ldflags =' -fstack-protector -L/usr/local/lib'
    libpth=/usr/local/lib /lib/x86_64-linux-gnu /lib/../lib /usr/lib/x86_64-linux-gnu /usr/lib/../lib /lib /usr/lib
    libs=-lpthread -lnsl -ldl -lm -lcrypt -lutil -lc
    perllibs=-lpthread -lnsl -ldl -lm -lcrypt -lutil -lc
    libc=libc-2.24.so, so=so, useshrplib=false, libperl=libperl.a
    gnulibc_version='2.24'
  Dynamic Linking:
    dlsrc=dl_dlopen.xs, dlext=so, d_dlsymun=undef, ccdlflags='-Wl,-E'
    cccdlflags='-fPIC', lddlflags='-shared -O2 -g -L/usr/local/lib -fstack-protector'


Characteristics of this binary (from libperl): 
  Compile-time options: PERL_DONT_CREATE_GVSV PERL_MALLOC_WRAP PERL_USE_DEVEL
                        USE_64_BIT_ALL USE_64_BIT_INT USE_LARGE_FILES
                        USE_PERLIO USE_PERL_ATOF
  Locally applied patches:
	uncommitted-changes
  Built under linux
  Compiled at Oct  3 2017 11:46:41
  %ENV:
    PERL5LIB="/tmp/loop_over_bdir-22566-61vGrF/XML-SAX-Machines-0.46-0/blib/arch:/tmp/loop_over_bdir-22566-61vGrF/XML-SAX-Machines-0.46-0/blib/lib:/tmp/loop_over_bdir-22566-61vGrF/XML-SAX-Writer-0.57-0/blib/arch:/tmp/loop_over_bdir-22566-61vGrF/XML-SAX-Writer-0.57-0/blib/lib:/tmp/loop_over_bdir-22566-61vGrF/XML-Filter-BufferText-1.01-0/blib/arch:/tmp/loop_over_bdir-22566-61vGrF/XML-Filter-BufferText-1.01-0/blib/lib"
    PERL5OPT=""
    PERL5_CPANPLUS_IS_RUNNING="22587"
    PERL5_CPAN_IS_RUNNING="22587"
    PERL5_CPAN_IS_RUNNING_IN_RECURSION="2891,22587"
    PERL_CANARY_STABILITY_NOPROMPT="1"
    PERL_MM_USE_DEFAULT="1"
    PERL_USE_UNSAFE_INC="1"
  @INC:
    /tmp/loop_over_bdir-22566-61vGrF/XML-SAX-Machines-0.46-0/blib/arch
    /tmp/loop_over_bdir-22566-61vGrF/XML-SAX-Machines-0.46-0/blib/lib
    /tmp/loop_over_bdir-22566-61vGrF/XML-SAX-Writer-0.57-0/blib/arch
    /tmp/loop_over_bdir-22566-61vGrF/XML-SAX-Writer-0.57-0/blib/lib
    /tmp/loop_over_bdir-22566-61vGrF/XML-Filter-BufferText-1.01-0/blib/arch
    /tmp/loop_over_bdir-22566-61vGrF/XML-Filter-BufferText-1.01-0/blib/lib
    /home/sand/src/perl/repoperls/installed-perls/host/k93msid/v5.12.5/89ad/lib/site_perl/5.12.5/x86_64-linux
    /home/sand/src/perl/repoperls/installed-perls/host/k93msid/v5.12.5/89ad/lib/site_perl/5.12.5
    /home/sand/src/perl/repoperls/installed-perls/host/k93msid/v5.12.5/89ad/lib/5.12.5/x86_64-linux
    /home/sand/src/perl/repoperls/installed-perls/host/k93msid/v5.12.5/89ad/lib/5.12.5
    .