Report for MooX-ProtectedAttributes-0.03

Back
From: metabase:user:314402c4-2aae-11df-837a-5e0a49663a4f
Subject: FAIL MooX-ProtectedAttributes-0.03 v5.8.9 FreeBSD
Date: 2013-10-21T10:53:16Z

This distribution has been tested as part of the CPAN Testers
project, supporting the Perl programming language.  See
http://wiki.cpantesters.org/ for more information or email
questions to cpan-testers-discuss@perl.org


--
Dear celogeek,

This is a computer-generated report for MooX-ProtectedAttributes-0.03
on perl 5.8.9, created by CPAN-Reporter-1.2006.

Thank you for uploading your work to CPAN.  However, there was a problem
testing your distribution.

If you think this report is invalid, please consult the CPAN Testers Wiki
for suggestions on how to avoid getting FAIL reports for missing library
or binary dependencies, unsupported operating systems, and so on:

http://wiki.cpantesters.org/wiki/CPANAuthorNotes

Sections of this report:

    * Tester comments
    * Program output
    * Prerequisites
    * Environment and other context

------------------------------
TESTER COMMENTS
------------------------------

Additional comments from tester:

none provided

------------------------------
PROGRAM OUTPUT
------------------------------

Output from './Build test':

t/00-compile.t ................ ok
# Testing with Perl 5.008009, /usr/perl5.8.9/bin/perl5.8.9
#     Carp version is 1.26
#     File::Spec version is 3.40
#     IO::Handle version is 1.28
#     IPC::Open3 version is 1.03
#     Module::Build version is 0.4007
#     Moo version is 1.003001
#     Moo::Role version is 1.003001
#     Moose version is 2.0604
#     Scalar::Util version is 1.33
#     Test::More version is 0.99
#     Test::Trap version is 0.2.2
#     strict version is 1.03
#     warnings version is 1.05_01
t/000-report-versions.t ....... ok
t/author-critic.t ............. skipped: these tests are for testing by the author
    
    #   Failed test 'reading foo is forbidden'
    #   at t/moox-protectedattributes.t line 39.
    #                   'Can't locate object method "DOES" via package "main" at /var/tmp/CPAN-build/MooX-ProtectedAttributes-0.03-AwdFos/blib/lib/MooX/ProtectedAttributes.pm line 42.
    # '
    #     doesn't match '(?-xism:You\ can\'t\ use\ the\ attribute\ \<foo\>\ outside\ the\ package\ \<t\:\:lib\:\:moo\:\:myTestClass\>\ or\ anyone\ that\ consume\ it\!)'
    
    #   Failed test 'reading bar is forbidden'
    #   at t/moox-protectedattributes.t line 49.
    #                   'Can't locate object method "DOES" via package "main" at /var/tmp/CPAN-build/MooX-ProtectedAttributes-0.03-AwdFos/blib/lib/MooX/ProtectedAttributes.pm line 42.
    # '
    #     doesn't match '(?-xism:You\ can\'t\ use\ the\ attribute\ \<bar\>\ outside\ the\ package\ \<t\:\:lib\:\:moo\:\:myTestClassRole\>\ or\ anyone\ that\ consume\ it\!)'
    
    #   Failed test 'reading baz is forbidden even if redefined'
    #   at t/moox-protectedattributes.t line 54.
    #                   'Can't locate object method "DOES" via package "main" at /var/tmp/CPAN-build/MooX-ProtectedAttributes-0.03-AwdFos/blib/lib/MooX/ProtectedAttributes.pm line 42.
    # '
    #     doesn't match '(?-xism:You\ can\'t\ use\ the\ attribute\ \<baz\>\ outside\ the\ package\ \<t\:\:lib\:\:moo\:\:myTestClassRole\>\ or\ anyone\ that\ consume\ it\!)'
Can't locate object method "DOES" via package "t::lib::moo::myTestClassRole" at /var/tmp/CPAN-build/MooX-ProtectedAttributes-0.03-AwdFos/blib/lib/MooX/ProtectedAttributes.pm line 42.
    # Child (moo class and direct role) exited without calling finalize()

#   Failed test 'moo class and direct role'
#   at /usr/perl5.8.9/lib/5.8.9/Test/Builder.pm line 276.
# Tests were run but no plan was declared and done_testing() was not seen.
# Looks like your test exited with 255 just after 1.
t/moox-protectedattributes.t .. 
Dubious, test returned 255 (wstat 65280, 0xff00)
Failed 1/1 subtests 
t/release-kwalitee.t .......... skipped: these tests are for release candidate testing
t/release-pod-coverage.t ...... skipped: these tests are for release candidate testing
t/release-unused-vars.t ....... skipped: these tests are for release candidate testing

Test Summary Report
-------------------
t/moox-protectedattributes.t (Wstat: 65280 Tests: 1 Failed: 1)
  Failed test:  1
  Non-zero exit status: 255
  Parse errors: No plan found in TAP output
Files=7, Tests=15,  2 wallclock secs ( 0.05 usr  0.02 sys +  1.20 cusr  0.25 csys =  1.52 CPU)
Result: FAIL
Failed 1/7 test programs. 1/15 subtests failed.

------------------------------
PREREQUISITES
------------------------------

Prerequisite modules loaded:

requires:

    Module        Need   Have    
    ------------- ------ --------
    Carp          0      1.26    
    perl          5.006  5.008009
    strict        0      1.03    
    warnings      0      1.05_01 

build_requires:

    Module        Need   Have    
    ------------- ------ --------
    File::Spec    0      3.40    
    IO::Handle    0      1.28    
    IPC::Open3    0      1.03    
    Module::Build 0.3601 0.4007  
    Moo           0      1.003001
    Moo::Role     0      1.003001
    Moose         0      2.0604  
    Moose::Role   0      2.0604  
    perl          5.004  5.008009
    Scalar::Util  0      1.33    
    Test::More    0.94   0.99    
    Test::Trap    0      0.2.2   

configure_requires:

    Module        Need   Have    
    ------------- ------ --------
    Module::Build 0.3601 0.4007  


------------------------------
ENVIRONMENT AND OTHER CONTEXT
------------------------------

Environment variables:

    DBIC_NO_WARN_BAD_PERL = 1
    PATH = /usr/local/bin:/usr/X11R6/bin:/usr/X11/bin:/usr/perl5.8.0/bin:/usr/bin:/bin:/usr/local/sbin:/usr/sbin:/sbin:/usr/local/pilot/bin:/home2/cpansand/bin/freebsd8.0:/home2/cpansand/bin/sh:/home2/cpansand/bin:/usr/X386/bin:/usr/games:/home2/cpansand/devel:/usr/home/e/eserte/work/srezic-misc/scripts
    PERL5LIB = /usr/local/src/CPAN/build/Text-Xslate-Syntax-Any-1.5015-Onwpua/blib/arch:/usr/local/src/CPAN/build/Text-Xslate-Syntax-Any-1.5015-Onwpua/blib/lib:/usr/local/src/CPAN/build/MooX-PrivateAttributes-0.01-ikYfhO/blib/arch:/usr/local/src/CPAN/build/MooX-PrivateAttributes-0.01-ikYfhO/blib/lib:/usr/local/src/CPAN/build/AnyEvent-REST-Server-0.01-_vJBtx/blib/arch:/usr/local/src/CPAN/build/AnyEvent-REST-Server-0.01-_vJBtx/blib/lib
    PERL5OPT = 
    PERL5_CPANPLUS_IS_RUNNING = 86281
    PERL5_CPAN_IS_RUNNING = 86281
    PERL5_CPAN_IS_RUNNING_IN_RECURSION = 86091,86281
    PERL_BATCH = yes
    PERL_CPAN_REPORTER_CONFIG = /var/tmp/cpansmoker-1023/wUvjT2dord_config.ini
    PERL_EXTUTILS_AUTOINSTALL = --defaultdeps
    PERL_HTML_DISPLAY_CLASS = HTML::Display::Mozilla
    SHELL = /usr/local/bin/zsh
    TERM = screen
    TMPDIR = /var/tmp/cpansmoker-1023

Perl special variables (and OS-specific diagnostics, for MSWin32):

    $^X = /usr/perl5.8.9/bin/perl5.8.9
    $UID/$EUID = 1023 / 1023
    $GID = 1023 1023
    $EGID = 1023 1023

Perl module toolchain versions installed:

    Module              Have    
    ------------------- --------
    CPAN                2.00    
    CPAN::Meta          2.132830
    Cwd                 3.40    
    ExtUtils::CBuilder  0.280205
    ExtUtils::Command   1.16    
    ExtUtils::Install   1.54    
    ExtUtils::MakeMaker 6.72    
    ExtUtils::Manifest  1.60    
    ExtUtils::ParseXS   3.22    
    File::Spec          3.40    
    JSON                2.59    
    JSON::PP            2.27200 
    Module::Build       0.4007  
    Module::Signature   0.73    
    Parse::CPAN::Meta   1.4407  
    Test::Harness       3.29    
    Test::More          0.99    
    YAML                0.84    
    YAML::Syck          1.27    
    version             0.9901  


--

Summary of my perl5 (revision 5 version 8 subversion 9) configuration:
  Platform:
    osname=freebsd, osvers=8.0-release, archname=i386-freebsd
    uname='freebsd biokovo.herceg.de 8.0-release freebsd 8.0-release #0: sat nov 21 15:48:17 utc 2009 root@almeida.cse.buffalo.edu:usrobjusrsrcsysgeneric i386 '
    config_args='-Dprefix=/usr/perl5.8.9 -Dusemymalloc=n -D cc=ccache cc -Dgccansipedantic -Duse64bit -de -D hintfile=myfreebsd'
    hint=recommended, useposix=true, d_sigaction=define
    usethreads=undef use5005threads=undef useithreads=undef usemultiplicity=undef
    useperlio=define d_sfio=undef uselargefiles=define usesocks=undef
    use64bitint=undef use64bitall=undef uselongdouble=undef
    usemymalloc=n, bincompat5005=undef
  Compiler:
    cc='ccache cc', ccflags ='-DHAS_FPSETMASK -DHAS_FLOATINGPOINT_H -fno-strict-aliasing -pipe -I/usr/local/include',
    optimize='-O2 -mtune=athlon64 -pipe',
    cppflags='-DHAS_FPSETMASK -DHAS_FLOATINGPOINT_H -fno-strict-aliasing -pipe -I/usr/local/include'
    ccversion='', gccversion='4.2.1 20070719  [FreeBSD]', gccosandvers=''
    intsize=4, longsize=4, ptrsize=4, doublesize=8, byteorder=1234
    d_longlong=define, longlongsize=8, d_longdbl=define, longdblsize=12
    ivtype='long', ivsize=4, nvtype='double', nvsize=8, Off_t='off_t', lseeksize=8
    alignbytes=4, prototype=define
  Linker and Libraries:
    ld='ccache cc', ldflags ='-Wl,-E  -L/usr/local/lib'
    libpth=/usr/lib /usr/local/lib
    libs=-lgdbm -lm -lcrypt -lutil -lc
    perllibs=-lm -lcrypt -lutil -lc
    libc=, so=so, useshrplib=false, libperl=libperl.a
    gnulibc_version=''
  Dynamic Linking:
    dlsrc=dl_dlopen.xs, dlext=so, d_dlsymun=undef, ccdlflags=' '
    cccdlflags='-DPIC -fPIC', lddlflags='-shared  -L/usr/local/lib'


Characteristics of this binary (from libperl): 
  Compile-time options: PERL_MALLOC_WRAP USE_FAST_STDIO USE_LARGE_FILES
                        USE_PERLIO
  Built under freebsd
  Compiled at Jan 28 2011 08:40:05
  %ENV:
    PERL5LIB="/usr/local/src/CPAN/build/Text-Xslate-Syntax-Any-1.5015-Onwpua/blib/arch:/usr/local/src/CPAN/build/Text-Xslate-Syntax-Any-1.5015-Onwpua/blib/lib:/usr/local/src/CPAN/build/MooX-PrivateAttributes-0.01-ikYfhO/blib/arch:/usr/local/src/CPAN/build/MooX-PrivateAttributes-0.01-ikYfhO/blib/lib:/usr/local/src/CPAN/build/AnyEvent-REST-Server-0.01-_vJBtx/blib/arch:/usr/local/src/CPAN/build/AnyEvent-REST-Server-0.01-_vJBtx/blib/lib"
    PERL5OPT=""
    PERL5_CPANPLUS_IS_RUNNING="86281"
    PERL5_CPAN_IS_RUNNING="86281"
    PERL5_CPAN_IS_RUNNING_IN_RECURSION="86091,86281"
    PERL_BATCH="yes"
    PERL_CPAN_REPORTER_CONFIG="/var/tmp/cpansmoker-1023/wUvjT2dord_config.ini"
    PERL_EXTUTILS_AUTOINSTALL="--defaultdeps"
    PERL_HTML_DISPLAY_CLASS="HTML::Display::Mozilla"
  @INC:
    /usr/local/src/CPAN/build/Text-Xslate-Syntax-Any-1.5015-Onwpua/blib/arch
    /usr/local/src/CPAN/build/Text-Xslate-Syntax-Any-1.5015-Onwpua/blib/lib
    /usr/local/src/CPAN/build/MooX-PrivateAttributes-0.01-ikYfhO/blib/arch
    /usr/local/src/CPAN/build/MooX-PrivateAttributes-0.01-ikYfhO/blib/lib
    /usr/local/src/CPAN/build/AnyEvent-REST-Server-0.01-_vJBtx/blib/arch
    /usr/local/src/CPAN/build/AnyEvent-REST-Server-0.01-_vJBtx/blib/lib
    /usr/perl5.8.9/lib/5.8.9/i386-freebsd
    /usr/perl5.8.9/lib/5.8.9
    /usr/perl5.8.9/lib/site_perl/5.8.9/i386-freebsd
    /usr/perl5.8.9/lib/site_perl/5.8.9
    .