ETL-Yertl v0.044 Perl 5 v5.14.4 x86_64-linux-thread-multi

Status
Fail
From
David Cantrell (DCANTRELL)
Dist
ETL-Yertl v0.044
Platform
Perl 5 v5.14.4 x86_64-linux-thread-multi
Date
2020-07-28 19:17:33
ID
fd5c2e22-d106-11ea-8f66-eea3a1724e2f
This distribution has been tested as part of the CPAN Testers
project, supporting the Perl programming language.  See
http://wiki.cpantesters.org/ for more information or email
questions to cpan-testers-discuss@perl.org


--
Dear Doug Bell,

This is a computer-generated report for ETL-Yertl-0.044
on perl 5.14.4, created by CPAN-Reporter-1.2018.

Thank you for uploading your work to CPAN.  However, there was a problem
testing your distribution.

If you think this report is invalid, please consult the CPAN Testers Wiki
for suggestions on how to avoid getting FAIL reports for missing library
or binary dependencies, unsupported operating systems, and so on:

http://wiki.cpantesters.org/wiki/CPANAuthorNotes

Sections of this report:

    * Tester comments
    * Program output
    * Prerequisites
    * Environment and other context

------------------------------
TESTER COMMENTS
------------------------------

Additional comments from tester:

this report is from an automated smoke testing program
and was not reviewed by a human for accuracy

------------------------------
PROGRAM OUTPUT
------------------------------

Output from '/usr/bin/make test':

PERL_DL_NONLAZY=1 "/home/david/cpantesting/perl-5.14.4/bin/perl" "-MExtUtils::Command::MM" "-MTest::Harness" "-e" "undef *Test::Harness::Switches; test_harness(0, 'blib/lib', 'blib/arch')" t/*.t t/adapter/*.t t/bin/*.t t/command/ygrok/*.t t/command/ygrok/pattern/*.t t/command/yq/*.t t/format/*.t t/integration/*.t
t/00-compile.t ........................... ok
# 
# Versions for all modules listed in MYMETA.json (including optional ones):
# 
# === Configure Requires ===
# 
#     Module              Want Have
#     ------------------- ---- ----
#     ExtUtils::MakeMaker  any 7.34
# 
# === Build Requires ===
# 
#     Module              Want Have
#     ------------------- ---- ----
#     ExtUtils::MakeMaker  any 7.34
# 
# === Test Requires ===
# 
#     Module                  Want     Have
#     ------------------- -------- --------
#     Capture::Tiny            any     0.48
#     Dir::Self                any     0.11
#     ExtUtils::MakeMaker      any     7.34
#     File::Spec               any     3.33
#     Future                   any     0.45
#     IO::Handle               any     1.31
#     IPC::Open3               any   1.0901
#     JSON::PP                 any     4.02
#     Mock::MonkeyPatch        any     0.04
#     Test::Deep               any    1.128
#     Test::Differences        any     0.67
#     Test::Exception          any     0.43
#     Test::Lib                any    0.002
#     Test::More          1.001005 1.302175
# 
# === Test Recommends ===
# 
#     Module         Want     Have
#     ---------- -------- --------
#     CPAN::Meta 2.120900 2.150010
# 
# === Runtime Requires ===
# 
#     Module                    Want       Have
#     ------------------- ---------- ----------
#     File::HomeDir              any      1.004
#     File::Spec                 any       3.33
#     Getopt::Long              2.36       2.51
#     Hash::Merge::Simple        any      0.051
#     IO::Async                 0.77       0.77
#     IO::Interactive            any      1.022
#     Import::Base             0.010      1.004
#     JSON::MaybeXS              any   1.004000
#     List::Util                 any       1.55
#     Module::Runtime            any      0.016
#     Net::Async::HTTP           any       0.47
#     Path::Tiny               0.072      0.108
#     Pod::Usage::Return         any      0.003
#     Regexp::Common      2013031301 2017060201
#     SQL::Abstract              any       1.87
#     Time::Local                any       1.30
#     Time::Piece                any    1.20_01
#     URI                        any       1.76
#     YAML::Tiny                 any       1.73
#     boolean                    any       0.46
# 
# === Runtime Recommends ===
# 
#     Module       Want    Have
#     ------------ ---- -------
#     DBD::SQLite   any missing
#     DBI           any   1.643
#     JSON::PP      any    4.02
#     JSON::XS      any missing
#     Text::CSV     any    2.00
#     Text::CSV_XS  any missing
#     YAML::Syck    any missing
#     YAML::XS      any missing
# 
t/00-report-prereqs.t .................... ok
t/adapter/graphite.t ..................... ok
t/adapter/influxdb.t ..................... ok
t/bin/yfrom.t ............................ ok
t/bin/ygrok.t ............................ ok
t/bin/yq.t ............................... ok
t/bin/ysql.t ............................. skipped: missing DBI and/or DBD::SQLite
t/bin/yto.t .............................. ok
t/bin/yts.t .............................. ok
t/command/ygrok/edit_patterns.t .......... ok
t/command/ygrok/pattern/http_combined.t .. ok
t/command/ygrok/pattern/http_common.t .... ok
t/command/ygrok/pattern/linux_proc.t ..... ok
t/command/ygrok/pattern/ls-l.t ........... ok
t/command/ygrok/pattern/ps-u.t ........... ok
t/command/ygrok/pattern/ps-x.t ........... ok
t/command/ygrok/pattern/ps.t ............. ok
t/command/ygrok/pattern/syslog.t ......... ok
t/command/yq/combinator.t ................ ok
t/command/yq/comparison.t ................ ok
t/command/yq/conditional.t ............... ok
t/command/yq/filter.t .................... ok
t/command/yq/functions.t ................. ok
t/command/yq/regression.t ................ ok
t/command/yq/values.t .................... ok
t/format.t ............................... ok
t/format/csv.t ........................... ok
t/format/json.t .......................... ok
t/format/yaml.t .......................... ok
        # No tests run!

    #   Failed test 'No tests run for subtest "write_handle and write()"'
    #   at t/format_stream.t line 60.
    # Looks like you failed 1 test of 2.

#   Failed test 'format object (ETL::Yertl::Format::json)'
#   at t/format_stream.t line 67.
YAML::Tiny failed to classify line '{' at /home/david/cpantesting/perl-5.14.4/.cpan/build/ETL-Yertl-0.044-KhJqls/blib/lib/ETL/Yertl/Format/yaml.pm line 51.
# Tests were run but no plan was declared and done_testing() was not seen.
# Looks like your test exited with 255 just after 2.
t/format_stream.t ........................ 
Dubious, test returned 255 (wstat 65280, 0xff00)
Failed 1/2 subtests 
t/helpers.t .............................. ok
t/input_series.t ......................... ok
t/integration/parse_apache_log.t ......... ok
t/transform.t ............................ ok

Test Summary Report
-------------------
t/format_stream.t                      (Wstat: 65280 Tests: 2 Failed: 1)
  Failed test:  2
  Non-zero exit status: 255
  Parse errors: No plan found in TAP output
Files=35, Tests=118, 60 wallclock secs ( 0.27 usr  0.08 sys +  8.34 cusr  0.96 csys =  9.65 CPU)
Result: FAIL
Failed 1/35 test programs. 1/118 subtests failed.
Makefile:1050: recipe for target 'test_dynamic' failed
make: *** [test_dynamic] Error 255

------------------------------
PREREQUISITES
------------------------------

Prerequisite modules loaded:

requires:

    Module              Need       Have      
    ------------------- ---------- ----------
    boolean             0          0.46      
    File::HomeDir       0          1.004     
    File::Spec          0          3.33      
    Getopt::Long        2.36       2.51      
    Hash::Merge::Simple 0          0.051     
    Import::Base        0.010      1.004     
    IO::Async           0.77       0.77      
    IO::Interactive     0          1.022     
    JSON::MaybeXS       0          1.004000  
    List::Util          0          1.55      
    Module::Runtime     0          0.016     
    Net::Async::HTTP    0          0.47      
    Path::Tiny          0.072      0.108     
    perl                5.010      5.014004  
    Pod::Usage::Return  0          0.003     
    Regexp::Common      2013031301 2017060201
    SQL::Abstract       0          1.87      
    Time::Local         0          1.30      
    Time::Piece         0          1.20_01   
    URI                 0          1.76      
    YAML::Tiny          0          1.73      

build_requires:

    Module              Need       Have      
    ------------------- ---------- ----------
    Capture::Tiny       0          0.48      
    Dir::Self           0          0.11      
    ExtUtils::MakeMaker 0          7.34      
    File::Spec          0          3.33      
    Future              0          0.45      
    IO::Handle          0          1.31      
    IPC::Open3          0          1.0901    
    JSON::PP            0          4.02      
    Mock::MonkeyPatch   0          0.04      
    Test::Deep          0          1.128     
    Test::Differences   0          0.67      
    Test::Exception     0          0.43      
    Test::Lib           0          0.002     
    Test::More          1.001005   1.302175  

configure_requires:

    Module              Need       Have      
    ------------------- ---------- ----------
    ExtUtils::MakeMaker 0          7.34      


------------------------------
ENVIRONMENT AND OTHER CONTEXT
------------------------------

Environment variables:

    AUTOMATED_TESTING = 1
    LANG = en_US.UTF-8
    NONINTERACTIVE_TESTING = 1
    PATH = /usr/local/bin:/usr/bin:/bin:/usr/local/games:/usr/games
    PERL = 5.14.4
    PERL5LIB = 
    PERL5OPT = 
    PERL5_CPANPLUS_IS_RUNNING = 15882
    PERL5_CPAN_IS_RUNNING = 15882
    PERLVER = 5.14.4
    PERL_INLINE_DIRECTORY = /home/david/.Inline-5.14.4
    PERL_MM_USE_DEFAULT = 1
    PERL_USE_UNSAFE_INC = 0
    SHELL = /bin/bash
    TERM = screen

Perl special variables (and OS-specific diagnostics, for MSWin32):

    $^X = /home/david/cpantesting/perl-5.14.4/bin/perl
    $UID/$EUID = 1000 / 1000
    $GID = 1000 27 1000
    $EGID = 1000 27 1000

Perl module toolchain versions installed:

    Module              Have     
    ------------------- ---------
    CPAN                1.9600_01
    CPAN::Meta          2.150010 
    Cwd                 3.36     
    ExtUtils::CBuilder  0.280203 
    ExtUtils::Command   7.34     
    ExtUtils::Install   2.06     
    ExtUtils::MakeMaker 7.34     
    ExtUtils::Manifest  1.70     
    ExtUtils::ParseXS   2.2210   
    File::Spec          3.33     
    JSON                4.02     
    JSON::PP            4.02     
    Module::Build       0.4231   
    Module::Signature   n/a      
    Parse::CPAN::Meta   2.150010 
    Test::Harness       3.42     
    Test::More          1.302175 
    YAML                1.30     
    YAML::Syck          n/a      
    version             0.9924   


--

Summary of my perl5 (revision 5 version 14 subversion 4) configuration:
   
  Platform:
    osname=linux, osvers=4.9.0-8-amd64, archname=x86_64-linux-thread-multi
    uname='linux pigsty 4.9.0-8-amd64 #1 smp debian 4.9.144-3 (2019-02-02) x86_64 gnulinux '
    config_args='-de -Duse64bitall -Dusethreads -Dprefix=/home/david/cpantesting/perl-5.14.4 -A ccflags=-fwrapv'
    hint=previous, useposix=true, d_sigaction=define
    useithreads=define, usemultiplicity=define
    useperlio=define, d_sfio=undef, uselargefiles=define, usesocks=undef
    use64bitint=define, use64bitall=define, uselongdouble=undef
    usemymalloc=n, bincompat5005=undef
  Compiler:
    cc='cc', ccflags ='-D_REENTRANT -D_GNU_SOURCE -fwrapv -fno-strict-aliasing -pipe -fstack-protector -I/usr/local/include -D_LARGEFILE_SOURCE -D_FILE_OFFSET_BITS=64 -fwrapv -fwrapv',
    optimize='-O2',
    cppflags='-D_REENTRANT -D_GNU_SOURCE -fwrapv -fno-strict-aliasing -pipe -fstack-protector -I/usr/local/include -D_REENTRANT -D_GNU_SOURCE -fwrapv -fno-strict-aliasing -pipe -fstack-protector -I/usr/local/include -D_LARGEFILE_SOURCE -D_FILE_OFFSET_BITS=64 -fwrapv -D_REENTRANT -D_GNU_SOURCE -fwrapv -fno-strict-aliasing -pipe -fstack-protector -I/usr/local/include -D_LARGEFILE_SOURCE -D_FILE_OFFSET_BITS=64 -fwrapv -fwrapv'
    ccversion='', gccversion='6.3.0 20170516', gccosandvers=''
    intsize=4, longsize=8, ptrsize=8, doublesize=8, byteorder=12345678
    d_longlong=define, longlongsize=8, d_longdbl=define, longdblsize=16
    ivtype='long', ivsize=8, nvtype='double', nvsize=8, Off_t='off_t', lseeksize=8
    alignbytes=8, prototype=define
  Linker and Libraries:
    ld='cc', ldflags =' -fstack-protector -L/usr/local/lib'
    libpth=/usr/local/lib /lib/x86_64-linux-gnu /lib/../lib /usr/lib/x86_64-linux-gnu /usr/lib/../lib /lib /usr/lib
    libs=-lnsl -ldb -ldl -lm -lcrypt -lutil -lpthread -lc
    perllibs=-lnsl -ldl -lm -lcrypt -lutil -lpthread -lc
    libc=libc-2.24.so, so=so, useshrplib=false, libperl=libperl.a
    gnulibc_version='2.24'
  Dynamic Linking:
    dlsrc=dl_dlopen.xs, dlext=so, d_dlsymun=undef, ccdlflags='-Wl,-E'
    cccdlflags='-fPIC', lddlflags='-shared -O2 -L/usr/local/lib -fstack-protector'


Characteristics of this binary (from libperl): 
  Compile-time options: MULTIPLICITY PERL_DONT_CREATE_GVSV
                        PERL_IMPLICIT_CONTEXT PERL_MALLOC_WRAP
                        PERL_PRESERVE_IVUV USE_64_BIT_ALL USE_64_BIT_INT
                        USE_ITHREADS USE_LARGE_FILES USE_PERLIO USE_PERL_ATOF
                        USE_REENTRANT_API
  Locally applied patches:
	Devel::PatchPerl 1.56
  Built under linux
  Compiled at Apr 25 2019 22:16:53
  %ENV:
    PERL="5.14.4"
    PERL5LIB=""
    PERL5OPT=""
    PERL5_CPANPLUS_IS_RUNNING="15882"
    PERL5_CPAN_IS_RUNNING="15882"
    PERLVER="5.14.4"
    PERL_INLINE_DIRECTORY="/home/david/.Inline-5.14.4"
    PERL_MM_USE_DEFAULT="1"
    PERL_USE_UNSAFE_INC="0"
  @INC:
    /home/david/cpantesting/perl-5.14.4/lib/site_perl/5.14.4/x86_64-linux-thread-multi
    /home/david/cpantesting/perl-5.14.4/lib/site_perl/5.14.4
    /home/david/cpantesting/perl-5.14.4/lib/5.14.4/x86_64-linux-thread-multi
    /home/david/cpantesting/perl-5.14.4/lib/5.14.4
    .