Crypt-OpenSSL-DSA v0.20 Perl 5 v5.26.3 x86_64-linux

Status
Fail
From
Slaven Rezić
Dist
Crypt-OpenSSL-DSA v0.20
Platform
Perl 5 v5.26.3 x86_64-linux
Date
2025-05-09 05:10:57
ID
fd68f70e-2c93-11f0-bcb4-1cd86d8775ea
This distribution has been tested as part of the CPAN Testers
project, supporting the Perl programming language.  See
http://wiki.cpantesters.org/ for more information or email
questions to cpan-testers-discuss@perl.org


--
Dear kmx,

This is a computer-generated report for Crypt-OpenSSL-DSA-0.20
on perl 5.26.3, created by CPAN-Reporter-1.2020.

Thank you for uploading your work to CPAN.  However, there was a problem
testing your distribution.

If you think this report is invalid, please consult the CPAN Testers Wiki
for suggestions on how to avoid getting FAIL reports for missing library
or binary dependencies, unsupported operating systems, and so on:

http://wiki.cpantesters.org/wiki/CPANAuthorNotes

Sections of this report:

    * Tester comments
    * Program output
    * Prerequisites
    * Environment and other context

------------------------------
TESTER COMMENTS
------------------------------

Additional comments from tester:

none provided

------------------------------
PROGRAM OUTPUT
------------------------------

Output from '/usr/bin/make test':

"/opt/perl-5.26.3/bin/perl" -MExtUtils::Command::MM -e 'cp_nonempty' -- DSA.bs blib/arch/auto/Crypt/OpenSSL/DSA/DSA.bs 644
PERL_DL_NONLAZY=1 "/opt/perl-5.26.3/bin/perl" "-MExtUtils::Command::MM" "-MTest::Harness" "-e" "undef *Test::Harness::Switches; test_harness(0, 'blib/lib', 'blib/arch')" t/*.t
t/00-use.t ............. ok
t/10-selftest.t ........ ok
Error setting context
80225A995F7F0000:error:03000098:digital envelope routines:do_sigver_init:invalid digest:crypto/evp/m_sigver.c:342:
# Test 6 got: "0" (t/90-openssl-compat.t at line 56)
#   Expected: "1"
#  t/90-openssl-compat.t line 56 is:         ok($openssl_think, 1);
Error setting context
80221A5B867F0000:error:03000098:digital envelope routines:do_sigver_init:invalid digest:crypto/evp/m_sigver.c:342:
# Test 8 got: "0" (t/90-openssl-compat.t at line 56 fail #2)
#   Expected: "1"
Error setting context
80B2E6A9A67F0000:error:03000098:digital envelope routines:do_sigver_init:invalid digest:crypto/evp/m_sigver.c:342:
# Test 10 got: "0" (t/90-openssl-compat.t at line 56 fail #3)
#    Expected: "1"
Error setting context
80F2B2971E7F0000:error:03000098:digital envelope routines:do_sigver_init:invalid digest:crypto/evp/m_sigver.c:342:
# Test 12 got: "0" (t/90-openssl-compat.t at line 56 fail #4)
#    Expected: "1"
Error setting context
80326EFDE97F0000:error:03000098:digital envelope routines:do_sigver_init:invalid digest:crypto/evp/m_sigver.c:342:
# Test 14 got: "0" (t/90-openssl-compat.t at line 56 fail #5)
#    Expected: "1"
Error setting context
8062DC773F7F0000:error:03000098:digital envelope routines:do_sigver_init:invalid digest:crypto/evp/m_sigver.c:342:
# Test 16 got: "0" (t/90-openssl-compat.t at line 56 fail #6)
#    Expected: "1"
Error setting context
8032FEAF6F7F0000:error:03000098:digital envelope routines:do_sigver_init:invalid digest:crypto/evp/m_sigver.c:342:
# Test 18 got: "0" (t/90-openssl-compat.t at line 56 fail #7)
#    Expected: "1"
Error setting context
8022DFD0487F0000:error:03000098:digital envelope routines:do_sigver_init:invalid digest:crypto/evp/m_sigver.c:342:
# Test 20 got: "0" (t/90-openssl-compat.t at line 56 fail #8)
#    Expected: "1"
Error setting context
80B21E25F27F0000:error:03000098:digital envelope routines:do_sigver_init:invalid digest:crypto/evp/m_sigver.c:342:
# Test 22 got: "0" (t/90-openssl-compat.t at line 56 fail #9)
#    Expected: "1"
Error setting context
80F2A3BA487F0000:error:03000098:digital envelope routines:do_sigver_init:invalid digest:crypto/evp/m_sigver.c:342:
# Test 24 got: "0" (t/90-openssl-compat.t at line 56 fail #10)
#    Expected: "1"
Error setting context
8032FB3AE97F0000:error:03000098:digital envelope routines:do_sigver_init:invalid digest:crypto/evp/m_sigver.c:342:
# Test 26 got: "0" (t/90-openssl-compat.t at line 56 fail #11)
#    Expected: "1"
Error setting context
80029FF3A17F0000:error:03000098:digital envelope routines:do_sigver_init:invalid digest:crypto/evp/m_sigver.c:342:
# Test 28 got: "0" (t/90-openssl-compat.t at line 56 fail #12)
#    Expected: "1"
Error setting context
80F20002A37F0000:error:03000098:digital envelope routines:do_sigver_init:invalid digest:crypto/evp/m_sigver.c:342:
# Test 30 got: "0" (t/90-openssl-compat.t at line 56 fail #13)
#    Expected: "1"
Error setting context
80520695F97F0000:error:03000098:digital envelope routines:do_sigver_init:invalid digest:crypto/evp/m_sigver.c:342:
# Test 32 got: "0" (t/90-openssl-compat.t at line 56 fail #14)
#    Expected: "1"
Error setting context
80427545DA7F0000:error:03000098:digital envelope routines:do_sigver_init:invalid digest:crypto/evp/m_sigver.c:342:
# Test 34 got: "0" (t/90-openssl-compat.t at line 56 fail #15)
#    Expected: "1"
Error setting context
80F2123F617F0000:error:03000098:digital envelope routines:do_sigver_init:invalid digest:crypto/evp/m_sigver.c:342:
# Test 36 got: "0" (t/90-openssl-compat.t at line 56 fail #16)
#    Expected: "1"
Error setting context
8012A2C7D67F0000:error:03000098:digital envelope routines:do_sigver_init:invalid digest:crypto/evp/m_sigver.c:342:
# Test 38 got: "0" (t/90-openssl-compat.t at line 56 fail #17)
#    Expected: "1"
Error setting context
8042B766ED7F0000:error:03000098:digital envelope routines:do_sigver_init:invalid digest:crypto/evp/m_sigver.c:342:
# Test 40 got: "0" (t/90-openssl-compat.t at line 56 fail #18)
#    Expected: "1"
Error setting context
8092189B9C7F0000:error:03000098:digital envelope routines:do_sigver_init:invalid digest:crypto/evp/m_sigver.c:342:
# Test 42 got: "0" (t/90-openssl-compat.t at line 56 fail #19)
#    Expected: "1"
Error setting context
80F2044F557F0000:error:03000098:digital envelope routines:do_sigver_init:invalid digest:crypto/evp/m_sigver.c:342:
# Test 44 got: "0" (t/90-openssl-compat.t at line 56 fail #20)
#    Expected: "1"
Error setting context
8012C108B57F0000:error:03000098:digital envelope routines:do_sigver_init:invalid digest:crypto/evp/m_sigver.c:342:
# Test 46 got: "0" (t/90-openssl-compat.t at line 56 fail #21)
#    Expected: "1"
Error setting context
80923EF2537F0000:error:03000098:digital envelope routines:do_sigver_init:invalid digest:crypto/evp/m_sigver.c:342:
# Test 48 got: "0" (t/90-openssl-compat.t at line 56 fail #22)
#    Expected: "1"
Error setting context
80F21FE1F47F0000:error:03000098:digital envelope routines:do_sigver_init:invalid digest:crypto/evp/m_sigver.c:342:
# Test 50 got: "0" (t/90-openssl-compat.t at line 56 fail #23)
#    Expected: "1"
Error setting context
80124013D27F0000:error:03000098:digital envelope routines:do_sigver_init:invalid digest:crypto/evp/m_sigver.c:342:
# Test 52 got: "0" (t/90-openssl-compat.t at line 56 fail #24)
#    Expected: "1"
Error setting context
8092737F3E7F0000:error:03000098:digital envelope routines:do_sigver_init:invalid digest:crypto/evp/m_sigver.c:342:
# Test 54 got: "0" (t/90-openssl-compat.t at line 56 fail #25)
#    Expected: "1"
Error setting context
80F218B3DB7F0000:error:03000098:digital envelope routines:do_sigver_init:invalid digest:crypto/evp/m_sigver.c:342:
# Test 56 got: "0" (t/90-openssl-compat.t at line 56 fail #26)
#    Expected: "1"
Error setting context
80E2A4C7CE7F0000:error:03000098:digital envelope routines:do_sigver_init:invalid digest:crypto/evp/m_sigver.c:342:
# Test 58 got: "0" (t/90-openssl-compat.t at line 56 fail #27)
#    Expected: "1"
Error setting context
80C2DB71217F0000:error:03000098:digital envelope routines:do_sigver_init:invalid digest:crypto/evp/m_sigver.c:342:
# Test 60 got: "0" (t/90-openssl-compat.t at line 56 fail #28)
#    Expected: "1"
Error setting context
80B2B1C0097F0000:error:03000098:digital envelope routines:do_sigver_init:invalid digest:crypto/evp/m_sigver.c:342:
# Test 62 got: "0" (t/90-openssl-compat.t at line 56 fail #29)
#    Expected: "1"
Error setting context
80726196F07F0000:error:03000098:digital envelope routines:do_sigver_init:invalid digest:crypto/evp/m_sigver.c:342:
# Test 64 got: "0" (t/90-openssl-compat.t at line 56 fail #30)
#    Expected: "1"
Error setting context
80326D813C7F0000:error:03000098:digital envelope routines:do_sigver_init:invalid digest:crypto/evp/m_sigver.c:342:
# Test 66 got: "0" (t/90-openssl-compat.t at line 56 fail #31)
#    Expected: "1"
Error setting context
80F28B97037F0000:error:03000098:digital envelope routines:do_sigver_init:invalid digest:crypto/evp/m_sigver.c:342:
# Test 68 got: "0" (t/90-openssl-compat.t at line 56 fail #32)
#    Expected: "1"
Error setting context
8002F2225B7F0000:error:03000098:digital envelope routines:do_sigver_init:invalid digest:crypto/evp/m_sigver.c:342:
# Test 70 got: "0" (t/90-openssl-compat.t at line 56 fail #33)
#    Expected: "1"
Error setting context
80B2DD34267F0000:error:03000098:digital envelope routines:do_sigver_init:invalid digest:crypto/evp/m_sigver.c:342:
# Test 72 got: "0" (t/90-openssl-compat.t at line 56 fail #34)
#    Expected: "1"
Error setting context
80D21BAAE77F0000:error:03000098:digital envelope routines:do_sigver_init:invalid digest:crypto/evp/m_sigver.c:342:
# Test 74 got: "0" (t/90-openssl-compat.t at line 56 fail #35)
#    Expected: "1"
Error setting context
807273AFD17F0000:error:03000098:digital envelope routines:do_sigver_init:invalid digest:crypto/evp/m_sigver.c:342:
# Test 76 got: "0" (t/90-openssl-compat.t at line 56 fail #36)
#    Expected: "1"
Error setting context
8002603C3C7F0000:error:03000098:digital envelope routines:do_sigver_init:invalid digest:crypto/evp/m_sigver.c:342:
# Test 78 got: "0" (t/90-openssl-compat.t at line 56 fail #37)
#    Expected: "1"
Error setting context
802284AA0A7F0000:error:03000098:digital envelope routines:do_sigver_init:invalid digest:crypto/evp/m_sigver.c:342:
# Test 80 got: "0" (t/90-openssl-compat.t at line 56 fail #38)
#    Expected: "1"
Error setting context
80E2FE0F997F0000:error:03000098:digital envelope routines:do_sigver_init:invalid digest:crypto/evp/m_sigver.c:342:
# Test 82 got: "0" (t/90-openssl-compat.t at line 56 fail #39)
#    Expected: "1"
Error setting context
80229BAEC47F0000:error:03000098:digital envelope routines:do_sigver_init:invalid digest:crypto/evp/m_sigver.c:342:
# Test 84 got: "0" (t/90-openssl-compat.t at line 56 fail #40)
#    Expected: "1"
t/90-openssl-compat.t .. 
Failed 40/84 subtests 

Test Summary Report
-------------------
t/90-openssl-compat.t (Wstat: 0 Tests: 84 Failed: 40)
  Failed tests:  6, 8, 10, 12, 14, 16, 18, 20, 22, 24, 26
                28, 30, 32, 34, 36, 38, 40, 42, 44, 46
                48, 50, 52, 54, 56, 58, 60, 62, 64, 66
                68, 70, 72, 74, 76, 78, 80, 82, 84
Files=3, Tests=121,  0 wallclock secs ( 0.02 usr  0.02 sys +  0.17 cusr  0.15 csys =  0.36 CPU)
Result: FAIL
Failed 1/3 test programs. 40/121 subtests failed.
make: *** [Makefile:1040: test_dynamic] Error 255

------------------------------
PREREQUISITES
------------------------------

Prerequisite modules loaded:

requires:

    Module              Need  Have    
    ------------------- ----- --------
    perl                5.006 5.026003

build_requires:

    Module              Need  Have    
    ------------------- ----- --------
    ExtUtils::MakeMaker 0     7.72    

configure_requires:

    Module              Need  Have    
    ------------------- ----- --------
    ExtUtils::MakeMaker 0     7.72    


------------------------------
ENVIRONMENT AND OTHER CONTEXT
------------------------------

Environment variables:

    LANG = en_US.UTF-8
    PATH = /usr/local/bin:/usr/bin:/bin:/usr/local/sbin:/usr/sbin:/sbin:/home/cpansand/bin/linux-gnu:/home/cpansand/bin/sh:/home/cpansand/bin:/usr/games:/home/cpansand/devel:/home/eserte/src/srezic-misc/scripts
    PERL5LIB = /home/cpansand/.cpan/build/2025050900/Crypt-OpenSSL-Bignum-0.09-4/blib/arch:/home/cpansand/.cpan/build/2025050900/Crypt-OpenSSL-Bignum-0.09-4/blib/lib
    PERL5OPT = 
    PERL5_CPANPLUS_IS_RUNNING = 3045778
    PERL5_CPAN_IS_RUNNING = 3045778
    PERL5_CPAN_IS_RUNNING_IN_RECURSION = 3040844,3045778
    PERLDOC = -MPod::Perldoc::ToTextOverstrike
    PERL_BATCH = yes
    PERL_CANARY_STABILITY_NOPROMPT = 1
    PERL_CPAN_REPORTER_CONFIG = /var/tmp/cpansmoker-1023/2025050900/cpanreporter_000_config.ini
    PERL_EXTUTILS_AUTOINSTALL = --defaultdeps
    PERL_USE_UNSAFE_INC = 1
    SHELL = /usr/bin/zsh
    TERM = screen
    TMPDIR = /var/tmp/cpansmoker-1023/2025050900

Perl special variables (and OS-specific diagnostics, for MSWin32):

    $^X = /opt/perl-5.26.3/bin/perl
    $UID/$EUID = 1023 / 1023
    $GID = 1023 1023
    $EGID = 1023 1023

Perl module toolchain versions installed:

    Module              Have    
    ------------------- --------
    CPAN                2.18    
    CPAN::Meta          2.150010
    Cwd                 3.75    
    ExtUtils::CBuilder  0.280236
    ExtUtils::Command   7.72    
    ExtUtils::Install   2.06    
    ExtUtils::MakeMaker 7.72    
    ExtUtils::Manifest  1.75    
    ExtUtils::ParseXS   3.51    
    File::Spec          3.75    
    JSON                4.10    
    JSON::PP            4.16    
    Module::Build       0.4234  
    Module::Signature   n/a     
    Parse::CPAN::Meta   2.150010
    Test2               1.302211
    Test::Harness       3.38    
    Test::More          1.302211
    YAML                1.31    
    YAML::Syck          1.34    
    version             0.9917  


--

Summary of my perl5 (revision 5 version 26 subversion 3) configuration:
   
  Platform:
    osname=linux
    osvers=6.12.11-200.fc41.x86_64
    archname=x86_64-linux
    uname='linux cloud4.bbbike.org 6.12.11-200.fc41.x86_64 #1 smp preempt_dynamic fri jan 24 04:59:58 utc 2025 x86_64 gnulinux '
    config_args='-ds -e -Dprefix=/opt/perl-5.26.3 -Uinstallusrbinperl -Dcf_email=srezic@cpan.org'
    hint=recommended
    useposix=true
    d_sigaction=define
    useithreads=undef
    usemultiplicity=undef
    use64bitint=define
    use64bitall=define
    uselongdouble=undef
    usemymalloc=n
    default_inc_excludes_dot=define
    bincompat5005=undef
  Compiler:
    cc='cc'
    ccflags ='-fwrapv -fno-strict-aliasing -pipe -fstack-protector-strong -I/usr/local/include -D_LARGEFILE_SOURCE -D_FILE_OFFSET_BITS=64 -D_FORTIFY_SOURCE=2'
    optimize='-O2'
    cppflags='-fwrapv -fno-strict-aliasing -pipe -fstack-protector-strong -I/usr/local/include'
    ccversion=''
    gccversion='14.2.1 20250110 (Red Hat 14.2.1-7)'
    gccosandvers=''
    intsize=4
    longsize=8
    ptrsize=8
    doublesize=8
    byteorder=12345678
    doublekind=3
    d_longlong=define
    longlongsize=8
    d_longdbl=define
    longdblsize=16
    longdblkind=3
    ivtype='long'
    ivsize=8
    nvtype='double'
    nvsize=8
    Off_t='off_t'
    lseeksize=8
    alignbytes=8
    prototype=define
  Linker and Libraries:
    ld='cc'
    ldflags =' -fstack-protector-strong -L/usr/local/lib'
    libpth=/usr/local/lib /usr/lib /lib/../lib64 /usr/lib/../lib64 /lib /lib64 /usr/lib64 /usr/local/lib64
    libs=-lpthread -ldb -ldl -lm -lcrypt -lutil -lc
    perllibs=-lpthread -ldl -lm -lcrypt -lutil -lc
    libc=/lib/../lib64/libc.so.6
    so=so
    useshrplib=false
    libperl=libperl.a
    gnulibc_version='2.40'
  Dynamic Linking:
    dlsrc=dl_dlopen.xs
    dlext=so
    d_dlsymun=undef
    ccdlflags='-Wl,-E'
    cccdlflags='-fPIC'
    lddlflags='-shared -O2 -L/usr/local/lib -fstack-protector-strong'


Characteristics of this binary (from libperl): 
  Compile-time options:
    HAS_TIMES
    PERLIO_LAYERS
    PERL_COPY_ON_WRITE
    PERL_DONT_CREATE_GVSV
    PERL_MALLOC_WRAP
    PERL_OP_PARENT
    PERL_PRESERVE_IVUV
    USE_64_BIT_ALL
    USE_64_BIT_INT
    USE_LARGE_FILES
    USE_LOCALE
    USE_LOCALE_COLLATE
    USE_LOCALE_CTYPE
    USE_LOCALE_NUMERIC
    USE_LOCALE_TIME
    USE_PERLIO
    USE_PERL_ATOF
  Locally applied patches:
    Devel::PatchPerl 2.08
  Built under linux
  Compiled at Feb  6 2025 21:24:33
  %ENV:
    PERL5LIB="/home/cpansand/.cpan/build/2025050900/Crypt-OpenSSL-Bignum-0.09-4/blib/arch:/home/cpansand/.cpan/build/2025050900/Crypt-OpenSSL-Bignum-0.09-4/blib/lib"
    PERL5OPT=""
    PERL5_CPANPLUS_IS_RUNNING="3045778"
    PERL5_CPAN_IS_RUNNING="3045778"
    PERL5_CPAN_IS_RUNNING_IN_RECURSION="3040844,3045778"
    PERLDOC="-MPod::Perldoc::ToTextOverstrike"
    PERL_BATCH="yes"
    PERL_CANARY_STABILITY_NOPROMPT="1"
    PERL_CPAN_REPORTER_CONFIG="/var/tmp/cpansmoker-1023/2025050900/cpanreporter_000_config.ini"
    PERL_EXTUTILS_AUTOINSTALL="--defaultdeps"
    PERL_USE_UNSAFE_INC="1"
  @INC:
    /home/cpansand/.cpan/build/2025050900/Crypt-OpenSSL-Bignum-0.09-4/blib/arch
    /home/cpansand/.cpan/build/2025050900/Crypt-OpenSSL-Bignum-0.09-4/blib/lib
    /opt/perl-5.26.3/lib/site_perl/5.26.3/x86_64-linux
    /opt/perl-5.26.3/lib/site_perl/5.26.3
    /opt/perl-5.26.3/lib/5.26.3/x86_64-linux
    /opt/perl-5.26.3/lib/5.26.3
    .