Report for POE-Component-Client-BigBrother-1.00

Back
From: metabase:user:320bfe00-2aae-11df-837a-5e0a49663a4f
Subject: FAIL POE-Component-Client-BigBrother-1.00 v5.25.2 GNU/Linux
Date: 2016-05-25T11:58:27Z

This distribution has been tested as part of the CPAN Testers
project, supporting the Perl programming language.  See
http://wiki.cpantesters.org/ for more information or email
questions to cpan-testers-discuss@perl.org


--
Dear Sebastien Aperghis-Tramoni,

This is a computer-generated report for POE-Component-Client-BigBrother-1.00
on perl 5.25.2, created by CPAN-Reporter-1.2017.

Thank you for uploading your work to CPAN.  However, there was a problem
testing your distribution.

If you think this report is invalid, please consult the CPAN Testers Wiki
for suggestions on how to avoid getting FAIL reports for missing library
or binary dependencies, unsupported operating systems, and so on:

http://wiki.cpantesters.org/wiki/CPANAuthorNotes

Sections of this report:

    * Tester comments
    * Program output
    * Prerequisites
    * Environment and other context

------------------------------
TESTER COMMENTS
------------------------------

Additional comments from tester:

this report is from an automated smoke testing program
and was not reviewed by a human for accuracy

------------------------------
PROGRAM OUTPUT
------------------------------

Output from './Build test':

# Testing POE::Component::Client::BigBrother 1.00, Perl 5.025002, /tmp/basesmoker-reloperl-S1s4/bin/perl
t/00-load.t .............. ok
t/01-api.t ............... ok

#   Failed test 'received[0] == results[0]{message}'
#   at t/10-check-by-pocotcp.t line 139.
#          got: 'page+10 front02,domain,net.sync red files not synchronised'
#     expected: 'status front01,domain,net.cpu red load average is 105.45'

#   Failed test 'received[0] == expected[0]'
#   at t/10-check-by-pocotcp.t line 141.
#          got: 'page+10 front02,domain,net.sync red files not synchronised'
#     expected: 'status front01,domain,net.cpu red load average is 105.45'

#   Failed test 'received[1] == results[1]{message}'
#   at t/10-check-by-pocotcp.t line 139.
#          got: 'status front01,domain,net.cpu red load average is 105.45'
#     expected: 'page+10 front02,domain,net.sync red files not synchronised'

#   Failed test 'received[1] == expected[1]'
#   at t/10-check-by-pocotcp.t line 141.
#          got: 'status front01,domain,net.cpu red load average is 105.45'
#     expected: 'page+10 front02,domain,net.sync red files not synchronised'
# Looks like you failed 4 tests of 17.
t/10-check-by-pocotcp.t .. 
Dubious, test returned 4 (wstat 1024, 0x400)
Failed 4/17 subtests 
t/pod-coverage.t ......... ok
t/pod.t .................. ok

Test Summary Report
-------------------
t/10-check-by-pocotcp.t (Wstat: 1024 Tests: 17 Failed: 4)
  Failed tests:  7-8, 10-11
  Non-zero exit status: 4
Files=5, Tests=22,  2 wallclock secs ( 0.02 usr  0.05 sys +  0.66 cusr  0.16 csys =  0.89 CPU)
Result: FAIL
Failed 1/5 test programs. 4/22 subtests failed.

------------------------------
PREREQUISITES
------------------------------

Prerequisite modules loaded:

requires:

    Module        Need Have    
    ------------- ---- --------
    POE           0    1.367   

build_requires:

    Module        Need Have    
    ------------- ---- --------
    Test::More    0    1.302019

configure_requires:

    Module        Need Have    
    ------------- ---- --------
    Module::Build 0.36 0.4218  


------------------------------
ENVIRONMENT AND OTHER CONTEXT
------------------------------

Environment variables:

    AUTOMATED_TESTING = 1
    LANG = en_US.UTF-8
    LANGUAGE = en_US:en
    PATH = /usr/lib/ccache:/home/sand/bin:/usr/local/bin:/usr/bin:/bin:/usr/games:/usr/local/perl/bin:/usr/X11/bin:/sbin:/usr/sbin
    PERL5LIB = /tmp/loop_over_bdir-8366-4cFwtQ/FusionInventory-Agent-2.3.17-0/blib/arch:/tmp/loop_over_bdir-8366-4cFwtQ/FusionInventory-Agent-2.3.17-0/blib/lib
    PERL5OPT = 
    PERL5_CPANPLUS_IS_RUNNING = 24272
    PERL5_CPAN_IS_RUNNING = 24272
    PERL_CANARY_STABILITY_NOPROMPT = 1
    PERL_MM_USE_DEFAULT = 1
    SHELL = /usr/bin/zsh
    TERM = screen

Perl special variables (and OS-specific diagnostics, for MSWin32):

    $^X = /tmp/basesmoker-reloperl-S1s4/bin/perl
    $UID/$EUID = 1005 / 1005
    $GID = 1005 1005
    $EGID = 1005 1005

Perl module toolchain versions installed:

    Module              Have    
    ------------------- --------
    CPAN                2.13    
    CPAN::Meta          2.150005
    Cwd                 3.63    
    ExtUtils::CBuilder  0.280225
    ExtUtils::Command   7.18    
    ExtUtils::Install   2.04    
    ExtUtils::MakeMaker 7.18    
    ExtUtils::Manifest  1.70    
    ExtUtils::ParseXS   3.31    
    File::Spec          3.63    
    JSON                2.90    
    JSON::PP            2.27400 
    Module::Build       0.4218  
    Module::Signature   0.79    
    Parse::CPAN::Meta   1.4417  
    Test::Harness       3.36    
    Test::More          1.302019
    YAML                1.15    
    YAML::Syck          1.29    
    version             0.9916  


--

Summary of my perl5 (revision 5 version 25 subversion 2) configuration:
  Commit id: 8687a6e6de7ce658ece8673ad56c37d0a1d8cbca
  Platform:
    osname=linux, osvers=4.3.0-1-amd64, archname=x86_64-linux
    uname='linux k83 4.3.0-1-amd64 #1 smp debian 4.3.3-7 (2016-01-19) x86_64 gnulinux '
    config_args='-Dprefix=/home/sand/src/perl/repoperls/installed-perls/perl/v5.25.1-50-g8687a6e/79cc -Dmyhostname=k83 -Dinstallusrbinperl=n -Uversiononly -Dusedevel -des -Ui_db -Dlibswanted=cl pthread socket inet nsl gdbm dbm malloc dl ld sun m crypt sec util c cposix posix ucb BSD gdbm_compat -Uuseithreads -Uuselongdouble -DDEBUGGING=-g'
    hint=recommended, useposix=true, d_sigaction=define
    useithreads=undef, usemultiplicity=undef
    use64bitint=define, use64bitall=define, uselongdouble=undef
    usemymalloc=n, bincompat5005=undef
  Compiler:
    cc='cc', ccflags ='-fwrapv -fno-strict-aliasing -pipe -fstack-protector-strong -I/usr/local/include -D_LARGEFILE_SOURCE -D_FILE_OFFSET_BITS=64 -D_FORTIFY_SOURCE=2',
    optimize='-O2 -g',
    cppflags='-fwrapv -fno-strict-aliasing -pipe -fstack-protector-strong -I/usr/local/include'
    ccversion='', gccversion='5.3.1 20160121', gccosandvers=''
    intsize=4, longsize=8, ptrsize=8, doublesize=8, byteorder=12345678, doublekind=3
    d_longlong=define, longlongsize=8, d_longdbl=define, longdblsize=16, longdblkind=3
    ivtype='long', ivsize=8, nvtype='double', nvsize=8, Off_t='off_t', lseeksize=8
    alignbytes=8, prototype=define
  Linker and Libraries:
    ld='cc', ldflags =' -fstack-protector-strong -L/usr/local/lib'
    libpth=/usr/local/lib /usr/lib/gcc/x86_64-linux-gnu/5/include-fixed /usr/include/x86_64-linux-gnu /usr/lib /lib/x86_64-linux-gnu /lib/../lib /usr/lib/x86_64-linux-gnu /usr/lib/../lib /lib
    libs=-lpthread -lnsl -lgdbm -ldl -lm -lcrypt -lutil -lc -lgdbm_compat
    perllibs=-lpthread -lnsl -ldl -lm -lcrypt -lutil -lc
    libc=libc-2.21.so, so=so, useshrplib=false, libperl=libperl.a
    gnulibc_version='2.21'
  Dynamic Linking:
    dlsrc=dl_dlopen.xs, dlext=so, d_dlsymun=undef, ccdlflags='-Wl,-E'
    cccdlflags='-fPIC', lddlflags='-shared -O2 -g -L/usr/local/lib -fstack-protector-strong'


Characteristics of this binary (from libperl): 
  Compile-time options: HAS_TIMES PERLIO_LAYERS PERL_COPY_ON_WRITE
                        PERL_DONT_CREATE_GVSV
                        PERL_HASH_FUNC_ONE_AT_A_TIME_HARD PERL_MALLOC_WRAP
                        PERL_OP_PARENT PERL_PRESERVE_IVUV PERL_USE_DEVEL
                        USE_64_BIT_ALL USE_64_BIT_INT USE_LARGE_FILES
                        USE_LOCALE USE_LOCALE_COLLATE USE_LOCALE_CTYPE
                        USE_LOCALE_NUMERIC USE_LOCALE_TIME USE_PERLIO
                        USE_PERL_ATOF
  Built under linux
  Compiled at May 23 2016 20:00:12
  %ENV:
    PERL5LIB="/tmp/loop_over_bdir-8366-4cFwtQ/FusionInventory-Agent-2.3.17-0/blib/arch:/tmp/loop_over_bdir-8366-4cFwtQ/FusionInventory-Agent-2.3.17-0/blib/lib"
    PERL5OPT=""
    PERL5_CPANPLUS_IS_RUNNING="24272"
    PERL5_CPAN_IS_RUNNING="24272"
    PERL_CANARY_STABILITY_NOPROMPT="1"
    PERL_MM_USE_DEFAULT="1"
  @INC:
    /tmp/loop_over_bdir-8366-4cFwtQ/FusionInventory-Agent-2.3.17-0/blib/arch
    /tmp/loop_over_bdir-8366-4cFwtQ/FusionInventory-Agent-2.3.17-0/blib/lib
    /home/sand/src/perl/repoperls/installed-perls/perl/v5.25.1-50-g8687a6e/79cc/lib/site_perl/5.25.2/x86_64-linux
    /home/sand/src/perl/repoperls/installed-perls/perl/v5.25.1-50-g8687a6e/79cc/lib/site_perl/5.25.2
    /home/sand/src/perl/repoperls/installed-perls/perl/v5.25.1-50-g8687a6e/79cc/lib/5.25.2/x86_64-linux
    /home/sand/src/perl/repoperls/installed-perls/perl/v5.25.1-50-g8687a6e/79cc/lib/5.25.2
    .