Back
From: metabase:user:d2c9f356-b46f-11df-9a90-20a83c0b7757
Subject: FAIL XML-Filter-Dispatcher-0.52 v5.14.3 SunOS/Solaris
Date: 2012-12-22T05:11:06Z
This distribution has been tested as part of the CPAN Testers
project, supporting the Perl programming language. See
http://wiki.cpantesters.org/ for more information or email
questions to cpan-testers-discuss@perl.org
--
Dear Barrie Slaymaker,
This is a computer-generated report for XML-Filter-Dispatcher-0.52
on perl 5.14.3, created by CPAN-Reporter-1.2008.
Thank you for uploading your work to CPAN. However, there was a problem
testing your distribution.
If you think this report is invalid, please consult the CPAN Testers Wiki
for suggestions on how to avoid getting FAIL reports for missing library
or binary dependencies, unsupported operating systems, and so on:
http://wiki.cpantesters.org/wiki/CPANAuthorNotes
Sections of this report:
* Tester comments
* Program output
* Prerequisites
* Environment and other context
------------------------------
TESTER COMMENTS
------------------------------
Additional comments from tester:
this report is from an automated smoke testing program
and was not reviewed by a human for accuracy
------------------------------
PROGRAM OUTPUT
------------------------------
Output from '/usr/local/bin/make test':
PERL_DL_NONLAZY=1 /export/home/cpant2/perl5/perlbrew/perls/perl-5.14.3/bin/perl5.14.3 "-MExtUtils::Command::MM" "-e" "test_harness(0, 'blib/lib', 'blib/arch')" t/*.t
Runaway prototype at /export/home/cpant2/.cpan/build/XML-Filter-Dispatcher-0.52-WPqjR7/blib/lib/XML/Filter/Dispatcher/Runtime.pm line 33.
Prototype mismatch:: none vs () at /export/home/cpant2/.cpan/build/XML-Filter-Dispatcher-0.52-WPqjR7/blib/lib/XML/Filter/Dispatcher/Runtime.pm line 33.
Undefined subroutine &XFD::is_tracing called at (eval 41) line 17.
t/builder.t ........
Dubious, test returned 255 (wstat 65280, 0xff00)
Failed 25/25 subtests
Runaway prototype at /export/home/cpant2/.cpan/build/XML-Filter-Dispatcher-0.52-WPqjR7/blib/lib/XML/Filter/Dispatcher/Runtime.pm line 33.
Prototype mismatch:: none vs () at /export/home/cpant2/.cpan/build/XML-Filter-Dispatcher-0.52-WPqjR7/blib/lib/XML/Filter/Dispatcher/Runtime.pm line 33.
t/compiler.t ....... ok
Runaway prototype at /export/home/cpant2/.cpan/build/XML-Filter-Dispatcher-0.52-WPqjR7/blib/lib/XML/Filter/Dispatcher/Runtime.pm line 33.
Prototype mismatch:: none vs () at /export/home/cpant2/.cpan/build/XML-Filter-Dispatcher-0.52-WPqjR7/blib/lib/XML/Filter/Dispatcher/Runtime.pm line 33.
Undefined subroutine &XFD::is_tracing called at (eval 44) line 122.
t/filter.t .........
Dubious, test returned 255 (wstat 65280, 0xff00)
Failed 21/21 subtests
Runaway prototype at /export/home/cpant2/.cpan/build/XML-Filter-Dispatcher-0.52-WPqjR7/blib/lib/XML/Filter/Dispatcher/Runtime.pm line 33.
Prototype mismatch:: none vs () at /export/home/cpant2/.cpan/build/XML-Filter-Dispatcher-0.52-WPqjR7/blib/lib/XML/Filter/Dispatcher/Runtime.pm line 33.
Undefined subroutine &XFD::is_tracing called at (eval 41) line 12.
t/hash.t ...........
Dubious, test returned 255 (wstat 65280, 0xff00)
Failed 21/27 subtests
t/helpfulerrors.t .. ok
Runaway prototype at /export/home/cpant2/.cpan/build/XML-Filter-Dispatcher-0.52-WPqjR7/blib/lib/XML/Filter/Dispatcher/Runtime.pm line 33.
Prototype mismatch:: none vs () at /export/home/cpant2/.cpan/build/XML-Filter-Dispatcher-0.52-WPqjR7/blib/lib/XML/Filter/Dispatcher/Runtime.pm line 33.
Undefined subroutine &XFD::is_tracing called at (eval 43) line 41.
t/namespaces.t .....
Dubious, test returned 255 (wstat 65280, 0xff00)
Failed 16/16 subtests
t/nothing.t ........ ok
Runaway prototype at /export/home/cpant2/.cpan/build/XML-Filter-Dispatcher-0.52-WPqjR7/blib/lib/XML/Filter/Dispatcher/Runtime.pm line 33.
Prototype mismatch:: none vs () at /export/home/cpant2/.cpan/build/XML-Filter-Dispatcher-0.52-WPqjR7/blib/lib/XML/Filter/Dispatcher/Runtime.pm line 33.
Undefined subroutine &XFD::is_tracing called at (eval 41) line 14.
t/order.t ..........
Dubious, test returned 255 (wstat 65280, 0xff00)
Failed 4/4 subtests
Runaway prototype at /export/home/cpant2/.cpan/build/XML-Filter-Dispatcher-0.52-WPqjR7/blib/lib/XML/Filter/Dispatcher/Runtime.pm line 33.
Prototype mismatch:: none vs () at /export/home/cpant2/.cpan/build/XML-Filter-Dispatcher-0.52-WPqjR7/blib/lib/XML/Filter/Dispatcher/Runtime.pm line 33.
Undefined subroutine &XFD::is_tracing called at (eval 42) line 14.
t/postponements.t ..
Dubious, test returned 255 (wstat 65280, 0xff00)
Failed 9/9 subtests
Runaway prototype at /export/home/cpant2/.cpan/build/XML-Filter-Dispatcher-0.52-WPqjR7/blib/lib/XML/Filter/Dispatcher/Runtime.pm line 33.
Prototype mismatch:: none vs () at /export/home/cpant2/.cpan/build/XML-Filter-Dispatcher-0.52-WPqjR7/blib/lib/XML/Filter/Dispatcher/Runtime.pm line 33.
Undefined subroutine &XFD::is_tracing called at (eval 41) line 14.
t/stooges.t ........
Dubious, test returned 255 (wstat 65280, 0xff00)
Failed 9/9 subtests
Runaway prototype at /export/home/cpant2/.cpan/build/XML-Filter-Dispatcher-0.52-WPqjR7/blib/lib/XML/Filter/Dispatcher/Runtime.pm line 33.
Prototype mismatch:: none vs () at /export/home/cpant2/.cpan/build/XML-Filter-Dispatcher-0.52-WPqjR7/blib/lib/XML/Filter/Dispatcher/Runtime.pm line 33.
Undefined subroutine &XFD::is_tracing called at (eval 41) line 12.
t/struct.t .........
Dubious, test returned 255 (wstat 65280, 0xff00)
Failed 22/29 subtests
Runaway prototype at /export/home/cpant2/.cpan/build/XML-Filter-Dispatcher-0.52-WPqjR7/blib/lib/XML/Filter/Dispatcher/Runtime.pm line 33.
Prototype mismatch:: none vs () at /export/home/cpant2/.cpan/build/XML-Filter-Dispatcher-0.52-WPqjR7/blib/lib/XML/Filter/Dispatcher/Runtime.pm line 33.
Undefined subroutine &XFD::is_tracing called at (eval 43) line 83.
t/synopsis.t .......
Dubious, test returned 255 (wstat 65280, 0xff00)
Failed 8/8 subtests
t/useless.t ........ ok
Runaway prototype at /export/home/cpant2/.cpan/build/XML-Filter-Dispatcher-0.52-WPqjR7/blib/lib/XML/Filter/Dispatcher/Runtime.pm line 33.
Prototype mismatch:: none vs () at /export/home/cpant2/.cpan/build/XML-Filter-Dispatcher-0.52-WPqjR7/blib/lib/XML/Filter/Dispatcher/Runtime.pm line 33.
Undefined subroutine &XFD::is_tracing called at (eval 40) line 12.
t/vars.t ...........
Dubious, test returned 255 (wstat 65280, 0xff00)
Failed 11/13 subtests
Runaway prototype at /export/home/cpant2/.cpan/build/XML-Filter-Dispatcher-0.52-WPqjR7/blib/lib/XML/Filter/Dispatcher/Runtime.pm line 33.
Prototype mismatch:: none vs () at /export/home/cpant2/.cpan/build/XML-Filter-Dispatcher-0.52-WPqjR7/blib/lib/XML/Filter/Dispatcher/Runtime.pm line 33.
Undefined subroutine &XFD::is_tracing called at (eval 43) line 13.
t/xpath.t ..........
Dubious, test returned 255 (wstat 65280, 0xff00)
Failed 542/542 subtests
Runaway prototype at /export/home/cpant2/.cpan/build/XML-Filter-Dispatcher-0.52-WPqjR7/blib/lib/XML/Filter/Dispatcher/Runtime.pm line 33.
Prototype mismatch:: none vs () at /export/home/cpant2/.cpan/build/XML-Filter-Dispatcher-0.52-WPqjR7/blib/lib/XML/Filter/Dispatcher/Runtime.pm line 33.
Undefined subroutine &XFD::is_tracing called at (eval 28) line 13.
t/xstack.t .........
Dubious, test returned 255 (wstat 65280, 0xff00)
Failed 16/16 subtests
Test Summary Report
-------------------
t/builder.t (Wstat: 65280 Tests: 0 Failed: 0)
Non-zero exit status: 255
Parse errors: Bad plan. You planned 25 tests but ran 0.
t/filter.t (Wstat: 65280 Tests: 0 Failed: 0)
Non-zero exit status: 255
Parse errors: Bad plan. You planned 21 tests but ran 0.
t/hash.t (Wstat: 65280 Tests: 6 Failed: 0)
Non-zero exit status: 255
Parse errors: Bad plan. You planned 27 tests but ran 6.
t/namespaces.t (Wstat: 65280 Tests: 0 Failed: 0)
Non-zero exit status: 255
Parse errors: Bad plan. You planned 16 tests but ran 0.
t/order.t (Wstat: 65280 Tests: 0 Failed: 0)
Non-zero exit status: 255
Parse errors: Bad plan. You planned 4 tests but ran 0.
t/postponements.t (Wstat: 65280 Tests: 0 Failed: 0)
Non-zero exit status: 255
Parse errors: Bad plan. You planned 9 tests but ran 0.
t/stooges.t (Wstat: 65280 Tests: 0 Failed: 0)
Non-zero exit status: 255
Parse errors: Bad plan. You planned 9 tests but ran 0.
t/struct.t (Wstat: 65280 Tests: 7 Failed: 0)
Non-zero exit status: 255
Parse errors: Bad plan. You planned 29 tests but ran 7.
t/synopsis.t (Wstat: 65280 Tests: 0 Failed: 0)
Non-zero exit status: 255
Parse errors: Bad plan. You planned 8 tests but ran 0.
t/vars.t (Wstat: 65280 Tests: 2 Failed: 0)
Non-zero exit status: 255
Parse errors: Bad plan. You planned 13 tests but ran 2.
t/xpath.t (Wstat: 65280 Tests: 0 Failed: 0)
Non-zero exit status: 255
Parse errors: Bad plan. You planned 542 tests but ran 0.
t/xstack.t (Wstat: 65280 Tests: 0 Failed: 0)
Non-zero exit status: 255
Parse errors: Bad plan. You planned 16 tests but ran 0.
Files=16, Tests=37, 4 wallclock secs ( 0.24 usr 0.12 sys + 2.98 cusr 0.57 csys = 3.91 CPU)
Result: FAIL
Failed 12/16 test programs. 0/37 subtests failed.
make: *** [test_dynamic] Error 255
------------------------------
PREREQUISITES
------------------------------
Prerequisite modules loaded:
requires:
Module Need Have
-------------------------- ---- ----
XML::NamespaceSupport 0 1.11
XML::SAX::Base 0 1.08
XML::SAX::EventMethodMaker 0 0.1
XML::SAX::ParserFactory 0 1.01
build_requires:
Module Need Have
-------------------------- ---- ----
ExtUtils::MakeMaker 0 6.64
------------------------------
ENVIRONMENT AND OTHER CONTEXT
------------------------------
Environment variables:
AUTOMATED_TESTING = 1
LANG = C
LD_LIBRARY_PATH = /usr/local/lib:
MANPATH_WITHOUT_PERLBREW =
PATH = /export/home/cpant2/perl5/perlbrew/bin:/export/home/cpant2/perl5/perlbrew/perls/perl-5.14.3/bin:/export/home/cpant2/perl5/bin:/usr/local/bin:/usr/bin
PATH_WITHOUT_PERLBREW = /export/home/cpant2/perl5/bin:/usr/local/bin:/usr/bin
PERL5LIB = /export/home/cpant2/.cpan/build/XML-SAX-Machines-0.42-kAjQ09/blib/arch:/export/home/cpant2/.cpan/build/XML-SAX-Machines-0.42-kAjQ09/blib/lib:/export/home/cpant2/.cpan/build/Imager-0.94-Ica7aw/blib/arch:/export/home/cpant2/.cpan/build/Imager-0.94-Ica7aw/blib/lib
PERL5OPT =
PERL5_CPANPLUS_IS_RUNNING = 7856
PERL5_CPAN_IS_RUNNING = 7856
PERL5_CPAN_IS_RUNNING_IN_RECURSION = 16194,7856
PERLBREW_BASHRC_VERSION = 0.44
PERLBREW_HOME = /export/home/cpant2/.perlbrew
PERLBREW_MANPATH = /export/home/cpant2/perl5/perlbrew/perls/perl-5.14.3/man
PERLBREW_PATH = /export/home/cpant2/perl5/perlbrew/bin:/export/home/cpant2/perl5/perlbrew/perls/perl-5.14.3/bin
PERLBREW_PERL = perl-5.14.3
PERLBREW_ROOT = /export/home/cpant2/perl5/perlbrew
PERLBREW_VERSION = 0.44
PERL_CR_SMOKER_CURRENT = Chart-Sequence-0.002
PERL_EXTUTILS_AUTOINSTALL = --defaultdeps
PERL_MM_USE_DEFAULT = 1
SHELL = /usr/bin/bash
TERM = xterm
Perl special variables (and OS-specific diagnostics, for MSWin32):
$^X = /export/home/cpant2/perl5/perlbrew/perls/perl-5.14.3/bin/perl5.14.3
$UID/$EUID = 101 / 101
$GID = 1 1
$EGID = 1 1
Perl module toolchain versions installed:
Module Have
------------------- --------
CPAN 1.9800
CPAN::Meta 2.120921
Cwd 3.36
ExtUtils::CBuilder 0.280205
ExtUtils::Command 1.17
ExtUtils::Install 1.56
ExtUtils::MakeMaker 6.64
ExtUtils::Manifest 1.61
ExtUtils::ParseXS 3.18
File::Spec 3.33
JSON 2.53
JSON::PP 2.27200
Module::Build 0.4003
Module::Signature n/a
Parse::CPAN::Meta 1.4404
Test::Harness 3.25
Test::More 0.98
YAML 0.84
YAML::Syck 1.22
version 0.9901
--
Summary of my perl5 (revision 5 version 14 subversion 3) configuration:
Platform:
osname=solaris, osvers=2.10, archname=i86pc-solaris-64int
uname='sunos vmrz0046 5.10 generic_141445-09 i86pc i386 i86pc solaris '
config_args='-de -Dprefix=/export/home/cpant2/perl5/perlbrew/perls/perl-5.14.3 -Dcc=gcc -Duse64bitint -Dusedevel -Aeval:scriptdir=/export/home/cpant2/perl5/perlbrew/perls/perl-5.14.3/bin'
hint=recommended, useposix=true, d_sigaction=define
useithreads=undef, usemultiplicity=undef
useperlio=define, d_sfio=undef, uselargefiles=define, usesocks=undef
use64bitint=define, use64bitall=undef, uselongdouble=undef
usemymalloc=n, bincompat5005=undef
Compiler:
cc='gcc', ccflags ='-DPTR_IS_LONG -fno-strict-aliasing -pipe -I/usr/local/include -D_LARGEFILE_SOURCE -D_FILE_OFFSET_BITS=64 -DPERL_USE_SAFE_PUTENV -DPERL_USE_SAFE_PUTENV',
optimize='-O',
cppflags='-DPTR_IS_LONG -fno-strict-aliasing -pipe -I/usr/local/include'
ccversion='', gccversion='3.4.6', gccosandvers='solaris2.10'
intsize=4, longsize=4, ptrsize=4, doublesize=8, byteorder=12345678
d_longlong=define, longlongsize=8, d_longdbl=define, longdblsize=12
ivtype='long long', ivsize=8, nvtype='double', nvsize=8, Off_t='off_t', lseeksize=8
alignbytes=4, prototype=define
Linker and Libraries:
ld='gcc', ldflags =' -L/usr/local/lib '
libpth=/usr/local/lib /usr/lib /usr/ccs/lib
libs=-lsocket -lnsl -lgdbm -ldl -lm -lc
perllibs=-lsocket -lnsl -ldl -lm -lc
libc=/lib/libc.so, so=so, useshrplib=false, libperl=libperl.a
gnulibc_version=''
Dynamic Linking:
dlsrc=dl_dlopen.xs, dlext=so, d_dlsymun=undef, ccdlflags=' '
cccdlflags='-fPIC', lddlflags='-G -L/usr/local/lib'
Characteristics of this binary (from libperl):
Compile-time options: PERL_DONT_CREATE_GVSV PERL_MALLOC_WRAP
PERL_PRESERVE_IVUV PERL_USE_DEVEL
PERL_USE_SAFE_PUTENV USE_64_BIT_INT USE_LARGE_FILES
USE_PERLIO USE_PERL_ATOF
Built under solaris
Compiled at Nov 12 2012 19:03:18
%ENV:
PERL5LIB="/export/home/cpant2/.cpan/build/XML-SAX-Machines-0.42-kAjQ09/blib/arch:/export/home/cpant2/.cpan/build/XML-SAX-Machines-0.42-kAjQ09/blib/lib:/export/home/cpant2/.cpan/build/Imager-0.94-Ica7aw/blib/arch:/export/home/cpant2/.cpan/build/Imager-0.94-Ica7aw/blib/lib"
PERL5OPT=""
PERL5_CPANPLUS_IS_RUNNING="7856"
PERL5_CPAN_IS_RUNNING="7856"
PERL5_CPAN_IS_RUNNING_IN_RECURSION="16194,7856"
PERLBREW_BASHRC_VERSION="0.44"
PERLBREW_HOME="/export/home/cpant2/.perlbrew"
PERLBREW_MANPATH="/export/home/cpant2/perl5/perlbrew/perls/perl-5.14.3/man"
PERLBREW_PATH="/export/home/cpant2/perl5/perlbrew/bin:/export/home/cpant2/perl5/perlbrew/perls/perl-5.14.3/bin"
PERLBREW_PERL="perl-5.14.3"
PERLBREW_ROOT="/export/home/cpant2/perl5/perlbrew"
PERLBREW_VERSION="0.44"
PERL_CR_SMOKER_CURRENT="Chart-Sequence-0.002"
PERL_EXTUTILS_AUTOINSTALL="--defaultdeps"
PERL_MM_USE_DEFAULT="1"
@INC:
/export/home/cpant2/.cpan/build/XML-SAX-Machines-0.42-kAjQ09/blib/arch
/export/home/cpant2/.cpan/build/XML-SAX-Machines-0.42-kAjQ09/blib/lib
/export/home/cpant2/.cpan/build/Imager-0.94-Ica7aw/blib/arch
/export/home/cpant2/.cpan/build/Imager-0.94-Ica7aw/blib/lib
/export/home/cpant2/perl5/perlbrew/perls/perl-5.14.3/lib/site_perl/5.14.3/i86pc-solaris-64int
/export/home/cpant2/perl5/perlbrew/perls/perl-5.14.3/lib/site_perl/5.14.3
/export/home/cpant2/perl5/perlbrew/perls/perl-5.14.3/lib/5.14.3/i86pc-solaris-64int
/export/home/cpant2/perl5/perlbrew/perls/perl-5.14.3/lib/5.14.3
.