Net-Azure-NotificationHubs v0.02 Perl 5 v5.20.3 x86_64-linux

Status
Fail
From
Slaven Rezić (SREZIC)
Dist
Net-Azure-NotificationHubs v0.02
Platform
Perl 5 v5.20.3 x86_64-linux
Date
2018-06-05 17:50:53
ID
fdc9997c-68e8-11e8-91b4-87c57b4491c9
This distribution has been tested as part of the CPAN Testers
project, supporting the Perl programming language.  See
http://wiki.cpantesters.org/ for more information or email
questions to cpan-testers-discuss@perl.org


--
Dear Satoshi Azuma,

This is a computer-generated report for Net-Azure-NotificationHubs-0.02
on perl 5.20.3, created by CPAN-Reporter-1.2018.

Thank you for uploading your work to CPAN.  However, there was a problem
testing your distribution.

If you think this report is invalid, please consult the CPAN Testers Wiki
for suggestions on how to avoid getting FAIL reports for missing library
or binary dependencies, unsupported operating systems, and so on:

http://wiki.cpantesters.org/wiki/CPANAuthorNotes

Sections of this report:

    * Tester comments
    * Program output
    * Prerequisites
    * Environment and other context

------------------------------
TESTER COMMENTS
------------------------------

Additional comments from tester:

none provided

------------------------------
PROGRAM OUTPUT
------------------------------

Output from './Build test':

t/00_compile.t .............. ok

    #   Failed test 'throws "connection_string is required"'
    #   at t/10_new.t line 10.
    # expecting: Regexp ((?^:\Aconnection_string is required))
    # found: endpoint was not specified. Please specify endpoint or connection_string. at /home/cpansand/.cpan/build/2018060506/Net-Azure-NotificationHubs-0.02-0/blib/lib/Net/Azure/NotificationHubs.pm line 39.
    #  at /home/cpansand/.cpan/build/2018060506/Net-Azure-NotificationHubs-0.02-0/blib/lib/Net/Azure/NotificationHubs.pm line 42.
    # Looks like you failed 1 test of 2.

#   Failed test 'void params'
#   at t/10_new.t line 12.
# Looks like you failed 1 test of 5.
t/10_new.t .................. 
Dubious, test returned 1 (wstat 256, 0x100)
Failed 1/5 subtests 
t/11_send_request.t ......... ok
t/12_uri.t .................. ok
t/13_req.t .................. ok
500 read timeout at t/21_request_do.t line 17.
# Tests were run but no plan was declared and done_testing() was not seen.
# Looks like your test exited with 255 just after 1.
t/21_request_do.t ........... 
Dubious, test returned 255 (wstat 65280, 0xff00)
All 1 subtests passed 
t/31_response_as_hashref.t .. ok

Test Summary Report
-------------------
t/10_new.t                (Wstat: 256 Tests: 5 Failed: 1)
  Failed test:  1
  Non-zero exit status: 1
t/21_request_do.t         (Wstat: 65280 Tests: 1 Failed: 0)
  Non-zero exit status: 255
  Parse errors: No plan found in TAP output
Files=7, Tests=21, 211 wallclock secs ( 0.04 usr  0.04 sys +  0.62 cusr  0.07 csys =  0.77 CPU)
Result: FAIL

------------------------------
PREREQUISITES
------------------------------

Prerequisite modules loaded:

requires:

    Module                         Need     Have    
    ------------------------------ -------- --------
    Carp                           0        1.38    
    Class::Accessor::Lite          0        0.08    
    HTTP::Message                  0        6.16    
    HTTP::Request                  0        6.16    
    JSON                           0        2.97001 
    LWP::Protocol::https           0        6.07    
    LWP::UserAgent                 0        6.33    
    Net::Azure::Authorization::SAS 0        0.03    
    perl                           5.008001 5.020003
    Try::Tiny                      0        0.30    
    URI                            0        1.73    

build_requires:

    Module                         Need     Have    
    ------------------------------ -------- --------
    Test::More                     0.98     1.302136
    Test::Time                     0        0.04    

configure_requires:

    Module                         Need     Have    
    ------------------------------ -------- --------
    Module::Build::Tiny            0.035    0.039   


------------------------------
ENVIRONMENT AND OTHER CONTEXT
------------------------------

Environment variables:

    LANG = C
    PATH = /usr/local/bin:/usr/bin:/bin:/usr/local/sbin:/usr/sbin:/sbin:/home/cpansand/bin/linux-gnu:/home/cpansand/bin/sh:/home/cpansand/bin:/usr/games:/home/cpansand/devel:/home/eserte/src/srezic-misc/scripts
    PERL5LIB = /home/cpansand/.cpan/build/2018060506/Net-Azure-Authorization-SAS-0.03-0/blib/arch:/home/cpansand/.cpan/build/2018060506/Net-Azure-Authorization-SAS-0.03-0/blib/lib
    PERL5OPT = 
    PERL5_CPANPLUS_IS_RUNNING = 19873
    PERL5_CPAN_IS_RUNNING = 19873
    PERL5_CPAN_IS_RUNNING_IN_RECURSION = 19849,19873
    PERLDOC = -MPod::Perldoc::ToTextOverstrike
    PERL_BATCH = yes
    PERL_CANARY_STABILITY_NOPROMPT = 1
    PERL_CPAN_REPORTER_CONFIG = /var/tmp/cpansmoker-1023/2018060506/cpanreporter_001_config.ini
    PERL_EXTUTILS_AUTOINSTALL = --defaultdeps
    SHELL = /usr/bin/zsh
    TERM = screen
    TMPDIR = /var/tmp/cpansmoker-1023/2018060506

Perl special variables (and OS-specific diagnostics, for MSWin32):

    $^X = /opt/perl-5.20.3/bin/perl
    $UID/$EUID = 1023 / 1023
    $GID = 1023 1023
    $EGID = 1023 1023

Perl module toolchain versions installed:

    Module              Have    
    ------------------- --------
    CPAN                2.16    
    CPAN::Meta          2.150010
    Cwd                 3.74    
    ExtUtils::CBuilder  0.280230
    ExtUtils::Command   7.34    
    ExtUtils::Install   2.06    
    ExtUtils::MakeMaker 7.34    
    ExtUtils::Manifest  1.71    
    ExtUtils::ParseXS   3.35    
    File::Spec          3.74    
    JSON                2.97001 
    JSON::PP            2.97001 
    Module::Build       0.4224  
    Module::Signature   0.81    
    Parse::CPAN::Meta   2.150010
    Test::Harness       3.42    
    Test::More          1.302136
    YAML                1.24    
    YAML::Syck          1.30    
    version             0.9918  


--

Summary of my perl5 (revision 5 version 20 subversion 3) configuration:
   
  Platform:
    osname=linux, osvers=3.16.0-4-amd64, archname=x86_64-linux
    uname='linux debian8 3.16.0-4-amd64 #1 smp debian 3.16.43-2+deb8u1 (2017-06-18) x86_64 gnulinux '
    config_args='-ds -e -Dprefix=/opt/perl-5.20.3 -Dcf_email=srezic@cpan.org'
    hint=recommended, useposix=true, d_sigaction=define
    useithreads=undef, usemultiplicity=undef
    use64bitint=define, use64bitall=define, uselongdouble=undef
    usemymalloc=n, bincompat5005=undef
  Compiler:
    cc='cc', ccflags ='-fwrapv -fno-strict-aliasing -pipe -fstack-protector -I/usr/local/include -D_LARGEFILE_SOURCE -D_FILE_OFFSET_BITS=64',
    optimize='-O2',
    cppflags='-fwrapv -fno-strict-aliasing -pipe -fstack-protector -I/usr/local/include'
    ccversion='', gccversion='4.9.2', gccosandvers=''
    intsize=4, longsize=8, ptrsize=8, doublesize=8, byteorder=12345678
    d_longlong=define, longlongsize=8, d_longdbl=define, longdblsize=16
    ivtype='long', ivsize=8, nvtype='double', nvsize=8, Off_t='off_t', lseeksize=8
    alignbytes=8, prototype=define
  Linker and Libraries:
    ld='cc', ldflags =' -fstack-protector -L/usr/local/lib'
    libpth=/usr/local/lib /usr/lib/gcc/x86_64-linux-gnu/4.9/include-fixed /usr/include/x86_64-linux-gnu /usr/lib /lib/x86_64-linux-gnu /lib/../lib /usr/lib/x86_64-linux-gnu /usr/lib/../lib /lib
    libs=-lpthread -lnsl -lgdbm -ldb -ldl -lm -lcrypt -lutil -lc -lgdbm_compat
    perllibs=-lpthread -lnsl -ldl -lm -lcrypt -lutil -lc
    libc=libc-2.19.so, so=so, useshrplib=false, libperl=libperl.a
    gnulibc_version='2.19'
  Dynamic Linking:
    dlsrc=dl_dlopen.xs, dlext=so, d_dlsymun=undef, ccdlflags='-Wl,-E'
    cccdlflags='-fPIC', lddlflags='-shared -O2 -L/usr/local/lib -fstack-protector'


Characteristics of this binary (from libperl): 
  Compile-time options: HAS_TIMES PERLIO_LAYERS PERL_DONT_CREATE_GVSV
                        PERL_HASH_FUNC_ONE_AT_A_TIME_HARD PERL_MALLOC_WRAP
                        PERL_NEW_COPY_ON_WRITE PERL_PRESERVE_IVUV
                        USE_64_BIT_ALL USE_64_BIT_INT USE_LARGE_FILES
                        USE_LOCALE USE_LOCALE_COLLATE USE_LOCALE_CTYPE
                        USE_LOCALE_NUMERIC USE_PERLIO USE_PERL_ATOF
  Built under linux
  Compiled at Jun 20 2017 18:04:57
  %ENV:
    PERL5LIB="/home/cpansand/.cpan/build/2018060506/Net-Azure-Authorization-SAS-0.03-0/blib/arch:/home/cpansand/.cpan/build/2018060506/Net-Azure-Authorization-SAS-0.03-0/blib/lib"
    PERL5OPT=""
    PERL5_CPANPLUS_IS_RUNNING="19873"
    PERL5_CPAN_IS_RUNNING="19873"
    PERL5_CPAN_IS_RUNNING_IN_RECURSION="19849,19873"
    PERLDOC="-MPod::Perldoc::ToTextOverstrike"
    PERL_BATCH="yes"
    PERL_CANARY_STABILITY_NOPROMPT="1"
    PERL_CPAN_REPORTER_CONFIG="/var/tmp/cpansmoker-1023/2018060506/cpanreporter_001_config.ini"
    PERL_EXTUTILS_AUTOINSTALL="--defaultdeps"
  @INC:
    /home/cpansand/.cpan/build/2018060506/Net-Azure-Authorization-SAS-0.03-0/blib/arch
    /home/cpansand/.cpan/build/2018060506/Net-Azure-Authorization-SAS-0.03-0/blib/lib
    /opt/perl-5.20.3/lib/site_perl/5.20.3/x86_64-linux
    /opt/perl-5.20.3/lib/site_perl/5.20.3
    /opt/perl-5.20.3/lib/5.20.3/x86_64-linux
    /opt/perl-5.20.3/lib/5.20.3
    .