Report for Regexp-Optimizer-0.16_001

Back
From: metabase:user:322078bc-2aae-11df-837a-5e0a49663a4f
Subject: FAIL Regexp-Optimizer-0.16_001 v5.12.2 OpenBSD
Date: 2011-12-16T14:05:21Z

This distribution has been tested as part of the CPAN Testers
project, supporting the Perl programming language.  See
http://wiki.cpantesters.org/ for more information or email
questions to cpan-testers-discuss@perl.org


--

Dear KZYS,

This is a computer-generated error report created automatically by
CPANPLUS, version 0.9113. Testers personal comments may appear
at the end of this report.


Thank you for uploading your work to CPAN.  However, it appears that
there were some problems testing your distribution.

TEST RESULTS:

Below is the error stack from stage 'make test':

[MSG] [Fri Dec 16 14:05:19 2011] cp README.pod blib/lib/Regexp/README.pod
cp lib/Regexp/List.pm blib/lib/Regexp/List.pm
cp lib/Regexp/Optimizer.pm blib/lib/Regexp/Optimizer.pm
Manifying blib/man3/Regexp::README.3
Manifying blib/man3/Regexp::List.3
Manifying blib/man3/Regexp::Optimizer.3

[ERROR] [Fri Dec 16 14:05:20 2011] MAKE TEST failed: PERL_DL_NONLAZY=1 /home/cpan/pit/64bit/perl-5.12.2/bin/perl "-MExtUtils::Command::MM" "-e" "test_harness(0, 'blib/lib', 'blib/arch')" t/*.t
t/01-use.t ......... ok
t/02-list.t ........ ok

#   Failed test 'o->o(\N{SNOWMAN}) eq (?^u:\x{2603})'
#   at t/03-utf8.t line 62.
#          got: '(?-xism:\x{2603})'
#     expected: '(?^u:\x{2603})'

#   Failed test 'o->o(\N{DIGIT ONE}|\N{DIGIT TWO}) eq (?^:[\x{31}\x{32}])'
#   at t/03-utf8.t line 62.
#          got: '(?-xism:[\x{31}\x{32}])'
#     expected: '(?^:[\x{31}\x{32}])'
# Looks like you failed 2 tests of 21.
t/03-utf8.t ........ 
Dubious, test returned 2 (wstat 512, 0x200)
Failed 2/21 subtests 
t/04-quantifier.t .. ok

Test Summary Report
-------------------
t/03-utf8.t      (Wstat: 512 Tests: 21 Failed: 2)
  Failed tests:  9, 18
  Non-zero exit status: 2
Files=4, Tests=48,  1 wallclock secs ( 0.06 usr  0.03 sys +  0.48 cusr  0.14 csys =  0.71 CPU)
Result: FAIL
*** Error code 255

Stop in /home/cpan/pit/64bit/conf/perl-5.12.2/.cpanplus/5.12.2/build/Regexp-Optimizer-0.16_001 (line 831 of Makefile).
Failed 1/4 test programs. 2/48 subtests failed.

[MSG] [Fri Dec 16 14:05:20 2011] DEFAULT 'proceed_on_test_failure' HANDLER RETURNING 'sub return value'

PREREQUISITES:

Here is a list of prerequisites you specified and versions we
managed to load:

	  Module Name                        Have     Want
	  ExtUtils::MakeMaker                6.62        0

Perl module toolchain versions installed:
	Module Name                        Have
	CPANPLUS                         0.9113
	CPANPLUS::Dist::Build              0.60
	Cwd                                3.33
	ExtUtils::CBuilder             0.280202
	ExtUtils::Command                  1.16
	ExtUtils::Install                  1.55
	ExtUtils::MakeMaker                6.62
	ExtUtils::Manifest                 1.60
	ExtUtils::ParseXS                  3.07
	File::Spec                         3.33
	Module::Build                    0.3800
	Test::Harness                      3.23
	Test::More                         0.98
	version                            0.95

******************************** NOTE ********************************
The comments above are created mechanically, possibly without manual
checking by the sender.  As there are many people performing automatic
tests on each upload to CPAN, it is likely that you will receive
identical messages about the same problem.

If you believe that the message is mistaken, please reply to the first
one with correction and/or additional informations, and do not take
it personally.  We appreciate your patience. :)
**********************************************************************

Additional comments:


This report was machine-generated by CPANPLUS::Dist::YACSmoke 0.66.
Powered by minismokebox version 0.54

------------------------------
ENVIRONMENT AND OTHER CONTEXT
------------------------------

Environment variables:

    AUTOMATED_TESTING = 1
    PATH = /home/cpan/bin:/bin:/sbin:/usr/bin:/usr/sbin:/usr/X11R6/bin:/usr/local/bin:/usr/local/sbin:/usr/games:.
    PERL5LIB = :/home/cpan/pit/64bit/conf/perl-5.12.2/.cpanplus/5.12.2/build/Regexp-Optimizer-0.16_001/blib/lib:/home/cpan/pit/64bit/conf/perl-5.12.2/.cpanplus/5.12.2/build/Regexp-Optimizer-0.16_001/blib/arch
    PERL5_CPANPLUS_IS_RUNNING = 14784
    PERL5_CPANPLUS_IS_VERSION = 0.9113
    PERL5_MINISMOKEBOX = 0.54
    PERL5_YACSMOKE_BASE = /home/cpan/pit/64bit/conf/perl-5.12.2
    PERL_EXTUTILS_AUTOINSTALL = --defaultdeps
    PERL_MM_USE_DEFAULT = 1
    SHELL = /usr/local/bin/bash
    TERM = screen

Perl special variables (and OS-specific diagnostics, for MSWin32):

    Perl: $^X = /home/cpan/pit/64bit/perl-5.12.2/bin/perl
    UID:  $<  = 1001
    EUID: $>  = 1001
    GID:  $(  = 1001 1001
    EGID: $)  = 1001 1001


-------------------------------


--

Summary of my perl5 (revision 5 version 12 subversion 2) configuration:
   
  Platform:
    osname=openbsd, osvers=5.0, archname=OpenBSD.i386-openbsd-64int
    uname='openbsd oatcake.bingosnet.co.uk 5.0 generic#43 i386 '
    config_args='-des -Dprefix=/home/cpan/pit/64bit/perl-5.12.2 -Duse64bitint'
    hint=recommended, useposix=true, d_sigaction=define
    useithreads=undef, usemultiplicity=undef
    useperlio=define, d_sfio=undef, uselargefiles=define, usesocks=undef
    use64bitint=define, use64bitall=undef, uselongdouble=undef
    usemymalloc=y, bincompat5005=undef
  Compiler:
    cc='cc', ccflags ='-fno-strict-aliasing -pipe -fstack-protector -I/usr/local/include',
    optimize='-O2',
    cppflags='-fno-strict-aliasing -pipe -fstack-protector -I/usr/local/include'
    ccversion='', gccversion='4.2.1 20070719 ', gccosandvers='openbsd5.0'
    intsize=4, longsize=4, ptrsize=4, doublesize=8, byteorder=12345678
    d_longlong=define, longlongsize=8, d_longdbl=define, longdblsize=12
    ivtype='long long', ivsize=8, nvtype='double', nvsize=8, Off_t='off_t', lseeksize=8
    alignbytes=4, prototype=define
  Linker and Libraries:
    ld='cc', ldflags ='-Wl,-E  -fstack-protector -L/usr/local/lib'
    libpth=/usr/local/lib /usr/lib
    libs=-lgdbm -lm -lutil -lc
    perllibs=-lm -lutil -lc
    libc=/usr/lib/libc.so.60.1, so=so, useshrplib=false, libperl=libperl.a
    gnulibc_version=''
  Dynamic Linking:
    dlsrc=dl_dlopen.xs, dlext=so, d_dlsymun=undef, ccdlflags=' '
    cccdlflags='-DPIC -fPIC ', lddlflags='-shared -fPIC  -L/usr/local/lib -fstack-protector'


Characteristics of this binary (from libperl): 
  Compile-time options: MYMALLOC PERL_DONT_CREATE_GVSV PERL_MALLOC_WRAP
                        USE_64_BIT_INT USE_LARGE_FILES USE_PERLIO
                        USE_PERL_ATOF
  Built under openbsd
  Compiled at Dec  2 2011 10:14:00
  %ENV:
    PERL5LIB=":/home/cpan/pit/64bit/conf/perl-5.12.2/.cpanplus/5.12.2/build/Regexp-Optimizer-0.16_001/blib/lib:/home/cpan/pit/64bit/conf/perl-5.12.2/.cpanplus/5.12.2/build/Regexp-Optimizer-0.16_001/blib/arch"
    PERL5_CPANPLUS_IS_RUNNING="14784"
    PERL5_CPANPLUS_IS_VERSION="0.9113"
    PERL5_MINISMOKEBOX="0.54"
    PERL5_YACSMOKE_BASE="/home/cpan/pit/64bit/conf/perl-5.12.2"
    PERL_EXTUTILS_AUTOINSTALL="--defaultdeps"
    PERL_MM_USE_DEFAULT="1"
  @INC:
    /home/cpan/pit/64bit/conf/perl-5.12.2/.cpanplus/5.12.2/build/Regexp-Optimizer-0.16_001/blib/lib
    /home/cpan/pit/64bit/conf/perl-5.12.2/.cpanplus/5.12.2/build/Regexp-Optimizer-0.16_001/blib/arch
    /home/cpan/pit/64bit/perl-5.12.2/lib/site_perl/5.12.2/OpenBSD.i386-openbsd-64int
    /home/cpan/pit/64bit/perl-5.12.2/lib/site_perl/5.12.2
    /home/cpan/pit/64bit/perl-5.12.2/lib/5.12.2/OpenBSD.i386-openbsd-64int
    /home/cpan/pit/64bit/perl-5.12.2/lib/5.12.2
    .