Report for Test-File-1.36

Back
From: metabase:user:553c21ce-8d47-11df-9de5-e28c4c42590d
Subject: FAIL Test-File-1.36 v5.18.2 GNU/Linux
Date: 2014-01-16T02:22:05Z

This distribution has been tested as part of the CPAN Testers
project, supporting the Perl programming language.  See
http://wiki.cpantesters.org/ for more information or email
questions to cpan-testers-discuss@perl.org


--
Dear BAREFOOT,

This is a computer-generated report for Test-File-1.36
on perl 5.18.2, created by App::cpanminus::reporter 0.10 (1.7001).

Thank you for uploading your work to CPAN.  However, there was a problem
testing your distribution.

If you think this report is invalid, please consult the CPAN Testers Wiki
for suggestions on how to avoid getting FAIL reports for missing library
or binary dependencies, unsupported operating systems, and so on:

http://wiki.cpantesters.org/wiki/CPANAuthorNotes

Sections of this report:

    * Tester comments
    * Program output
    * Prerequisites
    * Environment and other context

------------------------------
TESTER COMMENTS
------------------------------

Additional comments from tester:

none provided

------------------------------
PROGRAM OUTPUT
------------------------------

Output from '':

Building and testing Test-File-1.36
cp lib/Test/File.pm blib/lib/Test/File.pm
PERL_DL_NONLAZY=1 /home/ioan/perl5/perlbrew/perls/perl-5.18.2/bin/perl "-MExtUtils::Command::MM" "-e" "test_harness(0, 'blib/lib', 'blib/arch')" t/*.t
# MSWin32
t/dm_skeleton.t ............... ok

#   Failed test at t/file_contains.t line 120.
# STDOUT is:
# not ok 1 - min_file doesn't contain (?^:(?mx:^ xxxxxxxxxxxxxxxxxxxx $))
# 
# not:
# ok 1 - min_file doesn't contain (?^:(?mx:^ xxxxxxxxxxxxxxxxxxxx $))
# ok 2 - min_file doesn't contain (?^:(?mx:^ xxxxxxxxxxxxxxxxxxxx $))
# 
# as expected
# STDERR is:
# # File [min_file] does not exist!
# #   Failed test 'min_file doesn't contain (?^:(?mx:^ xxxxxxxxxxxxxxxxxxxx $))'
# #   at t/file_contains.t line 119.
# 
# not:
# 
# as expected

#   Failed test at t/file_contains.t line 125.
# STDOUT is:
# not ok 1 - file has the goods
# 
# not:
# ok 1 - file has the goods
# ok 2 - file has the goods
# 
# as expected
# STDERR is:
# # File [min_file] does not exist!
# #   Failed test 'file has the goods'
# #   at t/file_contains.t line 124.
# 
# not:
# 
# as expected

#   Failed test at t/file_contains.t line 139.
# STDERR is:
# # File [not_readable] does not exist!
# #   Failed test 'not_readable doesn't contain (?^:(?mx:^ xxxxxxxxxxxxxxxxxxxx $))'
# #   at t/file_contains.t line 138.
# 
# not:
# # File [not_readable] is not readable!
# /#\s+Failed\ test.*?\n?.*?at\ t\/file_contains\.t line 138.*\n?/
# 
# as expected
t/file_sizes.t ................ 
Failed 1/26 subtests 
	(less 5 skipped subtests: 20 okay)

#   Failed test at t/file_contains.t line 147.
# STDOUT is:
# not ok 1 - min_file doesn't contain (?^:(?mx:^ xxxxxxxxxxxxxxxxxxxx $))
# 
# not:
# ok 1 - min_file doesn't contain (?^:(?mx:^ xxxxxxxxxxxxxxxxxxxx $))
# not ok 2 - min_file doesn't contain (?^:(?mx:^ xxxxxxxxxxx    $))
# 
# as expected
# STDERR is:
# # File [min_file] does not exist!
# #   Failed test 'min_file doesn't contain (?^:(?mx:^ xxxxxxxxxxxxxxxxxxxx $))'
# #   at t/file_contains.t line 146.
# 
# not:
# /#\s+Failed\ test.*?\n?.*?at\ t\/file_contains\.t line 146.*\n?/
# #                   'xxxxxxxxxxxxxxxxxxxxxxxxxxxxxxxxxxxxxxxx
# # xxxxxxxxxxx
# # '
# #           matches '(?^:(?mx:^ xxxxxxxxxxx    $))'
# 
# as expected
t/file_contains.t ............. 
Failed 4/24 subtests 
# File [min_file] does not exist

#   Failed test 'min_file exists'
#   at t/line_counters.t line 32.
Can't open min_file: No such file or directory at t/line_counters.t line 34.

#   Failed test 'min_file has at least one line'
#   at t/line_counters.t line 35.
#     '0'
#         >
#     '1'

#   Failed test at t/line_counters.t line 46.
# STDOUT is:
# not ok 1 - min_file line count is between [-1] and [1] lines
# 
# not:
# ok 1 - min_file line count is between [-1] and [1] lines
# 
# as expected
# STDERR is:
# # File [min_file] does not exist!
# #   Failed test 'min_file line count is between [-1] and [1] lines'
# #   at t/line_counters.t line 45.
# 
# not:
# 
# as expected

#   Failed test at t/line_counters.t line 50.
# STDOUT is:
# not ok 1 - min_file line count is between [0] and [1] lines
# 
# not:
# ok 1 - min_file line count is between [0] and [1] lines
# 
# as expected
# STDERR is:
# # File [min_file] does not exist!
# #   Failed test 'min_file line count is between [0] and [1] lines'
# #   at t/line_counters.t line 49.
# 
# not:
# 
# as expected

#   Failed test at t/line_counters.t line 54.
# STDOUT is:
# not ok 1 - min_file line count is between [0] and [0] lines
# 
# not:
# ok 1 - min_file line count is between [0] and [0] lines
# 
# as expected
# STDERR is:
# # File [min_file] does not exist!
# #   Failed test 'min_file line count is between [0] and [0] lines'
# #   at t/line_counters.t line 53.
# 
# not:
# 
# as expected

#   Failed test at t/line_counters.t line 58.
# STDOUT is:
# not ok 1 - min_file line count is 0 lines
# 
# not:
# ok 1 - min_file line count is 0 lines
# 
# as expected
# STDERR is:
# # File [min_file] does not exist!
# #   Failed test 'min_file line count is 0 lines'
# #   at t/line_counters.t line 57.
# 
# not:
# 
# as expected

#   Failed test at t/line_counters.t line 62.
# STDOUT is:
# not ok 1 - min_file line count is not 1 lines
# 
# not:
# ok 1 - min_file line count is not 1 lines
# 
# as expected
# STDERR is:
# # File [min_file] does not exist!
# #   Failed test 'min_file line count is not 1 lines'
# #   at t/line_counters.t line 61.
# 
# not:
# 
# as expected
# File [min_file] does not exist

#   Failed test 'min_file exists'
#   at t/line_counters.t line 122.

#   Failed test at t/line_counters.t line 163.
# STDERR is:
# # File [min_file] does not exist!
# #   Failed test 'min_file line count is 1 lines'
# #   at t/line_counters.t line 162.
# 
# not:
# # Expected [3] lines in [min_file], got [0] lines!
# #   Failed test 'min_file line count is 1 lines'
# #   at t/line_counters.t line 162.
# 
# as expected

#   Failed test at t/line_counters.t line 167.
# STDOUT is:
# not ok 1 - min_file line count is not 1 lines
# 
# not:
# ok 1 - min_file line count is not 1 lines
# 
# as expected
# STDERR is:
# # File [min_file] does not exist!
# #   Failed test 'min_file line count is not 1 lines'
# #   at t/line_counters.t line 166.
# 
# not:
# 
# as expected

#   Failed test at t/line_counters.t line 177.
# STDERR is:
# # File [min_file] does not exist!
# #   Failed test 'min_file line count is not 0 lines'
# #   at t/line_counters.t line 176.
# 
# not:
# # Expected something other than [0] lines in [min_file], but got [0] lines!
# #   Failed test 'min_file line count is not 0 lines'
# #   at t/line_counters.t line 176.
# 
# as expected

#   Failed test at t/line_counters.t line 188.
# STDERR is:
# # File [min_file] does not exist!
# #   Failed test 'min_file line count is between [1] and [2] lines'
# #   at t/line_counters.t line 187.
# 
# not:
# # Expected a line count between [1] and [2] in [min_file], but got [0] lines!
# #   Failed test 'min_file line count is between [1] and [2] lines'
# #   at t/line_counters.t line 187.
# 
# as expected
t/line_counters.t ............. 
Failed 14/30 subtests 
	(less 5 skipped subtests: 11 okay)
t/link_counts.t ............... ok
t/load.t ...................... ok
t/links.t ..................... ok
t/normalize.t ................. ok
t/obviously_non_multi_user.t .. ok
t/pod_coverage.t .............. skipped: Test::Pod::Coverage required for testing POD
t/owner.t ..................... ok
t/prereq.t .................... skipped: Test::Prereq required to test dependencies
t/pod.t ....................... ok
t/test_dirs.t ................. ok
t/test_files.t ................ ok
t/win32.t ..................... ok

Test Summary Report
-------------------
t/file_sizes.t              (Wstat: 0 Tests: 25 Failed: 0)
  Parse errors: Bad plan.  You planned 26 tests but ran 25.
t/file_contains.t           (Wstat: 0 Tests: 24 Failed: 4)
  Failed tests:  20-21, 23-24
t/line_counters.t           (Wstat: 0 Tests: 28 Failed: 12)
  Failed tests:  9-15, 22, 26-29
  Parse errors: Tests out of sequence.  Found (7) but expected (6)
                Tests out of sequence.  Found (8) but expected (7)
                Tests out of sequence.  Found (9) but expected (8)
                Tests out of sequence.  Found (10) but expected (9)
                Tests out of sequence.  Found (11) but expected (10)
Displayed the first 5 of 24 TAP syntax errors.
Re-run prove with the -p option to see them all.
Files=16, Tests=226,  0 wallclock secs ( 0.12 usr  0.02 sys +  0.84 cusr  0.05 csys =  1.03 CPU)
Result: FAIL

------------------------------
PREREQUISITES
------------------------------

Prerequisite modules loaded:

    No requirements found

------------------------------
ENVIRONMENT AND OTHER CONTEXT
------------------------------

Environment variables:

    LANG = en_GB.utf8
    PATH = /home/ioan/perl5/perlbrew/bin:/usr/local/bin:/usr/bin:/bin:/usr/local/games:/usr/games:/sbin:/usr/sbin
    PERL5LIB = ./lib
    PERLBREW_FISH_VERSION = 0.67
    PERLBREW_ROOT = /home/ioan/perl5/perlbrew
    PERL_CPANM_OPT = --prompt --no-man-pages --verify --mirror http://mirrors.gossamer-threads.com/CPAN/
    SHELL = /usr/bin/fish
    TERM = xterm-256color

Perl special variables (and OS-specific diagnostics, for MSWin32):

    EGID = 1001 4 119 996 997 998 999 1001
    EUID = 1001
    EXECUTABLE_NAME = /home/ioan/perl5/perlbrew/perls/perl-5.18.2/bin/perl
    GID = 1001 4 119 996 997 998 999 1001
    UID = 1001

Perl module toolchain versions installed:

    Module              Have    
    ------------------- --------
    CPAN                2.00    
    CPAN::Meta          2.133380
    Cwd                 3.40    
    ExtUtils::CBuilder  0.280210
    ExtUtils::Command   1.17    
    ExtUtils::Install   1.59    
    ExtUtils::MakeMaker 6.66    
    ExtUtils::Manifest  1.63    
    ExtUtils::ParseXS   3.18    
    File::Spec          3.40    
    JSON                2.90    
    JSON::PP            2.27202 
    Module::Build       0.4204  
    Module::Signature   0.73    
    Parse::CPAN::Meta   1.4404  
    Test::Harness       3.30    
    Test::More          1.001002
    YAML                n/a     
    YAML::Syck          n/a     
    version             0.9902  


--

Summary of my perl5 (revision 5 version 18 subversion 2) configuration:
   
  Platform:
    osname=linux, osvers=3.12-1-amd64, archname=x86_64-linux-gnu
    uname='linux despair 3.12-1-amd64 #1 smp debian 3.12.6-2 (2013-12-29) x86_64 gnulinux '
    config_args='-de -Dprefix=/home/ioan/perl5/perlbrew/perls/perl-5.18.2 -Dperllibs=-lm -lc -Duseshrplib -Duse64bitall -Darchname=x86_64-linux-gnu -Dplibpth=/usr/lib/x86_64-linux-gnu -Dman1dir=none -Dman3dir=none -Dcc=clang -Accflags=-DPERL_HASH_FUNC_SIPHASH -fstack-protector --param ssp-buffer-size=4 -Wformat -Wformat-security -Werror=format-security  -Aoptimize=-O3 -march=native -Aeval:scriptdir=/home/ioan/perl5/perlbrew/perls/perl-5.18.2/bin'
    hint=recommended, useposix=true, d_sigaction=define
    useithreads=undef, usemultiplicity=undef
    useperlio=define, d_sfio=undef, uselargefiles=define, usesocks=undef
    use64bitint=define, use64bitall=define, uselongdouble=undef
    usemymalloc=n, bincompat5005=undef
  Compiler:
    cc='clang', ccflags ='-DPERL_HASH_FUNC_SIPHASH -fstack-protector --param ssp-buffer-size=4 -Wformat -Wformat-security -Werror=format-security -fno-strict-aliasing -pipe -I/usr/local/include -D_LARGEFILE_SOURCE -D_FILE_OFFSET_BITS=64',
    optimize='-O2 -O3 -march=native',
    cppflags='-DPERL_HASH_FUNC_SIPHASH -fstack-protector --param ssp-buffer-size=4 -Wformat -Wformat-security -Werror=format-security -fno-strict-aliasing -pipe -I/usr/local/include'
    ccversion='', gccversion='4.2.1 Compatible Debian Clang 3.5 (trunk)', gccosandvers=''
    intsize=4, longsize=8, ptrsize=8, doublesize=8, byteorder=12345678
    d_longlong=define, longlongsize=8, d_longdbl=define, longdblsize=16
    ivtype='long', ivsize=8, nvtype='double', nvsize=8, Off_t='off_t', lseeksize=8
    alignbytes=8, prototype=define
  Linker and Libraries:
    ld='clang', ldflags =' -fstack-protector -L/usr/local/lib'
    libpth=/usr/local/lib /usr/lib/x86_64-linux-gnu /lib /usr/lib
    libs=-lnsl -ldl -lm -lcrypt -lutil -lc
    perllibs=-lnsl -ldl -lm -lcrypt -lutil -lc
    libc=, so=so, useshrplib=true, libperl=libperl.so
    gnulibc_version='2.17'
  Dynamic Linking:
    dlsrc=dl_dlopen.xs, dlext=so, d_dlsymun=undef, ccdlflags='-Wl,-E -Wl,-rpath,/home/ioan/perl5/perlbrew/perls/perl-5.18.2/lib/5.18.2/x86_64-linux-gnu/CORE'
    cccdlflags='-fPIC', lddlflags='-shared -O2 -O3 -march=native -L/usr/local/lib -fstack-protector'


Characteristics of this binary (from libperl): 
  Compile-time options: HAS_TIMES PERLIO_LAYERS PERL_DONT_CREATE_GVSV
                        PERL_HASH_FUNC_SIPHASH PERL_MALLOC_WRAP
                        PERL_PRESERVE_IVUV PERL_SAWAMPERSAND USE_64_BIT_ALL
                        USE_64_BIT_INT USE_LARGE_FILES USE_LOCALE
                        USE_LOCALE_COLLATE USE_LOCALE_CTYPE
                        USE_LOCALE_NUMERIC USE_PERLIO USE_PERL_ATOF
  Built under linux
  Compiled at Jan 15 2014 16:08:05
  %ENV:
    PERL5LIB="./lib"
    PERLBREW_FISH_VERSION="0.67"
    PERLBREW_ROOT="/home/ioan/perl5/perlbrew"
    PERL_CPANM_OPT="--prompt --no-man-pages --verify --mirror http://mirrors.gossamer-threads.com/CPAN/"
  @INC:
    ./lib
    /home/ioan/perl5/perlbrew/perls/perl-5.18.2/lib/site_perl/5.18.2/x86_64-linux-gnu
    /home/ioan/perl5/perlbrew/perls/perl-5.18.2/lib/site_perl/5.18.2
    /home/ioan/perl5/perlbrew/perls/perl-5.18.2/lib/5.18.2/x86_64-linux-gnu
    /home/ioan/perl5/perlbrew/perls/perl-5.18.2/lib/5.18.2
    .