Report for SVG-Graph-0.03

Back
From: metabase:user:322078bc-2aae-11df-837a-5e0a49663a4f
Subject: FAIL SVG-Graph-0.03 v5.8.9 GNU/Linux
Date: 2012-01-15T17:04:31Z

This distribution has been tested as part of the CPAN Testers
project, supporting the Perl programming language.  See
http://wiki.cpantesters.org/ for more information or email
questions to cpan-testers-discuss@perl.org


--

Dear CJFIELDS,

This is a computer-generated error report created automatically by
CPANPLUS, version 0.9116. Testers personal comments may appear
at the end of this report.


Thank you for uploading your work to CPAN.  However, it appears that
there were some problems testing your distribution.

TEST RESULTS:

Below is the error stack from stage 'make test':

[MSG] [Sun Jan 15 17:03:50 2012] Building SVG-Graph
blib/lib/SVG/Graph/Glyph/pictogram.pm:104: Unknown command paragraph "=encoding utf-8"
blib/lib/SVG/Graph/Glyph/bar.pm:141: Unknown command paragraph "=encoding utf-8"
blib/lib/SVG/Graph/Glyph.pm:141: Unknown command paragraph "=encoding utf-8"
blib/lib/SVG/Graph/File.pm:68: Unknown command paragraph "=encoding utf-8"
blib/lib/SVG/Graph/Glyph/bezier.pm:220: Unknown command paragraph "=encoding utf-8"
blib/lib/SVG/Graph/Glyph/axis.pm:304: Unknown command paragraph "=encoding utf-8"
blib/lib/SVG/Graph/Glyph/bubble.pm:46: Unknown command paragraph "=encoding utf-8"
blib/lib/SVG/Graph/Data.pm:177: Unknown command paragraph "=encoding utf-8"
blib/lib/SVG/Graph.pm:141: Unknown command paragraph "=encoding utf-8"
blib/lib/SVG/Graph/Glyph/tree.pm:183: Unknown command paragraph "=encoding utf-8"
blib/lib/SVG/Graph/Data/Datum.pm:78: Unknown command paragraph "=encoding utf-8"
blib/lib/SVG/Graph/Glyph/line.pm:56: Unknown command paragraph "=encoding utf-8"
blib/lib/SVG/Graph/Data/Tree.pm:58: Unknown command paragraph "=encoding utf-8"
blib/lib/SVG/Graph/Glyph/heatmap.pm:205: Unknown command paragraph "=encoding utf-8"
blib/lib/SVG/Graph/Glyph/wedge.pm:82: Unknown command paragraph "=encoding utf-8"
blib/lib/SVG/Graph/Frame.pm:449: Unknown command paragraph "=encoding utf-8"
blib/lib/SVG/Graph/Glyph/barflex.pm:57: Unknown command paragraph "=encoding utf-8"
blib/lib/SVG/Graph/Data/Node.pm:98: Unknown command paragraph "=encoding utf-8"
blib/lib/SVG/Graph/Glyph/scatter.pm:41: Unknown command paragraph "=encoding utf-8"

[ERROR] [Sun Jan 15 17:03:51 2012] MAKE TEST failed:
Can't locate SVG.pm in @INC (@INC contains: lib /home/cpan/pit/thr-ld/conf/perl-5.8.9/.cpanplus/5.8.9/build/SVG-Graph-0.03/blib/lib /home/cpan/pit/thr-ld/conf/perl-5.8.9/.cpanplus/5.8.9/build/SVG-Graph-0.03/blib/arch /home/cpan/pit/thr-ld/conf/perl-5.8.9/.cpanplus/5.8.9/build/SVG-Graph-0.03/blib/lib /home/cpan/pit/thr-ld/conf/perl-5.8.9/.cpanplus/5.8.9/build/SVG-Graph-0.03/blib/arch /home/cpan/pit/thr-ld/perl-5.8.9/lib/5.8.9/x86_64-linux-thread-multi-ld /home/cpan/pit/thr-ld/perl-5.8.9/lib/5.8.9 /home/cpan/pit/thr-ld/perl-5.8.9/lib/site_perl/5.8.9/x86_64-linux-thread-multi-ld /home/cpan/pit/thr-ld/perl-5.8.9/lib/site_perl/5.8.9 .) at lib/SVG/Graph.pm line 9.
BEGIN failed--compilation aborted at lib/SVG/Graph.pm line 9.
Compilation failed in require at -e line 1.

#   Failed test 'SVG::Graph loaded ok'
#   at t/00-compile.t line 62.
#                   ''
#     doesn't match '(?s-xim:^\s*SVG::Graph ok)'
Can't locate Statistics/Descriptive.pm in @INC (@INC contains: lib /home/cpan/pit/thr-ld/conf/perl-5.8.9/.cpanplus/5.8.9/build/SVG-Graph-0.03/blib/lib /home/cpan/pit/thr-ld/conf/perl-5.8.9/.cpanplus/5.8.9/build/SVG-Graph-0.03/blib/arch /home/cpan/pit/thr-ld/conf/perl-5.8.9/.cpanplus/5.8.9/build/SVG-Graph-0.03/blib/lib /home/cpan/pit/thr-ld/conf/perl-5.8.9/.cpanplus/5.8.9/build/SVG-Graph-0.03/blib/arch /home/cpan/pit/thr-ld/perl-5.8.9/lib/5.8.9/x86_64-linux-thread-multi-ld /home/cpan/pit/thr-ld/perl-5.8.9/lib/5.8.9 /home/cpan/pit/thr-ld/perl-5.8.9/lib/site_perl/5.8.9/x86_64-linux-thread-multi-ld /home/cpan/pit/thr-ld/perl-5.8.9/lib/site_perl/5.8.9 .) at lib/SVG/Graph/Data.pm line 9.
BEGIN failed--compilation aborted at lib/SVG/Graph/Data.pm line 9.
Compilation failed in require at -e line 1.

#   Failed test 'SVG::Graph::Data loaded ok'
#   at t/00-compile.t line 62.
#                   ''
#     doesn't match '(?s-xim:^\s*SVG::Graph::Data ok)'
Base class package "Tree::DAG_Node" is empty.
    (Perhaps you need to 'use' the module which defines that package first,
    or make that module available in @INC (@INC contains: lib /home/cpan/pit/thr-ld/conf/perl-5.8.9/.cpanplus/5.8.9/build/SVG-Graph-0.03/blib/lib /home/cpan/pit/thr-ld/conf/perl-5.8.9/.cpanplus/5.8.9/build/SVG-Graph-0.03/blib/arch /home/cpan/pit/thr-ld/conf/perl-5.8.9/.cpanplus/5.8.9/build/SVG-Graph-0.03/blib/lib /home/cpan/pit/thr-ld/conf/perl-5.8.9/.cpanplus/5.8.9/build/SVG-Graph-0.03/blib/arch /home/cpan/pit/thr-ld/perl-5.8.9/lib/5.8.9/x86_64-linux-thread-multi-ld /home/cpan/pit/thr-ld/perl-5.8.9/lib/5.8.9 /home/cpan/pit/thr-ld/perl-5.8.9/lib/site_perl/5.8.9/x86_64-linux-thread-multi-ld /home/cpan/pit/thr-ld/perl-5.8.9/lib/site_perl/5.8.9 .).
 at lib/SVG/Graph/Data/Node.pm line 9
BEGIN failed--compilation aborted at lib/SVG/Graph/Data/Node.pm line 9.
Compilation failed in require at -e line 1.

#   Failed test 'SVG::Graph::Data::Node loaded ok'
#   at t/00-compile.t line 62.
#                   ''
#     doesn't match '(?s-xim:^\s*SVG::Graph::Data::Node ok)'
Base class package "Tree::DAG_Node" is empty.
    (Perhaps you need to 'use' the module which defines that package first,
    or make that module available in @INC (@INC contains: lib /home/cpan/pit/thr-ld/conf/perl-5.8.9/.cpanplus/5.8.9/build/SVG-Graph-0.03/blib/lib /home/cpan/pit/thr-ld/conf/perl-5.8.9/.cpanplus/5.8.9/build/SVG-Graph-0.03/blib/arch /home/cpan/pit/thr-ld/conf/perl-5.8.9/.cpanplus/5.8.9/build/SVG-Graph-0.03/blib/lib /home/cpan/pit/thr-ld/conf/perl-5.8.9/.cpanplus/5.8.9/build/SVG-Graph-0.03/blib/arch /home/cpan/pit/thr-ld/perl-5.8.9/lib/5.8.9/x86_64-linux-thread-multi-ld /home/cpan/pit/thr-ld/perl-5.8.9/lib/5.8.9 /home/cpan/pit/thr-ld/perl-5.8.9/lib/site_perl/5.8.9/x86_64-linux-thread-multi-ld /home/cpan/pit/thr-ld/perl-5.8.9/lib/site_perl/5.8.9 .).
 at lib/SVG/Graph/Data/Node.pm line 9
BEGIN failed--compilation aborted at lib/SVG/Graph/Data/Node.pm line 9.
Compilation failed in require at lib/SVG/Graph/Data/Tree.pm line 9.
BEGIN failed--compilation aborted at lib/SVG/Graph/Data/Tree.pm line 9.
Compilation failed in require at -e line 1.

#   Failed test 'SVG::Graph::Data::Tree loaded ok'
#   at t/00-compile.t line 62.
#                   ''
#     doesn't match '(?s-xim:^\s*SVG::Graph::Data::Tree ok)'
Can't locate Statistics/Descriptive.pm in @INC (@INC contains: lib /home/cpan/pit/thr-ld/conf/perl-5.8.9/.cpanplus/5.8.9/build/SVG-Graph-0.03/blib/lib /home/cpan/pit/thr-ld/conf/perl-5.8.9/.cpanplus/5.8.9/build/SVG-Graph-0.03/blib/arch /home/cpan/pit/thr-ld/conf/perl-5.8.9/.cpanplus/5.8.9/build/SVG-Graph-0.03/blib/lib /home/cpan/pit/thr-ld/conf/perl-5.8.9/.cpanplus/5.8.9/build/SVG-Graph-0.03/blib/arch /home/cpan/pit/thr-ld/perl-5.8.9/lib/5.8.9/x86_64-linux-thread-multi-ld /home/cpan/pit/thr-ld/perl-5.8.9/lib/5.8.9 /home/cpan/pit/thr-ld/perl-5.8.9/lib/site_perl/5.8.9/x86_64-linux-thread-multi-ld /home/cpan/pit/thr-ld/perl-5.8.9/lib/site_perl/5.8.9 .) at lib/SVG/Graph/Data.pm line 9.
BEGIN failed--compilation aborted at lib/SVG/Graph/Data.pm line 9.
Compilation failed in require at (eval 1) line 3.
	...propagated at /home/cpan/pit/thr-ld/perl-5.8.9/lib/5.8.9/base.pm line 93.
BEGIN failed--compilation aborted at lib/SVG/Graph/Frame.pm line 8.
Compilation failed in require at -e line 1.

#   Failed test 'SVG::Graph::Frame loaded ok'
#   at t/00-compile.t line 62.
#                   ''
#     doesn't match '(?s-xim:^\s*SVG::Graph::Frame ok)'
Can't locate Math/Spline.pm in @INC (@INC contains: lib /home/cpan/pit/thr-ld/conf/perl-5.8.9/.cpanplus/5.8.9/build/SVG-Graph-0.03/blib/lib /home/cpan/pit/thr-ld/conf/perl-5.8.9/.cpanplus/5.8.9/build/SVG-Graph-0.03/blib/arch /home/cpan/pit/thr-ld/conf/perl-5.8.9/.cpanplus/5.8.9/build/SVG-Graph-0.03/blib/lib /home/cpan/pit/thr-ld/conf/perl-5.8.9/.cpanplus/5.8.9/build/SVG-Graph-0.03/blib/arch /home/cpan/pit/thr-ld/perl-5.8.9/lib/5.8.9/x86_64-linux-thread-multi-ld /home/cpan/pit/thr-ld/perl-5.8.9/lib/5.8.9 /home/cpan/pit/thr-ld/perl-5.8.9/lib/site_perl/5.8.9/x86_64-linux-thread-multi-ld /home/cpan/pit/thr-ld/perl-5.8.9/lib/site_perl/5.8.9 .) at lib/SVG/Graph/Glyph/bezier.pm line 10.
BEGIN failed--compilation aborted at lib/SVG/Graph/Glyph/bezier.pm line 10.
Compilation failed in require at -e line 1.

#   Failed test 'SVG::Graph::Glyph::bezier loaded ok'
#   at t/00-compile.t line 62.
#                   ''
#     doesn't match '(?s-xim:^\s*SVG::Graph::Glyph::bezier ok)'
t/00-compile.t .......... 
Dubious, test returned 6 (wstat 1536, 0x600)
Failed 6/19 subtests 
# Looks like you failed 6 tests of 19.
Can't locate SVG.pm in @INC (@INC contains: /home/cpan/pit/thr-ld/conf/perl-5.8.9/.cpanplus/5.8.9/build/SVG-Graph-0.03/blib/lib /home/cpan/pit/thr-ld/conf/perl-5.8.9/.cpanplus/5.8.9/build/SVG-Graph-0.03/blib/arch /home/cpan/pit/thr-ld/conf/perl-5.8.9/.cpanplus/5.8.9/build/SVG-Graph-0.03/blib/lib /home/cpan/pit/thr-ld/conf/perl-5.8.9/.cpanplus/5.8.9/build/SVG-Graph-0.03/blib/arch /home/cpan/pit/thr-ld/perl-5.8.9/lib/5.8.9/x86_64-linux-thread-multi-ld /home/cpan/pit/thr-ld/perl-5.8.9/lib/5.8.9 /home/cpan/pit/thr-ld/perl-5.8.9/lib/site_perl/5.8.9/x86_64-linux-thread-multi-ld /home/cpan/pit/thr-ld/perl-5.8.9/lib/site_perl/5.8.9 .) at t/4seasons.t line 5.
BEGIN failed--compilation aborted at t/4seasons.t line 5.
t/4seasons.t ............ 
Dubious, test returned 2 (wstat 512, 0x200)
No subtests run 
Can't locate SVG.pm in @INC (@INC contains: /home/cpan/pit/thr-ld/conf/perl-5.8.9/.cpanplus/5.8.9/build/SVG-Graph-0.03/blib/lib /home/cpan/pit/thr-ld/conf/perl-5.8.9/.cpanplus/5.8.9/build/SVG-Graph-0.03/blib/arch /home/cpan/pit/thr-ld/conf/perl-5.8.9/.cpanplus/5.8.9/build/SVG-Graph-0.03/blib/lib /home/cpan/pit/thr-ld/conf/perl-5.8.9/.cpanplus/5.8.9/build/SVG-Graph-0.03/blib/arch /home/cpan/pit/thr-ld/perl-5.8.9/lib/5.8.9/x86_64-linux-thread-multi-ld /home/cpan/pit/thr-ld/perl-5.8.9/lib/5.8.9 /home/cpan/pit/thr-ld/perl-5.8.9/lib/site_perl/5.8.9/x86_64-linux-thread-multi-ld /home/cpan/pit/thr-ld/perl-5.8.9/lib/site_perl/5.8.9 .) at /home/cpan/pit/thr-ld/conf/perl-5.8.9/.cpanplus/5.8.9/build/SVG-Graph-0.03/blib/lib/SVG/Graph.pm line 9.
BEGIN failed--compilation aborted at /home/cpan/pit/thr-ld/conf/perl-5.8.9/.cpanplus/5.8.9/build/SVG-Graph-0.03/blib/lib/SVG/Graph.pm line 9.
Compilation failed in require at t/bezier.t line 5.
BEGIN failed--compilation aborted at t/bezier.t line 5.
t/bezier.t .............. 
Dubious, test returned 2 (wstat 512, 0x200)
No subtests run 
Can't locate SVG.pm in @INC (@INC contains: /home/cpan/pit/thr-ld/conf/perl-5.8.9/.cpanplus/5.8.9/build/SVG-Graph-0.03/blib/lib /home/cpan/pit/thr-ld/conf/perl-5.8.9/.cpanplus/5.8.9/build/SVG-Graph-0.03/blib/arch /home/cpan/pit/thr-ld/conf/perl-5.8.9/.cpanplus/5.8.9/build/SVG-Graph-0.03/blib/lib /home/cpan/pit/thr-ld/conf/perl-5.8.9/.cpanplus/5.8.9/build/SVG-Graph-0.03/blib/arch /home/cpan/pit/thr-ld/perl-5.8.9/lib/5.8.9/x86_64-linux-thread-multi-ld /home/cpan/pit/thr-ld/perl-5.8.9/lib/5.8.9 /home/cpan/pit/thr-ld/perl-5.8.9/lib/site_perl/5.8.9/x86_64-linux-thread-multi-ld /home/cpan/pit/thr-ld/perl-5.8.9/lib/site_perl/5.8.9 .) at /home/cpan/pit/thr-ld/conf/perl-5.8.9/.cpanplus/5.8.9/build/SVG-Graph-0.03/blib/lib/SVG/Graph.pm line 9.
BEGIN failed--compilation aborted at /home/cpan/pit/thr-ld/conf/perl-5.8.9/.cpanplus/5.8.9/build/SVG-Graph-0.03/blib/lib/SVG/Graph.pm line 9.
Compilation failed in require at t/bubble.t line 5.
BEGIN failed--compilation aborted at t/bubble.t line 5.
t/bubble.t .............. 
Dubious, test returned 2 (wstat 512, 0x200)
No subtests run 
Can't locate SVG.pm in @INC (@INC contains: /home/cpan/pit/thr-ld/conf/perl-5.8.9/.cpanplus/5.8.9/build/SVG-Graph-0.03/blib/lib /home/cpan/pit/thr-ld/conf/perl-5.8.9/.cpanplus/5.8.9/build/SVG-Graph-0.03/blib/arch /home/cpan/pit/thr-ld/conf/perl-5.8.9/.cpanplus/5.8.9/build/SVG-Graph-0.03/blib/lib /home/cpan/pit/thr-ld/conf/perl-5.8.9/.cpanplus/5.8.9/build/SVG-Graph-0.03/blib/arch /home/cpan/pit/thr-ld/perl-5.8.9/lib/5.8.9/x86_64-linux-thread-multi-ld /home/cpan/pit/thr-ld/perl-5.8.9/lib/5.8.9 /home/cpan/pit/thr-ld/perl-5.8.9/lib/site_perl/5.8.9/x86_64-linux-thread-multi-ld /home/cpan/pit/thr-ld/perl-5.8.9/lib/site_perl/5.8.9 .) at /home/cpan/pit/thr-ld/conf/perl-5.8.9/.cpanplus/5.8.9/build/SVG-Graph-0.03/blib/lib/SVG/Graph.pm line 9.
BEGIN failed--compilation aborted at /home/cpan/pit/thr-ld/conf/perl-5.8.9/.cpanplus/5.8.9/build/SVG-Graph-0.03/blib/lib/SVG/Graph.pm line 9.
Compilation failed in require at t/line.t line 4.
BEGIN failed--compilation aborted at t/line.t line 4.
t/line.t ................ 
Dubious, test returned 2 (wstat 512, 0x200)
No subtests run 
t/release-eol.t ......... skipped: these tests are for release candidate testing
t/release-no-tabs.t ..... skipped: these tests are for release candidate testing
t/release-pod-syntax.t .. skipped: these tests are for release candidate testing
Can't locate SVG.pm in @INC (@INC contains: /home/cpan/pit/thr-ld/conf/perl-5.8.9/.cpanplus/5.8.9/build/SVG-Graph-0.03/blib/lib /home/cpan/pit/thr-ld/conf/perl-5.8.9/.cpanplus/5.8.9/build/SVG-Graph-0.03/blib/arch /home/cpan/pit/thr-ld/conf/perl-5.8.9/.cpanplus/5.8.9/build/SVG-Graph-0.03/blib/lib /home/cpan/pit/thr-ld/conf/perl-5.8.9/.cpanplus/5.8.9/build/SVG-Graph-0.03/blib/arch /home/cpan/pit/thr-ld/perl-5.8.9/lib/5.8.9/x86_64-linux-thread-multi-ld /home/cpan/pit/thr-ld/perl-5.8.9/lib/5.8.9 /home/cpan/pit/thr-ld/perl-5.8.9/lib/site_perl/5.8.9/x86_64-linux-thread-multi-ld /home/cpan/pit/thr-ld/perl-5.8.9/lib/site_perl/5.8.9 .) at /home/cpan/pit/thr-ld/conf/perl-5.8.9/.cpanplus/5.8.9/build/SVG-Graph-0.03/blib/lib/SVG/Graph.pm line 9.
BEGIN failed--compilation aborted at /home/cpan/pit/thr-ld/conf/perl-5.8.9/.cpanplus/5.8.9/build/SVG-Graph-0.03/blib/lib/SVG/Graph.pm line 9.
Compilation failed in require at t/scatter.t line 4.
BEGIN failed--compilation aborted at t/scatter.t line 4.
t/scatter.t ............. 
Dubious, test returned 2 (wstat 512, 0x200)
No subtests run 
Can't locate SVG.pm in @INC (@INC contains: /home/cpan/pit/thr-ld/conf/perl-5.8.9/.cpanplus/5.8.9/build/SVG-Graph-0.03/blib/lib /home/cpan/pit/thr-ld/conf/perl-5.8.9/.cpanplus/5.8.9/build/SVG-Graph-0.03/blib/arch /home/cpan/pit/thr-ld/conf/perl-5.8.9/.cpanplus/5.8.9/build/SVG-Graph-0.03/blib/lib /home/cpan/pit/thr-ld/conf/perl-5.8.9/.cpanplus/5.8.9/build/SVG-Graph-0.03/blib/arch /home/cpan/pit/thr-ld/perl-5.8.9/lib/5.8.9/x86_64-linux-thread-multi-ld /home/cpan/pit/thr-ld/perl-5.8.9/lib/5.8.9 /home/cpan/pit/thr-ld/perl-5.8.9/lib/site_perl/5.8.9/x86_64-linux-thread-multi-ld /home/cpan/pit/thr-ld/perl-5.8.9/lib/site_perl/5.8.9 .) at /home/cpan/pit/thr-ld/conf/perl-5.8.9/.cpanplus/5.8.9/build/SVG-Graph-0.03/blib/lib/SVG/Graph.pm line 9.
BEGIN failed--compilation aborted at /home/cpan/pit/thr-ld/conf/perl-5.8.9/.cpanplus/5.8.9/build/SVG-Graph-0.03/blib/lib/SVG/Graph.pm line 9.
Compilation failed in require at t/tree.t line 5.
BEGIN failed--compilation aborted at t/tree.t line 5.
t/tree.t ................ 
Dubious, test returned 2 (wstat 512, 0x200)
No subtests run 
Can't locate SVG.pm in @INC (@INC contains: /home/cpan/pit/thr-ld/conf/perl-5.8.9/.cpanplus/5.8.9/build/SVG-Graph-0.03/blib/lib /home/cpan/pit/thr-ld/conf/perl-5.8.9/.cpanplus/5.8.9/build/SVG-Graph-0.03/blib/arch /home/cpan/pit/thr-ld/conf/perl-5.8.9/.cpanplus/5.8.9/build/SVG-Graph-0.03/blib/lib /home/cpan/pit/thr-ld/conf/perl-5.8.9/.cpanplus/5.8.9/build/SVG-Graph-0.03/blib/arch /home/cpan/pit/thr-ld/perl-5.8.9/lib/5.8.9/x86_64-linux-thread-multi-ld /home/cpan/pit/thr-ld/perl-5.8.9/lib/5.8.9 /home/cpan/pit/thr-ld/perl-5.8.9/lib/site_perl/5.8.9/x86_64-linux-thread-multi-ld /home/cpan/pit/thr-ld/perl-5.8.9/lib/site_perl/5.8.9 .) at /home/cpan/pit/thr-ld/conf/perl-5.8.9/.cpanplus/5.8.9/build/SVG-Graph-0.03/blib/lib/SVG/Graph.pm line 9.
BEGIN failed--compilation aborted at /home/cpan/pit/thr-ld/conf/perl-5.8.9/.cpanplus/5.8.9/build/SVG-Graph-0.03/blib/lib/SVG/Graph.pm line 9.
Compilation failed in require at t/wedge.t line 5.
BEGIN failed--compilation aborted at t/wedge.t line 5.
t/wedge.t ............... 
Dubious, test returned 2 (wstat 512, 0x200)
No subtests run 

Test Summary Report
-------------------
t/00-compile.t        (Wstat: 1536 Tests: 19 Failed: 6)
  Failed tests:  1-2, 4-5, 7, 12
  Non-zero exit status: 6
t/4seasons.t          (Wstat: 512 Tests: 0 Failed: 0)
  Non-zero exit status: 2
  Parse errors: No plan found in TAP output
t/bezier.t            (Wstat: 512 Tests: 0 Failed: 0)
  Non-zero exit status: 2
  Parse errors: No plan found in TAP output
t/bubble.t            (Wstat: 512 Tests: 0 Failed: 0)
  Non-zero exit status: 2
  Parse errors: No plan found in TAP output
t/line.t              (Wstat: 512 Tests: 0 Failed: 0)
  Non-zero exit status: 2
  Parse errors: No plan found in TAP output
t/scatter.t           (Wstat: 512 Tests: 0 Failed: 0)
  Non-zero exit status: 2
  Parse errors: No plan found in TAP output
t/tree.t              (Wstat: 512 Tests: 0 Failed: 0)
  Non-zero exit status: 2
  Parse errors: No plan found in TAP output
t/wedge.t             (Wstat: 512 Tests: 0 Failed: 0)
  Non-zero exit status: 2
  Parse errors: No plan found in TAP output
Files=11, Tests=19,  1 wallclock secs ( 0.04 usr  0.02 sys +  0.34 cusr  0.09 csys =  0.49 CPU)
Result: FAIL
Failed 8/11 test programs. 6/19 subtests failed.
BEGIN failed--compilation aborted at -e line 1.
 
[MSG] [Sun Jan 15 17:03:51 2012] DEFAULT 'proceed_on_test_failure' HANDLER RETURNING 'sub return value'


MISSING PREREQUISITES:

It was observed that the test suite seem to fail without these modules:

SVG
Statistics::Descriptive
Math::Spline

As such, adding the prerequisite module(s) to 'PREREQ_PM' in your
Makefile.PL should solve this problem.  For example:

WriteMakefile(
    AUTHOR      => 'CJFIELDS (cpanplus-info@lists.sf.net)',
    ... # other information
    PREREQ_PM   => {
	'SVG'	=> '0', # or a minimum working version
	'Statistics::Descriptive'	=> '0', # or a minimum working version
	'Math::Spline'	=> '0', # or a minimum working version
    }
);

Thanks! :-)

PREREQUISITES:

Here is a list of prerequisites you specified and versions we
managed to load:

	  Module Name                        Have     Want
	  Module::Build                    0.3800   0.3601

Perl module toolchain versions installed:
	Module Name                        Have
	CPANPLUS                         0.9116
	CPANPLUS::Dist::Build              0.60
	Cwd                                3.33
	ExtUtils::CBuilder             0.280202
	ExtUtils::Command                  1.16
	ExtUtils::Install                  1.54
	ExtUtils::MakeMaker                6.62
	ExtUtils::Manifest                 1.60
	ExtUtils::ParseXS                  3.11
	File::Spec                         3.33
	Module::Build                    0.3800
	Test::Harness                      3.23
	Test::More                         0.98
	version                            0.95

******************************** NOTE ********************************
The comments above are created mechanically, possibly without manual
checking by the sender.  As there are many people performing automatic
tests on each upload to CPAN, it is likely that you will receive
identical messages about the same problem.

If you believe that the message is mistaken, please reply to the first
one with correction and/or additional informations, and do not take
it personally.  We appreciate your patience. :)
**********************************************************************

Additional comments:


This report was machine-generated by CPANPLUS::Dist::YACSmoke 0.66.
Powered by minismokebox version 0.54

------------------------------
ENVIRONMENT AND OTHER CONTEXT
------------------------------

Environment variables:

    AUTOMATED_TESTING = 1
    LANG = en_US
    LC_COLLATE = C
    PATH = /usr/local/bin:/usr/bin:/bin:/usr/games:/usr/lib64/java/bin:/usr/lib64/qt/bin:/usr/share/texmf/bin:.
    PERL5LIB = :/home/cpan/pit/thr-ld/conf/perl-5.8.9/.cpanplus/5.8.9/build/SVG-Graph-0.03/blib/lib:/home/cpan/pit/thr-ld/conf/perl-5.8.9/.cpanplus/5.8.9/build/SVG-Graph-0.03/blib/arch
    PERL5_CPANPLUS_IS_RUNNING = 21738
    PERL5_CPANPLUS_IS_VERSION = 0.9116
    PERL5_MINISMOKEBOX = 0.54
    PERL5_YACSMOKE_BASE = /home/cpan/pit/thr-ld/conf/perl-5.8.9
    PERL_EXTUTILS_AUTOINSTALL = --defaultdeps
    PERL_MM_USE_DEFAULT = 1
    SHELL = /bin/bash
    TERM = screen

Perl special variables (and OS-specific diagnostics, for MSWin32):

    Perl: $^X = /home/cpan/pit/thr-ld/perl-5.8.9/bin/perl
    UID:  $<  = 1001
    EUID: $>  = 1001
    GID:  $(  = 100 100
    EGID: $)  = 100 100


-------------------------------


--

Summary of my perl5 (revision 5 version 8 subversion 9) configuration:
  Platform:
    osname=linux, osvers=2.6.33.4, archname=x86_64-linux-thread-multi-ld
    uname='linux slack64 2.6.33.4 #3 smp wed may 12 23:13:09 cdt 2010 x86_64 intel(r) xeon(r) cpu e5520 @ 2.27ghz genuineintel gnulinux '
    config_args='-des -Dprefix=/home/cpan/pit/thr-ld/perl-5.8.9 -Dusethreads -Duselongdouble'
    hint=recommended, useposix=true, d_sigaction=define
    usethreads=define use5005threads=undef useithreads=define usemultiplicity=define
    useperlio=define d_sfio=undef uselargefiles=define usesocks=undef
    use64bitint=define use64bitall=define uselongdouble=define
    usemymalloc=n, bincompat5005=undef
  Compiler:
    cc='cc', ccflags ='-D_REENTRANT -D_GNU_SOURCE -fno-strict-aliasing -pipe -I/usr/local/include -D_LARGEFILE_SOURCE -D_FILE_OFFSET_BITS=64',
    optimize='-O2',
    cppflags='-D_REENTRANT -D_GNU_SOURCE -fno-strict-aliasing -pipe -I/usr/local/include'
    ccversion='', gccversion='4.4.4', gccosandvers=''
    intsize=4, longsize=8, ptrsize=8, doublesize=8, byteorder=12345678
    d_longlong=define, longlongsize=8, d_longdbl=define, longdblsize=16
    ivtype='long', ivsize=8, nvtype='long double', nvsize=16, Off_t='off_t', lseeksize=8
    alignbytes=16, prototype=define
  Linker and Libraries:
    ld='cc', ldflags =' -L/usr/local/lib'
    libpth=/usr/local/lib /lib/../lib64 /usr/lib/../lib64 /lib /usr/lib /lib64 /usr/lib64 /usr/local/lib64
    libs=-lnsl -lgdbm -ldb -ldl -lm -lcrypt -lutil -lpthread -lc
    perllibs=-lnsl -ldl -lm -lcrypt -lutil -lpthread -lc
    libc=, so=so, useshrplib=false, libperl=libperl.a
    gnulibc_version='2.11.1'
  Dynamic Linking:
    dlsrc=dl_dlopen.xs, dlext=so, d_dlsymun=undef, ccdlflags='-Wl,-E'
    cccdlflags='-fPIC', lddlflags='-shared -O2 -L/usr/local/lib'


Characteristics of this binary (from libperl): 
  Compile-time options: MULTIPLICITY PERL_IMPLICIT_CONTEXT PERL_MALLOC_WRAP
                        USE_64_BIT_ALL USE_64_BIT_INT USE_FAST_STDIO
                        USE_ITHREADS USE_LARGE_FILES USE_LONG_DOUBLE
                        USE_PERLIO USE_REENTRANT_API
  Built under linux
  Compiled at Jan  5 2012 23:18:59
  %ENV:
    PERL5LIB=":/home/cpan/pit/thr-ld/conf/perl-5.8.9/.cpanplus/5.8.9/build/SVG-Graph-0.03/blib/lib:/home/cpan/pit/thr-ld/conf/perl-5.8.9/.cpanplus/5.8.9/build/SVG-Graph-0.03/blib/arch"
    PERL5_CPANPLUS_IS_RUNNING="21738"
    PERL5_CPANPLUS_IS_VERSION="0.9116"
    PERL5_MINISMOKEBOX="0.54"
    PERL5_YACSMOKE_BASE="/home/cpan/pit/thr-ld/conf/perl-5.8.9"
    PERL_EXTUTILS_AUTOINSTALL="--defaultdeps"
    PERL_MM_USE_DEFAULT="1"
  @INC:
    /home/cpan/pit/thr-ld/conf/perl-5.8.9/.cpanplus/5.8.9/build/SVG-Graph-0.03/blib/lib
    /home/cpan/pit/thr-ld/conf/perl-5.8.9/.cpanplus/5.8.9/build/SVG-Graph-0.03/blib/arch
    /home/cpan/pit/thr-ld/perl-5.8.9/lib/5.8.9/x86_64-linux-thread-multi-ld
    /home/cpan/pit/thr-ld/perl-5.8.9/lib/5.8.9
    /home/cpan/pit/thr-ld/perl-5.8.9/lib/site_perl/5.8.9/x86_64-linux-thread-multi-ld
    /home/cpan/pit/thr-ld/perl-5.8.9/lib/site_perl/5.8.9
    .