Report for HTML-Widget-1.11

Back
From: metabase:user:3215efbe-2aae-11df-837a-5e0a49663a4f
Subject: FAIL HTML-Widget-1.11 v5.14.1 GNU/Linux
Date: 2011-12-03T23:53:26Z

This distribution has been tested as part of the CPAN Testers
project, supporting the Perl programming language.  See
http://wiki.cpantesters.org/ for more information or email
questions to cpan-testers-discuss@perl.org


--
Dear Carl Franks,

This is a computer-generated report for HTML-Widget-1.11
on perl 5.14.1, created by CPAN-Reporter-1.2002.

Thank you for uploading your work to CPAN.  However, there was a problem
testing your distribution.

If you think this report is invalid, please consult the CPAN Testers Wiki
for suggestions on how to avoid getting FAIL reports for missing library
or binary dependencies, unsupported operating systems, and so on:

http://wiki.cpantesters.org/wiki/CPANAuthorNotes

Sections of this report:

    * Tester comments
    * Program output
    * Prerequisites
    * Environment and other context

------------------------------
TESTER COMMENTS
------------------------------

Additional comments from tester:

this report is from an automated smoke testing program
and was not reviewed by a human for accuracy

------------------------------
PROGRAM OUTPUT
------------------------------

Output from '/usr/bin/make test':

PERL_DL_NONLAZY=1 /opt/perls/nothreads/perl-5.14.1/bin/perl "-MExtUtils::Command::MM" "-e" "test_harness(0, 'inc', 'blib/lib', 'blib/arch')" t/01use.t t/02pod.t t/03podcoverage.t t/04basic.t t/05strict.t t/06bugs_ascii_space.t t/06bugs_callbackone_missing_param.t t/06bugs_constraint_range_zero_max.t t/06bugs_constraint_range_zero_min.t t/06bugs_in_value_empty.t t/06bugs_name_regex_chars.t t/06bugs_result_elements_warnings.t t/06bugs_result_params_multiple.t t/06bugs_select_empty_options.t t/06bugs_select_zero_key_constraint.t t/06bugs_value_empty_string.t t/06bugs_value_no_default.t t/06bugs_value_zero.t t/06bugs_widget_get_elements.t t/06bugs_widget_name_zero.t t/06bugs_xml_escape.t t/06bugs_zero_value_xml.t t/06bugs_zero_xml.t t/07custom_render.t t/08constraint_all.t t/08empty_errors.t t/08filter_all.t t/09nested_embed.t t/10explicit_ids.t t/10no_name.t t/attributes.t t/constraint_all.t t/constraint_allornone.t t/constraint_any.t t/constraint_ascii.t t/constraint_bool.t t/constraint_callback.t t/constraint_callbackonce.t t/constraint_custom_namespace.t t/constraint_date.t t/constraint_datetime.t t/constraint_dependon.t t/constraint_email.t t/constraint_equal.t t/constraint_http.t t/constraint_in.t t/constraint_integer.t t/constraint_length.t t/constraint_number.t t/constraint_printable.t t/constraint_range.t t/constraint_regex.t t/constraint_singlevalue.t t/constraint_string.t t/constraint_time.t t/element_block.t t/element_button.t t/element_button_tag.t t/element_checkbox.t t/element_custom_namespace.t t/element_hidden.t t/element_password.t t/element_radio.t t/element_radiogroup.t t/element_radiogroup_constrain_values.t t/element_reset.t t/element_select.t t/element_select_constrain_options.t t/element_span.t t/element_submit.t t/element_textarea.t t/element_textfield.t t/element_upload.t t/filter_callback.t t/filter_htmlescape.t t/filter_htmlstrip.t t/filter_lowercase.t t/filter_trimedges.t t/filter_uppercase.t t/filter_whitespace.t t/get_constraint.t t/get_constraints.t t/get_element.t t/get_elements.t t/get_errors.t t/get_filter.t t/get_filters.t t/result_add_error.t t/retain_default.t t/submitted.t
t/01use.t ................................ ok
t/02pod.t ................................ skipped: set TEST_POD to enable this test
t/03podcoverage.t ........................ skipped: set TEST_POD to enable this test

#   Failed test 'JavScript XML output is ok'
#   at t/04basic.t line 85.
#          got: '<script type="text/javascript">
# <!--
# 
# //-->
# </script>'
#     expected: '<script type="text/javascript">
# <!--
# 
# //-->
# </script>
# '
# 1 test of 36 failed.
t/04basic.t .............................. 
Dubious, test returned 1 (wstat 256, 0x100)
Failed 1/36 subtests 
t/05strict.t ............................. ok
t/06bugs_ascii_space.t ................... ok
t/06bugs_callbackone_missing_param.t ..... ok
t/06bugs_constraint_range_zero_max.t ..... ok
t/06bugs_constraint_range_zero_min.t ..... ok
t/06bugs_in_value_empty.t ................ ok
t/06bugs_name_regex_chars.t .............. ok
t/06bugs_result_elements_warnings.t ...... ok
t/06bugs_result_params_multiple.t ........ ok
t/06bugs_select_empty_options.t .......... ok
t/06bugs_select_zero_key_constraint.t .... ok
t/06bugs_value_empty_string.t ............ ok
t/06bugs_value_no_default.t .............. ok
t/06bugs_value_zero.t .................... ok
t/06bugs_widget_get_elements.t ........... ok
t/06bugs_widget_name_zero.t .............. ok

#   Failed test ''
#   at t/06bugs_xml_escape.t line 26.
#                   '<form id="widget" method="post"><fieldset class="widget_fieldset"><input class="textfield" id="widget_foo" name="foo" type="text" value="é" /><input class="hidden" id="widget_bar" name="bar" type="hidden" value="&quot; foo &gt;" /></fieldset></form>
# '
#     doesn't match '(?^:value="&#34; foo &#62;")'
# 1 test of 2 failed.
t/06bugs_xml_escape.t .................... 
Dubious, test returned 1 (wstat 256, 0x100)
Failed 1/2 subtests 
t/06bugs_zero_value_xml.t ................ ok
t/06bugs_zero_xml.t ...................... ok

#   Failed test 'JavScript XML output is ok'
#   at t/07custom_render.t line 122.
#          got: '<script type="text/javascript">
# <!--
# 
# //-->
# </script>'
#     expected: '<script type="text/javascript">
# <!--
# 
# //-->
# </script>
# '
# 1 test of 46 failed.
t/07custom_render.t ...................... 
Dubious, test returned 1 (wstat 256, 0x100)
Failed 1/46 subtests 
t/08constraint_all.t ..................... ok
t/08empty_errors.t ....................... ok
t/08filter_all.t ......................... ok
t/09nested_embed.t ....................... ok
t/10explicit_ids.t ....................... ok
t/10no_name.t ............................ ok
t/attributes.t ........................... ok
t/constraint_all.t ....................... ok
t/constraint_allornone.t ................. ok
t/constraint_any.t ....................... ok
t/constraint_ascii.t ..................... ok
t/constraint_bool.t ...................... ok
t/constraint_callback.t .................. ok
t/constraint_callbackonce.t .............. ok
t/constraint_custom_namespace.t .......... ok
t/constraint_date.t ...................... ok
t/constraint_datetime.t .................. ok
t/constraint_dependon.t .................. ok
t/constraint_email.t ..................... ok
t/constraint_equal.t ..................... ok
t/constraint_http.t ...................... ok
t/constraint_in.t ........................ ok
t/constraint_integer.t ................... ok
t/constraint_length.t .................... ok
t/constraint_number.t .................... ok
t/constraint_printable.t ................. ok
t/constraint_range.t ..................... ok
t/constraint_regex.t ..................... ok
t/constraint_singlevalue.t ............... ok
t/constraint_string.t .................... ok
t/constraint_time.t ...................... ok
t/element_block.t ........................ ok
t/element_button.t ....................... ok
t/element_button_tag.t ................... ok
t/element_checkbox.t ..................... ok
t/element_custom_namespace.t ............. ok
t/element_hidden.t ....................... ok
t/element_password.t ..................... ok
t/element_radio.t ........................ ok
t/element_radiogroup.t ................... ok
t/element_radiogroup_constrain_values.t .. ok
t/element_reset.t ........................ ok
t/element_select.t ....................... ok
t/element_select_constrain_options.t ..... ok
t/element_span.t ......................... ok
t/element_submit.t ....................... ok
t/element_textarea.t ..................... ok
t/element_textfield.t .................... ok
t/element_upload.t ....................... ok
t/filter_callback.t ...................... ok
t/filter_htmlescape.t .................... ok
t/filter_htmlstrip.t ..................... ok
t/filter_lowercase.t ..................... ok
t/filter_trimedges.t ..................... ok
t/filter_uppercase.t ..................... ok
t/filter_whitespace.t .................... ok
t/get_constraint.t ....................... ok
t/get_constraints.t ...................... ok
t/get_element.t .......................... ok
t/get_elements.t ......................... ok
t/get_errors.t ........................... ok
t/get_filter.t ........................... ok
t/get_filters.t .......................... ok
t/result_add_error.t ..................... ok
t/retain_default.t ....................... ok
t/submitted.t ............................ ok

Test Summary Report
-------------------
t/04basic.t                            (Wstat: 256 Tests: 36 Failed: 1)
  Failed test:  26
  Non-zero exit status: 1
t/06bugs_xml_escape.t                  (Wstat: 256 Tests: 2 Failed: 1)
  Failed test:  2
  Non-zero exit status: 1
t/07custom_render.t                    (Wstat: 256 Tests: 46 Failed: 1)
  Failed test:  37
  Non-zero exit status: 1
Files=90, Tests=625, 302 wallclock secs ( 2.80 usr  0.45 sys + 290.98 cusr  8.24 csys = 302.47 CPU)
Result: FAIL
Failed 3/90 test programs. 3/625 subtests failed.
make: *** [test_dynamic] Error 255

------------------------------
PREREQUISITES
------------------------------

Prerequisite modules loaded:

requires:

    Module                         Need Have   
    ------------------------------ ---- -------
    Class::Accessor::Chained::Fast 0    0      
    Class::Accessor::Fast          0    0.34   
    Class::Data::Accessor          0    0.04004
    Date::Calc                     0    6.3    
    Email::Valid                   0    0.185  
    HTML::Element                  3.22 4.2    
    HTML::Scrubber                 0    0.09   
    Module::Pluggable::Fast        0    0.19   
    Scalar::Util                   0    1.23   
    Storable                       0    2.30   
    Test::NoWarnings               0    1.04   

build_requires:

    Module                         Need Have   
    ------------------------------ ---- -------
    ExtUtils::MakeMaker            0    6.63_02


------------------------------
ENVIRONMENT AND OTHER CONTEXT
------------------------------

Environment variables:

    AUTOMATED_TESTING = 1
    LANG = C
    PATH = /opt/perls/nothreads/perl-5.14.1/bin:/usr/local/bin:/usr/bin:/bin:/usr/local/games:/usr/games
    PERL5LIB = 
    PERL5OPT = 
    PERL5_CPANPLUS_IS_RUNNING = 22896
    PERL5_CPAN_IS_RUNNING = 22896
    PERL5_CPAN_IS_RUNNING_IN_RECURSION = 936,22896
    PERL_CR_SMOKER_CURRENT = Catalyst-Plugin-HTML-Widget-1.1
    PERL_EXTUTILS_AUTOINSTALL = --defaultdeps
    PERL_MM_USE_DEFAULT = 1
    SHELL = /bin/bash
    TERM = xterm

Perl special variables (and OS-specific diagnostics, for MSWin32):

    $^X = /opt/perls/nothreads/perl-5.14.1/bin/perl
    $UID/$EUID = 1000 / 1000
    $GID = 1000 24 25 27 29 30 44 46 1000
    $EGID = 1000 24 25 27 29 30 44 46 1000

Perl module toolchain versions installed:

    Module              Have        
    ------------------- ------------
    CPAN                1.9800      
    CPAN::Meta          2.112621    
    Cwd                 3.33        
    ExtUtils::CBuilder  0.280202    
    ExtUtils::Command   1.17        
    ExtUtils::Install   1.56        
    ExtUtils::MakeMaker 6.63_02     
    ExtUtils::Manifest  1.60        
    ExtUtils::ParseXS   3.05        
    File::Spec          3.33        
    JSON                2.53        
    JSON::PP            2.27008     
    Module::Build       0.39_01     
    Module::Signature   0.68        
    Parse::CPAN::Meta   1.4401      
    Test::Harness       3.23        
    Test::More          1.005000_002
    YAML                0.73        
    YAML::Syck          1.19        
    version             0.95        


--

Summary of my perl5 (revision 5 version 14 subversion 1) configuration:
   
  Platform:
    osname=linux, osvers=2.6.32-5-kirkwood, archname=armv5tel-linux
    uname='linux plugpc 2.6.32-5-kirkwood #1 tue mar 8 10:56:14 utc 2011 armv5tel gnulinux '
    config_args='-des -Dprefix=/opt/perls/nothreads/perl-5.14.1'
    hint=recommended, useposix=true, d_sigaction=define
    useithreads=undef, usemultiplicity=undef
    useperlio=define, d_sfio=undef, uselargefiles=define, usesocks=undef
    use64bitint=undef, use64bitall=undef, uselongdouble=undef
    usemymalloc=n, bincompat5005=undef
  Compiler:
    cc='cc', ccflags ='-fno-strict-aliasing -pipe -fstack-protector -I/usr/local/include -D_LARGEFILE_SOURCE -D_FILE_OFFSET_BITS=64',
    optimize='-O2',
    cppflags='-fno-strict-aliasing -pipe -fstack-protector -I/usr/local/include'
    ccversion='', gccversion='4.4.5', gccosandvers=''
    intsize=4, longsize=4, ptrsize=4, doublesize=8, byteorder=1234
    d_longlong=define, longlongsize=8, d_longdbl=define, longdblsize=8
    ivtype='long', ivsize=4, nvtype='double', nvsize=8, Off_t='off_t', lseeksize=8
    alignbytes=8, prototype=define
  Linker and Libraries:
    ld='cc', ldflags =' -fstack-protector -L/usr/local/lib'
    libpth=/usr/local/lib /lib /usr/lib /usr/lib/arm-linux-gnueabi
    libs=-lnsl -lgdbm -ldb -ldl -lm -lcrypt -lutil -lc -lgdbm_compat
    perllibs=-lnsl -ldl -lm -lcrypt -lutil -lc
    libc=/lib/libc-2.11.2.so, so=so, useshrplib=false, libperl=libperl.a
    gnulibc_version='2.11.2'
  Dynamic Linking:
    dlsrc=dl_dlopen.xs, dlext=so, d_dlsymun=undef, ccdlflags='-Wl,-E'
    cccdlflags='-fPIC', lddlflags='-shared -O2 -L/usr/local/lib -fstack-protector'


Characteristics of this binary (from libperl): 
  Compile-time options: PERL_DONT_CREATE_GVSV PERL_MALLOC_WRAP
                        PERL_PRESERVE_IVUV USE_LARGE_FILES USE_PERLIO
                        USE_PERL_ATOF
  Built under linux
  Compiled at Aug 15 2011 20:41:16
  %ENV:
    PERL5LIB=""
    PERL5OPT=""
    PERL5_CPANPLUS_IS_RUNNING="22896"
    PERL5_CPAN_IS_RUNNING="22896"
    PERL5_CPAN_IS_RUNNING_IN_RECURSION="936,22896"
    PERL_CR_SMOKER_CURRENT="Catalyst-Plugin-HTML-Widget-1.1"
    PERL_EXTUTILS_AUTOINSTALL="--defaultdeps"
    PERL_MM_USE_DEFAULT="1"
  @INC:
    /opt/perls/nothreads/perl-5.14.1/lib/site_perl/5.14.1/armv5tel-linux
    /opt/perls/nothreads/perl-5.14.1/lib/site_perl/5.14.1
    /opt/perls/nothreads/perl-5.14.1/lib/5.14.1/armv5tel-linux
    /opt/perls/nothreads/perl-5.14.1/lib/5.14.1
    .