Data-Token vv0.0.3 Perl 5 v5.27.4 x86_64-linux-thread-multi
- Status
- Fail
- From
- Andreas J. König (ANDK)
- Dist
-
Data-Token vv0.0.3
- Platform
- Perl 5 v5.27.4 x86_64-linux-thread-multi
- Date
- 2017-09-27 18:52:21
- ID
- fe43a860-a3b4-11e7-9ecc-6e9896dd1f1a
This distribution has been tested as part of the CPAN Testers
project, supporting the Perl programming language. See
http://wiki.cpantesters.org/ for more information or email
questions to cpan-testers-discuss@perl.org
--
Dear Scott Penrose,
This is a computer-generated report for Data-Token-v0.0.3
on perl 5.27.4, created by CPAN-Reporter-1.2018.
Thank you for uploading your work to CPAN. However, there was a problem
testing your distribution.
If you think this report is invalid, please consult the CPAN Testers Wiki
for suggestions on how to avoid getting FAIL reports for missing library
or binary dependencies, unsupported operating systems, and so on:
http://wiki.cpantesters.org/wiki/CPANAuthorNotes
Sections of this report:
* Tester comments
* Program output
* Prerequisites
* Environment and other context
------------------------------
TESTER COMMENTS
------------------------------
Additional comments from tester:
this report is from an automated smoke testing program
and was not reviewed by a human for accuracy
------------------------------
PROGRAM OUTPUT
------------------------------
Output from './Build test':
# Failed test 'use Data::Token;'
# at t/00.load.t line 4.
# Tried to use 'Data::Token'.
# Error: Can't locate Crypt/Random.pm in @INC (you may need to install the Crypt::Random module) (@INC contains: /tmp/loop_over_bdir-4320-UPg9yI/Data-Token-v0.0.3-0/blib/lib /tmp/loop_over_bdir-4320-UPg9yI/Data-Token-v0.0.3-0/blib/arch /home/sand/src/perl/repoperls/installed-perls/host/k93msid/v5.27.4/f11c/lib/site_perl/5.27.4/x86_64-linux-thread-multi /home/sand/src/perl/repoperls/installed-perls/host/k93msid/v5.27.4/f11c/lib/site_perl/5.27.4 /home/sand/src/perl/repoperls/installed-perls/host/k93msid/v5.27.4/f11c/lib/5.27.4/x86_64-linux-thread-multi /home/sand/src/perl/repoperls/installed-perls/host/k93msid/v5.27.4/f11c/lib/5.27.4 .) at /tmp/loop_over_bdir-4320-UPg9yI/Data-Token-v0.0.3-0/blib/lib/Data/Token.pm line 8.
# BEGIN failed--compilation aborted at /tmp/loop_over_bdir-4320-UPg9yI/Data-Token-v0.0.3-0/blib/lib/Data/Token.pm line 8.
# Compilation failed in require at t/00.load.t line 4.
# BEGIN failed--compilation aborted at t/00.load.t line 4.
# Testing Data::Token
# Looks like you failed 1 test of 1.
t/00.load.t .......
Dubious, test returned 1 (wstat 256, 0x100)
Failed 1/1 subtests
# Failed test 'use Data::Token;'
# at t/basic.t line 4.
# Tried to use 'Data::Token'.
# Error: Can't locate Crypt/Random.pm in @INC (you may need to install the Crypt::Random module) (@INC contains: /tmp/loop_over_bdir-4320-UPg9yI/Data-Token-v0.0.3-0/blib/lib /tmp/loop_over_bdir-4320-UPg9yI/Data-Token-v0.0.3-0/blib/arch /home/sand/src/perl/repoperls/installed-perls/host/k93msid/v5.27.4/f11c/lib/site_perl/5.27.4/x86_64-linux-thread-multi /home/sand/src/perl/repoperls/installed-perls/host/k93msid/v5.27.4/f11c/lib/site_perl/5.27.4 /home/sand/src/perl/repoperls/installed-perls/host/k93msid/v5.27.4/f11c/lib/5.27.4/x86_64-linux-thread-multi /home/sand/src/perl/repoperls/installed-perls/host/k93msid/v5.27.4/f11c/lib/5.27.4 .) at /tmp/loop_over_bdir-4320-UPg9yI/Data-Token-v0.0.3-0/blib/lib/Data/Token.pm line 8.
# BEGIN failed--compilation aborted at /tmp/loop_over_bdir-4320-UPg9yI/Data-Token-v0.0.3-0/blib/lib/Data/Token.pm line 8.
# Compilation failed in require at t/basic.t line 4.
# BEGIN failed--compilation aborted at t/basic.t line 4.
Undefined subroutine &main::token called at t/basic.t line 6.
# Looks like your test exited with 255 just after 1.
t/basic.t .........
Dubious, test returned 255 (wstat 65280, 0xff00)
Failed 2/2 subtests
t/perlcritic.t .... ok
# Failed test 'Pod coverage on Data::Token'
# at /home/sand/src/perl/repoperls/installed-perls/host/k93msid/v5.27.4/f11c/lib/site_perl/5.27.4/Test/Pod/Coverage.pm line 133.
# Data::Token: requiring 'Data::Token' failed
# Looks like you failed 1 test of 1.
t/pod-coverage.t ..
Dubious, test returned 1 (wstat 256, 0x100)
Failed 1/1 subtests
# Failed test 'POD test for blib/lib/Data/Token.pm'
# at /home/sand/src/perl/repoperls/installed-perls/host/k93msid/v5.27.4/f11c/lib/site_perl/5.27.4/Test/Pod.pm line 187.
# blib/lib/Data/Token.pm (83): You can't have =items (as at line 87) unless the first thing after the =over is an =item
# Looks like you failed 1 test of 1.
t/pod.t ...........
Dubious, test returned 1 (wstat 256, 0x100)
Failed 1/1 subtests
# Failed test 'use Data::Token;'
# at t/token.t line 7.
# Tried to use 'Data::Token'.
# Error: Can't locate Crypt/Random.pm in @INC (you may need to install the Crypt::Random module) (@INC contains: /tmp/loop_over_bdir-4320-UPg9yI/Data-Token-v0.0.3-0/blib/lib /tmp/loop_over_bdir-4320-UPg9yI/Data-Token-v0.0.3-0/blib/arch /home/sand/src/perl/repoperls/installed-perls/host/k93msid/v5.27.4/f11c/lib/site_perl/5.27.4/x86_64-linux-thread-multi /home/sand/src/perl/repoperls/installed-perls/host/k93msid/v5.27.4/f11c/lib/site_perl/5.27.4 /home/sand/src/perl/repoperls/installed-perls/host/k93msid/v5.27.4/f11c/lib/5.27.4/x86_64-linux-thread-multi /home/sand/src/perl/repoperls/installed-perls/host/k93msid/v5.27.4/f11c/lib/5.27.4 .) at /tmp/loop_over_bdir-4320-UPg9yI/Data-Token-v0.0.3-0/blib/lib/Data/Token.pm line 8.
# BEGIN failed--compilation aborted at /tmp/loop_over_bdir-4320-UPg9yI/Data-Token-v0.0.3-0/blib/lib/Data/Token.pm line 8.
# Compilation failed in require at t/token.t line 7.
# BEGIN failed--compilation aborted at t/token.t line 7.
# Failed test 'Invalid number of generated tokens (1 of 10000)'
# at t/token.t line 18.
# got: 1
# expected: 10000
# Failed test 'Valid only once !'
# at t/token.t line 20.
# got: 10000
# expected: 1
# Failed test at t/token.t line 21.
# Looks like you planned 30002 tests but ran 5.
# Looks like you failed 4 tests of 5 run.
t/token.t .........
Dubious, test returned 4 (wstat 1024, 0x400)
Failed 30001/30002 subtests
Test Summary Report
-------------------
t/00.load.t (Wstat: 256 Tests: 1 Failed: 1)
Failed test: 1
Non-zero exit status: 1
t/basic.t (Wstat: 65280 Tests: 1 Failed: 1)
Failed test: 1
Non-zero exit status: 255
Parse errors: Bad plan. You planned 2 tests but ran 1.
t/pod-coverage.t (Wstat: 256 Tests: 1 Failed: 1)
Failed test: 1
Non-zero exit status: 1
t/pod.t (Wstat: 256 Tests: 1 Failed: 1)
Failed test: 1
Non-zero exit status: 1
t/token.t (Wstat: 1024 Tests: 5 Failed: 4)
Failed tests: 1-4
Non-zero exit status: 4
Parse errors: Bad plan. You planned 30002 tests but ran 5.
Files=6, Tests=10, 3 wallclock secs ( 0.03 usr 0.06 sys + 1.27 cusr 0.36 csys = 1.72 CPU)
Result: FAIL
Failed 5/6 test programs. 8/10 subtests failed.
------------------------------
PREREQUISITES
------------------------------
Prerequisite modules loaded:
requires:
Module Need Have
----------- ---- --------
Data::UUID 0 1.221
Digest::SHA 0 5.97
Test::More 0 1.302096
version 0 0.9918
------------------------------
ENVIRONMENT AND OTHER CONTEXT
------------------------------
Environment variables:
AUTOMATED_TESTING = 1
LANG = en_US.UTF-8
PATH = /home/sand/bin:/usr/local/bin:/usr/bin:/bin:/usr/games:/usr/local/perl/bin:/usr/X11/bin:/sbin:/usr/sbin
PERL5LIB =
PERL5OPT =
PERL5_CPANPLUS_IS_RUNNING = 4330
PERL5_CPAN_IS_RUNNING = 4330
PERL5_CPAN_IS_RUNNING_IN_RECURSION = 5668,4330
PERL_CANARY_STABILITY_NOPROMPT = 1
PERL_MM_USE_DEFAULT = 1
PERL_USE_UNSAFE_INC = 1
SHELL = /usr/bin/zsh
TERM = screen
Perl special variables (and OS-specific diagnostics, for MSWin32):
$^X = /home/sand/src/perl/repoperls/installed-perls/host/k93msid/v5.27.4/f11c/bin/perl
$UID/$EUID = 1005 / 1005
$GID = 1005 1005
$EGID = 1005 1005
Perl module toolchain versions installed:
Module Have
------------------- --------
CPAN 2.18
CPAN::Meta 2.150010
Cwd 3.68
ExtUtils::CBuilder 0.280228
ExtUtils::Command 7.30
ExtUtils::Install 2.14
ExtUtils::MakeMaker 7.30
ExtUtils::Manifest 1.70
ExtUtils::ParseXS 3.35
File::Spec 3.68
JSON 2.94
JSON::PP 2.94
Module::Build 0.4224
Module::Signature 0.81
Parse::CPAN::Meta 2.150010
Test::Harness 3.39
Test::More 1.302096
YAML 1.23
YAML::Syck 1.30
version 0.9918
--
Summary of my perl5 (revision 5 version 27 subversion 4) configuration:
Commit id: a8b7548118623521a01940403176f14c40bf1320
Platform:
osname=linux
osvers=4.9.0-2-amd64
archname=x86_64-linux-thread-multi
uname='linux k93msid 4.9.0-2-amd64 #1 smp debian 4.9.18-1 (2017-03-30) x86_64 gnulinux '
config_args='-Dprefix=/home/sand/src/perl/repoperls/installed-perls/host/k93msid/v5.27.4/f11c -Dmyhostname=k93msid -Dinstallusrbinperl=n -Uversiononly -Dusedevel -des -Ui_db -Dlibswanted=cl pthread socket inet nsl gdbm dbm malloc dl ld sun m crypt sec util c cposix posix ucb BSD gdbm_compat -Duseithreads -Uuselongdouble -DDEBUGGING=-g'
hint=recommended
useposix=true
d_sigaction=define
useithreads=define
usemultiplicity=define
use64bitint=define
use64bitall=define
uselongdouble=undef
usemymalloc=n
default_inc_excludes_dot=define
bincompat5005=undef
Compiler:
cc='cc'
ccflags ='-D_REENTRANT -D_GNU_SOURCE -fwrapv -fno-strict-aliasing -pipe -fstack-protector-strong -I/usr/local/include -D_LARGEFILE_SOURCE -D_FILE_OFFSET_BITS=64 -D_FORTIFY_SOURCE=2'
optimize='-O2 -g'
cppflags='-D_REENTRANT -D_GNU_SOURCE -fwrapv -fno-strict-aliasing -pipe -fstack-protector-strong -I/usr/local/include'
ccversion=''
gccversion='6.3.0 20170406'
gccosandvers=''
intsize=4
longsize=8
ptrsize=8
doublesize=8
byteorder=12345678
doublekind=3
d_longlong=define
longlongsize=8
d_longdbl=define
longdblsize=16
longdblkind=3
ivtype='long'
ivsize=8
nvtype='double'
nvsize=8
Off_t='off_t'
lseeksize=8
alignbytes=8
prototype=define
Linker and Libraries:
ld='cc'
ldflags =' -fstack-protector-strong -L/usr/local/lib'
libpth=/usr/local/lib /usr/lib/gcc/x86_64-linux-gnu/6/include-fixed /usr/include/x86_64-linux-gnu /usr/lib /lib/x86_64-linux-gnu /lib/../lib /usr/lib/x86_64-linux-gnu /usr/lib/../lib /lib
libs=-lpthread -lnsl -ldl -lm -lcrypt -lutil -lc
perllibs=-lpthread -lnsl -ldl -lm -lcrypt -lutil -lc
libc=libc-2.24.so
so=so
useshrplib=false
libperl=libperl.a
gnulibc_version='2.24'
Dynamic Linking:
dlsrc=dl_dlopen.xs
dlext=so
d_dlsymun=undef
ccdlflags='-Wl,-E'
cccdlflags='-fPIC'
lddlflags='-shared -O2 -g -L/usr/local/lib -fstack-protector-strong'
Characteristics of this binary (from libperl):
Compile-time options:
HAS_TIMES
MULTIPLICITY
PERLIO_LAYERS
PERL_COPY_ON_WRITE
PERL_DONT_CREATE_GVSV
PERL_IMPLICIT_CONTEXT
PERL_MALLOC_WRAP
PERL_OP_PARENT
PERL_PRESERVE_IVUV
PERL_USE_DEVEL
USE_64_BIT_ALL
USE_64_BIT_INT
USE_ITHREADS
USE_LARGE_FILES
USE_LOCALE
USE_LOCALE_COLLATE
USE_LOCALE_CTYPE
USE_LOCALE_NUMERIC
USE_LOCALE_TIME
USE_PERLIO
USE_PERL_ATOF
USE_REENTRANT_API
Built under linux
Compiled at Sep 21 2017 02:05:55
%ENV:
PERL5LIB=""
PERL5OPT=""
PERL5_CPANPLUS_IS_RUNNING="4330"
PERL5_CPAN_IS_RUNNING="4330"
PERL5_CPAN_IS_RUNNING_IN_RECURSION="5668,4330"
PERL_CANARY_STABILITY_NOPROMPT="1"
PERL_MM_USE_DEFAULT="1"
PERL_USE_UNSAFE_INC="1"
@INC:
/home/sand/src/perl/repoperls/installed-perls/host/k93msid/v5.27.4/f11c/lib/site_perl/5.27.4/x86_64-linux-thread-multi
/home/sand/src/perl/repoperls/installed-perls/host/k93msid/v5.27.4/f11c/lib/site_perl/5.27.4
/home/sand/src/perl/repoperls/installed-perls/host/k93msid/v5.27.4/f11c/lib/5.27.4/x86_64-linux-thread-multi
/home/sand/src/perl/repoperls/installed-perls/host/k93msid/v5.27.4/f11c/lib/5.27.4
.