HTTP-Cache-Transparent v1.4 Perl 5 v5.14.2 OpenBSD.amd64-openbsd-thread-multi

Status
Fail
From
Nigel Horne
Dist
HTTP-Cache-Transparent v1.4
Platform
Perl 5 v5.14.2 OpenBSD.amd64-openbsd-thread-multi
Date
2021-10-17 20:58:35
ID
fe706b6c-2f8c-11ec-ab8f-74c9b432074f
This distribution has been tested as part of the CPAN Testers
project, supporting the Perl programming language.  See
http://wiki.cpantesters.org/ for more information or email
questions to cpan-testers-discuss@perl.org


--
Dear Mattias Holmlund,

This is a computer-generated report for HTTP-Cache-Transparent-1.4
on perl 5.14.2, created by CPAN-Reporter-1.2018.

Thank you for uploading your work to CPAN.  However, there was a problem
testing your distribution.

If you think this report is invalid, please consult the CPAN Testers Wiki
for suggestions on how to avoid getting FAIL reports for missing library
or binary dependencies, unsupported operating systems, and so on:

http://wiki.cpantesters.org/wiki/CPANAuthorNotes

Sections of this report:

    * Tester comments
    * Program output
    * Prerequisites
    * Environment and other context

------------------------------
TESTER COMMENTS
------------------------------

Additional comments from tester:

none provided

------------------------------
PROGRAM OUTPUT
------------------------------

Output from '/usr/bin/make test':

PERL_DL_NONLAZY=1 "/home/njh/perl5/perlbrew/perls/perl-5.14.2-thread/bin/perl5.14.2" "-MExtUtils::Command::MM" "-MTest::Harness" "-e" "undef *Test::Harness::Switches; test_harness(0, 'blib/lib', 'blib/arch')" t/*.t
Can't locate Test/RequiresInternet.pm in @INC (@INC contains: /home/njh/.cpan/build/HTTP-Cache-Transparent-1.4-RUjBot/blib/lib /home/njh/.cpan/build/HTTP-Cache-Transparent-1.4-RUjBot/blib/arch /home/njh/perl5/perlbrew/perls/perl-5.14.2-thread/lib/site_perl/5.14.2/OpenBSD.amd64-openbsd-thread-multi /home/njh/perl5/perlbrew/perls/perl-5.14.2-thread/lib/site_perl/5.14.2 /home/njh/perl5/perlbrew/perls/perl-5.14.2-thread/lib/5.14.2/OpenBSD.amd64-openbsd-thread-multi /home/njh/perl5/perlbrew/perls/perl-5.14.2-thread/lib/5.14.2 .) at t/cache.t line 4.
BEGIN failed--compilation aborted at t/cache.t line 4.
t/cache.t ................... 
Dubious, test returned 2 (wstat 512, 0x200)
No subtests run 
t/HTTP-Cache-Transparent.t .. ok
t/pod-coverage.t ............ skipped: Test::Pod::Coverage 1.00 required for testing POD coverage
t/pod.t ..................... skipped: Test::Pod 1.00 required for testing POD

Test Summary Report
-------------------
t/cache.t                 (Wstat: 512 Tests: 0 Failed: 0)
  Non-zero exit status: 2
  Parse errors: No plan found in TAP output
Files=4, Tests=1,  1 wallclock secs ( 0.02 usr  0.02 sys +  0.33 cusr  0.07 csys =  0.44 CPU)
Result: FAIL
Failed 1/4 test programs. 0/1 subtests failed.
*** Error 255 in /home/njh/.cpan/build/HTTP-Cache-Transparent-1.4-RUjBot (Makefile:836 'test_dynamic')

------------------------------
PREREQUISITES
------------------------------

Prerequisite modules loaded:

requires:

    Module              Need Have
    ------------------- ---- ----
    LWP                 0    6.57

build_requires:

    Module              Need Have
    ------------------- ---- ----
    ExtUtils::MakeMaker 0    7.62

configure_requires:

    Module              Need Have
    ------------------- ---- ----
    ExtUtils::MakeMaker 0    7.62


------------------------------
ENVIRONMENT AND OTHER CONTEXT
------------------------------

Environment variables:

    PATH = /home/njh/perl5/perlbrew/bin:/home/njh/perl5/perlbrew/perls/perl-5.14.2-thread/bin:/home/njh/perl5/perlbrew/bin:/home/njh/src/njh/smoker/bin:/usr/bin:/bin:/usr/sbin:/sbin:/usr/X11R6/bin:/usr/local/bin:/usr/local/sbin
    PERL5LIB = 
    PERL5OPT = 
    PERL5_CPANPLUS_IS_RUNNING = 3975
    PERL5_CPAN_IS_RUNNING = 3975
    PERL5_CPAN_IS_RUNNING_IN_RECURSION = 55159,3975
    PERLBREW_LIB = 
    PERLBREW_MANPATH = /home/njh/perl5/perlbrew/perls/perl-5.14.2-thread/man
    PERLBREW_PATH = /home/njh/perl5/perlbrew/bin:/home/njh/perl5/perlbrew/perls/perl-5.14.2-thread/bin
    PERLBREW_PERL = perl-5.14.2-thread
    PERLBREW_ROOT = /home/njh/perl5/perlbrew
    PERLBREW_SHELLRC_VERSION = 0.92
    PERLBREW_VERSION = 0.92
    PERL_LOCAL_LIB_ROOT = 
    SHELL = /usr/bin/bash

Perl special variables (and OS-specific diagnostics, for MSWin32):

    $^X = /home/njh/perl5/perlbrew/perls/perl-5.14.2-thread/bin/perl5.14.2
    $UID/$EUID = 1000 / 1000
    $GID = 1000 1000 0
    $EGID = 1000 1000 0

Perl module toolchain versions installed:

    Module              Have     
    ------------------- ---------
    CPAN                1.9600_01
    CPAN::Meta          2.143240 
    Cwd                 3.36     
    ExtUtils::CBuilder  0.280203 
    ExtUtils::Command   7.62     
    ExtUtils::Install   2.06     
    ExtUtils::MakeMaker 7.62     
    ExtUtils::Manifest  1.70     
    ExtUtils::ParseXS   2.2210   
    File::Spec          3.33     
    JSON                n/a      
    JSON::PP            4.06     
    Module::Build       0.3800   
    Module::Signature   n/a      
    Parse::CPAN::Meta   1.4414   
    Test::Harness       3.23     
    Test::More          1.302188 
    YAML                n/a      
    YAML::Syck          n/a      
    version             0.88     


--

Summary of my perl5 (revision 5 version 14 subversion 2) configuration:
   
  Platform:
    osname=openbsd, osvers=6.9, archname=OpenBSD.amd64-openbsd-thread-multi
    uname='openbsd njh2.bandsman.co.uk 6.9 generic.mp#4 amd64 '
    config_args='-de -Dprefix=/home/njh/perl5/perlbrew/perls/perl-5.14.2-thread -Dusedevel -Dusethreads -Accflags= -Aeval:scriptdir=/home/njh/perl5/perlbrew/perls/perl-5.14.2-thread/bin'
    hint=recommended, useposix=true, d_sigaction=define
    useithreads=define, usemultiplicity=define
    useperlio=define, d_sfio=undef, uselargefiles=define, usesocks=undef
    use64bitint=define, use64bitall=define, uselongdouble=undef
    usemymalloc=n, bincompat5005=undef
  Compiler:
    cc='cc', ccflags ='-pthread -fno-strict-aliasing -pipe -fstack-protector -I/usr/local/include',
    optimize='-O2',
    cppflags='-pthread -fno-strict-aliasing -pipe -fstack-protector -I/usr/local/include'
    ccversion='', gccversion='OpenBSD Clang 10.0.1 ', gccosandvers=''
    intsize=4, longsize=8, ptrsize=8, doublesize=8, byteorder=12345678
    d_longlong=define, longlongsize=8, d_longdbl=define, longdblsize=16
    ivtype='long', ivsize=8, nvtype='double', nvsize=8, Off_t='off_t', lseeksize=8
    alignbytes=8, prototype=define
  Linker and Libraries:
    ld='cc', ldflags ='-pthread -Wl,-E  -fstack-protector -L/usr/local/lib'
    libpth=/usr/local/lib /usr/lib
    libs=-lm -lutil -lc
    perllibs=-lm -lutil -lc
    libc=/usr/lib/libc.so.96.0, so=so, useshrplib=false, libperl=libperl.a
    gnulibc_version=''
  Dynamic Linking:
    dlsrc=dl_dlopen.xs, dlext=so, d_dlsymun=undef, ccdlflags=' '
    cccdlflags='-DPIC -fPIC ', lddlflags='-shared -fPIC  -L/usr/local/lib -fstack-protector'


Characteristics of this binary (from libperl): 
  Compile-time options: MULTIPLICITY PERL_DONT_CREATE_GVSV
                        PERL_IMPLICIT_CONTEXT PERL_MALLOC_WRAP
                        PERL_PRESERVE_IVUV PERL_USE_DEVEL USE_64_BIT_ALL
                        USE_64_BIT_INT USE_ITHREADS USE_LARGE_FILES
                        USE_PERLIO USE_PERL_ATOF USE_REENTRANT_API
  Locally applied patches:
	Devel::PatchPerl 2.08
  Built under openbsd
  Compiled at Oct 17 2021 00:45:45
  %ENV:
    PERL5LIB=""
    PERL5OPT=""
    PERL5_CPANPLUS_IS_RUNNING="3975"
    PERL5_CPAN_IS_RUNNING="3975"
    PERL5_CPAN_IS_RUNNING_IN_RECURSION="55159,3975"
    PERLBREW_LIB=""
    PERLBREW_MANPATH="/home/njh/perl5/perlbrew/perls/perl-5.14.2-thread/man"
    PERLBREW_PATH="/home/njh/perl5/perlbrew/bin:/home/njh/perl5/perlbrew/perls/perl-5.14.2-thread/bin"
    PERLBREW_PERL="perl-5.14.2-thread"
    PERLBREW_ROOT="/home/njh/perl5/perlbrew"
    PERLBREW_SHELLRC_VERSION="0.92"
    PERLBREW_VERSION="0.92"
    PERL_LOCAL_LIB_ROOT=""
  @INC:
    /home/njh/perl5/perlbrew/perls/perl-5.14.2-thread/lib/site_perl/5.14.2/OpenBSD.amd64-openbsd-thread-multi
    /home/njh/perl5/perlbrew/perls/perl-5.14.2-thread/lib/site_perl/5.14.2
    /home/njh/perl5/perlbrew/perls/perl-5.14.2-thread/lib/5.14.2/OpenBSD.amd64-openbsd-thread-multi
    /home/njh/perl5/perlbrew/perls/perl-5.14.2-thread/lib/5.14.2
    .