Report for Module-CPANTS-Analyse-0.85

Back
From: metabase:user:322078bc-2aae-11df-837a-5e0a49663a4f
Subject: FAIL Module-CPANTS-Analyse-0.85 v5.16.0 GNU/Linux
Date: 2012-05-21T16:42:46Z

This distribution has been tested as part of the CPAN Testers
project, supporting the Perl programming language.  See
http://wiki.cpantesters.org/ for more information or email
questions to cpan-testers-discuss@perl.org


--

Dear Alexandr Ciornii,

This is a computer-generated error report created automatically by
CPANPLUS, version 0.9129. Testers personal comments may appear
at the end of this report.


Thank you for uploading your work to CPAN.  However, it appears that
there were some problems testing your distribution.

TEST RESULTS:

Below is the error stack from stage 'make test':


#   Failed test 'no warnings'
#   at /home/cpan/pit/bare/conf/perl-5.16.0/.cpanplus/5.16.0/build/Test-NoWarnings-1.04/blib/lib/Test/NoWarnings.pm line 45.
# There were 4 warning(s)
# 	Previous test 0 ''
# 	defined(@array) is deprecated at /home/cpan/pit/bare/conf/perl-5.16.0/.cpanplus/5.16.0/build/Module-Find-0.10/blib/lib/Module/Find.pm line 182.
#  at /home/cpan/pit/bare/conf/perl-5.16.0/.cpanplus/5.16.0/build/Module-Find-0.10/blib/lib/Module/Find.pm line 182.
# 	require Module/Find.pm called at /home/cpan/pit/bare/conf/perl-5.16.0/.cpanplus/5.16.0/build/Archive-Any-0.0932/blib/lib/Archive/Any/Plugin.pm line 6
# 	Archive::Any::Plugin::BEGIN() called at /home/cpan/pit/bare/conf/perl-5.16.0/.cpanplus/5.16.0/build/Module-Find-0.10/blib/lib/Module/Find.pm line 182
# 	eval {...} called at /home/cpan/pit/bare/conf/perl-5.16.0/.cpanplus/5.16.0/build/Module-Find-0.10/blib/lib/Module/Find.pm line 182
# 	require Archive/Any/Plugin.pm called at /home/cpan/pit/bare/conf/perl-5.16.0/.cpanplus/5.16.0/build/Archive-Any-0.0932/blib/lib/Archive/Any.pm line 138
# 	Archive::Any::BEGIN() called at /home/cpan/pit/bare/conf/perl-5.16.0/.cpanplus/5.16.0/build/Module-Find-0.10/blib/lib/Module/Find.pm line 182
# 	eval {...} called at /home/cpan/pit/bare/conf/perl-5.16.0/.cpanplus/5.16.0/build/Module-Find-0.10/blib/lib/Module/Find.pm line 182
# 	require Archive/Any.pm called at /home/cpan/pit/bare/conf/perl-5.16.0/.cpanplus/5.16.0/build/Module-CPANTS-Analyse-0.85/blib/lib/Module/CPANTS/Analyse.pm line 9
# 	Module::CPANTS::Analyse::BEGIN() called at /home/cpan/pit/bare/conf/perl-5.16.0/.cpanplus/5.16.0/build/Module-Find-0.10/blib/lib/Module/Find.pm line 182
# 	eval {...} called at /home/cpan/pit/bare/conf/perl-5.16.0/.cpanplus/5.16.0/build/Module-Find-0.10/blib/lib/Module/Find.pm line 182
# 	require Module/CPANTS/Analyse.pm called at (eval 5) line 2
# 	main::BEGIN() called at /home/cpan/pit/bare/conf/perl-5.16.0/.cpanplus/5.16.0/build/Module-Find-0.10/blib/lib/Module/Find.pm line 182
# 	eval {...} called at /home/cpan/pit/bare/conf/perl-5.16.0/.cpanplus/5.16.0/build/Module-Find-0.10/blib/lib/Module/Find.pm line 182
# 	eval 'package main;
# use Module::CPANTS::Analyse @{$args[0]};
# 1;
# 
# ;' called at /home/cpan/pit/bare/perl-5.16.0/lib/5.16.0/Test/More.pm line 885
# 	Test::More::_eval('package main;\x{a}use Module::CPANTS::Analyse @{$args[0]};\x{a}1;\x{a}', 'ARRAY(0x1bac210)') called at /home/cpan/pit/bare/perl-5.16.0/lib/5.16.0/Test/More.pm line 860
# 	Test::More::use_ok('Module::CPANTS::Analyse') called at t/00_load.t line 5
# 	main::BEGIN() called at /home/cpan/pit/bare/conf/perl-5.16.0/.cpanplus/5.16.0/build/Module-Find-0.10/blib/lib/Module/Find.pm line 182
# 	eval {...} called at /home/cpan/pit/bare/conf/perl-5.16.0/.cpanplus/5.16.0/build/Module-Find-0.10/blib/lib/Module/Find.pm line 182
# 
# ----------
# 	Previous test 0 ''
# 		(Maybe you should just omit the defined()?)
#  at /home/cpan/pit/bare/conf/perl-5.16.0/.cpanplus/5.16.0/build/Module-Find-0.10/blib/lib/Module/Find.pm line 182.
# 	require Module/Find.pm called at /home/cpan/pit/bare/conf/perl-5.16.0/.cpanplus/5.16.0/build/Archive-Any-0.0932/blib/lib/Archive/Any/Plugin.pm line 6
# 	Archive::Any::Plugin::BEGIN() called at /home/cpan/pit/bare/conf/perl-5.16.0/.cpanplus/5.16.0/build/Module-Find-0.10/blib/lib/Module/Find.pm line 182
# 	eval {...} called at /home/cpan/pit/bare/conf/perl-5.16.0/.cpanplus/5.16.0/build/Module-Find-0.10/blib/lib/Module/Find.pm line 182
# 	require Archive/Any/Plugin.pm called at /home/cpan/pit/bare/conf/perl-5.16.0/.cpanplus/5.16.0/build/Archive-Any-0.0932/blib/lib/Archive/Any.pm line 138
# 	Archive::Any::BEGIN() called at /home/cpan/pit/bare/conf/perl-5.16.0/.cpanplus/5.16.0/build/Module-Find-0.10/blib/lib/Module/Find.pm line 182
# 	eval {...} called at /home/cpan/pit/bare/conf/perl-5.16.0/.cpanplus/5.16.0/build/Module-Find-0.10/blib/lib/Module/Find.pm line 182
# 	require Archive/Any.pm called at /home/cpan/pit/bare/conf/perl-5.16.0/.cpanplus/5.16.0/build/Module-CPANTS-Analyse-0.85/blib/lib/Module/CPANTS/Analyse.pm line 9
# 	Module::CPANTS::Analyse::BEGIN() called at /home/cpan/pit/bare/conf/perl-5.16.0/.cpanplus/5.16.0/build/Module-Find-0.10/blib/lib/Module/Find.pm line 182
# 	eval {...} called at /home/cpan/pit/bare/conf/perl-5.16.0/.cpanplus/5.16.0/build/Module-Find-0.10/blib/lib/Module/Find.pm line 182
# 	require Module/CPANTS/Analyse.pm called at (eval 5) line 2
# 	main::BEGIN() called at /home/cpan/pit/bare/conf/perl-5.16.0/.cpanplus/5.16.0/build/Module-Find-0.10/blib/lib/Module/Find.pm line 182
# 	eval {...} called at /home/cpan/pit/bare/conf/perl-5.16.0/.cpanplus/5.16.0/build/Module-Find-0.10/blib/lib/Module/Find.pm line 182
# 	eval 'package main;
# use Module::CPANTS::Analyse @{$args[0]};
# 1;
# 
# ;' called at /home/cpan/pit/bare/perl-5.16.0/lib/5.16.0/Test/More.pm line 885
# 	Test::More::_eval('package main;\x{a}use Module::CPANTS::Analyse @{$args[0]};\x{a}1;\x{a}', 'ARRAY(0x1bac210)') called at /home/cpan/pit/bare/perl-5.16.0/lib/5.16.0/Test/More.pm line 860
# 	Test::More::use_ok('Module::CPANTS::Analyse') called at t/00_load.t line 5
# 	main::BEGIN() called at /home/cpan/pit/bare/conf/perl-5.16.0/.cpanplus/5.16.0/build/Module-Find-0.10/blib/lib/Module/Find.pm line 182
# 	eval {...} called at /home/cpan/pit/bare/conf/perl-5.16.0/.cpanplus/5.16.0/build/Module-Find-0.10/blib/lib/Module/Find.pm line 182
# 
# ----------
# 	Previous test 0 ''
# 	defined(@array) is deprecated at /home/cpan/pit/bare/conf/perl-5.16.0/.cpanplus/5.16.0/build/File-MMagic-1.27/blib/lib/File/MMagic.pm line 1122.
#  at /home/cpan/pit/bare/conf/perl-5.16.0/.cpanplus/5.16.0/build/File-MMagic-1.27/blib/lib/File/MMagic.pm line 1122.
# 	require File/MMagic.pm called at /home/cpan/pit/bare/conf/perl-5.16.0/.cpanplus/5.16.0/build/Archive-Any-0.0932/blib/lib/Archive/Any.pm line 140
# 	Archive::Any::BEGIN() called at /home/cpan/pit/bare/conf/perl-5.16.0/.cpanplus/5.16.0/build/File-MMagic-1.27/blib/lib/File/MMagic.pm line 1122
# 	eval {...} called at /home/cpan/pit/bare/conf/perl-5.16.0/.cpanplus/5.16.0/build/File-MMagic-1.27/blib/lib/File/MMagic.pm line 1122
# 	require Archive/Any.pm called at /home/cpan/pit/bare/conf/perl-5.16.0/.cpanplus/5.16.0/build/Module-CPANTS-Analyse-0.85/blib/lib/Module/CPANTS/Analyse.pm line 9
# 	Module::CPANTS::Analyse::BEGIN() called at /home/cpan/pit/bare/conf/perl-5.16.0/.cpanplus/5.16.0/build/File-MMagic-1.27/blib/lib/File/MMagic.pm line 1122
# 	eval {...} called at /home/cpan/pit/bare/conf/perl-5.16.0/.cpanplus/5.16.0/build/File-MMagic-1.27/blib/lib/File/MMagic.pm line 1122
# 	require Module/CPANTS/Analyse.pm called at (eval 5) line 2
# 	main::BEGIN() called at /home/cpan/pit/bare/conf/perl-5.16.0/.cpanplus/5.16.0/build/File-MMagic-1.27/blib/lib/File/MMagic.pm line 1122
# 	eval {...} called at /home/cpan/pit/bare/conf/perl-5.16.0/.cpanplus/5.16.0/build/File-MMagic-1.27/blib/lib/File/MMagic.pm line 1122
# 	eval 'package main;
# use Module::CPANTS::Analyse @{$args[0]};
# 1;
# 
# ;' called at /home/cpan/pit/bare/perl-5.16.0/lib/5.16.0/Test/More.pm line 885
# 	Test::More::_eval('package main;\x{a}use Module::CPANTS::Analyse @{$args[0]};\x{a}1;\x{a}', 'ARRAY(0x1bac210)') called at /home/cpan/pit/bare/perl-5.16.0/lib/5.16.0/Test/More.pm line 860
# 	Test::More::use_ok('Module::CPANTS::Analyse') called at t/00_load.t line 5
# 	main::BEGIN() called at /home/cpan/pit/bare/conf/perl-5.16.0/.cpanplus/5.16.0/build/File-MMagic-1.27/blib/lib/File/MMagic.pm line 1122
# 	eval {...} called at /home/cpan/pit/bare/conf/perl-5.16.0/.cpanplus/5.16.0/build/File-MMagic-1.27/blib/lib/File/MMagic.pm line 1122
# 
# ----------
# 	Previous test 0 ''
# 		(Maybe you should just omit the defined()?)
#  at /home/cpan/pit/bare/conf/perl-5.16.0/.cpanplus/5.16.0/build/File-MMagic-1.27/blib/lib/File/MMagic.pm line 1122.
# 	require File/MMagic.pm called at /home/cpan/pit/bare/conf/perl-5.16.0/.cpanplus/5.16.0/build/Archive-Any-0.0932/blib/lib/Archive/Any.pm line 140
# 	Archive::Any::BEGIN() called at /home/cpan/pit/bare/conf/perl-5.16.0/.cpanplus/5.16.0/build/File-MMagic-1.27/blib/lib/File/MMagic.pm line 1122
# 	eval {...} called at /home/cpan/pit/bare/conf/perl-5.16.0/.cpanplus/5.16.0/build/File-MMagic-1.27/blib/lib/File/MMagic.pm line 1122
# 	require Archive/Any.pm called at /home/cpan/pit/bare/conf/perl-5.16.0/.cpanplus/5.16.0/build/Module-CPANTS-Analyse-0.85/blib/lib/Module/CPANTS/Analyse.pm line 9
# 	Module::CPANTS::Analyse::BEGIN() called at /home/cpan/pit/bare/conf/perl-5.16.0/.cpanplus/5.16.0/build/File-MMagic-1.27/blib/lib/File/MMagic.pm line 1122
# 	eval {...} called at /home/cpan/pit/bare/conf/perl-5.16.0/.cpanplus/5.16.0/build/File-MMagic-1.27/blib/lib/File/MMagic.pm line 1122
# 	require Module/CPANTS/Analyse.pm called at (eval 5) line 2
# 	main::BEGIN() called at /home/cpan/pit/bare/conf/perl-5.16.0/.cpanplus/5.16.0/build/File-MMagic-1.27/blib/lib/File/MMagic.pm line 1122
# 	eval {...} called at /home/cpan/pit/bare/conf/perl-5.16.0/.cpanplus/5.16.0/build/File-MMagic-1.27/blib/lib/File/MMagic.pm line 1122
# 	eval 'package main;
# use Module::CPANTS::Analyse @{$args[0]};
# 1;
# 
# ;' called at /home/cpan/pit/bare/perl-5.16.0/lib/5.16.0/Test/More.pm line 885
# 	Test::More::_eval('package main;\x{a}use Module::CPANTS::Analyse @{$args[0]};\x{a}1;\x{a}', 'ARRAY(0x1bac210)') called at /home/cpan/pit/bare/perl-5.16.0/lib/5.16.0/Test/More.pm line 860
# 	Test::More::use_ok('Module::CPANTS::Analyse') called at t/00_load.t line 5
# 	main::BEGIN() called at /home/cpan/pit/bare/conf/perl-5.16.0/.cpanplus/5.16.0/build/File-MMagic-1.27/blib/lib/File/MMagic.pm line 1122
# 	eval {...} called at /home/cpan/pit/bare/conf/perl-5.16.0/.cpanplus/5.16.0/build/File-MMagic-1.27/blib/lib/File/MMagic.pm line 1122
# 
# Looks like you failed 1 test of 2.
t/00_load.t ................. 
Dubious, test returned 1 (wstat 256, 0x100)
Failed 1/2 subtests 
t/02_kwalitee.t ............. ok

#   Failed test 'no warnings'
#   at /home/cpan/pit/bare/conf/perl-5.16.0/.cpanplus/5.16.0/build/Test-NoWarnings-1.04/blib/lib/Test/NoWarnings.pm line 45.
# There were 4 warning(s)
# 	Previous test 0 ''
# 	defined(@array) is deprecated at /home/cpan/pit/bare/conf/perl-5.16.0/.cpanplus/5.16.0/build/Module-Find-0.10/blib/lib/Module/Find.pm line 182.
#  at /home/cpan/pit/bare/conf/perl-5.16.0/.cpanplus/5.16.0/build/Module-Find-0.10/blib/lib/Module/Find.pm line 182.
# 	require Module/Find.pm called at /home/cpan/pit/bare/conf/perl-5.16.0/.cpanplus/5.16.0/build/Archive-Any-0.0932/blib/lib/Archive/Any/Plugin.pm line 6
# 	Archive::Any::Plugin::BEGIN() called at /home/cpan/pit/bare/conf/perl-5.16.0/.cpanplus/5.16.0/build/Module-Find-0.10/blib/lib/Module/Find.pm line 182
# 	eval {...} called at /home/cpan/pit/bare/conf/perl-5.16.0/.cpanplus/5.16.0/build/Module-Find-0.10/blib/lib/Module/Find.pm line 182
# 	require Archive/Any/Plugin.pm called at /home/cpan/pit/bare/conf/perl-5.16.0/.cpanplus/5.16.0/build/Archive-Any-0.0932/blib/lib/Archive/Any.pm line 138
# 	Archive::Any::BEGIN() called at /home/cpan/pit/bare/conf/perl-5.16.0/.cpanplus/5.16.0/build/Module-Find-0.10/blib/lib/Module/Find.pm line 182
# 	eval {...} called at /home/cpan/pit/bare/conf/perl-5.16.0/.cpanplus/5.16.0/build/Module-Find-0.10/blib/lib/Module/Find.pm line 182
# 	require Archive/Any.pm called at /home/cpan/pit/bare/conf/perl-5.16.0/.cpanplus/5.16.0/build/Module-CPANTS-Analyse-0.85/blib/lib/Module/CPANTS/Analyse.pm line 9
# 	Module::CPANTS::Analyse::BEGIN() called at /home/cpan/pit/bare/conf/perl-5.16.0/.cpanplus/5.16.0/build/Module-Find-0.10/blib/lib/Module/Find.pm line 182
# 	eval {...} called at /home/cpan/pit/bare/conf/perl-5.16.0/.cpanplus/5.16.0/build/Module-Find-0.10/blib/lib/Module/Find.pm line 182
# 	require Module/CPANTS/Analyse.pm called at t/03_plugins.t line 5
# 	main::BEGIN() called at /home/cpan/pit/bare/conf/perl-5.16.0/.cpanplus/5.16.0/build/Module-Find-0.10/blib/lib/Module/Find.pm line 182
# 	eval {...} called at /home/cpan/pit/bare/conf/perl-5.16.0/.cpanplus/5.16.0/build/Module-Find-0.10/blib/lib/Module/Find.pm line 182
# 
# ----------
# 	Previous test 0 ''
# 		(Maybe you should just omit the defined()?)
#  at /home/cpan/pit/bare/conf/perl-5.16.0/.cpanplus/5.16.0/build/Module-Find-0.10/blib/lib/Module/Find.pm line 182.
# 	require Module/Find.pm called at /home/cpan/pit/bare/conf/perl-5.16.0/.cpanplus/5.16.0/build/Archive-Any-0.0932/blib/lib/Archive/Any/Plugin.pm line 6
# 	Archive::Any::Plugin::BEGIN() called at /home/cpan/pit/bare/conf/perl-5.16.0/.cpanplus/5.16.0/build/Module-Find-0.10/blib/lib/Module/Find.pm line 182
# 	eval {...} called at /home/cpan/pit/bare/conf/perl-5.16.0/.cpanplus/5.16.0/build/Module-Find-0.10/blib/lib/Module/Find.pm line 182
# 	require Archive/Any/Plugin.pm called at /home/cpan/pit/bare/conf/perl-5.16.0/.cpanplus/5.16.0/build/Archive-Any-0.0932/blib/lib/Archive/Any.pm line 138
# 	Archive::Any::BEGIN() called at /home/cpan/pit/bare/conf/perl-5.16.0/.cpanplus/5.16.0/build/Module-Find-0.10/blib/lib/Module/Find.pm line 182
# 	eval {...} called at /home/cpan/pit/bare/conf/perl-5.16.0/.cpanplus/5.16.0/build/Module-Find-0.10/blib/lib/Module/Find.pm line 182
# 	require Archive/Any.pm called at /home/cpan/pit/bare/conf/perl-5.16.0/.cpanplus/5.16.0/build/Module-CPANTS-Analyse-0.85/blib/lib/Module/CPANTS/Analyse.pm line 9
# 	Module::CPANTS::Analyse::BEGIN() called at /home/cpan/pit/bare/conf/perl-5.16.0/.cpanplus/5.16.0/build/Module-Find-0.10/blib/lib/Module/Find.pm line 182
# 	eval {...} called at /home/cpan/pit/bare/conf/perl-5.16.0/.cpanplus/5.16.0/build/Module-Find-0.10/blib/lib/Module/Find.pm line 182
# 	require Module/CPANTS/Analyse.pm called at t/03_plugins.t line 5
# 	main::BEGIN() called at /home/cpan/pit/bare/conf/perl-5.16.0/.cpanplus/5.16.0/build/Module-Find-0.10/blib/lib/Module/Find.pm line 182
# 	eval {...} called at /home/cpan/pit/bare/conf/perl-5.16.0/.cpanplus/5.16.0/build/Module-Find-0.10/blib/lib/Module/Find.pm line 182
# 
# ----------
# 	Previous test 0 ''
# 	defined(@array) is deprecated at /home/cpan/pit/bare/conf/perl-5.16.0/.cpanplus/5.16.0/build/File-MMagic-1.27/blib/lib/File/MMagic.pm line 1122.
#  at /home/cpan/pit/bare/conf/perl-5.16.0/.cpanplus/5.16.0/build/File-MMagic-1.27/blib/lib/File/MMagic.pm line 1122.
# 	require File/MMagic.pm called at /home/cpan/pit/bare/conf/perl-5.16.0/.cpanplus/5.16.0/build/Archive-Any-0.0932/blib/lib/Archive/Any.pm line 140
# 	Archive::Any::BEGIN() called at /home/cpan/pit/bare/conf/perl-5.16.0/.cpanplus/5.16.0/build/File-MMagic-1.27/blib/lib/File/MMagic.pm line 1122
# 	eval {...} called at /home/cpan/pit/bare/conf/perl-5.16.0/.cpanplus/5.16.0/build/File-MMagic-1.27/blib/lib/File/MMagic.pm line 1122
# 	require Archive/Any.pm called at /home/cpan/pit/bare/conf/perl-5.16.0/.cpanplus/5.16.0/build/Module-CPANTS-Analyse-0.85/blib/lib/Module/CPANTS/Analyse.pm line 9
# 	Module::CPANTS::Analyse::BEGIN() called at /home/cpan/pit/bare/conf/perl-5.16.0/.cpanplus/5.16.0/build/File-MMagic-1.27/blib/lib/File/MMagic.pm line 1122
# 	eval {...} called at /home/cpan/pit/bare/conf/perl-5.16.0/.cpanplus/5.16.0/build/File-MMagic-1.27/blib/lib/File/MMagic.pm line 1122
# 	require Module/CPANTS/Analyse.pm called at t/03_plugins.t line 5
# 	main::BEGIN() called at /home/cpan/pit/bare/conf/perl-5.16.0/.cpanplus/5.16.0/build/File-MMagic-1.27/blib/lib/File/MMagic.pm line 1122
# 	eval {...} called at /home/cpan/pit/bare/conf/perl-5.16.0/.cpanplus/5.16.0/build/File-MMagic-1.27/blib/lib/File/MMagic.pm line 1122
# 
# ----------
# 	Previous test 0 ''
# 		(Maybe you should just omit the defined()?)
#  at /home/cpan/pit/bare/conf/perl-5.16.0/.cpanplus/5.16.0/build/File-MMagic-1.27/blib/lib/File/MMagic.pm line 1122.
# 	require File/MMagic.pm called at /home/cpan/pit/bare/conf/perl-5.16.0/.cpanplus/5.16.0/build/Archive-Any-0.0932/blib/lib/Archive/Any.pm line 140
# 	Archive::Any::BEGIN() called at /home/cpan/pit/bare/conf/perl-5.16.0/.cpanplus/5.16.0/build/File-MMagic-1.27/blib/lib/File/MMagic.pm line 1122
# 	eval {...} called at /home/cpan/pit/bare/conf/perl-5.16.0/.cpanplus/5.16.0/build/File-MMagic-1.27/blib/lib/File/MMagic.pm line 1122
# 	require Archive/Any.pm called at /home/cpan/pit/bare/conf/perl-5.16.0/.cpanplus/5.16.0/build/Module-CPANTS-Analyse-0.85/blib/lib/Module/CPANTS/Analyse.pm line 9
# 	Module::CPANTS::Analyse::BEGIN() called at /home/cpan/pit/bare/conf/perl-5.16.0/.cpanplus/5.16.0/build/File-MMagic-1.27/blib/lib/File/MMagic.pm line 1122
# 	eval {...} called at /home/cpan/pit/bare/conf/perl-5.16.0/.cpanplus/5.16.0/build/File-MMagic-1.27/blib/lib/File/MMagic.pm line 1122
# 	require Module/CPANTS/Analyse.pm called at t/03_plugins.t line 5
# 	main::BEGIN() called at /home/cpan/pit/bare/conf/perl-5.16.0/.cpanplus/5.16.0/build/File-MMagic-1.27/blib/lib/File/MMagic.pm line 1122
# 	eval {...} called at /home/cpan/pit/bare/conf/perl-5.16.0/.cpanplus/5.16.0/build/File-MMagic-1.27/blib/lib/File/MMagic.pm line 1122
# 
# Looks like you failed 1 test of 9.
t/03_plugins.t .............. 
Dubious, test returned 1 (wstat 256, 0x100)
Failed 1/9 subtests 

#   Failed test 'no warnings'
#   at /home/cpan/pit/bare/conf/perl-5.16.0/.cpanplus/5.16.0/build/Test-NoWarnings-1.04/blib/lib/Test/NoWarnings.pm line 45.
# There were 4 warning(s)
# 	Previous test 0 ''
# 	defined(@array) is deprecated at /home/cpan/pit/bare/conf/perl-5.16.0/.cpanplus/5.16.0/build/Module-Find-0.10/blib/lib/Module/Find.pm line 182.
#  at /home/cpan/pit/bare/conf/perl-5.16.0/.cpanplus/5.16.0/build/Module-Find-0.10/blib/lib/Module/Find.pm line 182.
# 	require Module/Find.pm called at /home/cpan/pit/bare/conf/perl-5.16.0/.cpanplus/5.16.0/build/Archive-Any-0.0932/blib/lib/Archive/Any/Plugin.pm line 6
# 	Archive::Any::Plugin::BEGIN() called at /home/cpan/pit/bare/conf/perl-5.16.0/.cpanplus/5.16.0/build/Module-Find-0.10/blib/lib/Module/Find.pm line 182
# 	eval {...} called at /home/cpan/pit/bare/conf/perl-5.16.0/.cpanplus/5.16.0/build/Module-Find-0.10/blib/lib/Module/Find.pm line 182
# 	require Archive/Any/Plugin.pm called at /home/cpan/pit/bare/conf/perl-5.16.0/.cpanplus/5.16.0/build/Archive-Any-0.0932/blib/lib/Archive/Any.pm line 138
# 	Archive::Any::BEGIN() called at /home/cpan/pit/bare/conf/perl-5.16.0/.cpanplus/5.16.0/build/Module-Find-0.10/blib/lib/Module/Find.pm line 182
# 	eval {...} called at /home/cpan/pit/bare/conf/perl-5.16.0/.cpanplus/5.16.0/build/Module-Find-0.10/blib/lib/Module/Find.pm line 182
# 	require Archive/Any.pm called at /home/cpan/pit/bare/conf/perl-5.16.0/.cpanplus/5.16.0/build/Module-CPANTS-Analyse-0.85/blib/lib/Module/CPANTS/Analyse.pm line 9
# 	Module::CPANTS::Analyse::BEGIN() called at /home/cpan/pit/bare/conf/perl-5.16.0/.cpanplus/5.16.0/build/Module-Find-0.10/blib/lib/Module/Find.pm line 182
# 	eval {...} called at /home/cpan/pit/bare/conf/perl-5.16.0/.cpanplus/5.16.0/build/Module-Find-0.10/blib/lib/Module/Find.pm line 182
# 	require Module/CPANTS/Analyse.pm called at t/05_testdir.t line 4
# 	main::BEGIN() called at /home/cpan/pit/bare/conf/perl-5.16.0/.cpanplus/5.16.0/build/Module-Find-0.10/blib/lib/Module/Find.pm line 182
# 	eval {...} called at /home/cpan/pit/bare/conf/perl-5.16.0/.cpanplus/5.16.0/build/Module-Find-0.10/blib/lib/Module/Find.pm line 182
# 
# ----------
# 	Previous test 0 ''
# 		(Maybe you should just omit the defined()?)
#  at /home/cpan/pit/bare/conf/perl-5.16.0/.cpanplus/5.16.0/build/Module-Find-0.10/blib/lib/Module/Find.pm line 182.
# 	require Module/Find.pm called at /home/cpan/pit/bare/conf/perl-5.16.0/.cpanplus/5.16.0/build/Archive-Any-0.0932/blib/lib/Archive/Any/Plugin.pm line 6
# 	Archive::Any::Plugin::BEGIN() called at /home/cpan/pit/bare/conf/perl-5.16.0/.cpanplus/5.16.0/build/Module-Find-0.10/blib/lib/Module/Find.pm line 182
# 	eval {...} called at /home/cpan/pit/bare/conf/perl-5.16.0/.cpanplus/5.16.0/build/Module-Find-0.10/blib/lib/Module/Find.pm line 182
# 	require Archive/Any/Plugin.pm called at /home/cpan/pit/bare/conf/perl-5.16.0/.cpanplus/5.16.0/build/Archive-Any-0.0932/blib/lib/Archive/Any.pm line 138
# 	Archive::Any::BEGIN() called at /home/cpan/pit/bare/conf/perl-5.16.0/.cpanplus/5.16.0/build/Module-Find-0.10/blib/lib/Module/Find.pm line 182
# 	eval {...} called at /home/cpan/pit/bare/conf/perl-5.16.0/.cpanplus/5.16.0/build/Module-Find-0.10/blib/lib/Module/Find.pm line 182
# 	require Archive/Any.pm called at /home/cpan/pit/bare/conf/perl-5.16.0/.cpanplus/5.16.0/build/Module-CPANTS-Analyse-0.85/blib/lib/Module/CPANTS/Analyse.pm line 9
# 	Module::CPANTS::Analyse::BEGIN() called at /home/cpan/pit/bare/conf/perl-5.16.0/.cpanplus/5.16.0/build/Module-Find-0.10/blib/lib/Module/Find.pm line 182
# 	eval {...} called at /home/cpan/pit/bare/conf/perl-5.16.0/.cpanplus/5.16.0/build/Module-Find-0.10/blib/lib/Module/Find.pm line 182
# 	require Module/CPANTS/Analyse.pm called at t/05_testdir.t line 4
# 	main::BEGIN() called at /home/cpan/pit/bare/conf/perl-5.16.0/.cpanplus/5.16.0/build/Module-Find-0.10/blib/lib/Module/Find.pm line 182
# 	eval {...} called at /home/cpan/pit/bare/conf/perl-5.16.0/.cpanplus/5.16.0/build/Module-Find-0.10/blib/lib/Module/Find.pm line 182
# 
# ----------
# 	Previous test 0 ''
# 	defined(@array) is deprecated at /home/cpan/pit/bare/conf/perl-5.16.0/.cpanplus/5.16.0/build/File-MMagic-1.27/blib/lib/File/MMagic.pm line 1122.
#  at /home/cpan/pit/bare/conf/perl-5.16.0/.cpanplus/5.16.0/build/File-MMagic-1.27/blib/lib/File/MMagic.pm line 1122.
# 	require File/MMagic.pm called at /home/cpan/pit/bare/conf/perl-5.16.0/.cpanplus/5.16.0/build/Archive-Any-0.0932/blib/lib/Archive/Any.pm line 140
# 	Archive::Any::BEGIN() called at /home/cpan/pit/bare/conf/perl-5.16.0/.cpanplus/5.16.0/build/File-MMagic-1.27/blib/lib/File/MMagic.pm line 1122
# 	eval {...} called at /home/cpan/pit/bare/conf/perl-5.16.0/.cpanplus/5.16.0/build/File-MMagic-1.27/blib/lib/File/MMagic.pm line 1122
# 	require Archive/Any.pm called at /home/cpan/pit/bare/conf/perl-5.16.0/.cpanplus/5.16.0/build/Module-CPANTS-Analyse-0.85/blib/lib/Module/CPANTS/Analyse.pm line 9
# 	Module::CPANTS::Analyse::BEGIN() called at /home/cpan/pit/bare/conf/perl-5.16.0/.cpanplus/5.16.0/build/File-MMagic-1.27/blib/lib/File/MMagic.pm line 1122
# 	eval {...} called at /home/cpan/pit/bare/conf/perl-5.16.0/.cpanplus/5.16.0/build/File-MMagic-1.27/blib/lib/File/MMagic.pm line 1122
# 	require Module/CPANTS/Analyse.pm called at t/05_testdir.t line 4
# 	main::BEGIN() called at /home/cpan/pit/bare/conf/perl-5.16.0/.cpanplus/5.16.0/build/File-MMagic-1.27/blib/lib/File/MMagic.pm line 1122
# 	eval {...} called at /home/cpan/pit/bare/conf/perl-5.16.0/.cpanplus/5.16.0/build/File-MMagic-1.27/blib/lib/File/MMagic.pm line 1122
# 
# ----------
# 	Previous test 0 ''
# 		(Maybe you should just omit the defined()?)
#  at /home/cpan/pit/bare/conf/perl-5.16.0/.cpanplus/5.16.0/build/File-MMagic-1.27/blib/lib/File/MMagic.pm line 1122.
# 	require File/MMagic.pm called at /home/cpan/pit/bare/conf/perl-5.16.0/.cpanplus/5.16.0/build/Archive-Any-0.0932/blib/lib/Archive/Any.pm line 140
# 	Archive::Any::BEGIN() called at /home/cpan/pit/bare/conf/perl-5.16.0/.cpanplus/5.16.0/build/File-MMagic-1.27/blib/lib/File/MMagic.pm line 1122
# 	eval {...} called at /home/cpan/pit/bare/conf/perl-5.16.0/.cpanplus/5.16.0/build/File-MMagic-1.27/blib/lib/File/MMagic.pm line 1122
# 	require Archive/Any.pm called at /home/cpan/pit/bare/conf/perl-5.16.0/.cpanplus/5.16.0/build/Module-CPANTS-Analyse-0.85/blib/lib/Module/CPANTS/Analyse.pm line 9
# 	Module::CPANTS::Analyse::BEGIN() called at /home/cpan/pit/bare/conf/perl-5.16.0/.cpanplus/5.16.0/build/File-MMagic-1.27/blib/lib/File/MMagic.pm line 1122
# 	eval {...} called at /home/cpan/pit/bare/conf/perl-5.16.0/.cpanplus/5.16.0/build/File-MMagic-1.27/blib/lib/File/MMagic.pm line 1122
# 	require Module/CPANTS/Analyse.pm called at t/05_testdir.t line 4
# 	main::BEGIN() called at /home/cpan/pit/bare/conf/perl-5.16.0/.cpanplus/5.16.0/build/File-MMagic-1.27/blib/lib/File/MMagic.pm line 1122
# 	eval {...} called at /home/cpan/pit/bare/conf/perl-5.16.0/.cpanplus/5.16.0/build/File-MMagic-1.27/blib/lib/File/MMagic.pm line 1122
# 
# Looks like you failed 1 test of 3.
t/05_testdir.t .............. 
Dubious, test returned 1 (wstat 256, 0x100)
Failed 1/3 subtests 

#   Failed test 'no warnings'
#   at /home/cpan/pit/bare/conf/perl-5.16.0/.cpanplus/5.16.0/build/Test-NoWarnings-1.04/blib/lib/Test/NoWarnings.pm line 45.
# There were 4 warning(s)
# 	Previous test 0 ''
# 	defined(@array) is deprecated at /home/cpan/pit/bare/conf/perl-5.16.0/.cpanplus/5.16.0/build/Module-Find-0.10/blib/lib/Module/Find.pm line 182.
#  at /home/cpan/pit/bare/conf/perl-5.16.0/.cpanplus/5.16.0/build/Module-Find-0.10/blib/lib/Module/Find.pm line 182.
# 	require Module/Find.pm called at /home/cpan/pit/bare/conf/perl-5.16.0/.cpanplus/5.16.0/build/Archive-Any-0.0932/blib/lib/Archive/Any/Plugin.pm line 6
# 	Archive::Any::Plugin::BEGIN() called at /home/cpan/pit/bare/conf/perl-5.16.0/.cpanplus/5.16.0/build/Module-Find-0.10/blib/lib/Module/Find.pm line 182
# 	eval {...} called at /home/cpan/pit/bare/conf/perl-5.16.0/.cpanplus/5.16.0/build/Module-Find-0.10/blib/lib/Module/Find.pm line 182
# 	require Archive/Any/Plugin.pm called at /home/cpan/pit/bare/conf/perl-5.16.0/.cpanplus/5.16.0/build/Archive-Any-0.0932/blib/lib/Archive/Any.pm line 138
# 	Archive::Any::BEGIN() called at /home/cpan/pit/bare/conf/perl-5.16.0/.cpanplus/5.16.0/build/Module-Find-0.10/blib/lib/Module/Find.pm line 182
# 	eval {...} called at /home/cpan/pit/bare/conf/perl-5.16.0/.cpanplus/5.16.0/build/Module-Find-0.10/blib/lib/Module/Find.pm line 182
# 	require Archive/Any.pm called at /home/cpan/pit/bare/conf/perl-5.16.0/.cpanplus/5.16.0/build/Module-CPANTS-Analyse-0.85/blib/lib/Module/CPANTS/Analyse.pm line 9
# 	Module::CPANTS::Analyse::BEGIN() called at /home/cpan/pit/bare/conf/perl-5.16.0/.cpanplus/5.16.0/build/Module-Find-0.10/blib/lib/Module/Find.pm line 182
# 	eval {...} called at /home/cpan/pit/bare/conf/perl-5.16.0/.cpanplus/5.16.0/build/Module-Find-0.10/blib/lib/Module/Find.pm line 182
# 	require Module/CPANTS/Analyse.pm called at t/05_testfile.t line 7
# 	main::BEGIN() called at /home/cpan/pit/bare/conf/perl-5.16.0/.cpanplus/5.16.0/build/Module-Find-0.10/blib/lib/Module/Find.pm line 182
# 	eval {...} called at /home/cpan/pit/bare/conf/perl-5.16.0/.cpanplus/5.16.0/build/Module-Find-0.10/blib/lib/Module/Find.pm line 182
# 
# ----------
# 	Previous test 0 ''
# 		(Maybe you should just omit the defined()?)
#  at /home/cpan/pit/bare/conf/perl-5.16.0/.cpanplus/5.16.0/build/Module-Find-0.10/blib/lib/Module/Find.pm line 182.
# 	require Module/Find.pm called at /home/cpan/pit/bare/conf/perl-5.16.0/.cpanplus/5.16.0/build/Archive-Any-0.0932/blib/lib/Archive/Any/Plugin.pm line 6
# 	Archive::Any::Plugin::BEGIN() called at /home/cpan/pit/bare/conf/perl-5.16.0/.cpanplus/5.16.0/build/Module-Find-0.10/blib/lib/Module/Find.pm line 182
# 	eval {...} called at /home/cpan/pit/bare/conf/perl-5.16.0/.cpanplus/5.16.0/build/Module-Find-0.10/blib/lib/Module/Find.pm line 182
# 	require Archive/Any/Plugin.pm called at /home/cpan/pit/bare/conf/perl-5.16.0/.cpanplus/5.16.0/build/Archive-Any-0.0932/blib/lib/Archive/Any.pm line 138
# 	Archive::Any::BEGIN() called at /home/cpan/pit/bare/conf/perl-5.16.0/.cpanplus/5.16.0/build/Module-Find-0.10/blib/lib/Module/Find.pm line 182
# 	eval {...} called at /home/cpan/pit/bare/conf/perl-5.16.0/.cpanplus/5.16.0/build/Module-Find-0.10/blib/lib/Module/Find.pm line 182
# 	require Archive/Any.pm called at /home/cpan/pit/bare/conf/perl-5.16.0/.cpanplus/5.16.0/build/Module-CPANTS-Analyse-0.85/blib/lib/Module/CPANTS/Analyse.pm line 9
# 	Module::CPANTS::Analyse::BEGIN() called at /home/cpan/pit/bare/conf/perl-5.16.0/.cpanplus/5.16.0/build/Module-Find-0.10/blib/lib/Module/Find.pm line 182
# 	eval {...} called at /home/cpan/pit/bare/conf/perl-5.16.0/.cpanplus/5.16.0/build/Module-Find-0.10/blib/lib/Module/Find.pm line 182
# 	require Module/CPANTS/Analyse.pm called at t/05_testfile.t line 7
# 	main::BEGIN() called at /home/cpan/pit/bare/conf/perl-5.16.0/.cpanplus/5.16.0/build/Module-Find-0.10/blib/lib/Module/Find.pm line 182
# 	eval {...} called at /home/cpan/pit/bare/conf/perl-5.16.0/.cpanplus/5.16.0/build/Module-Find-0.10/blib/lib/Module/Find.pm line 182
# 
# ----------
# 	Previous test 0 ''
# 	defined(@array) is deprecated at /home/cpan/pit/bare/conf/perl-5.16.0/.cpanplus/5.16.0/build/File-MMagic-1.27/blib/lib/File/MMagic.pm line 1122.
#  at /home/cpan/pit/bare/conf/perl-5.16.0/.cpanplus/5.16.0/build/File-MMagic-1.27/blib/lib/File/MMagic.pm line 1122.
# 	require File/MMagic.pm called at /home/cpan/pit/bare/conf/perl-5.16.0/.cpanplus/5.16.0/build/Archive-Any-0.0932/blib/lib/Archive/Any.pm line 140
# 	Archive::Any::BEGIN() called at /home/cpan/pit/bare/conf/perl-5.16.0/.cpanplus/5.16.0/build/File-MMagic-1.27/blib/lib/File/MMagic.pm line 1122
# 	eval {...} called at /home/cpan/pit/bare/conf/perl-5.16.0/.cpanplus/5.16.0/build/File-MMagic-1.27/blib/lib/File/MMagic.pm line 1122
# 	require Archive/Any.pm called at /home/cpan/pit/bare/conf/perl-5.16.0/.cpanplus/5.16.0/build/Module-CPANTS-Analyse-0.85/blib/lib/Module/CPANTS/Analyse.pm line 9
# 	Module::CPANTS::Analyse::BEGIN() called at /home/cpan/pit/bare/conf/perl-5.16.0/.cpanplus/5.16.0/build/File-MMagic-1.27/blib/lib/File/MMagic.pm line 1122
# 	eval {...} called at /home/cpan/pit/bare/conf/perl-5.16.0/.cpanplus/5.16.0/build/File-MMagic-1.27/blib/lib/File/MMagic.pm line 1122
# 	require Module/CPANTS/Analyse.pm called at t/05_testfile.t line 7
# 	main::BEGIN() called at /home/cpan/pit/bare/conf/perl-5.16.0/.cpanplus/5.16.0/build/File-MMagic-1.27/blib/lib/File/MMagic.pm line 1122
# 	eval {...} called at /home/cpan/pit/bare/conf/perl-5.16.0/.cpanplus/5.16.0/build/File-MMagic-1.27/blib/lib/File/MMagic.pm line 1122
# 
# ----------
# 	Previous test 0 ''
# 		(Maybe you should just omit the defined()?)
#  at /home/cpan/pit/bare/conf/perl-5.16.0/.cpanplus/5.16.0/build/File-MMagic-1.27/blib/lib/File/MMagic.pm line 1122.
# 	require File/MMagic.pm called at /home/cpan/pit/bare/conf/perl-5.16.0/.cpanplus/5.16.0/build/Archive-Any-0.0932/blib/lib/Archive/Any.pm line 140
# 	Archive::Any::BEGIN() called at /home/cpan/pit/bare/conf/perl-5.16.0/.cpanplus/5.16.0/build/File-MMagic-1.27/blib/lib/File/MMagic.pm line 1122
# 	eval {...} called at /home/cpan/pit/bare/conf/perl-5.16.0/.cpanplus/5.16.0/build/File-MMagic-1.27/blib/lib/File/MMagic.pm line 1122
# 	require Archive/Any.pm called at /home/cpan/pit/bare/conf/perl-5.16.0/.cpanplus/5.16.0/build/Module-CPANTS-Analyse-0.85/blib/lib/Module/CPANTS/Analyse.pm line 9
# 	Module::CPANTS::Analyse::BEGIN() called at /home/cpan/pit/bare/conf/perl-5.16.0/.cpanplus/5.16.0/build/File-MMagic-1.27/blib/lib/File/MMagic.pm line 1122
# 	eval {...} called at /home/cpan/pit/bare/conf/perl-5.16.0/.cpanplus/5.16.0/build/File-MMagic-1.27/blib/lib/File/MMagic.pm line 1122
# 	require Module/CPANTS/Analyse.pm called at t/05_testfile.t line 7
# 	main::BEGIN() called at /home/cpan/pit/bare/conf/perl-5.16.0/.cpanplus/5.16.0/build/File-MMagic-1.27/blib/lib/File/MMagic.pm line 1122
# 	eval {...} called at /home/cpan/pit/bare/conf/perl-5.16.0/.cpanplus/5.16.0/build/File-MMagic-1.27/blib/lib/File/MMagic.pm line 1122
# 
# Looks like you failed 1 test of 4.
t/05_testfile.t ............. 
Dubious, test returned 1 (wstat 256, 0x100)
Failed 1/4 subtests 

#   Failed test 'no warnings'
#   at /home/cpan/pit/bare/conf/perl-5.16.0/.cpanplus/5.16.0/build/Test-NoWarnings-1.04/blib/lib/Test/NoWarnings.pm line 45.
# There were 4 warning(s)
# 	Previous test 0 ''
# 	defined(@array) is deprecated at /home/cpan/pit/bare/conf/perl-5.16.0/.cpanplus/5.16.0/build/Module-Find-0.10/blib/lib/Module/Find.pm line 182.
#  at /home/cpan/pit/bare/conf/perl-5.16.0/.cpanplus/5.16.0/build/Module-Find-0.10/blib/lib/Module/Find.pm line 182.
# 	require Module/Find.pm called at /home/cpan/pit/bare/conf/perl-5.16.0/.cpanplus/5.16.0/build/Archive-Any-0.0932/blib/lib/Archive/Any/Plugin.pm line 6
# 	Archive::Any::Plugin::BEGIN() called at /home/cpan/pit/bare/conf/perl-5.16.0/.cpanplus/5.16.0/build/Module-Find-0.10/blib/lib/Module/Find.pm line 182
# 	eval {...} called at /home/cpan/pit/bare/conf/perl-5.16.0/.cpanplus/5.16.0/build/Module-Find-0.10/blib/lib/Module/Find.pm line 182
# 	require Archive/Any/Plugin.pm called at /home/cpan/pit/bare/conf/perl-5.16.0/.cpanplus/5.16.0/build/Archive-Any-0.0932/blib/lib/Archive/Any.pm line 138
# 	Archive::Any::BEGIN() called at /home/cpan/pit/bare/conf/perl-5.16.0/.cpanplus/5.16.0/build/Module-Find-0.10/blib/lib/Module/Find.pm line 182
# 	eval {...} called at /home/cpan/pit/bare/conf/perl-5.16.0/.cpanplus/5.16.0/build/Module-Find-0.10/blib/lib/Module/Find.pm line 182
# 	require Archive/Any.pm called at /home/cpan/pit/bare/conf/perl-5.16.0/.cpanplus/5.16.0/build/Module-CPANTS-Analyse-0.85/blib/lib/Module/CPANTS/Analyse.pm line 9
# 	Module::CPANTS::Analyse::BEGIN() called at /home/cpan/pit/bare/conf/perl-5.16.0/.cpanplus/5.16.0/build/Module-Find-0.10/blib/lib/Module/Find.pm line 182
# 	eval {...} called at /home/cpan/pit/bare/conf/perl-5.16.0/.cpanplus/5.16.0/build/Module-Find-0.10/blib/lib/Module/Find.pm line 182
# 	require Module/CPANTS/Analyse.pm called at t/10_analyse.t line 5
# 	main::BEGIN() called at /home/cpan/pit/bare/conf/perl-5.16.0/.cpanplus/5.16.0/build/Module-Find-0.10/blib/lib/Module/Find.pm line 182
# 	eval {...} called at /home/cpan/pit/bare/conf/perl-5.16.0/.cpanplus/5.16.0/build/Module-Find-0.10/blib/lib/Module/Find.pm line 182
# 
# ----------
# 	Previous test 0 ''
# 		(Maybe you should just omit the defined()?)
#  at /home/cpan/pit/bare/conf/perl-5.16.0/.cpanplus/5.16.0/build/Module-Find-0.10/blib/lib/Module/Find.pm line 182.
# 	require Module/Find.pm called at /home/cpan/pit/bare/conf/perl-5.16.0/.cpanplus/5.16.0/build/Archive-Any-0.0932/blib/lib/Archive/Any/Plugin.pm line 6
# 	Archive::Any::Plugin::BEGIN() called at /home/cpan/pit/bare/conf/perl-5.16.0/.cpanplus/5.16.0/build/Module-Find-0.10/blib/lib/Module/Find.pm line 182
# 	eval {...} called at /home/cpan/pit/bare/conf/perl-5.16.0/.cpanplus/5.16.0/build/Module-Find-0.10/blib/lib/Module/Find.pm line 182
# 	require Archive/Any/Plugin.pm called at /home/cpan/pit/bare/conf/perl-5.16.0/.cpanplus/5.16.0/build/Archive-Any-0.0932/blib/lib/Archive/Any.pm line 138
# 	Archive::Any::BEGIN() called at /home/cpan/pit/bare/conf/perl-5.16.0/.cpanplus/5.16.0/build/Module-Find-0.10/blib/lib/Module/Find.pm line 182
# 	eval {...} called at /home/cpan/pit/bare/conf/perl-5.16.0/.cpanplus/5.16.0/build/Module-Find-0.10/blib/lib/Module/Find.pm line 182
# 	require Archive/Any.pm called at /home/cpan/pit/bare/conf/perl-5.16.0/.cpanplus/5.16.0/build/Module-CPANTS-Analyse-0.85/blib/lib/Module/CPANTS/Analyse.pm line 9
# 	Module::CPANTS::Analyse::BEGIN() called at /home/cpan/pit/bare/conf/perl-5.16.0/.cpanplus/5.16.0/build/Module-Find-0.10/blib/lib/Module/Find.pm line 182
# 	eval {...} called at /home/cpan/pit/bare/conf/perl-5.16.0/.cpanplus/5.16.0/build/Module-Find-0.10/blib/lib/Module/Find.pm line 182
# 	require Module/CPANTS/Analyse.pm called at t/10_analyse.t line 5
# 	main::BEGIN() called at /home/cpan/pit/bare/conf/perl-5.16.0/.cpanplus/5.16.0/build/Module-Find-0.10/blib/lib/Module/Find.pm line 182
# 	eval {...} called at /home/cpan/pit/bare/conf/perl-5.16.0/.cpanplus/5.16.0/build/Module-Find-0.10/blib/lib/Module/Find.pm line 182
# 
# ----------
# 	Previous test 0 ''
# 	defined(@array) is deprecated at /home/cpan/pit/bare/conf/perl-5.16.0/.cpanplus/5.16.0/build/File-MMagic-1.27/blib/lib/File/MMagic.pm line 1122.
#  at /home/cpan/pit/bare/conf/perl-5.16.0/.cpanplus/5.16.0/build/File-MMagic-1.27/blib/lib/File/MMagic.pm line 1122.
# 	require File/MMagic.pm called at /home/cpan/pit/bare/conf/perl-5.16.0/.cpanplus/5.16.0/build/Archive-Any-0.0932/blib/lib/Archive/Any.pm line 140
# 	Archive::Any::BEGIN() called at /home/cpan/pit/bare/conf/perl-5.16.0/.cpanplus/5.16.0/build/File-MMagic-1.27/blib/lib/File/MMagic.pm line 1122
# 	eval {...} called at /home/cpan/pit/bare/conf/perl-5.16.0/.cpanplus/5.16.0/build/File-MMagic-1.27/blib/lib/File/MMagic.pm line 1122
# 	require Archive/Any.pm called at /home/cpan/pit/bare/conf/perl-5.16.0/.cpanplus/5.16.0/build/Module-CPANTS-Analyse-0.85/blib/lib/Module/CPANTS/Analyse.pm line 9
# 	Module::CPANTS::Analyse::BEGIN() called at /home/cpan/pit/bare/conf/perl-5.16.0/.cpanplus/5.16.0/build/File-MMagic-1.27/blib/lib/File/MMagic.pm line 1122
# 	eval {...} called at /home/cpan/pit/bare/conf/perl-5.16.0/.cpanplus/5.16.0/build/File-MMagic-1.27/blib/lib/File/MMagic.pm line 1122
# 	require Module/CPANTS/Analyse.pm called at t/10_analyse.t line 5
# 	main::BEGIN() called at /home/cpan/pit/bare/conf/perl-5.16.0/.cpanplus/5.16.0/build/File-MMagic-1.27/blib/lib/File/MMagic.pm line 1122
# 	eval {...} called at /home/cpan/pit/bare/conf/perl-5.16.0/.cpanplus/5.16.0/build/File-MMagic-1.27/blib/lib/File/MMagic.pm line 1122
# 
# ----------
# 	Previous test 0 ''
# 		(Maybe you should just omit the defined()?)
#  at /home/cpan/pit/bare/conf/perl-5.16.0/.cpanplus/5.16.0/build/File-MMagic-1.27/blib/lib/File/MMagic.pm line 1122.
# 	require File/MMagic.pm called at /home/cpan/pit/bare/conf/perl-5.16.0/.cpanplus/5.16.0/build/Archive-Any-0.0932/blib/lib/Archive/Any.pm line 140
# 	Archive::Any::BEGIN() called at /home/cpan/pit/bare/conf/perl-5.16.0/.cpanplus/5.16.0/build/File-MMagic-1.27/blib/lib/File/MMagic.pm line 1122
# 	eval {...} called at /home/cpan/pit/bare/conf/perl-5.16.0/.cpanplus/5.16.0/build/File-MMagic-1.27/blib/lib/File/MMagic.pm line 1122
# 	require Archive/Any.pm called at /home/cpan/pit/bare/conf/perl-5.16.0/.cpanplus/5.16.0/build/Module-CPANTS-Analyse-0.85/blib/lib/Module/CPANTS/Analyse.pm line 9
# 	Module::CPANTS::Analyse::BEGIN() called at /home/cpan/pit/bare/conf/perl-5.16.0/.cpanplus/5.16.0/build/File-MMagic-1.27/blib/lib/File/MMagic.pm line 1122
# 	eval {...} called at /home/cpan/pit/bare/conf/perl-5.16.0/.cpanplus/5.16.0/build/File-MMagic-1.27/blib/lib/File/MMagic.pm line 1122
# 	require Module/CPANTS/Analyse.pm called at t/10_analyse.t line 5
# 	main::BEGIN() called at /home/cpan/pit/bare/conf/perl-5.16.0/.cpanplus/5.16.0/build/File-MMagic-1.27/blib/lib/File/MMagic.pm line 1122
# 	eval {...} called at /home/cpan/pit/bare/conf/perl-5.16.0/.cpanplus/5.16.0/build/File-MMagic-1.27/blib/lib/File/MMagic.pm line 1122
# 
# Looks like you failed 1 test of 22.
t/10_analyse.t .............. 
Dubious, test returned 1 (wstat 256, 0x100)
Failed 1/22 subtests 

#   Failed test 'no warnings'
#   at /home/cpan/pit/bare/conf/perl-5.16.0/.cpanplus/5.16.0/build/Test-NoWarnings-1.04/blib/lib/Test/NoWarnings.pm line 45.
# There were 4 warning(s)
# 	Previous test 0 ''
# 	defined(@array) is deprecated at /home/cpan/pit/bare/conf/perl-5.16.0/.cpanplus/5.16.0/build/Module-Find-0.10/blib/lib/Module/Find.pm line 182.
#  at /home/cpan/pit/bare/conf/perl-5.16.0/.cpanplus/5.16.0/build/Module-Find-0.10/blib/lib/Module/Find.pm line 182.
# 	require Module/Find.pm called at /home/cpan/pit/bare/conf/perl-5.16.0/.cpanplus/5.16.0/build/Archive-Any-0.0932/blib/lib/Archive/Any/Plugin.pm line 6
# 	Archive::Any::Plugin::BEGIN() called at /home/cpan/pit/bare/conf/perl-5.16.0/.cpanplus/5.16.0/build/Module-Find-0.10/blib/lib/Module/Find.pm line 182
# 	eval {...} called at /home/cpan/pit/bare/conf/perl-5.16.0/.cpanplus/5.16.0/build/Module-Find-0.10/blib/lib/Module/Find.pm line 182
# 	require Archive/Any/Plugin.pm called at /home/cpan/pit/bare/conf/perl-5.16.0/.cpanplus/5.16.0/build/Archive-Any-0.0932/blib/lib/Archive/Any.pm line 138
# 	Archive::Any::BEGIN() called at /home/cpan/pit/bare/conf/perl-5.16.0/.cpanplus/5.16.0/build/Module-Find-0.10/blib/lib/Module/Find.pm line 182
# 	eval {...} called at /home/cpan/pit/bare/conf/perl-5.16.0/.cpanplus/5.16.0/build/Module-Find-0.10/blib/lib/Module/Find.pm line 182
# 	require Archive/Any.pm called at /home/cpan/pit/bare/conf/perl-5.16.0/.cpanplus/5.16.0/build/Module-CPANTS-Analyse-0.85/blib/lib/Module/CPANTS/Analyse.pm line 9
# 	Module::CPANTS::Analyse::BEGIN() called at /home/cpan/pit/bare/conf/perl-5.16.0/.cpanplus/5.16.0/build/Module-Find-0.10/blib/lib/Module/Find.pm line 182
# 	eval {...} called at /home/cpan/pit/bare/conf/perl-5.16.0/.cpanplus/5.16.0/build/Module-Find-0.10/blib/lib/Module/Find.pm line 182
# 	require Module/CPANTS/Analyse.pm called at t/analyse_afs.t line 7
# 	main::BEGIN() called at /home/cpan/pit/bare/conf/perl-5.16.0/.cpanplus/5.16.0/build/Module-Find-0.10/blib/lib/Module/Find.pm line 182
# 	eval {...} called at /home/cpan/pit/bare/conf/perl-5.16.0/.cpanplus/5.16.0/build/Module-Find-0.10/blib/lib/Module/Find.pm line 182
# 
# ----------
# 	Previous test 0 ''
# 		(Maybe you should just omit the defined()?)
#  at /home/cpan/pit/bare/conf/perl-5.16.0/.cpanplus/5.16.0/build/Module-Find-0.10/blib/lib/Module/Find.pm line 182.
# 	require Module/Find.pm called at /home/cpan/pit/bare/conf/perl-5.16.0/.cpanplus/5.16.0/build/Archive-Any-0.0932/blib/lib/Archive/Any/Plugin.pm line 6
# 	Archive::Any::Plugin::BEGIN() called at /home/cpan/pit/bare/conf/perl-5.16.0/.cpanplus/5.16.0/build/Module-Find-0.10/blib/lib/Module/Find.pm line 182
# 	eval {...} called at /home/cpan/pit/bare/conf/perl-5.16.0/.cpanplus/5.16.0/build/Module-Find-0.10/blib/lib/Module/Find.pm line 182
# 	require Archive/Any/Plugin.pm called at /home/cpan/pit/bare/conf/perl-5.16.0/.cpanplus/5.16.0/build/Archive-Any-0.0932/blib/lib/Archive/Any.pm line 138
# 	Archive::Any::BEGIN() called at /home/cpan/pit/bare/conf/perl-5.16.0/.cpanplus/5.16.0/build/Module-Find-0.10/blib/lib/Module/Find.pm line 182
# 	eval {...} called at /home/cpan/pit/bare/conf/perl-5.16.0/.cpanplus/5.16.0/build/Module-Find-0.10/blib/lib/Module/Find.pm line 182
# 	require Archive/Any.pm called at /home/cpan/pit/bare/conf/perl-5.16.0/.cpanplus/5.16.0/build/Module-CPANTS-Analyse-0.85/blib/lib/Module/CPANTS/Analyse.pm line 9
# 	Module::CPANTS::Analyse::BEGIN() called at /home/cpan/pit/bare/conf/perl-5.16.0/.cpanplus/5.16.0/build/Module-Find-0.10/blib/lib/Module/Find.pm line 182
# 	eval {...} called at /home/cpan/pit/bare/conf/perl-5.16.0/.cpanplus/5.16.0/build/Module-Find-0.10/blib/lib/Module/Find.pm line 182
# 	require Module/CPANTS/Analyse.pm called at t/analyse_afs.t line 7
# 	main::BEGIN() called at /home/cpan/pit/bare/conf/perl-5.16.0/.cpanplus/5.16.0/build/Module-Find-0.10/blib/lib/Module/Find.pm line 182
# 	eval {...} called at /home/cpan/pit/bare/conf/perl-5.16.0/.cpanplus/5.16.0/build/Module-Find-0.10/blib/lib/Module/Find.pm line 182
# 
# ----------
# 	Previous test 0 ''
# 	defined(@array) is deprecated at /home/cpan/pit/bare/conf/perl-5.16.0/.cpanplus/5.16.0/build/File-MMagic-1.27/blib/lib/File/MMagic.pm line 1122.
#  at /home/cpan/pit/bare/conf/perl-5.16.0/.cpanplus/5.16.0/build/File-MMagic-1.27/blib/lib/File/MMagic.pm line 1122.
# 	require File/MMagic.pm called at /home/cpan/pit/bare/conf/perl-5.16.0/.cpanplus/5.16.0/build/Archive-Any-0.0932/blib/lib/Archive/Any.pm line 140
# 	Archive::Any::BEGIN() called at /home/cpan/pit/bare/conf/perl-5.16.0/.cpanplus/5.16.0/build/File-MMagic-1.27/blib/lib/File/MMagic.pm line 1122
# 	eval {...} called at /home/cpan/pit/bare/conf/perl-5.16.0/.cpanplus/5.16.0/build/File-MMagic-1.27/blib/lib/File/MMagic.pm line 1122
# 	require Archive/Any.pm called at /home/cpan/pit/bare/conf/perl-5.16.0/.cpanplus/5.16.0/build/Module-CPANTS-Analyse-0.85/blib/lib/Module/CPANTS/Analyse.pm line 9
# 	Module::CPANTS::Analyse::BEGIN() called at /home/cpan/pit/bare/conf/perl-5.16.0/.cpanplus/5.16.0/build/File-MMagic-1.27/blib/lib/File/MMagic.pm line 1122
# 	eval {...} called at /home/cpan/pit/bare/conf/perl-5.16.0/.cpanplus/5.16.0/build/File-MMagic-1.27/blib/lib/File/MMagic.pm line 1122
# 	require Module/CPANTS/Analyse.pm called at t/analyse_afs.t line 7
# 	main::BEGIN() called at /home/cpan/pit/bare/conf/perl-5.16.0/.cpanplus/5.16.0/build/File-MMagic-1.27/blib/lib/File/MMagic.pm line 1122
# 	eval {...} called at /home/cpan/pit/bare/conf/perl-5.16.0/.cpanplus/5.16.0/build/File-MMagic-1.27/blib/lib/File/MMagic.pm line 1122
# 
# ----------
# 	Previous test 0 ''
# 		(Maybe you should just omit the defined()?)
#  at /home/cpan/pit/bare/conf/perl-5.16.0/.cpanplus/5.16.0/build/File-MMagic-1.27/blib/lib/File/MMagic.pm line 1122.
# 	require File/MMagic.pm called at /home/cpan/pit/bare/conf/perl-5.16.0/.cpanplus/5.16.0/build/Archive-Any-0.0932/blib/lib/Archive/Any.pm line 140
# 	Archive::Any::BEGIN() called at /home/cpan/pit/bare/conf/perl-5.16.0/.cpanplus/5.16.0/build/File-MMagic-1.27/blib/lib/File/MMagic.pm line 1122
# 	eval {...} called at /home/cpan/pit/bare/conf/perl-5.16.0/.cpanplus/5.16.0/build/File-MMagic-1.27/blib/lib/File/MMagic.pm line 1122
# 	require Archive/Any.pm called at /home/cpan/pit/bare/conf/perl-5.16.0/.cpanplus/5.16.0/build/Module-CPANTS-Analyse-0.85/blib/lib/Module/CPANTS/Analyse.pm line 9
# 	Module::CPANTS::Analyse::BEGIN() called at /home/cpan/pit/bare/conf/perl-5.16.0/.cpanplus/5.16.0/build/File-MMagic-1.27/blib/lib/File/MMagic.pm line 1122
# 	eval {...} called at /home/cpan/pit/bare/conf/perl-5.16.0/.cpanplus/5.16.0/build/File-MMagic-1.27/blib/lib/File/MMagic.pm line 1122
# 	require Module/CPANTS/Analyse.pm called at t/analyse_afs.t line 7
# 	main::BEGIN() called at /home/cpan/pit/bare/conf/perl-5.16.0/.cpanplus/5.16.0/build/File-MMagic-1.27/blib/lib/File/MMagic.pm line 1122
# 	eval {...} called at /home/cpan/pit/bare/conf/perl-5.16.0/.cpanplus/5.16.0/build/File-MMagic-1.27/blib/lib/File/MMagic.pm line 1122
# 
# Looks like you failed 1 test of 17.
t/analyse_afs.t ............. 
Dubious, test returned 1 (wstat 256, 0x100)
Failed 1/17 subtests 

#   Failed test 'no warnings'
#   at /home/cpan/pit/bare/conf/perl-5.16.0/.cpanplus/5.16.0/build/Test-NoWarnings-1.04/blib/lib/Test/NoWarnings.pm line 45.
# There were 4 warning(s)
# 	Previous test 0 ''
# 	defined(@array) is deprecated at /home/cpan/pit/bare/conf/perl-5.16.0/.cpanplus/5.16.0/build/Module-Find-0.10/blib/lib/Module/Find.pm line 182.
#  at /home/cpan/pit/bare/conf/perl-5.16.0/.cpanplus/5.16.0/build/Module-Find-0.10/blib/lib/Module/Find.pm line 182.
# 	require Module/Find.pm called at /home/cpan/pit/bare/conf/perl-5.16.0/.cpanplus/5.16.0/build/Archive-Any-0.0932/blib/lib/Archive/Any/Plugin.pm line 6
# 	Archive::Any::Plugin::BEGIN() called at /home/cpan/pit/bare/conf/perl-5.16.0/.cpanplus/5.16.0/build/Module-Find-0.10/blib/lib/Module/Find.pm line 182
# 	eval {...} called at /home/cpan/pit/bare/conf/perl-5.16.0/.cpanplus/5.16.0/build/Module-Find-0.10/blib/lib/Module/Find.pm line 182
# 	require Archive/Any/Plugin.pm called at /home/cpan/pit/bare/conf/perl-5.16.0/.cpanplus/5.16.0/build/Archive-Any-0.0932/blib/lib/Archive/Any.pm line 138
# 	Archive::Any::BEGIN() called at /home/cpan/pit/bare/conf/perl-5.16.0/.cpanplus/5.16.0/build/Module-Find-0.10/blib/lib/Module/Find.pm line 182
# 	eval {...} called at /home/cpan/pit/bare/conf/perl-5.16.0/.cpanplus/5.16.0/build/Module-Find-0.10/blib/lib/Module/Find.pm line 182
# 	require Archive/Any.pm called at /home/cpan/pit/bare/conf/perl-5.16.0/.cpanplus/5.16.0/build/Module-CPANTS-Analyse-0.85/blib/lib/Module/CPANTS/Analyse.pm line 9
# 	Module::CPANTS::Analyse::BEGIN() called at /home/cpan/pit/bare/conf/perl-5.16.0/.cpanplus/5.16.0/build/Module-Find-0.10/blib/lib/Module/Find.pm line 182
# 	eval {...} called at /home/cpan/pit/bare/conf/perl-5.16.0/.cpanplus/5.16.0/build/Module-Find-0.10/blib/lib/Module/Find.pm line 182
# 	require Module/CPANTS/Analyse.pm called at t/analyse_axkit_xsp_l10n.t line 7
# 	main::BEGIN() called at /home/cpan/pit/bare/conf/perl-5.16.0/.cpanplus/5.16.0/build/Module-Find-0.10/blib/lib/Module/Find.pm line 182
# 	eval {...} called at /home/cpan/pit/bare/conf/perl-5.16.0/.cpanplus/5.16.0/build/Module-Find-0.10/blib/lib/Module/Find.pm line 182
# 
# ----------
# 	Previous test 0 ''
# 		(Maybe you should just omit the defined()?)
#  at /home/cpan/pit/bare/conf/perl-5.16.0/.cpanplus/5.16.0/build/Module-Find-0.10/blib/lib/Module/Find.pm line 182.
# 	require Module/Find.pm called at /home/cpan/pit/bare/conf/perl-5.16.0/.cpanplus/5.16.0/build/Archive-Any-0.0932/blib/lib/Archive/Any/Plugin.pm line 6
# 	Archive::Any::Plugin::BEGIN() called at /home/cpan/pit/bare/conf/perl-5.16.0/.cpanplus/5.16.0/build/Module-Find-0.10/blib/lib/Module/Find.pm line 182
# 	eval {...} called at /home/cpan/pit/bare/conf/perl-5.16.0/.cpanplus/5.16.0/build/Module-Find-0.10/blib/lib/Module/Find.pm line 182
# 	require Archive/Any/Plugin.pm called at /home/cpan/pit/bare/conf/perl-5.16.0/.cpanplus/5.16.0/build/Archive-Any-0.0932/blib/lib/Archive/Any.pm line 138
# 	Archive::Any::BEGIN() called at /home/cpan/pit/bare/conf/perl-5.16.0/.cpanplus/5.16.0/build/Module-Find-0.10/blib/lib/Module/Find.pm line 182
# 	eval {...} called at /home/cpan/pit/bare/conf/perl-5.16.0/.cpanplus/5.16.0/build/Module-Find-0.10/blib/lib/Module/Find.pm line 182
# 	require Archive/Any.pm called at /home/cpan/pit/bare/conf/perl-5.16.0/.cpanplus/5.16.0/build/Module-CPANTS-Analyse-0.85/blib/lib/Module/CPANTS/Analyse.pm line 9
# 	Module::CPANTS::Analyse::BEGIN() called at /home/cpan/pit/bare/conf/perl-5.16.0/.cpanplus/5.16.0/build/Module-Find-0.10/blib/lib/Module/Find.pm line 182
# 	eval {...} called at /home/cpan/pit/bare/conf/perl-5.16.0/.cpanplus/5.16.0/build/Module-Find-0.10/blib/lib/Module/Find.pm line 182
# 	require Module/CPANTS/Analyse.pm called at t/analyse_axkit_xsp_l10n.t line 7
# 	main::BEGIN() called at /home/cpan/pit/bare/conf/perl-5.16.0/.cpanplus/5.16.0/build/Module-Find-0.10/blib/lib/Module/Find.pm line 182
# 	eval {...} called at /home/cpan/pit/bare/conf/perl-5.16.0/.cpanplus/5.16.0/build/Module-Find-0.10/blib/lib/Module/Find.pm line 182
# 
# ----------
# 	Previous test 0 ''
# 	defined(@array) is deprecated at /home/cpan/pit/bare/conf/perl-5.16.0/.cpanplus/5.16.0/build/File-MMagic-1.27/blib/lib/File/MMagic.pm line 1122.
#  at /home/cpan/pit/bare/conf/perl-5.16.0/.cpanplus/5.16.0/build/File-MMagic-1.27/blib/lib/File/MMagic.pm line 1122.
# 	require File/MMagic.pm called at /home/cpan/pit/bare/conf/perl-5.16.0/.cpanplus/5.16.0/build/Archive-Any-0.0932/blib/lib/Archive/Any.pm line 140
# 	Archive::Any::BEGIN() called at /home/cpan/pit/bare/conf/perl-5.16.0/.cpanplus/5.16.0/build/File-MMagic-1.27/blib/lib/File/MMagic.pm line 1122
# 	eval {...} called at /home/cpan/pit/bare/conf/perl-5.16.0/.cpanplus/5.16.0/build/File-MMagic-1.27/blib/lib/File/MMagic.pm line 1122
# 	require Archive/Any.pm called at /home/cpan/pit/bare/conf/perl-5.16.0/.cpanplus/5.16.0/build/Module-CPANTS-Analyse-0.85/blib/lib/Module/CPANTS/Analyse.pm line 9
# 	Module::CPANTS::Analyse::BEGIN() called at /home/cpan/pit/bare/conf/perl-5.16.0/.cpanplus/5.16.0/build/File-MMagic-1.27/blib/lib/File/MMagic.pm line 1122
# 	eval {...} called at /home/cpan/pit/bare/conf/perl-5.16.0/.cpanplus/5.16.0/build/File-MMagic-1.27/blib/lib/File/MMagic.pm line 1122
# 	require Module/CPANTS/Analyse.pm called at t/analyse_axkit_xsp_l10n.t line 7
# 	main::BEGIN() called at /home/cpan/pit/bare/conf/perl-5.16.0/.cpanplus/5.16.0/build/File-MMagic-1.27/blib/lib/File/MMagic.pm line 1122
# 	eval {...} called at /home/cpan/pit/bare/conf/perl-5.16.0/.cpanplus/5.16.0/build/File-MMagic-1.27/blib/lib/File/MMagic.pm line 1122
# 
# ----------
# 	Previous test 0 ''
# 		(Maybe you should just omit the defined()?)
#  at /home/cpan/pit/bare/conf/perl-5.16.0/.cpanplus/5.16.0/build/File-MMagic-1.27/blib/lib/File/MMagic.pm line 1122.
# 	require File/MMagic.pm called at /home/cpan/pit/bare/conf/perl-5.16.0/.cpanplus/5.16.0/build/Archive-Any-0.0932/blib/lib/Archive/Any.pm line 140
# 	Archive::Any::BEGIN() called at /home/cpan/pit/bare/conf/perl-5.16.0/.cpanplus/5.16.0/build/File-MMagic-1.27/blib/lib/File/MMagic.pm line 1122
# 	eval {...} called at /home/cpan/pit/bare/conf/perl-5.16.0/.cpanplus/5.16.0/build/File-MMagic-1.27/blib/lib/File/MMagic.pm line 1122
# 	require Archive/Any.pm called at /home/cpan/pit/bare/conf/perl-5.16.0/.cpanplus/5.16.0/build/Module-CPANTS-Analyse-0.85/blib/lib/Module/CPANTS/Analyse.pm line 9
# 	Module::CPANTS::Analyse::BEGIN() called at /home/cpan/pit/bare/conf/perl-5.16.0/.cpanplus/5.16.0/build/File-MMagic-1.27/blib/lib/File/MMagic.pm line 1122
# 	eval {...} called at /home/cpan/pit/bare/conf/perl-5.16.0/.cpanplus/5.16.0/build/File-MMagic-1.27/blib/lib/File/MMagic.pm line 1122
# 	require Module/CPANTS/Analyse.pm called at t/analyse_axkit_xsp_l10n.t line 7
# 	main::BEGIN() called at /home/cpan/pit/bare/conf/perl-5.16.0/.cpanplus/5.16.0/build/File-MMagic-1.27/blib/lib/File/MMagic.pm line 1122
# 	eval {...} called at /home/cpan/pit/bare/conf/perl-5.16.0/.cpanplus/5.16.0/build/File-MMagic-1.27/blib/lib/File/MMagic.pm line 1122
# 
# Looks like you failed 1 test of 14.
t/analyse_axkit_xsp_l10n.t .. 
Dubious, test returned 1 (wstat 256, 0x100)
Failed 1/14 subtests 
defined(@array) is deprecated at /home/cpan/pit/bare/conf/perl-5.16.0/.cpanplus/5.16.0/build/Module-Find-0.10/blib/lib/Module/Find.pm line 182.
	(Maybe you should just omit the defined()?)
defined(@array) is deprecated at /home/cpan/pit/bare/conf/perl-5.16.0/.cpanplus/5.16.0/build/File-MMagic-1.27/blib/lib/File/MMagic.pm line 1122.
	(Maybe you should just omit the defined()?)
t/analyse_devel_timer.t ..... ok
defined(@array) is deprecated at /home/cpan/pit/bare/conf/perl-5.16.0/.cpanplus/5.16.0/build/Module-Find-0.10/blib/lib/Module/Find.pm line 182.
	(Maybe you should just omit the defined()?)
defined(@array) is deprecated at /home/cpan/pit/bare/conf/perl-5.16.0/.cpanplus/5.16.0/build/File-MMagic-1.27/blib/lib/File/MMagic.pm line 1122.
	(Maybe you should just omit the defined()?)
t/analyse_eg_c.t ............ ok

#   Failed test 'no warnings'
#   at /home/cpan/pit/bare/conf/perl-5.16.0/.cpanplus/5.16.0/build/Test-NoWarnings-1.04/blib/lib/Test/NoWarnings.pm line 45.
# There were 4 warning(s)
# 	Previous test 0 ''
# 	defined(@array) is deprecated at /home/cpan/pit/bare/conf/perl-5.16.0/.cpanplus/5.16.0/build/Module-Find-0.10/blib/lib/Module/Find.pm line 182.
#  at /home/cpan/pit/bare/conf/perl-5.16.0/.cpanplus/5.16.0/build/Module-Find-0.10/blib/lib/Module/Find.pm line 182.
# 	require Module/Find.pm called at /home/cpan/pit/bare/conf/perl-5.16.0/.cpanplus/5.16.0/build/Archive-Any-0.0932/blib/lib/Archive/Any/Plugin.pm line 6
# 	Archive::Any::Plugin::BEGIN() called at /home/cpan/pit/bare/conf/perl-5.16.0/.cpanplus/5.16.0/build/Module-Find-0.10/blib/lib/Module/Find.pm line 182
# 	eval {...} called at /home/cpan/pit/bare/conf/perl-5.16.0/.cpanplus/5.16.0/build/Module-Find-0.10/blib/lib/Module/Find.pm line 182
# 	require Archive/Any/Plugin.pm called at /home/cpan/pit/bare/conf/perl-5.16.0/.cpanplus/5.16.0/build/Archive-Any-0.0932/blib/lib/Archive/Any.pm line 138
# 	Archive::Any::BEGIN() called at /home/cpan/pit/bare/conf/perl-5.16.0/.cpanplus/5.16.0/build/Module-Find-0.10/blib/lib/Module/Find.pm line 182
# 	eval {...} called at /home/cpan/pit/bare/conf/perl-5.16.0/.cpanplus/5.16.0/build/Module-Find-0.10/blib/lib/Module/Find.pm line 182
# 	require Archive/Any.pm called at /home/cpan/pit/bare/conf/perl-5.16.0/.cpanplus/5.16.0/build/Module-CPANTS-Analyse-0.85/blib/lib/Module/CPANTS/Analyse.pm line 9
# 	Module::CPANTS::Analyse::BEGIN() called at /home/cpan/pit/bare/conf/perl-5.16.0/.cpanplus/5.16.0/build/Module-Find-0.10/blib/lib/Module/Find.pm line 182
# 	eval {...} called at /home/cpan/pit/bare/conf/perl-5.16.0/.cpanplus/5.16.0/build/Module-Find-0.10/blib/lib/Module/Find.pm line 182
# 	require Module/CPANTS/Analyse.pm called at t/analyse_html_tiny.t line 7
# 	main::BEGIN() called at /home/cpan/pit/bare/conf/perl-5.16.0/.cpanplus/5.16.0/build/Module-Find-0.10/blib/lib/Module/Find.pm line 182
# 	eval {...} called at /home/cpan/pit/bare/conf/perl-5.16.0/.cpanplus/5.16.0/build/Module-Find-0.10/blib/lib/Module/Find.pm line 182
# 
# ----------
# 	Previous test 0 ''
# 		(Maybe you should just omit the defined()?)
#  at /home/cpan/pit/bare/conf/perl-5.16.0/.cpanplus/5.16.0/build/Module-Find-0.10/blib/lib/Module/Find.pm line 182.
# 	require Module/Find.pm called at /home/cpan/pit/bare/conf/perl-5.16.0/.cpanplus/5.16.0/build/Archive-Any-0.0932/blib/lib/Archive/Any/Plugin.pm line 6
# 	Archive::Any::Plugin::BEGIN() called at /home/cpan/pit/bare/conf/perl-5.16.0/.cpanplus/5.16.0/build/Module-Find-0.10/blib/lib/Module/Find.pm line 182
# 	eval {...} called at /home/cpan/pit/bare/conf/perl-5.16.0/.cpanplus/5.16.0/build/Module-Find-0.10/blib/lib/Module/Find.pm line 182
# 	require Archive/Any/Plugin.pm called at /home/cpan/pit/bare/conf/perl-5.16.0/.cpanplus/5.16.0/build/Archive-Any-0.0932/blib/lib/Archive/Any.pm line 138
# 	Archive::Any::BEGIN() called at /home/cpan/pit/bare/conf/perl-5.16.0/.cpanplus/5.16.0/build/Module-Find-0.10/blib/lib/Module/Find.pm line 182
# 	eval {...} called at /home/cpan/pit/bare/conf/perl-5.16.0/.cpanplus/5.16.0/build/Module-Find-0.10/blib/lib/Module/Find.pm line 182
# 	require Archive/Any.pm called at /home/cpan/pit/bare/conf/perl-5.16.0/.cpanplus/5.16.0/build/Module-CPANTS-Analyse-0.85/blib/lib/Module/CPANTS/Analyse.pm line 9
# 	Module::CPANTS::Analyse::BEGIN() called at /home/cpan/pit/bare/conf/perl-5.16.0/.cpanplus/5.16.0/build/Module-Find-0.10/blib/lib/Module/Find.pm line 182
# 	eval {...} called at /home/cpan/pit/bare/conf/perl-5.16.0/.cpanplus/5.16.0/build/Module-Find-0.10/blib/lib/Module/Find.pm line 182
# 	require Module/CPANTS/Analyse.pm called at t/analyse_html_tiny.t line 7
# 	main::BEGIN() called at /home/cpan/pit/bare/conf/perl-5.16.0/.cpanplus/5.16.0/build/Module-Find-0.10/blib/lib/Module/Find.pm line 182
# 	eval {...} called at /home/cpan/pit/bare/conf/perl-5.16.0/.cpanplus/5.16.0/build/Module-Find-0.10/blib/lib/Module/Find.pm line 182
# 
# ----------
# 	Previous test 0 ''
# 	defined(@array) is deprecated at /home/cpan/pit/bare/conf/perl-5.16.0/.cpanplus/5.16.0/build/File-MMagic-1.27/blib/lib/File/MMagic.pm line 1122.
#  at /home/cpan/pit/bare/conf/perl-5.16.0/.cpanplus/5.16.0/build/File-MMagic-1.27/blib/lib/File/MMagic.pm line 1122.
# 	require File/MMagic.pm called at /home/cpan/pit/bare/conf/perl-5.16.0/.cpanplus/5.16.0/build/Archive-Any-0.0932/blib/lib/Archive/Any.pm line 140
# 	Archive::Any::BEGIN() called at /home/cpan/pit/bare/conf/perl-5.16.0/.cpanplus/5.16.0/build/File-MMagic-1.27/blib/lib/File/MMagic.pm line 1122
# 	eval {...} called at /home/cpan/pit/bare/conf/perl-5.16.0/.cpanplus/5.16.0/build/File-MMagic-1.27/blib/lib/File/MMagic.pm line 1122
# 	require Archive/Any.pm called at /home/cpan/pit/bare/conf/perl-5.16.0/.cpanplus/5.16.0/build/Module-CPANTS-Analyse-0.85/blib/lib/Module/CPANTS/Analyse.pm line 9
# 	Module::CPANTS::Analyse::BEGIN() called at /home/cpan/pit/bare/conf/perl-5.16.0/.cpanplus/5.16.0/build/File-MMagic-1.27/blib/lib/File/MMagic.pm line 1122
# 	eval {...} called at /home/cpan/pit/bare/conf/perl-5.16.0/.cpanplus/5.16.0/build/File-MMagic-1.27/blib/lib/File/MMagic.pm line 1122
# 	require Module/CPANTS/Analyse.pm called at t/analyse_html_tiny.t line 7
# 	main::BEGIN() called at /home/cpan/pit/bare/conf/perl-5.16.0/.cpanplus/5.16.0/build/File-MMagic-1.27/blib/lib/File/MMagic.pm line 1122
# 	eval {...} called at /home/cpan/pit/bare/conf/perl-5.16.0/.cpanplus/5.16.0/build/File-MMagic-1.27/blib/lib/File/MMagic.pm line 1122
# 
# ----------
# 	Previous test 0 ''
# 		(Maybe you should just omit the defined()?)
#  at /home/cpan/pit/bare/conf/perl-5.16.0/.cpanplus/5.16.0/build/File-MMagic-1.27/blib/lib/File/MMagic.pm line 1122.
# 	require File/MMagic.pm called at /home/cpan/pit/bare/conf/perl-5.16.0/.cpanplus/5.16.0/build/Archive-Any-0.0932/blib/lib/Archive/Any.pm line 140
# 	Archive::Any::BEGIN() called at /home/cpan/pit/bare/conf/perl-5.16.0/.cpanplus/5.16.0/build/File-MMagic-1.27/blib/lib/File/MMagic.pm line 1122
# 	eval {...} called at /home/cpan/pit/bare/conf/perl-5.16.0/.cpanplus/5.16.0/build/File-MMagic-1.27/blib/lib/File/MMagic.pm line 1122
# 	require Archive/Any.pm called at /home/cpan/pit/bare/conf/perl-5.16.0/.cpanplus/5.16.0/build/Module-CPANTS-Analyse-0.85/blib/lib/Module/CPANTS/Analyse.pm line 9
# 	Module::CPANTS::Analyse::BEGIN() called at /home/cpan/pit/bare/conf/perl-5.16.0/.cpanplus/5.16.0/build/File-MMagic-1.27/blib/lib/File/MMagic.pm line 1122
# 	eval {...} called at /home/cpan/pit/bare/conf/perl-5.16.0/.cpanplus/5.16.0/build/File-MMagic-1.27/blib/lib/File/MMagic.pm line 1122
# 	require Module/CPANTS/Analyse.pm called at t/analyse_html_tiny.t line 7
# 	main::BEGIN() called at /home/cpan/pit/bare/conf/perl-5.16.0/.cpanplus/5.16.0/build/File-MMagic-1.27/blib/lib/File/MMagic.pm line 1122
# 	eval {...} called at /home/cpan/pit/bare/conf/perl-5.16.0/.cpanplus/5.16.0/build/File-MMagic-1.27/blib/lib/File/MMagic.pm line 1122
# 
# Looks like you failed 1 test of 11.
t/analyse_html_tiny.t ....... 
Dubious, test returned 1 (wstat 256, 0x100)
Failed 1/11 subtests 
defined(@array) is deprecated at /home/cpan/pit/bare/conf/perl-5.16.0/.cpanplus/5.16.0/build/Module-Find-0.10/blib/lib/Module/Find.pm line 182.
	(Maybe you should just omit the defined()?)
defined(@array) is deprecated at /home/cpan/pit/bare/conf/perl-5.16.0/.cpanplus/5.16.0/build/File-MMagic-1.27/blib/lib/File/MMagic.pm line 1122.
	(Maybe you should just omit the defined()?)
t/analyse_test_yaml_meta.t .. ok
defined(@array) is deprecated at /home/cpan/pit/bare/conf/perl-5.16.0/.cpanplus/5.16.0/build/Module-Find-0.10/blib/lib/Module/Find.pm line 182.
	(Maybe you should just omit the defined()?)
defined(@array) is deprecated at /home/cpan/pit/bare/conf/perl-5.16.0/.cpanplus/5.16.0/build/File-MMagic-1.27/blib/lib/File/MMagic.pm line 1122.
	(Maybe you should just omit the defined()?)
t/calc.t .................... ok
defined(@array) is deprecated at /home/cpan/pit/bare/conf/perl-5.16.0/.cpanplus/5.16.0/build/Module-Find-0.10/blib/lib/Module/Find.pm line 182.
	(Maybe you should just omit the defined()?)
defined(@array) is deprecated at /home/cpan/pit/bare/conf/perl-5.16.0/.cpanplus/5.16.0/build/File-MMagic-1.27/blib/lib/File/MMagic.pm line 1122.
	(Maybe you should just omit the defined()?)
t/calc_test_yaml_meta.t ..... ok
defined(@array) is deprecated at /home/cpan/pit/bare/conf/perl-5.16.0/.cpanplus/5.16.0/build/Module-Find-0.10/blib/lib/Module/Find.pm line 182.
	(Maybe you should just omit the defined()?)
defined(@array) is deprecated at /home/cpan/pit/bare/conf/perl-5.16.0/.cpanplus/5.16.0/build/File-MMagic-1.27/blib/lib/File/MMagic.pm line 1122.
	(Maybe you should just omit the defined()?)
t/generated_files.t ......... ok

#   Failed test 'no warnings'
#   at /home/cpan/pit/bare/conf/perl-5.16.0/.cpanplus/5.16.0/build/Test-NoWarnings-1.04/blib/lib/Test/NoWarnings.pm line 45.
# There were 4 warning(s)
# 	Previous test 0 ''
# 	defined(@array) is deprecated at /home/cpan/pit/bare/conf/perl-5.16.0/.cpanplus/5.16.0/build/Module-Find-0.10/blib/lib/Module/Find.pm line 182.
#  at /home/cpan/pit/bare/conf/perl-5.16.0/.cpanplus/5.16.0/build/Module-Find-0.10/blib/lib/Module/Find.pm line 182.
# 	require Module/Find.pm called at /home/cpan/pit/bare/conf/perl-5.16.0/.cpanplus/5.16.0/build/Archive-Any-0.0932/blib/lib/Archive/Any/Plugin.pm line 6
# 	Archive::Any::Plugin::BEGIN() called at /home/cpan/pit/bare/conf/perl-5.16.0/.cpanplus/5.16.0/build/Module-Find-0.10/blib/lib/Module/Find.pm line 182
# 	eval {...} called at /home/cpan/pit/bare/conf/perl-5.16.0/.cpanplus/5.16.0/build/Module-Find-0.10/blib/lib/Module/Find.pm line 182
# 	require Archive/Any/Plugin.pm called at /home/cpan/pit/bare/conf/perl-5.16.0/.cpanplus/5.16.0/build/Archive-Any-0.0932/blib/lib/Archive/Any.pm line 138
# 	Archive::Any::BEGIN() called at /home/cpan/pit/bare/conf/perl-5.16.0/.cpanplus/5.16.0/build/Module-Find-0.10/blib/lib/Module/Find.pm line 182
# 	eval {...} called at /home/cpan/pit/bare/conf/perl-5.16.0/.cpanplus/5.16.0/build/Module-Find-0.10/blib/lib/Module/Find.pm line 182
# 	require Archive/Any.pm called at /home/cpan/pit/bare/conf/perl-5.16.0/.cpanplus/5.16.0/build/Module-CPANTS-Analyse-0.85/blib/lib/Module/CPANTS/Analyse.pm line 9
# 	Module::CPANTS::Analyse::BEGIN() called at /home/cpan/pit/bare/conf/perl-5.16.0/.cpanplus/5.16.0/build/Module-Find-0.10/blib/lib/Module/Find.pm line 182
# 	eval {...} called at /home/cpan/pit/bare/conf/perl-5.16.0/.cpanplus/5.16.0/build/Module-Find-0.10/blib/lib/Module/Find.pm line 182
# 	require Module/CPANTS/Analyse.pm called at t/moose_as_strict.t line 7
# 	main::BEGIN() called at /home/cpan/pit/bare/conf/perl-5.16.0/.cpanplus/5.16.0/build/Module-Find-0.10/blib/lib/Module/Find.pm line 182
# 	eval {...} called at /home/cpan/pit/bare/conf/perl-5.16.0/.cpanplus/5.16.0/build/Module-Find-0.10/blib/lib/Module/Find.pm line 182
# 
# ----------
# 	Previous test 0 ''
# 		(Maybe you should just omit the defined()?)
#  at /home/cpan/pit/bare/conf/perl-5.16.0/.cpanplus/5.16.0/build/Module-Find-0.10/blib/lib/Module/Find.pm line 182.
# 	require Module/Find.pm called at /home/cpan/pit/bare/conf/perl-5.16.0/.cpanplus/5.16.0/build/Archive-Any-0.0932/blib/lib/Archive/Any/Plugin.pm line 6
# 	Archive::Any::Plugin::BEGIN() called at /home/cpan/pit/bare/conf/perl-5.16.0/.cpanplus/5.16.0/build/Module-Find-0.10/blib/lib/Module/Find.pm line 182
# 	eval {...} called at /home/cpan/pit/bare/conf/perl-5.16.0/.cpanplus/5.16.0/build/Module-Find-0.10/blib/lib/Module/Find.pm line 182
# 	require Archive/Any/Plugin.pm called at /home/cpan/pit/bare/conf/perl-5.16.0/.cpanplus/5.16.0/build/Archive-Any-0.0932/blib/lib/Archive/Any.pm line 138
# 	Archive::Any::BEGIN() called at /home/cpan/pit/bare/conf/perl-5.16.0/.cpanplus/5.16.0/build/Module-Find-0.10/blib/lib/Module/Find.pm line 182
# 	eval {...} called at /home/cpan/pit/bare/conf/perl-5.16.0/.cpanplus/5.16.0/build/Module-Find-0.10/blib/lib/Module/Find.pm line 182
# 	require Archive/Any.pm called at /home/cpan/pit/bare/conf/perl-5.16.0/.cpanplus/5.16.0/build/Module-CPANTS-Analyse-0.85/blib/lib/Module/CPANTS/Analyse.pm line 9
# 	Module::CPANTS::Analyse::BEGIN() called at /home/cpan/pit/bare/conf/perl-5.16.0/.cpanplus/5.16.0/build/Module-Find-0.10/blib/lib/Module/Find.pm line 182
# 	eval {...} called at /home/cpan/pit/bare/conf/perl-5.16.0/.cpanplus/5.16.0/build/Module-Find-0.10/blib/lib/Module/Find.pm line 182
# 	require Module/CPANTS/Analyse.pm called at t/moose_as_strict.t line 7
# 	main::BEGIN() called at /home/cpan/pit/bare/conf/perl-5.16.0/.cpanplus/5.16.0/build/Module-Find-0.10/blib/lib/Module/Find.pm line 182
# 	eval {...} called at /home/cpan/pit/bare/conf/perl-5.16.0/.cpanplus/5.16.0/build/Module-Find-0.10/blib/lib/Module/Find.pm line 182
# 
# ----------
# 	Previous test 0 ''
# 	defined(@array) is deprecated at /home/cpan/pit/bare/conf/perl-5.16.0/.cpanplus/5.16.0/build/File-MMagic-1.27/blib/lib/File/MMagic.pm line 1122.
#  at /home/cpan/pit/bare/conf/perl-5.16.0/.cpanplus/5.16.0/build/File-MMagic-1.27/blib/lib/File/MMagic.pm line 1122.
# 	require File/MMagic.pm called at /home/cpan/pit/bare/conf/perl-5.16.0/.cpanplus/5.16.0/build/Archive-Any-0.0932/blib/lib/Archive/Any.pm line 140
# 	Archive::Any::BEGIN() called at /home/cpan/pit/bare/conf/perl-5.16.0/.cpanplus/5.16.0/build/File-MMagic-1.27/blib/lib/File/MMagic.pm line 1122
# 	eval {...} called at /home/cpan/pit/bare/conf/perl-5.16.0/.cpanplus/5.16.0/build/File-MMagic-1.27/blib/lib/File/MMagic.pm line 1122
# 	require Archive/Any.pm called at /home/cpan/pit/bare/conf/perl-5.16.0/.cpanplus/5.16.0/build/Module-CPANTS-Analyse-0.85/blib/lib/Module/CPANTS/Analyse.pm line 9
# 	Module::CPANTS::Analyse::BEGIN() called at /home/cpan/pit/bare/conf/perl-5.16.0/.cpanplus/5.16.0/build/File-MMagic-1.27/blib/lib/File/MMagic.pm line 1122
# 	eval {...} called at /home/cpan/pit/bare/conf/perl-5.16.0/.cpanplus/5.16.0/build/File-MMagic-1.27/blib/lib/File/MMagic.pm line 1122
# 	require Module/CPANTS/Analyse.pm called at t/moose_as_strict.t line 7
# 	main::BEGIN() called at /home/cpan/pit/bare/conf/perl-5.16.0/.cpanplus/5.16.0/build/File-MMagic-1.27/blib/lib/File/MMagic.pm line 1122
# 	eval {...} called at /home/cpan/pit/bare/conf/perl-5.16.0/.cpanplus/5.16.0/build/File-MMagic-1.27/blib/lib/File/MMagic.pm line 1122
# 
# ----------
# 	Previous test 0 ''
# 		(Maybe you should just omit the defined()?)
#  at /home/cpan/pit/bare/conf/perl-5.16.0/.cpanplus/5.16.0/build/File-MMagic-1.27/blib/lib/File/MMagic.pm line 1122.
# 	require File/MMagic.pm called at /home/cpan/pit/bare/conf/perl-5.16.0/.cpanplus/5.16.0/build/Archive-Any-0.0932/blib/lib/Archive/Any.pm line 140
# 	Archive::Any::BEGIN() called at /home/cpan/pit/bare/conf/perl-5.16.0/.cpanplus/5.16.0/build/File-MMagic-1.27/blib/lib/File/MMagic.pm line 1122
# 	eval {...} called at /home/cpan/pit/bare/conf/perl-5.16.0/.cpanplus/5.16.0/build/File-MMagic-1.27/blib/lib/File/MMagic.pm line 1122
# 	require Archive/Any.pm called at /home/cpan/pit/bare/conf/perl-5.16.0/.cpanplus/5.16.0/build/Module-CPANTS-Analyse-0.85/blib/lib/Module/CPANTS/Analyse.pm line 9
# 	Module::CPANTS::Analyse::BEGIN() called at /home/cpan/pit/bare/conf/perl-5.16.0/.cpanplus/5.16.0/build/File-MMagic-1.27/blib/lib/File/MMagic.pm line 1122
# 	eval {...} called at /home/cpan/pit/bare/conf/perl-5.16.0/.cpanplus/5.16.0/build/File-MMagic-1.27/blib/lib/File/MMagic.pm line 1122
# 	require Module/CPANTS/Analyse.pm called at t/moose_as_strict.t line 7
# 	main::BEGIN() called at /home/cpan/pit/bare/conf/perl-5.16.0/.cpanplus/5.16.0/build/File-MMagic-1.27/blib/lib/File/MMagic.pm line 1122
# 	eval {...} called at /home/cpan/pit/bare/conf/perl-5.16.0/.cpanplus/5.16.0/build/File-MMagic-1.27/blib/lib/File/MMagic.pm line 1122
# 
# Looks like you failed 1 test of 4.
t/moose_as_strict.t ......... 
Dubious, test returned 1 (wstat 256, 0x100)
Failed 1/4 subtests 
defined(@array) is deprecated at /home/cpan/pit/bare/conf/perl-5.16.0/.cpanplus/5.16.0/build/Module-Find-0.10/blib/lib/Module/Find.pm line 182.
	(Maybe you should just omit the defined()?)
defined(@array) is deprecated at /home/cpan/pit/bare/conf/perl-5.16.0/.cpanplus/5.16.0/build/File-MMagic-1.27/blib/lib/File/MMagic.pm line 1122.
	(Maybe you should just omit the defined()?)
t/plugin_manifest.t ......... ok
defined(@array) is deprecated at /home/cpan/pit/bare/conf/perl-5.16.0/.cpanplus/5.16.0/build/Module-Find-0.10/blib/lib/Module/Find.pm line 182.
	(Maybe you should just omit the defined()?)
defined(@array) is deprecated at /home/cpan/pit/bare/conf/perl-5.16.0/.cpanplus/5.16.0/build/File-MMagic-1.27/blib/lib/File/MMagic.pm line 1122.
	(Maybe you should just omit the defined()?)
t/unpack.t .................. ok
defined(@array) is deprecated at /home/cpan/pit/bare/conf/perl-5.16.0/.cpanplus/5.16.0/build/Module-Find-0.10/blib/lib/Module/Find.pm line 182.
	(Maybe you should just omit the defined()?)
defined(@array) is deprecated at /home/cpan/pit/bare/conf/perl-5.16.0/.cpanplus/5.16.0/build/File-MMagic-1.27/blib/lib/File/MMagic.pm line 1122.
	(Maybe you should just omit the defined()?)
cannot remove path when cwd is /tmp/TQ4OrSQrie for /tmp/TQ4OrSQrie:  at /home/cpan/pit/bare/perl-5.16.0/lib/5.16.0/File/Temp.pm line 902.
t/unpack_notextractable.t ... ok

Test Summary Report
-------------------
t/00_load.t               (Wstat: 256 Tests: 2 Failed: 1)
  Failed test:  2
  Non-zero exit status: 1
t/03_plugins.t            (Wstat: 256 Tests: 9 Failed: 1)
  Failed test:  9
  Non-zero exit status: 1
t/05_testdir.t            (Wstat: 256 Tests: 3 Failed: 1)
  Failed test:  3
  Non-zero exit status: 1
t/05_testfile.t           (Wstat: 256 Tests: 4 Failed: 1)
  Failed test:  4
  Non-zero exit status: 1
t/10_analyse.t            (Wstat: 256 Tests: 22 Failed: 1)
  Failed test:  22
  Non-zero exit status: 1
t/analyse_afs.t           (Wstat: 256 Tests: 17 Failed: 1)
  Failed test:  17
  Non-zero exit status: 1
t/analyse_axkit_xsp_l10n.t (Wstat: 256 Tests: 14 Failed: 1)
  Failed test:  14
  Non-zero exit status: 1
t/analyse_html_tiny.t     (Wstat: 256 Tests: 11 Failed: 1)
  Failed test:  11
  Non-zero exit status: 1
t/moose_as_strict.t       (Wstat: 256 Tests: 4 Failed: 1)
  Failed test:  4
  Non-zero exit status: 1
Files=19, Tests=259, 12 wallclock secs ( 0.14 usr  0.02 sys +  7.63 cusr  2.51 csys = 10.30 CPU)
Result: FAIL
Failed 9/19 test programs. 9/259 subtests failed.
BEGIN failed--compilation aborted at -e line 1.


PREREQUISITES:

Here is a list of prerequisites you specified and versions we
managed to load:

	  Module Name                        Have     Want
	  Archive::Any                     0.0932     0.06
	  Archive::Tar                       1.84     1.30
	  Array::Diff                        0.07     0.04
	  CPAN::DistnameInfo                 0.12     0.06
	  Class::Accessor                    0.34     0.19
	  File::Find::Rule                   0.33        0
	  File::Slurp                     9999.19        0
	  IO::Capture                        0.05     0.05
	  LWP::Simple                        6.00        0
	  List::MoreUtils                    0.33        0
	  Module::ExtractUse                 0.27     0.18
	  Module::Pluggable                   4.0     2.96
	  Pod::Simple::Checker               3.20     2.02
	  Readonly                           1.03        0
	  Software::License              0.103004    0.003
	  Test::Deep                        0.109        0
	  Test::More                         0.98        0
	  Test::NoWarnings                   1.04        0
	  Test::Warn                         0.24     0.11
	  Test::YAML::Meta::Version          0.16     0.11
	  Text::CSV_XS                       0.88     0.45
	  YAML::Syck                         1.20     0.95
	  version                            0.99     0.73

Perl module toolchain versions installed:
	Module Name                        Have
	CPANPLUS                         0.9129
	CPANPLUS::Dist::Build              0.62
	Cwd                             3.39_02
	ExtUtils::CBuilder             0.280206
	ExtUtils::Command                  1.17
	ExtUtils::Install                  1.58
	ExtUtils::MakeMaker             6.63_02
	ExtUtils::Manifest                 1.61
	ExtUtils::ParseXS                  3.16
	File::Spec                      3.39_02
	Module::Build                      0.40
	Test::Harness                      3.23
	Test::More                         0.98
	version                            0.99

******************************** NOTE ********************************
The comments above are created mechanically, possibly without manual
checking by the sender.  As there are many people performing automatic
tests on each upload to CPAN, it is likely that you will receive
identical messages about the same problem.

If you believe that the message is mistaken, please reply to the first
one with correction and/or additional informations, and do not take
it personally.  We appreciate your patience. :)
**********************************************************************

Additional comments:


This report was machine-generated by CPANPLUS::Dist::YACSmoke 0.80.
Powered by minismokebox version 0.54

------------------------------
ENVIRONMENT AND OTHER CONTEXT
------------------------------

Environment variables:

    AUTOMATED_TESTING = 1
    LANG = en_GB.UTF-8
    LANGUAGE = en_GB:en
    PATH = /home/cpan/pit/bare/conf/perl-5.16.0/.cpanplus/5.16.0/build/Module-CPANTS-Analyse-0.85/blib/script:/home/cpan/pit/bare/conf/perl-5.16.0/.cpanplus/5.16.0/build/libwww-perl-6.04/blib/script:/home/cpan/pit/bare/conf/perl-5.16.0/.cpanplus/5.16.0/build/File-Find-Rule-0.33/blib/script:/home/cpan/pit/bare/conf/perl-5.16.0/.cpanplus/5.16.0/build/Archive-Zip-1.30/blib/script:/usr/local/sbin:/usr/local/bin:/usr/sbin:/usr/bin:/sbin:/bin:/usr/games
    PERL5LIB = :/home/cpan/pit/bare/conf/perl-5.16.0/.cpanplus/5.16.0/build/Data-Dump-1.21/blib/lib:/home/cpan/pit/bare/conf/perl-5.16.0/.cpanplus/5.16.0/build/Data-Dump-1.21/blib/arch:/home/cpan/pit/bare/conf/perl-5.16.0/.cpanplus/5.16.0/build/File-Slurp-9999.19/blib/lib:/home/cpan/pit/bare/conf/perl-5.16.0/.cpanplus/5.16.0/build/File-Slurp-9999.19/blib/arch:/home/cpan/pit/bare/conf/perl-5.16.0/.cpanplus/5.16.0/build/HTTP-BrowserDetect-1.44/blib/lib:/home/cpan/pit/bare/conf/perl-5.16.0/.cpanplus/5.16.0/build/HTTP-BrowserDetect-1.44/blib/arch:/home/cpan/pit/bare/conf/perl-5.16.0/.cpanplus/5.16.0/build/List-Member-0.044/blib/lib:/home/cpan/pit/bare/conf/perl-5.16.0/.cpanplus/5.16.0/build/List-Member-0.044/blib/arch:/home/cpan/pit/bare/conf/perl-5.16.0/.cpanplus/5.16.0/build/Archive-Zip-1.30/blib/lib:/home/cpan/pit/bare/conf/perl-5.16.0/.cpanplus/5.16.0/build/Archive-Zip-1.30/blib/arch:/home/cpan/pit/bare/conf/perl-5.16.0/.cpanplus/5.16.0/build/File-MMagic-1.27/blib/lib:/home/cpan/pit/bare/conf/perl-5.16.0/.cpanplus/5.16.0/build/File-MMagic-1.27/blib/arch:/home/cpan/pit/bare/conf/perl-5.16.0/.cpanplus/5.16.0/build/MIME-Types-1.34/blib/lib:/home/cpan/pit/bare/conf/perl-5.16.0/.cpanplus/5.16.0/build/MIME-Types-1.34/blib/arch:/home/cpan/pit/bare/conf/perl-5.16.0/.cpanplus/5.16.0/build/Module-Find-0.10/blib/lib:/home/cpan/pit/bare/conf/perl-5.16.0/.cpanplus/5.16.0/build/Module-Find-0.10/blib/arch:/home/cpan/pit/bare/conf/perl-5.16.0/.cpanplus/5.16.0/build/Sub-Uplevel-0.24/blib/lib:/home/cpan/pit/bare/conf/perl-5.16.0/.cpanplus/5.16.0/build/Sub-Uplevel-0.24/blib/arch:/home/cpan/pit/bare/conf/perl-5.16.0/.cpanplus/5.16.0/build/Tree-DAG_Node-1.06/blib/lib:/home/cpan/pit/bare/conf/perl-5.16.0/.cpanplus/5.16.0/build/Tree-DAG_Node-1.06/blib/arch:/home/cpan/pit/bare/conf/perl-5.16.0/.cpanplus/5.16.0/build/Test-Warn-0.24/blib/lib:/home/cpan/pit/bare/conf/perl-5.16.0/.cpanplus/5.16.0/build/Test-Warn-0.24/blib/arch:/home/cpan/pit/bare/conf/perl-5.16.0/.cpanplus/5.16.0/build/Archive-Any-0.0932/blib/lib:/home/cpan/pit/bare/conf/perl-5.16.0/.cpanplus/5.16.0/build/Archive-Any-0.0932/blib/arch:/home/cpan/pit/bare/conf/perl-5.16.0/.cpanplus/5.16.0/build/Algorithm-Diff-1.1902/blib/lib:/home/cpan/pit/bare/conf/perl-5.16.0/.cpanplus/5.16.0/build/Algorithm-Diff-1.1902/blib/arch:/home/cpan/pit/bare/conf/perl-5.16.0/.cpanplus/5.16.0/build/Class-Accessor-0.34/blib/lib:/home/cpan/pit/bare/conf/perl-5.16.0/.cpanplus/5.16.0/build/Class-Accessor-0.34/blib/arch:/home/cpan/pit/bare/conf/perl-5.16.0/.cpanplus/5.16.0/build/Array-Diff-0.07/blib/lib:/home/cpan/pit/bare/conf/perl-5.16.0/.cpanplus/5.16.0/build/Array-Diff-0.07/blib/arch:/home/cpan/pit/bare/conf/perl-5.16.0/.cpanplus/5.16.0/build/CPAN-DistnameInfo-0.12/blib/lib:/home/cpan/pit/bare/conf/perl-5.16.0/.cpanplus/5.16.0/build/CPAN-DistnameInfo-0.12/blib/arch:/home/cpan/pit/bare/conf/perl-5.16.0/.cpanplus/5.16.0/build/Number-Compare-0.03/blib/lib:/home/cpan/pit/bare/conf/perl-5.16.0/.cpanplus/5.16.0/build/Number-Compare-0.03/blib/arch:/home/cpan/pit/bare/conf/perl-5.16.0/.cpanplus/5.16.0/build/Text-Glob-0.09/blib/lib:/home/cpan/pit/bare/conf/perl-5.16.0/.cpanplus/5.16.0/build/Text-Glob-0.09/blib/arch:/home/cpan/pit/bare/conf/perl-5.16.0/.cpanplus/5.16.0/build/File-Find-Rule-0.33/blib/lib:/home/cpan/pit/bare/conf/perl-5.16.0/.cpanplus/5.16.0/build/File-Find-Rule-0.33/blib/arch:/home/cpan/pit/bare/conf/perl-5.16.0/.cpanplus/5.16.0/build/IO-Capture-0.05/blib/lib:/home/cpan/pit/bare/conf/perl-5.16.0/.cpanplus/5.16.0/build/IO-Capture-0.05/blib/arch:/home/cpan/pit/bare/conf/perl-5.16.0/.cpanplus/5.16.0/build/Encode-Locale-1.03/blib/lib:/home/cpan/pit/bare/conf/perl-5.16.0/.cpanplus/5.16.0/build/Encode-Locale-1.03/blib/arch:/home/cpan/pit/bare/conf/perl-5.16.0/.cpanplus/5.16.0/build/HTTP-Date-6.02/blib/lib:/home/cpan/pit/bare/conf/perl-5.16.0/.cpanplus/5.16.0/build/HTTP-Date-6.02/blib/arch:/home/cpan/pit/bare/conf/perl-5.16.0/.cpanplus/5.16.0/build/File-Listing-6.04/blib/lib:/home/cpan/pit/bare/conf/perl-5.16.0/.cpanplus/5.16.0/build/File-Listing-6.04/blib/arch:/home/cpan/pit/bare/conf/perl-5.16.0/.cpanplus/5.16.0/build/HTML-Tagset-3.20/blib/lib:/home/cpan/pit/bare/conf/perl-5.16.0/.cpanplus/5.16.0/build/HTML-Tagset-3.20/blib/arch:/home/cpan/pit/bare/conf/perl-5.16.0/.cpanplus/5.16.0/build/HTML-Parser-3.69/blib/lib:/home/cpan/pit/bare/conf/perl-5.16.0/.cpanplus/5.16.0/build/HTML-Parser-3.69/blib/arch:/home/cpan/pit/bare/conf/perl-5.16.0/.cpanplus/5.16.0/build/LWP-MediaTypes-6.02/blib/lib:/home/cpan/pit/bare/conf/perl-5.16.0/.cpanplus/5.16.0/build/LWP-MediaTypes-6.02/blib/arch:/home/cpan/pit/bare/conf/perl-5.16.0/.cpanplus/5.16.0/build/URI-1.60/blib/lib:/home/cpan/pit/bare/conf/perl-5.16.0/.cpanplus/5.16.0/build/URI-1.60/blib/arch:/home/cpan/pit/bare/conf/perl-5.16.0/.cpanplus/5.16.0/build/HTTP-Message-6.03/blib/lib:/home/cpan/pit/bare/conf/perl-5.16.0/.cpanplus/5.16.0/build/HTTP-Message-6.03/blib/arch:/home/cpan/pit/bare/conf/perl-5.16.0/.cpanplus/5.16.0/build/HTTP-Cookies-6.01/blib/lib:/home/cpan/pit/bare/conf/perl-5.16.0/.cpanplus/5.16.0/build/HTTP-Cookies-6.01/blib/arch:/home/cpan/pit/bare/conf/perl-5.16.0/.cpanplus/5.16.0/build/HTTP-Daemon-6.01/blib/lib:/home/cpan/pit/bare/conf/perl-5.16.0/.cpanplus/5.16.0/build/HTTP-Daemon-6.01/blib/arch:/home/cpan/pit/bare/conf/perl-5.16.0/.cpanplus/5.16.0/build/HTTP-Negotiate-6.01/blib/lib:/home/cpan/pit/bare/conf/perl-5.16.0/.cpanplus/5.16.0/build/HTTP-Negotiate-6.01/blib/arch:/home/cpan/pit/bare/conf/perl-5.16.0/.cpanplus/5.16.0/build/Net-HTTP-6.03/blib/lib:/home/cpan/pit/bare/conf/perl-5.16.0/.cpanplus/5.16.0/build/Net-HTTP-6.03/blib/arch:/home/cpan/pit/bare/conf/perl-5.16.0/.cpanplus/5.16.0/build/WWW-RobotRules-6.02/blib/lib:/home/cpan/pit/bare/conf/perl-5.16.0/.cpanplus/5.16.0/build/WWW-RobotRules-6.02/blib/arch:/home/cpan/pit/bare/conf/perl-5.16.0/.cpanplus/5.16.0/build/libwww-perl-6.04/blib/lib:/home/cpan/pit/bare/conf/perl-5.16.0/.cpanplus/5.16.0/build/libwww-perl-6.04/blib/arch:/home/cpan/pit/bare/conf/perl-5.16.0/.cpanplus/5.16.0/build/List-MoreUtils-0.33/blib/lib:/home/cpan/pit/bare/conf/perl-5.16.0/.cpanplus/5.16.0/build/List-MoreUtils-0.33/blib/arch:/home/cpan/pit/bare/conf/perl-5.16.0/.cpanplus/5.16.0/build/Parse-RecDescent-1.967009/blib/lib:/home/cpan/pit/bare/conf/perl-5.16.0/.cpanplus/5.16.0/build/Parse-RecDescent-1.967009/blib/arch:/home/cpan/pit/bare/conf/perl-5.16.0/.cpanplus/5.16.0/build/Pod-Strip-1.02/blib/lib:/home/cpan/pit/bare/conf/perl-5.16.0/.cpanplus/5.16.0/build/Pod-Strip-1.02/blib/arch:/home/cpan/pit/bare/conf/perl-5.16.0/.cpanplus/5.16.0/build/Test-Tester-0.108/blib/lib:/home/cpan/pit/bare/conf/perl-5.16.0/.cpanplus/5.16.0/build/Test-Tester-0.108/blib/arch:/home/cpan/pit/bare/conf/perl-5.16.0/.cpanplus/5.16.0/build/Test-NoWarnings-1.04/blib/lib:/home/cpan/pit/bare/conf/perl-5.16.0/.cpanplus/5.16.0/build/Test-NoWarnings-1.04/blib/arch:/home/cpan/pit/bare/conf/perl-5.16.0/.cpanplus/5.16.0/build/Test-Deep-0.109/blib/lib:/home/cpan/pit/bare/conf/perl-5.16.0/.cpanplus/5.16.0/build/Test-Deep-0.109/blib/arch:/home/cpan/pit/bare/conf/perl-5.16.0/.cpanplus/5.16.0/build/Module-ExtractUse-0.27/blib/lib:/home/cpan/pit/bare/conf/perl-5.16.0/.cpanplus/5.16.0/build/Module-ExtractUse-0.27/blib/arch:/home/cpan/pit/bare/conf/perl-5.16.0/.cpanplus/5.16.0/build/Readonly-1.03/blib/lib:/home/cpan/pit/bare/conf/perl-5.16.0/.cpanplus/5.16.0/build/Readonly-1.03/blib/arch:/home/cpan/pit/bare/conf/perl-5.16.0/.cpanplus/5.16.0/build/MRO-Compat-0.11/blib/lib:/home/cpan/pit/bare/conf/perl-5.16.0/.cpanplus/5.16.0/build/MRO-Compat-0.11/blib/arch:/home/cpan/pit/bare/conf/perl-5.16.0/.cpanplus/5.16.0/build/Params-Util-1.07/blib/lib:/home/cpan/pit/bare/conf/perl-5.16.0/.cpanplus/5.16.0/build/Params-Util-1.07/blib/arch:/home/cpan/pit/bare/conf/perl-5.16.0/.cpanplus/5.16.0/build/Sub-Install-0.926/blib/lib:/home/cpan/pit/bare/conf/perl-5.16.0/.cpanplus/5.16.0/build/Sub-Install-0.926/blib/arch:/home/cpan/pit/bare/conf/perl-5.16.0/.cpanplus/5.16.0/build/Data-OptList-0.107/blib/lib:/home/cpan/pit/bare/conf/perl-5.16.0/.cpanplus/5.16.0/build/Data-OptList-0.107/blib/arch:/home/cpan/pit/bare/conf/perl-5.16.0/.cpanplus/5.16.0/build/Sub-Exporter-0.982/blib/lib:/home/cpan/pit/bare/conf/perl-5.16.0/.cpanplus/5.16.0/build/Sub-Exporter-0.982/blib/arch:/home/cpan/pit/bare/conf/perl-5.16.0/.cpanplus/5.16.0/build/Data-Section-0.101621/blib/lib:/home/cpan/pit/bare/conf/perl-5.16.0/.cpanplus/5.16.0/build/Data-Section-0.101621/blib/arch:/home/cpan/pit/bare/conf/perl-5.16.0/.cpanplus/5.16.0/build/Text-Template-1.45/blib/lib:/home/cpan/pit/bare/conf/perl-5.16.0/.cpanplus/5.16.0/build/Text-Template-1.45/blib/arch:/home/cpan/pit/bare/conf/perl-5.16.0/.cpanplus/5.16.0/build/Software-License-0.103004/blib/lib:/home/cpan/pit/bare/conf/perl-5.16.0/.cpanplus/5.16.0/build/Software-License-0.103004/blib/arch:/home/cpan/pit/bare/conf/perl-5.16.0/.cpanplus/5.16.0/build/YAML-0.81/blib/lib:/home/cpan/pit/bare/conf/perl-5.16.0/.cpanplus/5.16.0/build/YAML-0.81/blib/arch:/home/cpan/pit/bare/conf/perl-5.16.0/.cpanplus/5.16.0/build/Devel-Leak-0.03/blib/lib:/home/cpan/pit/bare/conf/perl-5.16.0/.cpanplus/5.16.0/build/Devel-Leak-0.03/blib/arch:/home/cpan/pit/bare/conf/perl-5.16.0/.cpanplus/5.16.0/build/YAML-Syck-1.20/blib/lib:/home/cpan/pit/bare/conf/perl-5.16.0/.cpanplus/5.16.0/build/YAML-Syck-1.20/blib/arch:/home/cpan/pit/bare/conf/perl-5.16.0/.cpanplus/5.16.0/build/YAML-Tiny-1.51/blib/lib:/home/cpan/pit/bare/conf/perl-5.16.0/.cpanplus/5.16.0/build/YAML-Tiny-1.51/blib/arch:/home/cpan/pit/bare/conf/perl-5.16.0/.cpanplus/5.16.0/build/YAML-LibYAML-0.38/blib/lib:/home/cpan/pit/bare/conf/perl-5.16.0/.cpanplus/5.16.0/build/YAML-LibYAML-0.38/blib/arch:/home/cpan/pit/bare/conf/perl-5.16.0/.cpanplus/5.16.0/build/Test-YAML-Valid-0.04/blib/lib:/home/cpan/pit/bare/conf/perl-5.16.0/.cpanplus/5.16.0/build/Test-YAML-Valid-0.04/blib/arch:/home/cpan/pit/bare/conf/perl-5.16.0/.cpanplus/5.16.0/build/Test-YAML-Meta-0.16/blib/lib:/home/cpan/pit/bare/conf/perl-5.16.0/.cpanplus/5.16.0/build/Test-YAML-Meta-0.16/blib/arch:/home/cpan/pit/bare/conf/perl-5.16.0/.cpanplus/5.16.0/build/Text-CSV_XS-0.88/blib/lib:/home/cpan/pit/bare/conf/perl-5.16.0/.cpanplus/5.16.0/build/Text-CSV_XS-0.88/blib/arch:/home/cpan/pit/bare/conf/perl-5.16.0/.cpanplus/5.16.0/build/Module-CPANTS-Analyse-0.85/blib/lib:/home/cpan/pit/bare/conf/perl-5.16.0/.cpanplus/5.16.0/build/Module-CPANTS-Analyse-0.85/blib/arch
    PERL5_CPANPLUS_IS_RUNNING = 23371
    PERL5_CPANPLUS_IS_VERSION = 0.9129
    PERL5_MINISMOKEBOX = 0.54
    PERL5_YACSMOKE_BASE = /home/cpan/pit/bare/conf/perl-5.16.0
    PERL_EXTUTILS_AUTOINSTALL = --defaultdeps
    PERL_MM_USE_DEFAULT = 1
    SHELL = /bin/bash
    TERM = screen

Perl special variables (and OS-specific diagnostics, for MSWin32):

    Perl: $^X = /home/cpan/pit/bare/perl-5.16.0/bin/perl
    UID:  $<  = 1001
    EUID: $>  = 1001
    GID:  $(  = 1001 1001
    EGID: $)  = 1001 1001


-------------------------------


--

Summary of my perl5 (revision 5 version 16 subversion 0) configuration:
   
  Platform:
    osname=linux, osvers=3.2.0-24-generic, archname=x86_64-linux
    uname='linux pluto 3.2.0-24-generic #37-ubuntu smp wed apr 25 08:43:22 utc 2012 x86_64 x86_64 x86_64 gnulinux '
    config_args='-des -Dprefix=/home/cpan/pit/bare/perl-5.16.0'
    hint=recommended, useposix=true, d_sigaction=define
    useithreads=undef, usemultiplicity=undef
    useperlio=define, d_sfio=undef, uselargefiles=define, usesocks=undef
    use64bitint=define, use64bitall=define, uselongdouble=undef
    usemymalloc=n, bincompat5005=undef
  Compiler:
    cc='cc', ccflags ='-fno-strict-aliasing -pipe -fstack-protector -I/usr/local/include -D_LARGEFILE_SOURCE -D_FILE_OFFSET_BITS=64',
    optimize='-O2',
    cppflags='-fno-strict-aliasing -pipe -fstack-protector -I/usr/local/include'
    ccversion='', gccversion='4.6.3', gccosandvers=''
    intsize=4, longsize=8, ptrsize=8, doublesize=8, byteorder=12345678
    d_longlong=define, longlongsize=8, d_longdbl=define, longdblsize=16
    ivtype='long', ivsize=8, nvtype='double', nvsize=8, Off_t='off_t', lseeksize=8
    alignbytes=8, prototype=define
  Linker and Libraries:
    ld='cc', ldflags =' -fstack-protector -L/usr/local/lib'
    libpth=/usr/local/lib /lib/x86_64-linux-gnu /lib/../lib /usr/lib/x86_64-linux-gnu /usr/lib/../lib /lib /usr/lib
    libs=-lnsl -lgdbm -ldb -ldl -lm -lcrypt -lutil -lc -lgdbm_compat
    perllibs=-lnsl -ldl -lm -lcrypt -lutil -lc
    libc=, so=so, useshrplib=false, libperl=libperl.a
    gnulibc_version='2.15'
  Dynamic Linking:
    dlsrc=dl_dlopen.xs, dlext=so, d_dlsymun=undef, ccdlflags='-Wl,-E'
    cccdlflags='-fPIC', lddlflags='-shared -O2 -L/usr/local/lib -fstack-protector'


Characteristics of this binary (from libperl): 
  Compile-time options: HAS_TIMES PERLIO_LAYERS PERL_DONT_CREATE_GVSV
                        PERL_MALLOC_WRAP PERL_PRESERVE_IVUV USE_64_BIT_ALL
                        USE_64_BIT_INT USE_LARGE_FILES USE_LOCALE
                        USE_LOCALE_COLLATE USE_LOCALE_CTYPE
                        USE_LOCALE_NUMERIC USE_PERLIO USE_PERL_ATOF
  Built under linux
  Compiled at May 21 2012 11:16:07
  %ENV:
    PERL5LIB=":/home/cpan/pit/bare/conf/perl-5.16.0/.cpanplus/5.16.0/build/Data-Dump-1.21/blib/lib:/home/cpan/pit/bare/conf/perl-5.16.0/.cpanplus/5.16.0/build/Data-Dump-1.21/blib/arch:/home/cpan/pit/bare/conf/perl-5.16.0/.cpanplus/5.16.0/build/File-Slurp-9999.19/blib/lib:/home/cpan/pit/bare/conf/perl-5.16.0/.cpanplus/5.16.0/build/File-Slurp-9999.19/blib/arch:/home/cpan/pit/bare/conf/perl-5.16.0/.cpanplus/5.16.0/build/HTTP-BrowserDetect-1.44/blib/lib:/home/cpan/pit/bare/conf/perl-5.16.0/.cpanplus/5.16.0/build/HTTP-BrowserDetect-1.44/blib/arch:/home/cpan/pit/bare/conf/perl-5.16.0/.cpanplus/5.16.0/build/List-Member-0.044/blib/lib:/home/cpan/pit/bare/conf/perl-5.16.0/.cpanplus/5.16.0/build/List-Member-0.044/blib/arch:/home/cpan/pit/bare/conf/perl-5.16.0/.cpanplus/5.16.0/build/Archive-Zip-1.30/blib/lib:/home/cpan/pit/bare/conf/perl-5.16.0/.cpanplus/5.16.0/build/Archive-Zip-1.30/blib/arch:/home/cpan/pit/bare/conf/perl-5.16.0/.cpanplus/5.16.0/build/File-MMagic-1.27/blib/lib:/home/cpan/pit/bare/conf/perl-5.16.0/.cpanplus/5.16.0/build/File-MMagic-1.27/blib/arch:/home/cpan/pit/bare/conf/perl-5.16.0/.cpanplus/5.16.0/build/MIME-Types-1.34/blib/lib:/home/cpan/pit/bare/conf/perl-5.16.0/.cpanplus/5.16.0/build/MIME-Types-1.34/blib/arch:/home/cpan/pit/bare/conf/perl-5.16.0/.cpanplus/5.16.0/build/Module-Find-0.10/blib/lib:/home/cpan/pit/bare/conf/perl-5.16.0/.cpanplus/5.16.0/build/Module-Find-0.10/blib/arch:/home/cpan/pit/bare/conf/perl-5.16.0/.cpanplus/5.16.0/build/Sub-Uplevel-0.24/blib/lib:/home/cpan/pit/bare/conf/perl-5.16.0/.cpanplus/5.16.0/build/Sub-Uplevel-0.24/blib/arch:/home/cpan/pit/bare/conf/perl-5.16.0/.cpanplus/5.16.0/build/Tree-DAG_Node-1.06/blib/lib:/home/cpan/pit/bare/conf/perl-5.16.0/.cpanplus/5.16.0/build/Tree-DAG_Node-1.06/blib/arch:/home/cpan/pit/bare/conf/perl-5.16.0/.cpanplus/5.16.0/build/Test-Warn-0.24/blib/lib:/home/cpan/pit/bare/conf/perl-5.16.0/.cpanplus/5.16.0/build/Test-Warn-0.24/blib/arch:/home/cpan/pit/bare/conf/perl-5.16.0/.cpanplus/5.16.0/build/Archive-Any-0.0932/blib/lib:/home/cpan/pit/bare/conf/perl-5.16.0/.cpanplus/5.16.0/build/Archive-Any-0.0932/blib/arch:/home/cpan/pit/bare/conf/perl-5.16.0/.cpanplus/5.16.0/build/Algorithm-Diff-1.1902/blib/lib:/home/cpan/pit/bare/conf/perl-5.16.0/.cpanplus/5.16.0/build/Algorithm-Diff-1.1902/blib/arch:/home/cpan/pit/bare/conf/perl-5.16.0/.cpanplus/5.16.0/build/Class-Accessor-0.34/blib/lib:/home/cpan/pit/bare/conf/perl-5.16.0/.cpanplus/5.16.0/build/Class-Accessor-0.34/blib/arch:/home/cpan/pit/bare/conf/perl-5.16.0/.cpanplus/5.16.0/build/Array-Diff-0.07/blib/lib:/home/cpan/pit/bare/conf/perl-5.16.0/.cpanplus/5.16.0/build/Array-Diff-0.07/blib/arch:/home/cpan/pit/bare/conf/perl-5.16.0/.cpanplus/5.16.0/build/CPAN-DistnameInfo-0.12/blib/lib:/home/cpan/pit/bare/conf/perl-5.16.0/.cpanplus/5.16.0/build/CPAN-DistnameInfo-0.12/blib/arch:/home/cpan/pit/bare/conf/perl-5.16.0/.cpanplus/5.16.0/build/Number-Compare-0.03/blib/lib:/home/cpan/pit/bare/conf/perl-5.16.0/.cpanplus/5.16.0/build/Number-Compare-0.03/blib/arch:/home/cpan/pit/bare/conf/perl-5.16.0/.cpanplus/5.16.0/build/Text-Glob-0.09/blib/lib:/home/cpan/pit/bare/conf/perl-5.16.0/.cpanplus/5.16.0/build/Text-Glob-0.09/blib/arch:/home/cpan/pit/bare/conf/perl-5.16.0/.cpanplus/5.16.0/build/File-Find-Rule-0.33/blib/lib:/home/cpan/pit/bare/conf/perl-5.16.0/.cpanplus/5.16.0/build/File-Find-Rule-0.33/blib/arch:/home/cpan/pit/bare/conf/perl-5.16.0/.cpanplus/5.16.0/build/IO-Capture-0.05/blib/lib:/home/cpan/pit/bare/conf/perl-5.16.0/.cpanplus/5.16.0/build/IO-Capture-0.05/blib/arch:/home/cpan/pit/bare/conf/perl-5.16.0/.cpanplus/5.16.0/build/Encode-Locale-1.03/blib/lib:/home/cpan/pit/bare/conf/perl-5.16.0/.cpanplus/5.16.0/build/Encode-Locale-1.03/blib/arch:/home/cpan/pit/bare/conf/perl-5.16.0/.cpanplus/5.16.0/build/HTTP-Date-6.02/blib/lib:/home/cpan/pit/bare/conf/perl-5.16.0/.cpanplus/5.16.0/build/HTTP-Date-6.02/blib/arch:/home/cpan/pit/bare/conf/perl-5.16.0/.cpanplus/5.16.0/build/File-Listing-6.04/blib/lib:/home/cpan/pit/bare/conf/perl-5.16.0/.cpanplus/5.16.0/build/File-Listing-6.04/blib/arch:/home/cpan/pit/bare/conf/perl-5.16.0/.cpanplus/5.16.0/build/HTML-Tagset-3.20/blib/lib:/home/cpan/pit/bare/conf/perl-5.16.0/.cpanplus/5.16.0/build/HTML-Tagset-3.20/blib/arch:/home/cpan/pit/bare/conf/perl-5.16.0/.cpanplus/5.16.0/build/HTML-Parser-3.69/blib/lib:/home/cpan/pit/bare/conf/perl-5.16.0/.cpanplus/5.16.0/build/HTML-Parser-3.69/blib/arch:/home/cpan/pit/bare/conf/perl-5.16.0/.cpanplus/5.16.0/build/LWP-MediaTypes-6.02/blib/lib:/home/cpan/pit/bare/conf/perl-5.16.0/.cpanplus/5.16.0/build/LWP-MediaTypes-6.02/blib/arch:/home/cpan/pit/bare/conf/perl-5.16.0/.cpanplus/5.16.0/build/URI-1.60/blib/lib:/home/cpan/pit/bare/conf/perl-5.16.0/.cpanplus/5.16.0/build/URI-1.60/blib/arch:/home/cpan/pit/bare/conf/perl-5.16.0/.cpanplus/5.16.0/build/HTTP-Message-6.03/blib/lib:/home/cpan/pit/bare/conf/perl-5.16.0/.cpanplus/5.16.0/build/HTTP-Message-6.03/blib/arch:/home/cpan/pit/bare/conf/perl-5.16.0/.cpanplus/5.16.0/build/HTTP-Cookies-6.01/blib/lib:/home/cpan/pit/bare/conf/perl-5.16.0/.cpanplus/5.16.0/build/HTTP-Cookies-6.01/blib/arch:/home/cpan/pit/bare/conf/perl-5.16.0/.cpanplus/5.16.0/build/HTTP-Daemon-6.01/blib/lib:/home/cpan/pit/bare/conf/perl-5.16.0/.cpanplus/5.16.0/build/HTTP-Daemon-6.01/blib/arch:/home/cpan/pit/bare/conf/perl-5.16.0/.cpanplus/5.16.0/build/HTTP-Negotiate-6.01/blib/lib:/home/cpan/pit/bare/conf/perl-5.16.0/.cpanplus/5.16.0/build/HTTP-Negotiate-6.01/blib/arch:/home/cpan/pit/bare/conf/perl-5.16.0/.cpanplus/5.16.0/build/Net-HTTP-6.03/blib/lib:/home/cpan/pit/bare/conf/perl-5.16.0/.cpanplus/5.16.0/build/Net-HTTP-6.03/blib/arch:/home/cpan/pit/bare/conf/perl-5.16.0/.cpanplus/5.16.0/build/WWW-RobotRules-6.02/blib/lib:/home/cpan/pit/bare/conf/perl-5.16.0/.cpanplus/5.16.0/build/WWW-RobotRules-6.02/blib/arch:/home/cpan/pit/bare/conf/perl-5.16.0/.cpanplus/5.16.0/build/libwww-perl-6.04/blib/lib:/home/cpan/pit/bare/conf/perl-5.16.0/.cpanplus/5.16.0/build/libwww-perl-6.04/blib/arch:/home/cpan/pit/bare/conf/perl-5.16.0/.cpanplus/5.16.0/build/List-MoreUtils-0.33/blib/lib:/home/cpan/pit/bare/conf/perl-5.16.0/.cpanplus/5.16.0/build/List-MoreUtils-0.33/blib/arch:/home/cpan/pit/bare/conf/perl-5.16.0/.cpanplus/5.16.0/build/Parse-RecDescent-1.967009/blib/lib:/home/cpan/pit/bare/conf/perl-5.16.0/.cpanplus/5.16.0/build/Parse-RecDescent-1.967009/blib/arch:/home/cpan/pit/bare/conf/perl-5.16.0/.cpanplus/5.16.0/build/Pod-Strip-1.02/blib/lib:/home/cpan/pit/bare/conf/perl-5.16.0/.cpanplus/5.16.0/build/Pod-Strip-1.02/blib/arch:/home/cpan/pit/bare/conf/perl-5.16.0/.cpanplus/5.16.0/build/Test-Tester-0.108/blib/lib:/home/cpan/pit/bare/conf/perl-5.16.0/.cpanplus/5.16.0/build/Test-Tester-0.108/blib/arch:/home/cpan/pit/bare/conf/perl-5.16.0/.cpanplus/5.16.0/build/Test-NoWarnings-1.04/blib/lib:/home/cpan/pit/bare/conf/perl-5.16.0/.cpanplus/5.16.0/build/Test-NoWarnings-1.04/blib/arch:/home/cpan/pit/bare/conf/perl-5.16.0/.cpanplus/5.16.0/build/Test-Deep-0.109/blib/lib:/home/cpan/pit/bare/conf/perl-5.16.0/.cpanplus/5.16.0/build/Test-Deep-0.109/blib/arch:/home/cpan/pit/bare/conf/perl-5.16.0/.cpanplus/5.16.0/build/Module-ExtractUse-0.27/blib/lib:/home/cpan/pit/bare/conf/perl-5.16.0/.cpanplus/5.16.0/build/Module-ExtractUse-0.27/blib/arch:/home/cpan/pit/bare/conf/perl-5.16.0/.cpanplus/5.16.0/build/Readonly-1.03/blib/lib:/home/cpan/pit/bare/conf/perl-5.16.0/.cpanplus/5.16.0/build/Readonly-1.03/blib/arch:/home/cpan/pit/bare/conf/perl-5.16.0/.cpanplus/5.16.0/build/MRO-Compat-0.11/blib/lib:/home/cpan/pit/bare/conf/perl-5.16.0/.cpanplus/5.16.0/build/MRO-Compat-0.11/blib/arch:/home/cpan/pit/bare/conf/perl-5.16.0/.cpanplus/5.16.0/build/Params-Util-1.07/blib/lib:/home/cpan/pit/bare/conf/perl-5.16.0/.cpanplus/5.16.0/build/Params-Util-1.07/blib/arch:/home/cpan/pit/bare/conf/perl-5.16.0/.cpanplus/5.16.0/build/Sub-Install-0.926/blib/lib:/home/cpan/pit/bare/conf/perl-5.16.0/.cpanplus/5.16.0/build/Sub-Install-0.926/blib/arch:/home/cpan/pit/bare/conf/perl-5.16.0/.cpanplus/5.16.0/build/Data-OptList-0.107/blib/lib:/home/cpan/pit/bare/conf/perl-5.16.0/.cpanplus/5.16.0/build/Data-OptList-0.107/blib/arch:/home/cpan/pit/bare/conf/perl-5.16.0/.cpanplus/5.16.0/build/Sub-Exporter-0.982/blib/lib:/home/cpan/pit/bare/conf/perl-5.16.0/.cpanplus/5.16.0/build/Sub-Exporter-0.982/blib/arch:/home/cpan/pit/bare/conf/perl-5.16.0/.cpanplus/5.16.0/build/Data-Section-0.101621/blib/lib:/home/cpan/pit/bare/conf/perl-5.16.0/.cpanplus/5.16.0/build/Data-Section-0.101621/blib/arch:/home/cpan/pit/bare/conf/perl-5.16.0/.cpanplus/5.16.0/build/Text-Template-1.45/blib/lib:/home/cpan/pit/bare/conf/perl-5.16.0/.cpanplus/5.16.0/build/Text-Template-1.45/blib/arch:/home/cpan/pit/bare/conf/perl-5.16.0/.cpanplus/5.16.0/build/Software-License-0.103004/blib/lib:/home/cpan/pit/bare/conf/perl-5.16.0/.cpanplus/5.16.0/build/Software-License-0.103004/blib/arch:/home/cpan/pit/bare/conf/perl-5.16.0/.cpanplus/5.16.0/build/YAML-0.81/blib/lib:/home/cpan/pit/bare/conf/perl-5.16.0/.cpanplus/5.16.0/build/YAML-0.81/blib/arch:/home/cpan/pit/bare/conf/perl-5.16.0/.cpanplus/5.16.0/build/Devel-Leak-0.03/blib/lib:/home/cpan/pit/bare/conf/perl-5.16.0/.cpanplus/5.16.0/build/Devel-Leak-0.03/blib/arch:/home/cpan/pit/bare/conf/perl-5.16.0/.cpanplus/5.16.0/build/YAML-Syck-1.20/blib/lib:/home/cpan/pit/bare/conf/perl-5.16.0/.cpanplus/5.16.0/build/YAML-Syck-1.20/blib/arch:/home/cpan/pit/bare/conf/perl-5.16.0/.cpanplus/5.16.0/build/YAML-Tiny-1.51/blib/lib:/home/cpan/pit/bare/conf/perl-5.16.0/.cpanplus/5.16.0/build/YAML-Tiny-1.51/blib/arch:/home/cpan/pit/bare/conf/perl-5.16.0/.cpanplus/5.16.0/build/YAML-LibYAML-0.38/blib/lib:/home/cpan/pit/bare/conf/perl-5.16.0/.cpanplus/5.16.0/build/YAML-LibYAML-0.38/blib/arch:/home/cpan/pit/bare/conf/perl-5.16.0/.cpanplus/5.16.0/build/Test-YAML-Valid-0.04/blib/lib:/home/cpan/pit/bare/conf/perl-5.16.0/.cpanplus/5.16.0/build/Test-YAML-Valid-0.04/blib/arch:/home/cpan/pit/bare/conf/perl-5.16.0/.cpanplus/5.16.0/build/Test-YAML-Meta-0.16/blib/lib:/home/cpan/pit/bare/conf/perl-5.16.0/.cpanplus/5.16.0/build/Test-YAML-Meta-0.16/blib/arch:/home/cpan/pit/bare/conf/perl-5.16.0/.cpanplus/5.16.0/build/Text-CSV_XS-0.88/blib/lib:/home/cpan/pit/bare/conf/perl-5.16.0/.cpanplus/5.16.0/build/Text-CSV_XS-0.88/blib/arch:/home/cpan/pit/bare/conf/perl-5.16.0/.cpanplus/5.16.0/build/Module-CPANTS-Analyse-0.85/blib/lib:/home/cpan/pit/bare/conf/perl-5.16.0/.cpanplus/5.16.0/build/Module-CPANTS-Analyse-0.85/blib/arch"
    PERL5_CPANPLUS_IS_RUNNING="23371"
    PERL5_CPANPLUS_IS_VERSION="0.9129"
    PERL5_MINISMOKEBOX="0.54"
    PERL5_YACSMOKE_BASE="/home/cpan/pit/bare/conf/perl-5.16.0"
    PERL_EXTUTILS_AUTOINSTALL="--defaultdeps"
    PERL_MM_USE_DEFAULT="1"
  @INC:
    /home/cpan/pit/bare/conf/perl-5.16.0/.cpanplus/5.16.0/build/Data-Dump-1.21/blib/lib
    /home/cpan/pit/bare/conf/perl-5.16.0/.cpanplus/5.16.0/build/Data-Dump-1.21/blib/arch
    /home/cpan/pit/bare/conf/perl-5.16.0/.cpanplus/5.16.0/build/File-Slurp-9999.19/blib/lib
    /home/cpan/pit/bare/conf/perl-5.16.0/.cpanplus/5.16.0/build/File-Slurp-9999.19/blib/arch
    /home/cpan/pit/bare/conf/perl-5.16.0/.cpanplus/5.16.0/build/HTTP-BrowserDetect-1.44/blib/lib
    /home/cpan/pit/bare/conf/perl-5.16.0/.cpanplus/5.16.0/build/HTTP-BrowserDetect-1.44/blib/arch
    /home/cpan/pit/bare/conf/perl-5.16.0/.cpanplus/5.16.0/build/List-Member-0.044/blib/lib
    /home/cpan/pit/bare/conf/perl-5.16.0/.cpanplus/5.16.0/build/List-Member-0.044/blib/arch
    /home/cpan/pit/bare/conf/perl-5.16.0/.cpanplus/5.16.0/build/Archive-Zip-1.30/blib/lib
    /home/cpan/pit/bare/conf/perl-5.16.0/.cpanplus/5.16.0/build/Archive-Zip-1.30/blib/arch
    /home/cpan/pit/bare/conf/perl-5.16.0/.cpanplus/5.16.0/build/File-MMagic-1.27/blib/lib
    /home/cpan/pit/bare/conf/perl-5.16.0/.cpanplus/5.16.0/build/File-MMagic-1.27/blib/arch
    /home/cpan/pit/bare/conf/perl-5.16.0/.cpanplus/5.16.0/build/MIME-Types-1.34/blib/lib
    /home/cpan/pit/bare/conf/perl-5.16.0/.cpanplus/5.16.0/build/MIME-Types-1.34/blib/arch
    /home/cpan/pit/bare/conf/perl-5.16.0/.cpanplus/5.16.0/build/Module-Find-0.10/blib/lib
    /home/cpan/pit/bare/conf/perl-5.16.0/.cpanplus/5.16.0/build/Module-Find-0.10/blib/arch
    /home/cpan/pit/bare/conf/perl-5.16.0/.cpanplus/5.16.0/build/Sub-Uplevel-0.24/blib/lib
    /home/cpan/pit/bare/conf/perl-5.16.0/.cpanplus/5.16.0/build/Sub-Uplevel-0.24/blib/arch
    /home/cpan/pit/bare/conf/perl-5.16.0/.cpanplus/5.16.0/build/Tree-DAG_Node-1.06/blib/lib
    /home/cpan/pit/bare/conf/perl-5.16.0/.cpanplus/5.16.0/build/Tree-DAG_Node-1.06/blib/arch
    /home/cpan/pit/bare/conf/perl-5.16.0/.cpanplus/5.16.0/build/Test-Warn-0.24/blib/lib
    /home/cpan/pit/bare/conf/perl-5.16.0/.cpanplus/5.16.0/build/Test-Warn-0.24/blib/arch
    /home/cpan/pit/bare/conf/perl-5.16.0/.cpanplus/5.16.0/build/Archive-Any-0.0932/blib/lib
    /home/cpan/pit/bare/conf/perl-5.16.0/.cpanplus/5.16.0/build/Archive-Any-0.0932/blib/arch
    /home/cpan/pit/bare/conf/perl-5.16.0/.cpanplus/5.16.0/build/Algorithm-Diff-1.1902/blib/lib
    /home/cpan/pit/bare/conf/perl-5.16.0/.cpanplus/5.16.0/build/Algorithm-Diff-1.1902/blib/arch
    /home/cpan/pit/bare/conf/perl-5.16.0/.cpanplus/5.16.0/build/Class-Accessor-0.34/blib/lib
    /home/cpan/pit/bare/conf/perl-5.16.0/.cpanplus/5.16.0/build/Class-Accessor-0.34/blib/arch
    /home/cpan/pit/bare/conf/perl-5.16.0/.cpanplus/5.16.0/build/Array-Diff-0.07/blib/lib
    /home/cpan/pit/bare/conf/perl-5.16.0/.cpanplus/5.16.0/build/Array-Diff-0.07/blib/arch
    /home/cpan/pit/bare/conf/perl-5.16.0/.cpanplus/5.16.0/build/CPAN-DistnameInfo-0.12/blib/lib
    /home/cpan/pit/bare/conf/perl-5.16.0/.cpanplus/5.16.0/build/CPAN-DistnameInfo-0.12/blib/arch
    /home/cpan/pit/bare/conf/perl-5.16.0/.cpanplus/5.16.0/build/Number-Compare-0.03/blib/lib
    /home/cpan/pit/bare/conf/perl-5.16.0/.cpanplus/5.16.0/build/Number-Compare-0.03/blib/arch
    /home/cpan/pit/bare/conf/perl-5.16.0/.cpanplus/5.16.0/build/Text-Glob-0.09/blib/lib
    /home/cpan/pit/bare/conf/perl-5.16.0/.cpanplus/5.16.0/build/Text-Glob-0.09/blib/arch
    /home/cpan/pit/bare/conf/perl-5.16.0/.cpanplus/5.16.0/build/File-Find-Rule-0.33/blib/lib
    /home/cpan/pit/bare/conf/perl-5.16.0/.cpanplus/5.16.0/build/File-Find-Rule-0.33/blib/arch
    /home/cpan/pit/bare/conf/perl-5.16.0/.cpanplus/5.16.0/build/IO-Capture-0.05/blib/lib
    /home/cpan/pit/bare/conf/perl-5.16.0/.cpanplus/5.16.0/build/IO-Capture-0.05/blib/arch
    /home/cpan/pit/bare/conf/perl-5.16.0/.cpanplus/5.16.0/build/Encode-Locale-1.03/blib/lib
    /home/cpan/pit/bare/conf/perl-5.16.0/.cpanplus/5.16.0/build/Encode-Locale-1.03/blib/arch
    /home/cpan/pit/bare/conf/perl-5.16.0/.cpanplus/5.16.0/build/HTTP-Date-6.02/blib/lib
    /home/cpan/pit/bare/conf/perl-5.16.0/.cpanplus/5.16.0/build/HTTP-Date-6.02/blib/arch
    /home/cpan/pit/bare/conf/perl-5.16.0/.cpanplus/5.16.0/build/File-Listing-6.04/blib/lib
    /home/cpan/pit/bare/conf/perl-5.16.0/.cpanplus/5.16.0/build/File-Listing-6.04/blib/arch
    /home/cpan/pit/bare/conf/perl-5.16.0/.cpanplus/5.16.0/build/HTML-Tagset-3.20/blib/lib
    /home/cpan/pit/bare/conf/perl-5.16.0/.cpanplus/5.16.0/build/HTML-Tagset-3.20/blib/arch
    /home/cpan/pit/bare/conf/perl-5.16.0/.cpanplus/5.16.0/build/HTML-Parser-3.69/blib/lib
    /home/cpan/pit/bare/conf/perl-5.16.0/.cpanplus/5.16.0/build/HTML-Parser-3.69/blib/arch
    /home/cpan/pit/bare/conf/perl-5.16.0/.cpanplus/5.16.0/build/LWP-MediaTypes-6.02/blib/lib
    /home/cpan/pit/bare/conf/perl-5.16.0/.cpanplus/5.16.0/build/LWP-MediaTypes-6.02/blib/arch
    /home/cpan/pit/bare/conf/perl-5.16.0/.cpanplus/5.16.0/build/URI-1.60/blib/lib
    /home/cpan/pit/bare/conf/perl-5.16.0/.cpanplus/5.16.0/build/URI-1.60/blib/arch
    /home/cpan/pit/bare/conf/perl-5.16.0/.cpanplus/5.16.0/build/HTTP-Message-6.03/blib/lib
    /home/cpan/pit/bare/conf/perl-5.16.0/.cpanplus/5.16.0/build/HTTP-Message-6.03/blib/arch
    /home/cpan/pit/bare/conf/perl-5.16.0/.cpanplus/5.16.0/build/HTTP-Cookies-6.01/blib/lib
    /home/cpan/pit/bare/conf/perl-5.16.0/.cpanplus/5.16.0/build/HTTP-Cookies-6.01/blib/arch
    /home/cpan/pit/bare/conf/perl-5.16.0/.cpanplus/5.16.0/build/HTTP-Daemon-6.01/blib/lib
    /home/cpan/pit/bare/conf/perl-5.16.0/.cpanplus/5.16.0/build/HTTP-Daemon-6.01/blib/arch
    /home/cpan/pit/bare/conf/perl-5.16.0/.cpanplus/5.16.0/build/HTTP-Negotiate-6.01/blib/lib
    /home/cpan/pit/bare/conf/perl-5.16.0/.cpanplus/5.16.0/build/HTTP-Negotiate-6.01/blib/arch
    /home/cpan/pit/bare/conf/perl-5.16.0/.cpanplus/5.16.0/build/Net-HTTP-6.03/blib/lib
    /home/cpan/pit/bare/conf/perl-5.16.0/.cpanplus/5.16.0/build/Net-HTTP-6.03/blib/arch
    /home/cpan/pit/bare/conf/perl-5.16.0/.cpanplus/5.16.0/build/WWW-RobotRules-6.02/blib/lib
    /home/cpan/pit/bare/conf/perl-5.16.0/.cpanplus/5.16.0/build/WWW-RobotRules-6.02/blib/arch
    /home/cpan/pit/bare/conf/perl-5.16.0/.cpanplus/5.16.0/build/libwww-perl-6.04/blib/lib
    /home/cpan/pit/bare/conf/perl-5.16.0/.cpanplus/5.16.0/build/libwww-perl-6.04/blib/arch
    /home/cpan/pit/bare/conf/perl-5.16.0/.cpanplus/5.16.0/build/List-MoreUtils-0.33/blib/lib
    /home/cpan/pit/bare/conf/perl-5.16.0/.cpanplus/5.16.0/build/List-MoreUtils-0.33/blib/arch
    /home/cpan/pit/bare/conf/perl-5.16.0/.cpanplus/5.16.0/build/Parse-RecDescent-1.967009/blib/lib
    /home/cpan/pit/bare/conf/perl-5.16.0/.cpanplus/5.16.0/build/Parse-RecDescent-1.967009/blib/arch
    /home/cpan/pit/bare/conf/perl-5.16.0/.cpanplus/5.16.0/build/Pod-Strip-1.02/blib/lib
    /home/cpan/pit/bare/conf/perl-5.16.0/.cpanplus/5.16.0/build/Pod-Strip-1.02/blib/arch
    /home/cpan/pit/bare/conf/perl-5.16.0/.cpanplus/5.16.0/build/Test-Tester-0.108/blib/lib
    /home/cpan/pit/bare/conf/perl-5.16.0/.cpanplus/5.16.0/build/Test-Tester-0.108/blib/arch
    /home/cpan/pit/bare/conf/perl-5.16.0/.cpanplus/5.16.0/build/Test-NoWarnings-1.04/blib/lib
    /home/cpan/pit/bare/conf/perl-5.16.0/.cpanplus/5.16.0/build/Test-NoWarnings-1.04/blib/arch
    /home/cpan/pit/bare/conf/perl-5.16.0/.cpanplus/5.16.0/build/Test-Deep-0.109/blib/lib
    /home/cpan/pit/bare/conf/perl-5.16.0/.cpanplus/5.16.0/build/Test-Deep-0.109/blib/arch
    /home/cpan/pit/bare/conf/perl-5.16.0/.cpanplus/5.16.0/build/Module-ExtractUse-0.27/blib/lib
    /home/cpan/pit/bare/conf/perl-5.16.0/.cpanplus/5.16.0/build/Module-ExtractUse-0.27/blib/arch
    /home/cpan/pit/bare/conf/perl-5.16.0/.cpanplus/5.16.0/build/Readonly-1.03/blib/lib
    /home/cpan/pit/bare/conf/perl-5.16.0/.cpanplus/5.16.0/build/Readonly-1.03/blib/arch
    /home/cpan/pit/bare/conf/perl-5.16.0/.cpanplus/5.16.0/build/MRO-Compat-0.11/blib/lib
    /home/cpan/pit/bare/conf/perl-5.16.0/.cpanplus/5.16.0/build/MRO-Compat-0.11/blib/arch
    /home/cpan/pit/bare/conf/perl-5.16.0/.cpanplus/5.16.0/build/Params-Util-1.07/blib/lib
    /home/cpan/pit/bare/conf/perl-5.16.0/.cpanplus/5.16.0/build/Params-Util-1.07/blib/arch
    /home/cpan/pit/bare/conf/perl-5.16.0/.cpanplus/5.16.0/build/Sub-Install-0.926/blib/lib
    /home/cpan/pit/bare/conf/perl-5.16.0/.cpanplus/5.16.0/build/Sub-Install-0.926/blib/arch
    /home/cpan/pit/bare/conf/perl-5.16.0/.cpanplus/5.16.0/build/Data-OptList-0.107/blib/lib
    /home/cpan/pit/bare/conf/perl-5.16.0/.cpanplus/5.16.0/build/Data-OptList-0.107/blib/arch
    /home/cpan/pit/bare/conf/perl-5.16.0/.cpanplus/5.16.0/build/Sub-Exporter-0.982/blib/lib
    /home/cpan/pit/bare/conf/perl-5.16.0/.cpanplus/5.16.0/build/Sub-Exporter-0.982/blib/arch
    /home/cpan/pit/bare/conf/perl-5.16.0/.cpanplus/5.16.0/build/Data-Section-0.101621/blib/lib
    /home/cpan/pit/bare/conf/perl-5.16.0/.cpanplus/5.16.0/build/Data-Section-0.101621/blib/arch
    /home/cpan/pit/bare/conf/perl-5.16.0/.cpanplus/5.16.0/build/Text-Template-1.45/blib/lib
    /home/cpan/pit/bare/conf/perl-5.16.0/.cpanplus/5.16.0/build/Text-Template-1.45/blib/arch
    /home/cpan/pit/bare/conf/perl-5.16.0/.cpanplus/5.16.0/build/Software-License-0.103004/blib/lib
    /home/cpan/pit/bare/conf/perl-5.16.0/.cpanplus/5.16.0/build/Software-License-0.103004/blib/arch
    /home/cpan/pit/bare/conf/perl-5.16.0/.cpanplus/5.16.0/build/YAML-0.81/blib/lib
    /home/cpan/pit/bare/conf/perl-5.16.0/.cpanplus/5.16.0/build/YAML-0.81/blib/arch
    /home/cpan/pit/bare/conf/perl-5.16.0/.cpanplus/5.16.0/build/Devel-Leak-0.03/blib/lib
    /home/cpan/pit/bare/conf/perl-5.16.0/.cpanplus/5.16.0/build/Devel-Leak-0.03/blib/arch
    /home/cpan/pit/bare/conf/perl-5.16.0/.cpanplus/5.16.0/build/YAML-Syck-1.20/blib/lib
    /home/cpan/pit/bare/conf/perl-5.16.0/.cpanplus/5.16.0/build/YAML-Syck-1.20/blib/arch
    /home/cpan/pit/bare/conf/perl-5.16.0/.cpanplus/5.16.0/build/YAML-Tiny-1.51/blib/lib
    /home/cpan/pit/bare/conf/perl-5.16.0/.cpanplus/5.16.0/build/YAML-Tiny-1.51/blib/arch
    /home/cpan/pit/bare/conf/perl-5.16.0/.cpanplus/5.16.0/build/YAML-LibYAML-0.38/blib/lib
    /home/cpan/pit/bare/conf/perl-5.16.0/.cpanplus/5.16.0/build/YAML-LibYAML-0.38/blib/arch
    /home/cpan/pit/bare/conf/perl-5.16.0/.cpanplus/5.16.0/build/Test-YAML-Valid-0.04/blib/lib
    /home/cpan/pit/bare/conf/perl-5.16.0/.cpanplus/5.16.0/build/Test-YAML-Valid-0.04/blib/arch
    /home/cpan/pit/bare/conf/perl-5.16.0/.cpanplus/5.16.0/build/Test-YAML-Meta-0.16/blib/lib
    /home/cpan/pit/bare/conf/perl-5.16.0/.cpanplus/5.16.0/build/Test-YAML-Meta-0.16/blib/arch
    /home/cpan/pit/bare/conf/perl-5.16.0/.cpanplus/5.16.0/build/Text-CSV_XS-0.88/blib/lib
    /home/cpan/pit/bare/conf/perl-5.16.0/.cpanplus/5.16.0/build/Text-CSV_XS-0.88/blib/arch
    /home/cpan/pit/bare/conf/perl-5.16.0/.cpanplus/5.16.0/build/Module-CPANTS-Analyse-0.85/blib/lib
    /home/cpan/pit/bare/conf/perl-5.16.0/.cpanplus/5.16.0/build/Module-CPANTS-Analyse-0.85/blib/arch
    /home/cpan/pit/bare/perl-5.16.0/lib/site_perl/5.16.0/x86_64-linux
    /home/cpan/pit/bare/perl-5.16.0/lib/site_perl/5.16.0
    /home/cpan/pit/bare/perl-5.16.0/lib/5.16.0/x86_64-linux
    /home/cpan/pit/bare/perl-5.16.0/lib/5.16.0
    .