Report for Text-Editor-Vip-0.08.1

Back
From: metabase:user:30ae4450-2aae-11df-837a-5e0a49663a4f
Subject: FAIL Text-Editor-Vip-0.08.1 v5.14.3 
Date: 2013-01-21T06:16:39Z

This distribution has been tested as part of the CPAN Testers
project, supporting the Perl programming language.  See
http://wiki.cpantesters.org/ for more information or email
questions to cpan-testers-discuss@perl.org


--
Dear Nadim Ibn Hamouda El Khemir,

This is a computer-generated report for Text-Editor-Vip-0.08.1
on perl 5.14.3, created by CPAN-Reporter-1.2009.

Thank you for uploading your work to CPAN.  However, there was a problem
testing your distribution.

If you think this report is invalid, please consult the CPAN Testers Wiki
for suggestions on how to avoid getting FAIL reports for missing library
or binary dependencies, unsupported operating systems, and so on:

http://wiki.cpantesters.org/wiki/CPANAuthorNotes

Sections of this report:

    * Tester comments
    * Program output
    * Prerequisites
    * Environment and other context

------------------------------
TESTER COMMENTS
------------------------------

Additional comments from tester:

this report is from an automated smoke testing program
and was not reviewed by a human for accuracy

------------------------------
PROGRAM OUTPUT
------------------------------

Output from 'C:\strawberry5143\perl\bin\perl.exe ./Build test':

t\001_Text_Editor_Vip.t ................................. ok
"our" variable $buffer masks earlier declaration in same scope at C:\strawberry5143\cpan\build\Text-Editor-Vip-0.08.1-yK0q18\blib\lib/Text/Editor/Vip/Buffer.pm line 374.
t\002_Text_Editor_Vip_Buffer.t .......................... ok
t\003_Text_Editor_Vip_Selection.t ....................... ok
t\004_Text_Editor_Vip_CommandBlock.t .................... ok
"our" variable $buffer masks earlier declaration in same scope at C:\strawberry5143\cpan\build\Text-Editor-Vip-0.08.1-yK0q18\blib\lib/Text/Editor/Vip/Buffer.pm line 374.
t\005_Text_Editor_Vip_Buffer_DoUndoRedo.t ............... ok
t\006_Text_Editor_Vip_View.t ............................ ok
t\007_Text_Editor_Vip_Buffer_List.t ..................... ok
"our" variable $buffer masks earlier declaration in same scope at C:\strawberry5143\cpan\build\Text-Editor-Vip-0.08.1-yK0q18\blib\lib/Text/Editor/Vip/Buffer.pm line 374.
t\008_Text_Editor_Vip_Buffer_Plugins_Display.t .......... ok
"our" variable $buffer masks earlier declaration in same scope at C:\strawberry5143\cpan\build\Text-Editor-Vip-0.08.1-yK0q18\blib\lib/Text/Editor/Vip/Buffer.pm line 374.
t\009_Text_Editor_Vip_Buffer_Plugins_File.t ............. ok
"our" variable $buffer masks earlier declaration in same scope at C:\strawberry5143\cpan\build\Text-Editor-Vip-0.08.1-yK0q18\blib\lib/Text/Editor/Vip/Buffer.pm line 374.
t\010_Text_Editor_Vip_Buffer_Plugins_Case.t ............. ok
"our" variable $buffer masks earlier declaration in same scope at C:\strawberry5143\cpan\build\Text-Editor-Vip-0.08.1-yK0q18\blib\lib/Text/Editor/Vip/Buffer.pm line 374.
t\011_Text_Editor_Vip_Buffer_Attribute.t ................ ok
"our" variable $buffer masks earlier declaration in same scope at C:\strawberry5143\cpan\build\Text-Editor-Vip-0.08.1-yK0q18\blib\lib/Text/Editor/Vip/Buffer.pm line 374.
t\012_Text_Editor_Vip_Buffer_Plugins_GetWord.t .......... ok
"our" variable $buffer masks earlier declaration in same scope at C:\strawberry5143\cpan\build\Text-Editor-Vip-0.08.1-yK0q18\blib\lib/Text/Editor/Vip/Buffer.pm line 374.
t\013_Text_Editor_Vip_Buffer_Selection.t ................ ok
"our" variable $buffer masks earlier declaration in same scope at C:\strawberry5143\cpan\build\Text-Editor-Vip-0.08.1-yK0q18\blib\lib/Text/Editor/Vip/Buffer.pm line 374.
t\014_Text_Editor_Vip_Buffer_Plugins_Tags.t ............. ok
"our" variable $buffer masks earlier declaration in same scope at C:\strawberry5143\cpan\build\Text-Editor-Vip-0.08.1-yK0q18\blib\lib/Text/Editor/Vip/Buffer.pm line 374.
t\015_Text_Editor_Vip_Buffer_Plugins_InsertConstruct.t .. ok
"our" variable $buffer masks earlier declaration in same scope at C:\strawberry5143\cpan\build\Text-Editor-Vip-0.08.1-yK0q18\blib\lib/Text/Editor/Vip/Buffer.pm line 374.
t\016_Text_Editor_Vip_Buffer_Plugins_InsertDelete.t ..... ok
"our" variable $buffer masks earlier declaration in same scope at C:\strawberry5143\cpan\build\Text-Editor-Vip-0.08.1-yK0q18\blib\lib/Text/Editor/Vip/Buffer.pm line 374.
t\017_Text_Editor_Vip_Buffer_Plugins_Selection.t ........ ok
"our" variable $buffer masks earlier declaration in same scope at C:\strawberry5143\cpan\build\Text-Editor-Vip-0.08.1-yK0q18\blib\lib/Text/Editor/Vip/Buffer.pm line 374.
t\018_Text_Editor_Vip_Buffer_Plugins_Movements.t ........ ok
"our" variable $buffer masks earlier declaration in same scope at C:\strawberry5143\cpan\build\Text-Editor-Vip-0.08.1-yK0q18\blib\lib/Text/Editor/Vip/Buffer.pm line 374.
t\019_Text_Editor_Vip_Buffer_Plugins_PageUpDown.t ....... ok
"our" variable $buffer masks earlier declaration in same scope at C:\strawberry5143\cpan\build\Text-Editor-Vip-0.08.1-yK0q18\blib\lib/Text/Editor/Vip/Buffer.pm line 374.

#   Failed test 'invalid replacement warning'
#   at t\020_Text_Editor_Vip_Buffer_Plugins_Replace.t line 231.
# found warning: Use of uninitialized value $2 in substitution iterator at (eval 394) line 2.
# expected to find warning: (?^:Use of uninitialized value in substitution iterator)

#   Failed test 'invalid replacement warning'
#   at t\020_Text_Editor_Vip_Buffer_Plugins_Replace.t line 310.
# found warning: Use of uninitialized value $2 in substitution iterator at (eval 408) line 2.
# expected to find warning: (?^:Use of uninitialized value in substitution iterator)
# Looks like you failed 2 tests of 89.
t\020_Text_Editor_Vip_Buffer_Plugins_Replace.t .......... 
Dubious, test returned 2 (wstat 512, 0x200)
Failed 2/89 subtests 
"our" variable $buffer masks earlier declaration in same scope at C:\strawberry5143\cpan\build\Text-Editor-Vip-0.08.1-yK0q18\blib\lib/Text/Editor/Vip/Buffer.pm line 374.
t\021_Text_Editor_Vip_Buffer_Plugins_Find.t ............. ok
"our" variable $buffer masks earlier declaration in same scope at lib/Text/Editor/Vip/Buffer.pm line 374.

#   Failed test 'invalid replacement warning'
#   at t\022_Text_Editor_Vip_Buffer_Plugins_Replace_Sub.t line 65.
# found warning: Use of uninitialized value $2 in substitution iterator at (eval 309) line 2.
# expected to find warning: (?^:Use of uninitialized value in substitution iterator)
# Looks like you failed 1 test of 13.
t\022_Text_Editor_Vip_Buffer_Plugins_Replace_Sub.t ...... 
Dubious, test returned 1 (wstat 256, 0x100)
Failed 1/13 subtests 
"our" variable $buffer masks earlier declaration in same scope at lib/Text/Editor/Vip/Buffer.pm line 374.
t\023_Text_Editor_Vip_Buffer_Clipboard.t ................ ok

Test Summary Report
-------------------
t\020_Text_Editor_Vip_Buffer_Plugins_Replace.t        (Wstat: 512 Tests: 89 Failed: 2)
  Failed tests:  62, 82
  Non-zero exit status: 2
t\022_Text_Editor_Vip_Buffer_Plugins_Replace_Sub.t    (Wstat: 256 Tests: 13 Failed: 1)
  Failed test:  9
  Non-zero exit status: 1
Files=23, Tests=1018,  6 wallclock secs ( 0.05 usr +  0.21 sys =  0.26 CPU)
Result: FAIL
Failed 2/23 test programs. 3/1018 subtests failed.

------------------------------
PREREQUISITES
------------------------------

Prerequisite modules loaded:

requires:

    Module           Need Have   
    ---------------- ---- -------
    Clone            0    0.31   
    Data::Hexdumper  0    3.0001 
    Data::TreeDumper 0.24 0.40   
    File::Slurp      0    9999.19
    Readonly         0    1.03   
    Text::Diff       0    1.41   

build_requires:

    Module           Need Have   
    ---------------- ---- -------
    Test::Block      0    0.13   
    Test::Exception  0    0.31   
    Test::NoWarnings 0    1.04   
    Test::Warn       0    0.24   
    Text::Diff       0    1.41   


------------------------------
ENVIRONMENT AND OTHER CONTEXT
------------------------------

Environment variables:

    AUTOMATED_TESTING = 1
    COMSPEC = C:\WINDOWS\system32\cmd.exe
    NUMBER_OF_PROCESSORS = 1
    PATH = C:\Program Files\Far Manager\;C:\WINDOWS\system32;C:\WINDOWS;C:\WINDOWS\System32\Wbem;C:\strawberry5143\c\bin;C:\strawberry5143\perl\site\bin;C:\strawberry5143\perl\bin
    PERL5LIB = C:\strawberry5143\cpan\build\Data-TreeDumper-0.40-BKCsyt/blib/arch;C:\strawberry5143\cpan\build\Data-TreeDumper-0.40-BKCsyt/blib/lib;C:\strawberry5143\cpan\build\Devel-Size-0.78-iX6_m2/blib/arch;C:\strawberry5143\cpan\build\Devel-Size-0.78-iX6_m2/blib/lib;C:\strawberry5143\cpan\build\Check-ISA-0.04-MD4iQ9/blib/arch;C:\strawberry5143\cpan\build\Check-ISA-0.04-MD4iQ9/blib/lib;C:\strawberry5143\cpan\build\Data-Hexdumper-3.0001-QQy4Fu/blib/arch;C:\strawberry5143\cpan\build\Data-Hexdumper-3.0001-QQy4Fu/blib/lib
    PERL5OPT = 
    PERL5_CPANPLUS_IS_RUNNING = 2288
    PERL5_CPAN_IS_RUNNING = 2288
    PERL5_CPAN_IS_RUNNING_IN_RECURSION = 408,2288
    PERL_CR_SMOKER_CURRENT = Text-Editor-Vip-0.08.1
    PERL_EXTUTILS_AUTOINSTALL = --defaultdeps
    PERL_MM_USE_DEFAULT = 1
    PROCESSOR_IDENTIFIER = x86 Family 16 Model 5 Stepping 3, AuthenticAMD
    TEMP = C:\DOCUME~1\c\LOCALS~1\Temp
    TERM = dumb

Perl special variables (and OS-specific diagnostics, for MSWin32):

    $^X = C:\strawberry5143\perl\bin\perl.exe
    $UID/$EUID = 0 / 0
    $GID = 0
    $EGID = 0
    Win32::GetOSName = WinXP/.Net
    Win32::GetOSVersion = Service Pack 3, 5, 1, 2600, 2, 3, 0, 256, 1
    Win32::FsType = NTFS
    Win32::IsAdminUser = 1

Perl module toolchain versions installed:

    Module              Have    
    ------------------- --------
    CPAN                1.9800  
    CPAN::Meta          2.120921
    Cwd                 3.36    
    ExtUtils::CBuilder  0.280205
    ExtUtils::Command   1.17    
    ExtUtils::Install   1.56    
    ExtUtils::MakeMaker 6.62    
    ExtUtils::Manifest  1.61    
    ExtUtils::ParseXS   3.15    
    File::Spec          3.33    
    JSON                2.53    
    JSON::PP            2.27200 
    Module::Build       0.4003  
    Module::Signature   0.68    
    Parse::CPAN::Meta   1.4404  
    Test::Harness       3.25    
    Test::More          0.98    
    YAML                0.84    
    YAML::Syck          1.22    
    version             0.9901  


--

Summary of my perl5 (revision 5 version 14 subversion 3) configuration:
   
  Platform:
    osname=MSWin32, osvers=4.0, archname=MSWin32-x86-multi-thread
    uname='Win32 strawberry-perl 5.14.3.1 #1 Wed Oct 17 22:51:55 2012 i386'
    config_args='undef'
    hint=recommended, useposix=true, d_sigaction=undef
    useithreads=define, usemultiplicity=define
    useperlio=define, d_sfio=undef, uselargefiles=define, usesocks=undef
    use64bitint=undef, use64bitall=undef, uselongdouble=undef
    usemymalloc=n, bincompat5005=undef
  Compiler:
    cc='gcc', ccflags =' -s -O2 -DWIN32  -DPERL_TEXTMODE_SCRIPTS -DPERL_IMPLICIT_CONTEXT -DPERL_IMPLICIT_SYS -fno-strict-aliasing -mms-bitfields',
    optimize='-s -O2',
    cppflags='-DWIN32'
    ccversion='', gccversion='4.6.3', gccosandvers=''
    intsize=4, longsize=4, ptrsize=4, doublesize=8, byteorder=1234
    d_longlong=undef, longlongsize=8, d_longdbl=define, longdblsize=12
    ivtype='long', ivsize=4, nvtype='double', nvsize=8, Off_t='long long', lseeksize=8
    alignbytes=8, prototype=define
  Linker and Libraries:
    ld='g++', ldflags ='-s -L"C:\strawberry5143\perl\lib\CORE" -L"C:\strawberry5143\c\lib"'
    libpth=C:\strawberry5143\c\lib C:\strawberry5143\c\i686-w64-mingw32\lib
    libs=-lmoldname -lkernel32 -luser32 -lgdi32 -lwinspool -lcomdlg32 -ladvapi32 -lshell32 -lole32 -loleaut32 -lnetapi32 -luuid -lws2_32 -lmpr -lwinmm -lversion -lodbc32 -lodbccp32 -lcomctl32
    perllibs=-lmoldname -lkernel32 -luser32 -lgdi32 -lwinspool -lcomdlg32 -ladvapi32 -lshell32 -lole32 -loleaut32 -lnetapi32 -luuid -lws2_32 -lmpr -lwinmm -lversion -lodbc32 -lodbccp32 -lcomctl32
    libc=, so=dll, useshrplib=true, libperl=libperl514.a
    gnulibc_version=''
  Dynamic Linking:
    dlsrc=dl_win32.xs, dlext=dll, d_dlsymun=undef, ccdlflags=' '
    cccdlflags=' ', lddlflags='-mdll -s -L"C:\strawberry5143\perl\lib\CORE" -L"C:\strawberry5143\c\lib"'


Characteristics of this binary (from libperl): 
  Compile-time options: MULTIPLICITY PERL_DONT_CREATE_GVSV
                        PERL_IMPLICIT_CONTEXT PERL_IMPLICIT_SYS
                        PERL_MALLOC_WRAP PERL_PRESERVE_IVUV PL_OP_SLAB_ALLOC
                        USE_ITHREADS USE_LARGE_FILES USE_PERLIO
                        USE_PERL_ATOF
  Built under MSWin32
  Compiled at Oct 17 2012 23:05:06
  %ENV:
    PERL5LIB="C:\strawberry5143\cpan\build\Data-TreeDumper-0.40-BKCsyt/blib/arch;C:\strawberry5143\cpan\build\Data-TreeDumper-0.40-BKCsyt/blib/lib;C:\strawberry5143\cpan\build\Devel-Size-0.78-iX6_m2/blib/arch;C:\strawberry5143\cpan\build\Devel-Size-0.78-iX6_m2/blib/lib;C:\strawberry5143\cpan\build\Check-ISA-0.04-MD4iQ9/blib/arch;C:\strawberry5143\cpan\build\Check-ISA-0.04-MD4iQ9/blib/lib;C:\strawberry5143\cpan\build\Data-Hexdumper-3.0001-QQy4Fu/blib/arch;C:\strawberry5143\cpan\build\Data-Hexdumper-3.0001-QQy4Fu/blib/lib"
    PERL5_CPANPLUS_IS_RUNNING="2288"
    PERL5_CPAN_IS_RUNNING="2288"
    PERL5_CPAN_IS_RUNNING_IN_RECURSION="408,2288"
    PERL_CR_SMOKER_CURRENT="Text-Editor-Vip-0.08.1"
    PERL_EXTUTILS_AUTOINSTALL="--defaultdeps"
    PERL_MM_USE_DEFAULT="1"
  @INC:
    C:\strawberry5143\cpan\build\Data-TreeDumper-0.40-BKCsyt/blib/arch
    C:\strawberry5143\cpan\build\Data-TreeDumper-0.40-BKCsyt/blib/lib
    C:\strawberry5143\cpan\build\Devel-Size-0.78-iX6_m2/blib/arch
    C:\strawberry5143\cpan\build\Devel-Size-0.78-iX6_m2/blib/lib
    C:\strawberry5143\cpan\build\Check-ISA-0.04-MD4iQ9/blib/arch
    C:\strawberry5143\cpan\build\Check-ISA-0.04-MD4iQ9/blib/lib
    C:\strawberry5143\cpan\build\Data-Hexdumper-3.0001-QQy4Fu/blib/arch
    C:\strawberry5143\cpan\build\Data-Hexdumper-3.0001-QQy4Fu/blib/lib
    C:/strawberry5143/perl/site/lib
    C:/strawberry5143/perl/vendor/lib
    C:/strawberry5143/perl/lib
    .