pmtools v2.2.0 Perl 5 v5.29.10 amd64-freebsd

Status
Fail
From
Slaven Rezić (SREZIC)
Dist
pmtools v2.2.0
Platform
Perl 5 v5.29.10 amd64-freebsd
Date
2019-04-27 13:33:08
ID
feb51a7e-68f0-11e9-8025-69341f24ea8f
This distribution has been tested as part of the CPAN Testers
project, supporting the Perl programming language.  See
http://wiki.cpantesters.org/ for more information or email
questions to cpan-testers-discuss@perl.org


--
Dear Mark Leighton Fisher,

This is a computer-generated report for pmtools-2.2.0
on perl 5.29.10, created by CPAN-Reporter-1.2018.

Thank you for uploading your work to CPAN.  However, there was a problem
testing your distribution.

If you think this report is invalid, please consult the CPAN Testers Wiki
for suggestions on how to avoid getting FAIL reports for missing library
or binary dependencies, unsupported operating systems, and so on:

http://wiki.cpantesters.org/wiki/CPANAuthorNotes

Sections of this report:

    * Tester comments
    * Program output
    * Prerequisites
    * Environment and other context

------------------------------
TESTER COMMENTS
------------------------------

Additional comments from tester:

none provided

------------------------------
PROGRAM OUTPUT
------------------------------

Output from '/usr/bin/make test':

PERL_DL_NONLAZY=1 "/usr/perl5.29.10p/bin/perl5.29.10" "-MExtUtils::Command::MM" "-MTest::Harness" "-e" "undef *Test::Harness::Switches; test_harness(0, 'blib/lib', 'blib/arch')" t/*.t t/lib/*.t
t/basepods.t ..... ok
t/faqpods.t ...... ok
t/lib/pmtools.t .. ok
t/modpods.t ...... ok

#   Failed test 'catted module function'
#   at t/pfcat.t line 19.
#                   '=head1 /usr/local/lib/perl5/5.28/pod/perlfunc.pod chunk 1658
# 
# =item seek FILEHANDLE,POSITION,WHENCE
# X<seek> X<fseek> X<filehandle, position>
# 
# =head1 /usr/local/lib/perl5/5.28/pod/perlfunc.pod chunk 1668
# 
# =item seekdir DIRHANDLE,POS
# X<seekdir>
# 
# =head1 /usr/local/lib/perl5/5.28/pod/perlfunc.pod chunk 2125
# 
# =item sysseek FILEHANDLE,POSITION,WHENCE
# X<sysseek> X<lseek>
# 
# =head1 /usr/local/lib/perl5/5.28/pod/perlfunc.pod chunk 2158
# 
# =for Pod::Functions get current seekpointer on a filehandle
# 
# Returns the current position I<in bytes> for FILEHANDLE, or -1 on
# error.  FILEHANDLE may be an expression whose value gives the name of
# the actual filehandle.  If FILEHANDLE is omitted, assumes the file
# last read.
# 
# Note the emphasis on bytes: even if the filehandle has been set to operate
# on characters (for example using the C<:encoding(UTF-8)> I/O layer), the
# L<C<seek>|/seek FILEHANDLE,POSITION,WHENCE>,
# L<C<tell>|/tell FILEHANDLE>, and
# L<C<sysseek>|/sysseek FILEHANDLE,POSITION,WHENCE>
# family of functions use byte offsets, not character offsets,
# because seeking to a character offset would be very slow in a UTF-8 file.
# 
# The return value of L<C<tell>|/tell FILEHANDLE> for the standard streams
# like the STDIN depends on the operating system: it may return -1 or
# something else.  L<C<tell>|/tell FILEHANDLE> on pipes, fifos, and
# sockets usually returns -1.
# 
# There is no C<systell> function.  Use
# L<C<sysseek($fh, 0, 1)>|/sysseek FILEHANDLE,POSITION,WHENCE> for that.
# 
# Do not use L<C<tell>|/tell FILEHANDLE> (or other buffered I/O
# operations) on a filehandle that has been manipulated by
# L<C<sysread>|/sysread FILEHANDLE,SCALAR,LENGTH,OFFSET>,
# L<C<syswrite>|/syswrite FILEHANDLE,SCALAR,LENGTH,OFFSET>, or
# L<C<sysseek>|/sysseek FILEHANDLE,POSITION,WHENCE>.  Those functions
# ignore the buffering, while L<C<tell>|/tell FILEHANDLE> does not.
# 
# =head1 /usr/local/lib/perl5/5.28/pod/perlfunc.pod chunk 2165
# 
# =for Pod::Functions get current seekpointer on a directory handle
# 
# Returns the current position of the L<C<readdir>|/readdir DIRHANDLE>
# routines on DIRHANDLE.  Value may be given to
# L<C<seekdir>|/seekdir DIRHANDLE,POS> to access a particular location in
# a directory.  L<C<telldir>|/telldir DIRHANDLE> has the same caveats
# about possible directory compaction as the corresponding system library
# routine.
# 
# '
#     doesn't match '(?^:There is no .*systell.* function.\s+Use .*sysseek)'
# Looks like you failed 1 test of 2.
t/pfcat.t ........ 
Dubious, test returned 1 (wstat 256, 0x100)
Failed 1/2 subtests 
t/plxload.t ...... ok
t/pmall.t ........ ok
t/pman.t ......... ok
t/pmcat.t ........ ok
t/pmcheck.t ...... ok
t/pmdesc.t ....... ok
t/pmeth.t ........ ok
t/pmexp.t ........ ok
t/pmfunc.t ....... ok
t/pmload.t ....... ok
t/pmls.t ......... ok
t/pmpath.t ....... ok
t/pmvers.t ....... ok
t/podgrep.t ...... ok
t/pods.t ......... ok
t/podtoc.t ....... ok
t/sitepods.t ..... ok
t/stdpods.t ...... ok

Test Summary Report
-------------------
t/pfcat.t      (Wstat: 256 Tests: 2 Failed: 1)
  Failed test:  2
  Non-zero exit status: 1
Files=23, Tests=51, 26 wallclock secs ( 0.06 usr  0.05 sys +  4.67 cusr  1.69 csys =  6.48 CPU)
Result: FAIL
Failed 1/23 test programs. 1/51 subtests failed.
*** Error code 255

Stop.
make: stopped in /usr/home/cpansand/.cpan/build/2019042709/pmtools-2.2.0-0

------------------------------
PREREQUISITES
------------------------------

Prerequisite modules loaded:

requires:

    Module              Need     Have    
    ------------------- -------- --------
    perl                5.008008 5.029010

build_requires:

    Module              Need     Have    
    ------------------- -------- --------
    ExtUtils::MakeMaker 0        7.34    

configure_requires:

    Module              Need     Have    
    ------------------- -------- --------
    ExtUtils::MakeMaker 0        7.34    


------------------------------
ENVIRONMENT AND OTHER CONTEXT
------------------------------

Environment variables:

    LC_ALL = de_DE.UTF-8
    PATH = /usr/local/bin:/usr/bin:/bin:/usr/local/sbin:/usr/sbin:/sbin:/home/cpansand/bin/freebsd12.0:/home/cpansand/bin/sh:/home/cpansand/bin:/usr/games:/home/cpansand/devel:/usr/home/eserte/src/srezic-misc/scripts
    PERL5LIB = 
    PERL5OPT = 
    PERL5_CPANPLUS_IS_RUNNING = 49635
    PERL5_CPAN_IS_RUNNING = 49635
    PERL5_CPAN_IS_RUNNING_IN_RECURSION = 29060,49635
    PERLDOC = -MPod::Perldoc::ToTextOverstrike
    PERL_BATCH = yes
    PERL_CANARY_STABILITY_NOPROMPT = 1
    PERL_CPAN_REPORTER_CONFIG = /var/tmp/cpansmoker-1023/2019042619/cpanreporter_000_config.ini
    PERL_EXTUTILS_AUTOINSTALL = --defaultdeps
    PERL_PARALLEL_SMOKER = yes
    PERL_USE_UNSAFE_INC = 1
    SHELL = /usr/local/bin/zsh
    TERM = screen
    TMPDIR = /var/tmp/cpansmoker-1023/2019042619

Perl special variables (and OS-specific diagnostics, for MSWin32):

    $^X = /usr/perl5.29.10p/bin/perl5.29.10
    $UID/$EUID = 1023 / 1023
    $GID = 1023 1023
    $EGID = 1023 1023

Perl module toolchain versions installed:

    Module              Have    
    ------------------- --------
    CPAN                2.26    
    CPAN::Meta          2.150010
    Cwd                 3.78    
    ExtUtils::CBuilder  0.280231
    ExtUtils::Command   7.34    
    ExtUtils::Install   2.14    
    ExtUtils::MakeMaker 7.34    
    ExtUtils::Manifest  1.72    
    ExtUtils::ParseXS   3.40    
    File::Spec          3.78    
    JSON                4.02    
    JSON::PP            4.02    
    Module::Build       0.4229  
    Module::Signature   0.83    
    Parse::CPAN::Meta   2.150010
    Test::Harness       3.42    
    Test::More          1.302162
    YAML                1.27    
    YAML::Syck          1.31    
    version             0.9924  


--

Summary of my perl5 (revision 5 version 29 subversion 10) configuration:
   
  Platform:
    osname=freebsd
    osvers=12.0-stable
    archname=amd64-freebsd
    uname='freebsd cloud1.bbbike.org 12.0-stable freebsd 12.0-stable 8077844c632(stable12) generic amd64 '
    config_args='-ds -e -Dprefix=/usr/perl5.29.10p -Dusedevel -Dusemallocwrap=no -Dcf_email=srezic@cpan.org -Doptimize=-O2 -pipe'
    hint=recommended
    useposix=true
    d_sigaction=define
    useithreads=undef
    usemultiplicity=undef
    use64bitint=define
    use64bitall=define
    uselongdouble=undef
    usemymalloc=n
    default_inc_excludes_dot=define
    bincompat5005=undef
  Compiler:
    cc='cc'
    ccflags ='-DHAS_FPSETMASK -DHAS_FLOATINGPOINT_H -fno-strict-aliasing -pipe -fstack-protector-strong -I/usr/local/include -D_FORTIFY_SOURCE=2'
    optimize='-O2 -pipe'
    cppflags='-DHAS_FPSETMASK -DHAS_FLOATINGPOINT_H -fno-strict-aliasing -pipe -fstack-protector-strong -I/usr/local/include'
    ccversion=''
    gccversion='4.2.1 Compatible FreeBSD Clang 8.0.0 (tags/RELEASE_800/final 356365)'
    gccosandvers=''
    intsize=4
    longsize=8
    ptrsize=8
    doublesize=8
    byteorder=12345678
    doublekind=3
    d_longlong=define
    longlongsize=8
    d_longdbl=define
    longdblsize=16
    longdblkind=3
    ivtype='long'
    ivsize=8
    nvtype='double'
    nvsize=8
    Off_t='off_t'
    lseeksize=8
    alignbytes=8
    prototype=define
  Linker and Libraries:
    ld='cc'
    ldflags ='-pthread -Wl,-E  -fstack-protector-strong -L/usr/local/lib'
    libpth=/usr/lib /usr/local/lib /usr/lib/clang/8.0.0/lib /usr/lib
    libs=-lpthread -lgdbm -ldl -lm -lcrypt -lutil -lc
    perllibs=-lpthread -ldl -lm -lcrypt -lutil -lc
    libc=
    so=so
    useshrplib=false
    libperl=libperl.a
    gnulibc_version=''
  Dynamic Linking:
    dlsrc=dl_dlopen.xs
    dlext=so
    d_dlsymun=undef
    ccdlflags=' '
    cccdlflags='-DPIC -fPIC'
    lddlflags='-shared  -L/usr/local/lib -fstack-protector-strong'


Characteristics of this binary (from libperl): 
  Compile-time options:
    HAS_TIMES
    PERLIO_LAYERS
    PERL_COPY_ON_WRITE
    PERL_DONT_CREATE_GVSV
    PERL_OP_PARENT
    PERL_PRESERVE_IVUV
    PERL_USE_DEVEL
    USE_64_BIT_ALL
    USE_64_BIT_INT
    USE_LARGE_FILES
    USE_LOCALE
    USE_LOCALE_COLLATE
    USE_LOCALE_CTYPE
    USE_LOCALE_NUMERIC
    USE_LOCALE_TIME
    USE_PERLIO
    USE_PERL_ATOF
  Built under freebsd
  Compiled at Apr 20 2019 22:03:13
  %ENV:
    PERL5LIB=""
    PERL5OPT=""
    PERL5_CPANPLUS_IS_RUNNING="49635"
    PERL5_CPAN_IS_RUNNING="49635"
    PERL5_CPAN_IS_RUNNING_IN_RECURSION="29060,49635"
    PERLDOC="-MPod::Perldoc::ToTextOverstrike"
    PERL_BATCH="yes"
    PERL_CANARY_STABILITY_NOPROMPT="1"
    PERL_CPAN_REPORTER_CONFIG="/var/tmp/cpansmoker-1023/2019042619/cpanreporter_000_config.ini"
    PERL_EXTUTILS_AUTOINSTALL="--defaultdeps"
    PERL_PARALLEL_SMOKER="yes"
    PERL_USE_UNSAFE_INC="1"
  @INC:
    /usr/perl5.29.10p/lib/site_perl/5.29.10/amd64-freebsd
    /usr/perl5.29.10p/lib/site_perl/5.29.10
    /usr/perl5.29.10p/lib/5.29.10/amd64-freebsd
    /usr/perl5.29.10p/lib/5.29.10
    .