Back
From: metabase:user:4bb19ea0-b064-11df-ac73-2d518c32fe74
Subject: FAIL Mail-Transport-Dbx-0.07 v5.16.0 GNU/Linux
Date: 2012-09-03T11:10:39Z
This distribution has been tested as part of the CPAN Testers
project, supporting the Perl programming language. See
http://wiki.cpantesters.org/ for more information or email
questions to cpan-testers-discuss@perl.org
--
Dear Tassilo von Parseval,
This is a computer-generated report for Mail-Transport-Dbx-0.07
on perl 5.16.0, created by CPAN-Reporter-1.2006.
Thank you for uploading your work to CPAN. However, there was a problem
testing your distribution.
If you think this report is invalid, please consult the CPAN Testers Wiki
for suggestions on how to avoid getting FAIL reports for missing library
or binary dependencies, unsupported operating systems, and so on:
http://wiki.cpantesters.org/wiki/CPANAuthorNotes
Sections of this report:
* Tester comments
* Program output
* Prerequisites
* Environment and other context
------------------------------
TESTER COMMENTS
------------------------------
Additional comments from tester:
none provided
------------------------------
PROGRAM OUTPUT
------------------------------
Output from 'make test':
make[1]: Entering directory `/home/stefan/.local/share/.cpan/build/Mail-Transport-Dbx-0.07-gGJqis/libdbx'
make[1]: Nothing to be done for `all'.
make[1]: Leaving directory `/home/stefan/.local/share/.cpan/build/Mail-Transport-Dbx-0.07-gGJqis/libdbx'
PERL_DL_NONLAZY=1 /home/stefan/perl5/perlbrew/perls/perl-5.16.0-thread-multi/bin/perl "-MExtUtils::Command::MM" "-e" "test_harness(0, 'blib/lib', 'blib/arch')" t/*.t
# Failed test 'POD test for blib/lib/Mail/Transport/Dbx.pm'
# at /home/stefan/perl5/perlbrew/perls/perl-5.16.0-thread-multi/lib/site_perl/5.16.0/Test/Pod.pm line 182.
# blib/lib/Mail/Transport/Dbx.pm (450): Non-ASCII character seen before =encoding in 'Ordner/Entwürfe'. Assuming ISO8859-1
# Looks like you failed 1 test of 1.
t/0_pod.t ...........
Dubious, test returned 1 (wstat 256, 0x100)
Failed 1/1 subtests
t/0_pod_coverage.t .. ok
t/1.t ............... ok
t/2.t ............... ok
t/3.t ............... ok
t/fixed.t ........... ok
Test Summary Report
-------------------
t/0_pod.t (Wstat: 256 Tests: 1 Failed: 1)
Failed test: 1
Non-zero exit status: 1
Files=6, Tests=60, 1 wallclock secs ( 0.02 usr 0.01 sys + 0.20 cusr 0.00 csys = 0.23 CPU)
Result: FAIL
Failed 1/6 test programs. 1/60 subtests failed.
make: *** [test_dynamic] Error 255
------------------------------
PREREQUISITES
------------------------------
Prerequisite modules loaded:
build_requires:
Module Need Have
------------------- ---- -------
ExtUtils::MakeMaker 0 6.63_02
------------------------------
ENVIRONMENT AND OTHER CONTEXT
------------------------------
Environment variables:
LANG = en_US.UTF-8
PATH = /home/stefan/perl5/perlbrew/bin:/home/stefan/perl5/perlbrew/perls/perl-5.16.0-thread-multi/bin:/usr/local/sbin:/usr/local/bin:/usr/sbin:/usr/bin:/sbin:/bin:/usr/games
PATH_WITHOUT_PERLBREW = /usr/local/sbin:/usr/local/bin:/usr/sbin:/usr/bin:/sbin:/bin:/usr/games
PERL5LIB =
PERL5OPT =
PERL5_CPANPLUS_IS_RUNNING = 16685
PERL5_CPAN_IS_RUNNING = 16685
PERLBREW_BASHRC_VERSION = 0.33
PERLBREW_HOME = /home/stefan/.perlbrew
PERLBREW_MANPATH = /home/stefan/perl5/perlbrew/perls/perl-5.16.0-thread-multi/man
PERLBREW_PATH = /home/stefan/perl5/perlbrew/bin:/home/stefan/perl5/perlbrew/perls/perl-5.16.0-thread-multi/bin
PERLBREW_PERL = perl-5.16.0-thread-multi
PERLBREW_ROOT = /home/stefan/perl5/perlbrew
PERLBREW_VERSION = 0.50
SHELL = /bin/bash
TERM = xterm
Perl special variables (and OS-specific diagnostics, for MSWin32):
$^X = /home/stefan/perl5/perlbrew/perls/perl-5.16.0-thread-multi/bin/perl
$UID/$EUID = 1000 / 1000
$GID = 1000 4 20 24 46 108 117 123 124 1000
$EGID = 1000 4 20 24 46 108 117 123 124 1000
Perl module toolchain versions installed:
Module Have
------------------- --------
CPAN 1.9800
CPAN::Meta 2.120921
Cwd 3.39_02
ExtUtils::CBuilder 0.280206
ExtUtils::Command 1.17
ExtUtils::Install 1.58
ExtUtils::MakeMaker 6.63_02
ExtUtils::Manifest 1.61
ExtUtils::ParseXS 3.16
File::Spec 3.39_02
JSON 2.53
JSON::PP 2.27200
Module::Build 0.4001
Module::Signature n/a
Parse::CPAN::Meta 1.4404
Test::Harness 3.25
Test::More 0.98
YAML 0.84
YAML::Syck 1.20
version 0.99
--
Summary of my perl5 (revision 5 version 16 subversion 0) configuration:
Platform:
osname=linux, osvers=2.6.28-19-generic, archname=x86_64-linux-thread-multi
uname='linux pc-stefan 2.6.28-19-generic #66-ubuntu smp sat oct 16 18:00:58 utc 2010 x86_64 gnulinux '
config_args='-de -Dprefix=/home/stefan/perl5/perlbrew/perls/perl-5.16.0-thread-multi -Dusethreads'
hint=recommended, useposix=true, d_sigaction=define
useithreads=define, usemultiplicity=define
useperlio=define, d_sfio=undef, uselargefiles=define, usesocks=undef
use64bitint=define, use64bitall=define, uselongdouble=undef
usemymalloc=n, bincompat5005=undef
Compiler:
cc='cc', ccflags ='-D_REENTRANT -D_GNU_SOURCE -fno-strict-aliasing -pipe -fstack-protector -I/usr/local/include -D_LARGEFILE_SOURCE -D_FILE_OFFSET_BITS=64',
optimize='-O2',
cppflags='-D_REENTRANT -D_GNU_SOURCE -fno-strict-aliasing -pipe -fstack-protector -I/usr/local/include'
ccversion='', gccversion='4.3.3', gccosandvers=''
intsize=4, longsize=8, ptrsize=8, doublesize=8, byteorder=12345678
d_longlong=define, longlongsize=8, d_longdbl=define, longdblsize=16
ivtype='long', ivsize=8, nvtype='double', nvsize=8, Off_t='off_t', lseeksize=8
alignbytes=8, prototype=define
Linker and Libraries:
ld='cc', ldflags =' -fstack-protector -L/usr/local/lib'
libpth=/usr/local/lib /lib/../lib /usr/lib/../lib /lib /usr/lib /lib64 /usr/lib64
libs=-lnsl -ldl -lm -lcrypt -lutil -lpthread -lc
perllibs=-lnsl -ldl -lm -lcrypt -lutil -lpthread -lc
libc=/lib/libc-2.9.so, so=so, useshrplib=false, libperl=libperl.a
gnulibc_version='2.9'
Dynamic Linking:
dlsrc=dl_dlopen.xs, dlext=so, d_dlsymun=undef, ccdlflags='-Wl,-E'
cccdlflags='-fPIC', lddlflags='-shared -O2 -L/usr/local/lib -fstack-protector'
Characteristics of this binary (from libperl):
Compile-time options: HAS_TIMES MULTIPLICITY PERLIO_LAYERS
PERL_DONT_CREATE_GVSV PERL_IMPLICIT_CONTEXT
PERL_MALLOC_WRAP PERL_PRESERVE_IVUV USE_64_BIT_ALL
USE_64_BIT_INT USE_ITHREADS USE_LARGE_FILES
USE_LOCALE USE_LOCALE_COLLATE USE_LOCALE_CTYPE
USE_LOCALE_NUMERIC USE_PERLIO USE_PERL_ATOF
USE_REENTRANT_API
Built under linux
Compiled at May 23 2012 19:19:36
%ENV:
PERL5LIB=""
PERL5OPT=""
PERL5_CPANPLUS_IS_RUNNING="16685"
PERL5_CPAN_IS_RUNNING="16685"
PERLBREW_BASHRC_VERSION="0.33"
PERLBREW_HOME="/home/stefan/.perlbrew"
PERLBREW_MANPATH="/home/stefan/perl5/perlbrew/perls/perl-5.16.0-thread-multi/man"
PERLBREW_PATH="/home/stefan/perl5/perlbrew/bin:/home/stefan/perl5/perlbrew/perls/perl-5.16.0-thread-multi/bin"
PERLBREW_PERL="perl-5.16.0-thread-multi"
PERLBREW_ROOT="/home/stefan/perl5/perlbrew"
PERLBREW_VERSION="0.50"
@INC:
/home/stefan/perl5/perlbrew/perls/perl-5.16.0-thread-multi/lib/site_perl/5.16.0/x86_64-linux-thread-multi
/home/stefan/perl5/perlbrew/perls/perl-5.16.0-thread-multi/lib/site_perl/5.16.0
/home/stefan/perl5/perlbrew/perls/perl-5.16.0-thread-multi/lib/5.16.0/x86_64-linux-thread-multi
/home/stefan/perl5/perlbrew/perls/perl-5.16.0-thread-multi/lib/5.16.0
.