Back
From: metabase:user:314402c4-2aae-11df-837a-5e0a49663a4f
Subject: FAIL Dancer-Plugin-Auth-Tiny-0.002 v5.8.9 FreeBSD
Date: 2012-12-20T19:03:53Z
This distribution has been tested as part of the CPAN Testers
project, supporting the Perl programming language. See
http://wiki.cpantesters.org/ for more information or email
questions to cpan-testers-discuss@perl.org
--
Dear David Golden,
This is a computer-generated report for Dancer-Plugin-Auth-Tiny-0.002
on perl 5.8.9, created by CPAN-Reporter-1.2006.
Thank you for uploading your work to CPAN. However, there was a problem
testing your distribution.
If you think this report is invalid, please consult the CPAN Testers Wiki
for suggestions on how to avoid getting FAIL reports for missing library
or binary dependencies, unsupported operating systems, and so on:
http://wiki.cpantesters.org/wiki/CPANAuthorNotes
Sections of this report:
* Tester comments
* Program output
* Prerequisites
* Environment and other context
------------------------------
TESTER COMMENTS
------------------------------
Additional comments from tester:
none provided
------------------------------
PROGRAM OUTPUT
------------------------------
Output from '/usr/bin/make test':
PERL_DL_NONLAZY=1 /usr/perl5.8.9/bin/perl5.8.9 "-MExtUtils::Command::MM" "-e" "test_harness(0, 'blib/lib', 'blib/arch')" t/*.t
t/00-compile.t .. ok
Undefined subroutine &Dancer::Plugin::Auth::Tiny::plugin_args called at /var/tmp/CPAN-build/Dancer-Plugin-Auth-Tiny-0.002-n_XQKQ/blib/lib/Dancer/Plugin/Auth/Tiny.pm line 18, <DATA> line 998.
cannot open port: 50196 at /usr/perl5.8.9/lib/site_perl/5.8.9/Test/TCP.pm line 85, <DATA> line 998.
t/default.t .....
Dubious, test returned 61 (wstat 15616, 0x3d00)
No subtests run
Undefined subroutine &Dancer::Plugin::Auth::Tiny::plugin_args called at /var/tmp/CPAN-build/Dancer-Plugin-Auth-Tiny-0.002-n_XQKQ/blib/lib/Dancer/Plugin/Auth/Tiny.pm line 18, <DATA> line 998.
cannot open port: 50402 at /usr/perl5.8.9/lib/site_perl/5.8.9/Test/TCP.pm line 85, <DATA> line 998.
t/extend.t ......
Dubious, test returned 61 (wstat 15616, 0x3d00)
No subtests run
Undefined subroutine &Dancer::Plugin::Auth::Tiny::plugin_args called at /var/tmp/CPAN-build/Dancer-Plugin-Auth-Tiny-0.002-n_XQKQ/blib/lib/Dancer/Plugin/Auth/Tiny.pm line 18, <DATA> line 998.
cannot open port: 50670 at /usr/perl5.8.9/lib/site_perl/5.8.9/Test/TCP.pm line 85, <DATA> line 998.
t/params.t ......
Dubious, test returned 61 (wstat 15616, 0x3d00)
No subtests run
Undefined subroutine &Dancer::Plugin::Auth::Tiny::plugin_args called at /var/tmp/CPAN-build/Dancer-Plugin-Auth-Tiny-0.002-n_XQKQ/blib/lib/Dancer/Plugin/Auth/Tiny.pm line 18, <DATA> line 998.
cannot open port: 50057 at /usr/perl5.8.9/lib/site_perl/5.8.9/Test/TCP.pm line 85, <DATA> line 998.
t/settings.t ....
Dubious, test returned 61 (wstat 15616, 0x3d00)
No subtests run
Test Summary Report
-------------------
t/default.t (Wstat: 15616 Tests: 0 Failed: 0)
Non-zero exit status: 61
Parse errors: No plan found in TAP output
t/extend.t (Wstat: 15616 Tests: 0 Failed: 0)
Non-zero exit status: 61
Parse errors: No plan found in TAP output
t/params.t (Wstat: 15616 Tests: 0 Failed: 0)
Non-zero exit status: 61
Parse errors: No plan found in TAP output
t/settings.t (Wstat: 15616 Tests: 0 Failed: 0)
Non-zero exit status: 61
Parse errors: No plan found in TAP output
Files=5, Tests=1, 42 wallclock secs ( 0.03 usr 0.02 sys + 1.02 cusr 0.55 csys = 1.62 CPU)
Result: FAIL
Failed 4/5 test programs. 0/1 subtests failed.
*** Error code 61
Stop in /var/tmp/CPAN-build/Dancer-Plugin-Auth-Tiny-0.002-n_XQKQ.
------------------------------
PREREQUISITES
------------------------------
Prerequisite modules loaded:
requires:
Module Need Have
------------------- ---- -------
Carp 0 1.26
Dancer 0 1.3095
Dancer::Plugin 0 0
strict 0 1.03
warnings 0 1.05_01
build_requires:
Module Need Have
------------------- ---- -------
File::Find 0 1.13
File::Temp 0.19 0.22
LWP::UserAgent 0 6.04
Test::More 0.96 0.98
Test::TCP 0 1.17
configure_requires:
Module Need Have
------------------- ---- -------
ExtUtils::MakeMaker 6.30 6.62
------------------------------
ENVIRONMENT AND OTHER CONTEXT
------------------------------
Environment variables:
DBIC_NO_WARN_BAD_PERL = 1
PATH = /usr/local/bin:/usr/X11R6/bin:/usr/X11/bin:/usr/perl5.8.0/bin:/usr/bin:/bin:/usr/local/sbin:/usr/sbin:/sbin:/usr/local/pilot/bin:/home/cpansand/bin/freebsd8.0:/home/cpansand/bin/sh:/home/cpansand/bin:/usr/X386/bin:/usr/games:/home/cpansand/devel:/usr/home/e/eserte/work/srezic-misc/scripts
PERL5LIB = /usr/local/src/CPAN/build/Test-Unit-Lite-0.1202-1QGK_G/blib/arch:/usr/local/src/CPAN/build/Test-Unit-Lite-0.1202-1QGK_G/blib/lib:/usr/local/src/CPAN/build/WordPress-XMLRPC-1.23-Zl7sIG/blib/arch:/usr/local/src/CPAN/build/WordPress-XMLRPC-1.23-Zl7sIG/blib/lib:/usr/local/src/CPAN/build/Algorithm-SlopeOne-0.002-_Dz3r4/blib/arch:/usr/local/src/CPAN/build/Algorithm-SlopeOne-0.002-_Dz3r4/blib/lib
PERL5OPT =
PERL5_CPANPLUS_IS_RUNNING = 78519
PERL5_CPAN_IS_RUNNING = 78519
PERL5_CPAN_IS_RUNNING_IN_RECURSION = 78497,78519
PERL_BATCH = yes
PERL_CPAN_REPORTER_CONFIG = /var/tmp/cpansmoker-1023/_j78WLF6or_config.ini
PERL_EXTUTILS_AUTOINSTALL = --defaultdeps
PERL_HTML_DISPLAY_CLASS = HTML::Display::Mozilla
SHELL = /usr/local/bin/zsh
TERM = screen
TMPDIR = /var/tmp/cpansmoker-1023
Perl special variables (and OS-specific diagnostics, for MSWin32):
$^X = /usr/perl5.8.9/bin/perl5.8.9
$UID/$EUID = 1023 / 1023
$GID = 1023 1023
$EGID = 1023 1023
Perl module toolchain versions installed:
Module Have
------------------- --------
CPAN 1.9800
CPAN::Meta 2.112150
Cwd 3.33
ExtUtils::CBuilder 0.280205
ExtUtils::Command 1.16
ExtUtils::Install 1.52
ExtUtils::MakeMaker 6.62
ExtUtils::Manifest 1.58
ExtUtils::ParseXS 3.15
File::Spec 3.33
JSON 2.53
JSON::PP 2.27200
Module::Build 0.4003
Module::Signature 0.68
Parse::CPAN::Meta 1.4404
Test::Harness 3.23
Test::More 0.98
YAML 0.84
YAML::Syck 1.20
version 0.96
--
Summary of my perl5 (revision 5 version 8 subversion 9) configuration:
Platform:
osname=freebsd, osvers=8.0-release, archname=i386-freebsd
uname='freebsd biokovo.herceg.de 8.0-release freebsd 8.0-release #0: sat nov 21 15:48:17 utc 2009 root@almeida.cse.buffalo.edu:usrobjusrsrcsysgeneric i386 '
config_args='-Dprefix=/usr/perl5.8.9 -Dusemymalloc=n -D cc=ccache cc -Dgccansipedantic -Duse64bit -de -D hintfile=myfreebsd'
hint=recommended, useposix=true, d_sigaction=define
usethreads=undef use5005threads=undef useithreads=undef usemultiplicity=undef
useperlio=define d_sfio=undef uselargefiles=define usesocks=undef
use64bitint=undef use64bitall=undef uselongdouble=undef
usemymalloc=n, bincompat5005=undef
Compiler:
cc='ccache cc', ccflags ='-DHAS_FPSETMASK -DHAS_FLOATINGPOINT_H -fno-strict-aliasing -pipe -I/usr/local/include',
optimize='-O2 -mtune=athlon64 -pipe',
cppflags='-DHAS_FPSETMASK -DHAS_FLOATINGPOINT_H -fno-strict-aliasing -pipe -I/usr/local/include'
ccversion='', gccversion='4.2.1 20070719 [FreeBSD]', gccosandvers=''
intsize=4, longsize=4, ptrsize=4, doublesize=8, byteorder=1234
d_longlong=define, longlongsize=8, d_longdbl=define, longdblsize=12
ivtype='long', ivsize=4, nvtype='double', nvsize=8, Off_t='off_t', lseeksize=8
alignbytes=4, prototype=define
Linker and Libraries:
ld='ccache cc', ldflags ='-Wl,-E -L/usr/local/lib'
libpth=/usr/lib /usr/local/lib
libs=-lgdbm -lm -lcrypt -lutil -lc
perllibs=-lm -lcrypt -lutil -lc
libc=, so=so, useshrplib=false, libperl=libperl.a
gnulibc_version=''
Dynamic Linking:
dlsrc=dl_dlopen.xs, dlext=so, d_dlsymun=undef, ccdlflags=' '
cccdlflags='-DPIC -fPIC', lddlflags='-shared -L/usr/local/lib'
Characteristics of this binary (from libperl):
Compile-time options: PERL_MALLOC_WRAP USE_FAST_STDIO USE_LARGE_FILES
USE_PERLIO
Built under freebsd
Compiled at Jan 28 2011 08:40:05
%ENV:
PERL5LIB="/usr/local/src/CPAN/build/Test-Unit-Lite-0.1202-1QGK_G/blib/arch:/usr/local/src/CPAN/build/Test-Unit-Lite-0.1202-1QGK_G/blib/lib:/usr/local/src/CPAN/build/WordPress-XMLRPC-1.23-Zl7sIG/blib/arch:/usr/local/src/CPAN/build/WordPress-XMLRPC-1.23-Zl7sIG/blib/lib:/usr/local/src/CPAN/build/Algorithm-SlopeOne-0.002-_Dz3r4/blib/arch:/usr/local/src/CPAN/build/Algorithm-SlopeOne-0.002-_Dz3r4/blib/lib"
PERL5OPT=""
PERL5_CPANPLUS_IS_RUNNING="78519"
PERL5_CPAN_IS_RUNNING="78519"
PERL5_CPAN_IS_RUNNING_IN_RECURSION="78497,78519"
PERL_BATCH="yes"
PERL_CPAN_REPORTER_CONFIG="/var/tmp/cpansmoker-1023/_j78WLF6or_config.ini"
PERL_EXTUTILS_AUTOINSTALL="--defaultdeps"
PERL_HTML_DISPLAY_CLASS="HTML::Display::Mozilla"
@INC:
/usr/local/src/CPAN/build/Test-Unit-Lite-0.1202-1QGK_G/blib/arch
/usr/local/src/CPAN/build/Test-Unit-Lite-0.1202-1QGK_G/blib/lib
/usr/local/src/CPAN/build/WordPress-XMLRPC-1.23-Zl7sIG/blib/arch
/usr/local/src/CPAN/build/WordPress-XMLRPC-1.23-Zl7sIG/blib/lib
/usr/local/src/CPAN/build/Algorithm-SlopeOne-0.002-_Dz3r4/blib/arch
/usr/local/src/CPAN/build/Algorithm-SlopeOne-0.002-_Dz3r4/blib/lib
/usr/perl5.8.9/lib/5.8.9/i386-freebsd
/usr/perl5.8.9/lib/5.8.9
/usr/perl5.8.9/lib/site_perl/5.8.9/i386-freebsd
/usr/perl5.8.9/lib/site_perl/5.8.9
.