Back
From: metabase:user:320bfe00-2aae-11df-837a-5e0a49663a4f
Subject: FAIL Config-PlConfig-0.1_02 v5.15.5 GNU/Linux
Date: 2011-11-29T16:05:45Z
This distribution has been tested as part of the CPAN Testers
project, supporting the Perl programming language. See
http://wiki.cpantesters.org/ for more information or email
questions to cpan-testers-discuss@perl.org
--
Dear Ask Solem,
This is a computer-generated report for Config-PlConfig-0.1_02
on perl 5.15.5, created by CPAN-Reporter-1.1902.
Thank you for uploading your work to CPAN. However, there was a problem
testing your distribution.
If you think this report is invalid, please consult the CPAN Testers Wiki
for suggestions on how to avoid getting FAIL reports for missing library
or binary dependencies, unsupported operating systems, and so on:
http://wiki.cpantesters.org/wiki/CPANAuthorNotes
Sections of this report:
* Tester comments
* Program output
* Prerequisites
* Environment and other context
------------------------------
TESTER COMMENTS
------------------------------
Additional comments from tester:
this report is from an automated smoke testing program
and was not reviewed by a human for accuracy
------------------------------
PROGRAM OUTPUT
------------------------------
Output from './Build test':
t/00-Kwalitee.t .. skipped: Author test. Set $ENV{CONFIG_PLCONFIG_AUTHOR} to a true value to
Prototype after '@' for Class::Dot::after_property_get : @& at /home/src/perl/repoperls/installed-perls/perl/v5.15.5-217-gb0f2e9e/127e/lib/site_perl/5.15.5/Class/Dot.pm line 282.
Prototype after '@' for Class::Dot::after_property_set : @& at /home/src/perl/repoperls/installed-perls/perl/v5.15.5-217-gb0f2e9e/127e/lib/site_perl/5.15.5/Class/Dot.pm line 291.
# Testing Config::PlConfig v0.1_02
mkdir /etc/plconf: Permission denied at /tmp/loop_over_bdir-9NANss/Config-PlConfig-0.1_02-FruSVv/blib/lib/Config/PlConfig/Host/Base.pm line 86
# 16 tests planned, but 3 ran.
# Looks like your test exited with 13 just after 3.
t/01-plconfig.t ..
Dubious, test returned 13 (wstat 3328, 0xd00)
Failed 13/16 subtests
Prototype after '@' for Class::Dot::after_property_get : @& at /home/src/perl/repoperls/installed-perls/perl/v5.15.5-217-gb0f2e9e/127e/lib/site_perl/5.15.5/Class/Dot.pm line 282.
Prototype after '@' for Class::Dot::after_property_set : @& at /home/src/perl/repoperls/installed-perls/perl/v5.15.5-217-gb0f2e9e/127e/lib/site_perl/5.15.5/Class/Dot.pm line 291.
# Testing Config::PlConfig::Host::* v0.1_02
mkdir /etc/plconf: Permission denied at /tmp/loop_over_bdir-9NANss/Config-PlConfig-0.1_02-FruSVv/blib/lib/Config/PlConfig/Host/Base.pm line 86
# 49 tests planned, but 3 ran.
# Looks like your test exited with 13 just after 3.
t/02-host.t ......
Dubious, test returned 13 (wstat 3328, 0xd00)
Failed 46/49 subtests
t/perlcritic.t ... skipped: Author test. Set $ENV{CONFIG_PLCONFIG_AUTHOR} to a true value to run.
t/pod-spell.t .... skipped: Author test. Set $ENV{CONFIG_PLCONFIG_AUTHOR} to a true value to run.
t/pod.t .......... skipped: Author test. Set $ENV{CONFIG_PLCONFIG_AUTHOR} to a true value to run.
Test Summary Report
-------------------
t/01-plconfig.t (Wstat: 3328 Tests: 3 Failed: 0)
Non-zero exit status: 13
Parse errors: Bad plan. You planned 16 tests but ran 3.
t/02-host.t (Wstat: 3328 Tests: 3 Failed: 0)
Non-zero exit status: 13
Parse errors: Bad plan. You planned 49 tests but ran 3.
Files=6, Tests=6, 1 wallclock secs ( 0.05 usr 0.00 sys + 0.64 cusr 0.06 csys = 0.75 CPU)
Result: FAIL
Failed 2/6 test programs. 0/6 subtests failed.
------------------------------
PREREQUISITES
------------------------------
Prerequisite modules loaded:
requires:
Module Need Have
------------- ---- ------------
Class::Dot 0 1.5.0
File::HomeDir 0 0.98
Params::Util 0 1.04
version 0 0.95
YAML::Syck 0 1.19
build_requires:
Module Need Have
------------- ---- ------------
Test::Simple 0.42 1.005000_002
------------------------------
ENVIRONMENT AND OTHER CONTEXT
------------------------------
Environment variables:
AUTOMATED_TESTING = 1
LANG = en_US.UTF-8
LANGUAGE = en_US:en
PATH = /home/sand/bin:/usr/local/bin:/usr/bin:/bin:/usr/bin/X11:/usr/games:/usr/local/perl/bin:/usr/X11/bin:/sbin:/usr/sbin
PERL5LIB =
PERL5OPT =
PERL5_CPANPLUS_IS_RUNNING = 17651
PERL5_CPAN_IS_RUNNING = 17651
PERL_MM_USE_DEFAULT = 1
SHELL = /usr/bin/zsh
TERM = screen
Perl special variables (and OS-specific diagnostics, for MSWin32):
$^X = /home/sand/src/perl/repoperls/installed-perls/perl/v5.15.5-217-gb0f2e9e/127e/bin/perl
$UID/$EUID = 1005 / 1005
$GID = 1005 1005
$EGID = 1005 1005
Perl module toolchain versions installed:
Module Have
------------------- ------------
CPAN 1.9800
Cwd 3.38
ExtUtils::CBuilder 0.280205
ExtUtils::Command 1.17
ExtUtils::Install 1.57
ExtUtils::MakeMaker 6.63_02
ExtUtils::Manifest 1.60
ExtUtils::ParseXS 3.06
File::Spec 3.34
Module::Build 0.39_01
Module::Signature 0.68
Test::Harness 3.23
Test::More 1.005000_002
YAML 0.77
YAML::Syck 1.19
version 0.95
--
Summary of my perl5 (revision 5 version 15 subversion 5) configuration:
Commit id: b0f2e9edf966bfc1d2c74c5c60829849f5a6832e
Platform:
osname=linux, osvers=2.6.32-5-amd64, archname=x86_64-linux-ld
uname='linux k83 2.6.32-5-amd64 #1 smp mon oct 3 03:59:20 utc 2011 x86_64 gnulinux '
config_args='-Dprefix=/home/src/perl/repoperls/installed-perls/perl/v5.15.5-217-gb0f2e9e/127e -Dmyhostname=k83 -Dinstallusrbinperl=n -Uversiononly -Dusedevel -des -Ui_db -Uuseithreads -Duselongdouble -DDEBUGGING=-g'
hint=recommended, useposix=true, d_sigaction=define
useithreads=undef, usemultiplicity=undef
useperlio=define, d_sfio=undef, uselargefiles=define, usesocks=undef
use64bitint=define, use64bitall=define, uselongdouble=define
usemymalloc=n, bincompat5005=undef
Compiler:
cc='cc', ccflags ='-fno-strict-aliasing -pipe -fstack-protector -I/usr/local/include -D_LARGEFILE_SOURCE -D_FILE_OFFSET_BITS=64',
optimize='-O2 -g',
cppflags='-fno-strict-aliasing -pipe -fstack-protector -I/usr/local/include'
ccversion='', gccversion='4.4.5', gccosandvers=''
intsize=4, longsize=8, ptrsize=8, doublesize=8, byteorder=12345678
d_longlong=define, longlongsize=8, d_longdbl=define, longdblsize=16
ivtype='long', ivsize=8, nvtype='long double', nvsize=16, Off_t='off_t', lseeksize=8
alignbytes=16, prototype=define
Linker and Libraries:
ld='cc', ldflags =' -fstack-protector -L/usr/local/lib'
libpth=/usr/local/lib /lib/../lib /usr/lib/../lib /lib /usr/lib /lib64 /usr/lib64
libs=-lnsl -ldb -ldl -lm -lcrypt -lutil -lc
perllibs=-lnsl -ldl -lm -lcrypt -lutil -lc
libc=/lib/libc-2.11.2.so, so=so, useshrplib=false, libperl=libperl.a
gnulibc_version='2.11.2'
Dynamic Linking:
dlsrc=dl_dlopen.xs, dlext=so, d_dlsymun=undef, ccdlflags='-Wl,-E'
cccdlflags='-fPIC', lddlflags='-shared -O2 -g -L/usr/local/lib -fstack-protector'
Characteristics of this binary (from libperl):
Compile-time options: HAS_TIMES PERLIO_LAYERS PERL_DONT_CREATE_GVSV
PERL_MALLOC_WRAP PERL_PRESERVE_IVUV PERL_USE_DEVEL
USE_64_BIT_ALL USE_64_BIT_INT USE_LARGE_FILES
USE_LOCALE USE_LOCALE_COLLATE USE_LOCALE_CTYPE
USE_LOCALE_NUMERIC USE_LONG_DOUBLE USE_PERLIO
USE_PERL_ATOF
Built under linux
Compiled at Nov 27 2011 21:53:15
%ENV:
PERL5LIB=""
PERL5OPT=""
PERL5_CPANPLUS_IS_RUNNING="17651"
PERL5_CPAN_IS_RUNNING="17651"
PERL_MM_USE_DEFAULT="1"
@INC:
/home/src/perl/repoperls/installed-perls/perl/v5.15.5-217-gb0f2e9e/127e/lib/site_perl/5.15.5/x86_64-linux-ld
/home/src/perl/repoperls/installed-perls/perl/v5.15.5-217-gb0f2e9e/127e/lib/site_perl/5.15.5
/home/src/perl/repoperls/installed-perls/perl/v5.15.5-217-gb0f2e9e/127e/lib/5.15.5/x86_64-linux-ld
/home/src/perl/repoperls/installed-perls/perl/v5.15.5-217-gb0f2e9e/127e/lib/5.15.5
.