Report for Catalyst-TraitFor-Component-ConfigPerSite-0.12

Back
From: metabase:user:320bfe00-2aae-11df-837a-5e0a49663a4f
Subject: FAIL Catalyst-TraitFor-Component-ConfigPerSite-0.12 v5.22.3 GNU/Linux
Date: 2017-03-08T14:24:53Z

This distribution has been tested as part of the CPAN Testers
project, supporting the Perl programming language.  See
http://wiki.cpantesters.org/ for more information or email
questions to cpan-testers-discuss@perl.org


--
Dear Aaron James Trevena,

This is a computer-generated report for Catalyst-TraitFor-Component-ConfigPerSite-0.12
on perl 5.22.3, created by CPAN-Reporter-1.2018.

Thank you for uploading your work to CPAN.  However, there was a problem
testing your distribution.

If you think this report is invalid, please consult the CPAN Testers Wiki
for suggestions on how to avoid getting FAIL reports for missing library
or binary dependencies, unsupported operating systems, and so on:

http://wiki.cpantesters.org/wiki/CPANAuthorNotes

Sections of this report:

    * Tester comments
    * Program output
    * Prerequisites
    * Environment and other context

------------------------------
TESTER COMMENTS
------------------------------

Additional comments from tester:

this report is from an automated smoke testing program
and was not reviewed by a human for accuracy

------------------------------
PROGRAM OUTPUT
------------------------------

Output from '/usr/bin/make test':

PERL_DL_NONLAZY=1 "/tmp/basesmoker-reloperl-FEhz/bin/perl" "-MExtUtils::Command::MM" "-MTest::Harness" "-e" "undef *Test::Harness::Switches; test_harness(0, 'blib/lib', 'blib/arch')" t/*.t
t/01_basic.t ........... ok
t/02_pod.t ............. ok
t/03_pod_coverage.t .... ok
t/another_site_blog.t .. ok
[error] Couldn't render template "file error - blog/view_posts.tt: not found"
[error] Couldn't render template "file error - blog/view_posts.tt: not found"

#   Failed test 'got main blog page ok'
#   at t/just_the_one.t line 15.
# /blog: internal server error
# content : 
# --------------------------------
# <!DOCTYPE html PUBLIC "-//W3C//DTD XHTML 1.0 Transitional//EN"
#     "http://www.w3.org/TR/xhtml1/DTD/xhtml1-transitional.dtd">
# <html xmlns="http://www.w3.org/1999/xhtml" xml:lang="en" lang="en">
# <head>
#     <meta http-equiv="Content-Language" content="en" />
#     <meta http-equiv="Content-Type" content="text/html; charset=utf-8" />
#     <title>TestBlogApp</title>
#     <script type="text/javascript">
#         <!--
#         function toggleDump (dumpElement) {
#             var e = document.getElementById( dumpElement );
#             if (e.style.display == "none") {
#                 e.style.display = "";
#             }
#             else {
#                 e.style.display = "none";
#             }
#         }
#         -->
#     </script>
#     <style type="text/css">
#         body {
#             font-family: "Bitstream Vera Sans", "Trebuchet MS", Verdana,
#                          Tahoma, Arial, helvetica, sans-serif;
#             color: #333;
#             background-color: #eee;
#             margin: 0px;
#             padding: 0px;
#         }
#         :link, :link:hover, :visited, :visited:hover {
#             color: #000;
#         }
#         div.box {
#             position: relative;
#             background-color: #ccc;
#             border: 1px solid #aaa;
#             padding: 4px;
#             margin: 10px;
#         }
#         div.error {
#             background-color: #cce;
#             border: 1px solid #755;
#             padding: 8px;
#             margin: 4px;
#             margin-bottom: 10px;
#         }
#         div.infos {
#             background-color: #eee;
#             border: 1px solid #575;
#             padding: 8px;
#             margin: 4px;
#             margin-bottom: 10px;
#         }
#         div.name {
#             background-color: #cce;
#             border: 1px solid #557;
#             padding: 8px;
#             margin: 4px;
#         }
#         code.error {
#             display: block;
#             margin: 1em 0;
#             overflow: auto;
#         }
#         div.name h1, div.error p {
#             margin: 0;
#         }
#         h2 {
#             margin-top: 0;
#             margin-bottom: 10px;
#             font-size: medium;
#             font-weight: bold;
#             text-decoration: underline;
#         }
#         h1 {
#             font-size: medium;
#             font-weight: normal;
#         }
#         /* from http://users.tkk.fi/~tkarvine/linux/doc/pre-wrap/pre-wrap-css3-mozilla-opera-ie.html */
#         /* Browser specific (not valid) styles to make preformatted text wrap */
#         pre {
#             white-space: pre-wrap;       /* css-3 */
#             white-space: -moz-pre-wrap;  /* Mozilla, since 1999 */
#             white-space: -pre-wrap;      /* Opera 4-6 */
#             white-space: -o-pre-wrap;    /* Opera 7 */
#             word-wrap: break-word;       /* Internet Explorer 5.5+ */
#         }
#     </style>
# </head>
# <body>
#     <div class="box">
#         <div class="error"></div>
#         <div class="infos"><pre>
# (en) Please come back later
# (fr) SVP veuillez revenir plus tard
# (de) Bitte versuchen sie es spaeter nocheinmal
# (at) Konnten's bitt'schoen spaeter nochmal reinschauen
# (no) Vennligst prov igjen senere
# (dk) Venligst prov igen senere
# (pl) Prosze sprobowac pozniej
# (pt) Por favor volte mais tarde
# (ru) Попробуйте еще раз позже
# (ua) Спробуйте ще раз пізніше
# (it) Per favore riprova più tardi
# </pre>
# </div>
#         <div class="name"></div>
#     </div>
# </body>
# </html>
#                                                                                                                                                                                                                                                                                                                                                                                                                                                                                                                                 
# -----------------------------------------

#   Failed test 'title matches'
#   at t/just_the_one.t line 24.
# Expected at least one tag of type 'title' in file HTTP::Response=HASH(0x66c8eb8) matching condition, but got 0

#   Failed test 'main content appears as expected'
#   at t/just_the_one.t line 26.
# Expected at least one tag of type 'p' in file HTTP::Response=HASH(0x66c8eb8) matching condition, but got 0

#   Failed test 'no unexpected errors'
#   at t/just_the_one.t line 28.
#          got: 'HTML::Element=HASH(0x66bc2c8)'
#     expected: '0'
# Expected no tags of type div matching criteria in file HTTP::Response=HASH(0x66c8eb8), but got HTML::Element=HASH(0x66bc2c8)

#   Failed test 'Found link in HTML'
#   at t/just_the_one.t line 30.
# Expected at least one tag of type 'a or link' in file HTTP::Response=HASH(0x66c8eb8) matching condition, but got 0
# Looks like you failed 5 tests of 5.
t/just_the_one.t ....... 
Dubious, test returned 5 (wstat 1280, 0x500)
Failed 5/5 subtests 
t/simple_blog.t ........ ok

Test Summary Report
-------------------
t/just_the_one.t     (Wstat: 1280 Tests: 5 Failed: 5)
  Failed tests:  1-5
  Non-zero exit status: 5
Files=6, Tests=24,  4 wallclock secs ( 0.02 usr  0.02 sys +  3.31 cusr  0.41 csys =  3.76 CPU)
Result: FAIL
Failed 1/6 test programs. 5/24 subtests failed.
Makefile:884: recipe for target 'test_dynamic' failed
make: *** [test_dynamic] Error 255

------------------------------
PREREQUISITES
------------------------------

Prerequisite modules loaded:

requires:

    Module                           Need Have   
    -------------------------------- ---- -------
    Catalyst                         0    5.90114
    Catalyst::Action::RenderView     0    0.16   
    Catalyst::Model::DBIC::Schema    0    0.65   
    Catalyst::Plugin::ConfigLoader   0    0.34   
    Catalyst::Plugin::Static::Simple 0    0.33   
    Catalyst::View::TT               0    0.44   
    Config::General                  0    2.63   
    DateTime                         0    1.42   
    DBIx::Class::TimeStamp           0    0.14   
    Moose                            0    2.2004 
    Test::HTML::Form                 0    0.05   
    Test::Pod                        0    1.51   
    Test::Pod::Coverage              0    1.10   

build_requires:

    Module                           Need Have   
    -------------------------------- ---- -------
    ExtUtils::MakeMaker              0    7.24   

configure_requires:

    Module                           Need Have   
    -------------------------------- ---- -------
    ExtUtils::MakeMaker              0    7.24   


------------------------------
ENVIRONMENT AND OTHER CONTEXT
------------------------------

Environment variables:

    AUTOMATED_TESTING = 1
    LANG = C
    PATH = /home/sand/bin:/usr/local/bin:/usr/bin:/bin:/usr/games:/usr/local/perl/bin:/usr/X11/bin:/sbin:/usr/sbin
    PERL5LIB = 
    PERL5OPT = 
    PERL5_CPANPLUS_IS_RUNNING = 4630
    PERL5_CPAN_IS_RUNNING = 4630
    PERL_CANARY_STABILITY_NOPROMPT = 1
    PERL_MM_USE_DEFAULT = 1
    PERL_USE_UNSAFE_INC = 1
    SHELL = /usr/bin/zsh
    TERM = screen

Perl special variables (and OS-specific diagnostics, for MSWin32):

    $^X = /tmp/basesmoker-reloperl-FEhz/bin/perl
    $UID/$EUID = 1005 / 1005
    $GID = 1005 1005
    $EGID = 1005 1005

Perl module toolchain versions installed:

    Module              Have      
    ------------------- ----------
    CPAN                2.17      
    CPAN::Meta          2.150010  
    Cwd                 3.62      
    ExtUtils::CBuilder  0.280224  
    ExtUtils::Command   7.24      
    ExtUtils::Install   2.04      
    ExtUtils::MakeMaker 7.24      
    ExtUtils::Manifest  1.70      
    ExtUtils::ParseXS   3.28      
    File::Spec          3.62      
    JSON                2.90      
    JSON::PP            2.27300_01
    Module::Build       0.4220    
    Module::Signature   0.81      
    Parse::CPAN::Meta   2.150010  
    Test::Harness       3.36      
    Test::More          1.302078  
    YAML                1.23      
    YAML::Syck          1.29      
    version             0.9909    


--

Summary of my perl5 (revision 5 version 22 subversion 3) configuration:
  Derived from: 16b638b0a20de774856b3a21a75a5e373af5262c
  Platform:
    osname=linux, osvers=4.8.0-2-amd64, archname=x86_64-linux-ld
    uname='linux k93jessie 4.8.0-2-amd64 #1 smp debian 4.8.11-1 (2016-12-02) x86_64 gnulinux '
    config_args='-Dprefix=/home/sand/src/perl/repoperls/installed-perls/host/k93jessie/v5.22.3/686b -Dmyhostname=k93jessie -Dinstallusrbinperl=n -Uversiononly -Dusedevel -des -Ui_db -Dlibswanted=cl pthread socket inet nsl gdbm dbm malloc dl ld sun m crypt sec util c cposix posix ucb BSD gdbm_compat -Uuseithreads -Duselongdouble -DDEBUGGING=-g'
    hint=recommended, useposix=true, d_sigaction=define
    useithreads=undef, usemultiplicity=undef
    use64bitint=define, use64bitall=define, uselongdouble=define
    usemymalloc=n, bincompat5005=undef
  Compiler:
    cc='cc', ccflags ='-fwrapv -fno-strict-aliasing -pipe -fstack-protector-strong -I/usr/local/include -D_LARGEFILE_SOURCE -D_FILE_OFFSET_BITS=64 -D_FORTIFY_SOURCE=2',
    optimize='-O2 -g',
    cppflags='-fwrapv -fno-strict-aliasing -pipe -fstack-protector-strong -I/usr/local/include'
    ccversion='', gccversion='4.9.2', gccosandvers=''
    intsize=4, longsize=8, ptrsize=8, doublesize=8, byteorder=12345678, doublekind=3
    d_longlong=define, longlongsize=8, d_longdbl=define, longdblsize=16, longdblkind=3
    ivtype='long', ivsize=8, nvtype='long double', nvsize=16, Off_t='off_t', lseeksize=8
    alignbytes=16, prototype=define
  Linker and Libraries:
    ld='cc', ldflags =' -fstack-protector-strong -L/usr/local/lib'
    libpth=/usr/local/lib /usr/lib/gcc/x86_64-linux-gnu/4.9/include-fixed /usr/include/x86_64-linux-gnu /usr/lib /lib/x86_64-linux-gnu /lib/../lib /usr/lib/x86_64-linux-gnu /usr/lib/../lib /lib
    libs=-lpthread -lnsl -ldl -lm -lcrypt -lutil -lc
    perllibs=-lpthread -lnsl -ldl -lm -lcrypt -lutil -lc
    libc=libc-2.19.so, so=so, useshrplib=false, libperl=libperl.a
    gnulibc_version='2.19'
  Dynamic Linking:
    dlsrc=dl_dlopen.xs, dlext=so, d_dlsymun=undef, ccdlflags='-Wl,-E'
    cccdlflags='-fPIC', lddlflags='-shared -O2 -g -L/usr/local/lib -fstack-protector-strong'


Characteristics of this binary (from libperl): 
  Compile-time options: HAS_TIMES PERLIO_LAYERS PERL_DONT_CREATE_GVSV
                        PERL_HASH_FUNC_ONE_AT_A_TIME_HARD PERL_MALLOC_WRAP
                        PERL_NEW_COPY_ON_WRITE PERL_PRESERVE_IVUV
                        PERL_USE_DEVEL USE_64_BIT_ALL USE_64_BIT_INT
                        USE_LARGE_FILES USE_LOCALE USE_LOCALE_COLLATE
                        USE_LOCALE_CTYPE USE_LOCALE_NUMERIC USE_LOCALE_TIME
                        USE_LONG_DOUBLE USE_PERLIO USE_PERL_ATOF
  Locally applied patches:
	uncommitted-changes
  Built under linux
  Compiled at Mar  8 2017 05:02:36
  %ENV:
    PERL5LIB=""
    PERL5OPT=""
    PERL5_CPANPLUS_IS_RUNNING="4630"
    PERL5_CPAN_IS_RUNNING="4630"
    PERL_CANARY_STABILITY_NOPROMPT="1"
    PERL_MM_USE_DEFAULT="1"
    PERL_USE_UNSAFE_INC="1"
  @INC:
    /home/sand/src/perl/repoperls/installed-perls/host/k93jessie/v5.22.3/686b/lib/site_perl/5.22.3/x86_64-linux-ld
    /home/sand/src/perl/repoperls/installed-perls/host/k93jessie/v5.22.3/686b/lib/site_perl/5.22.3
    /home/sand/src/perl/repoperls/installed-perls/host/k93jessie/v5.22.3/686b/lib/5.22.3/x86_64-linux-ld
    /home/sand/src/perl/repoperls/installed-perls/host/k93jessie/v5.22.3/686b/lib/5.22.3
    .