Back
From: metabase:user:314402c4-2aae-11df-837a-5e0a49663a4f
Subject: FAIL WebService-SQLFormat-0.000006 v5.22.3 GNU/Linux
Date: 2017-03-05T18:17:32Z
This distribution has been tested as part of the CPAN Testers
project, supporting the Perl programming language. See
http://wiki.cpantesters.org/ for more information or email
questions to cpan-testers-discuss@perl.org
--
Dear Olaf Alders,
This is a computer-generated report for WebService-SQLFormat-0.000006
on perl 5.22.3, created by CPAN-Reporter-1.2018.
Thank you for uploading your work to CPAN. However, there was a problem
testing your distribution.
If you think this report is invalid, please consult the CPAN Testers Wiki
for suggestions on how to avoid getting FAIL reports for missing library
or binary dependencies, unsupported operating systems, and so on:
http://wiki.cpantesters.org/wiki/CPANAuthorNotes
Sections of this report:
* Tester comments
* Program output
* Prerequisites
* Environment and other context
------------------------------
TESTER COMMENTS
------------------------------
Additional comments from tester:
none provided
------------------------------
PROGRAM OUTPUT
------------------------------
Output from '/usr/bin/make test':
PERL_DL_NONLAZY=1 "/bbbike/perl-5.22.3t/bin/perl" "-MExtUtils::Command::MM" "-MTest::Harness" "-e" "undef *Test::Harness::Switches; test_harness(0, 'blib/lib', 'blib/arch')" t/*.t t/WebService/*.t
t/author-pod-coverage.t ... skipped: these tests are for testing by the author
t/author-pod-spell.t ...... skipped: these tests are for testing by the author
t/author-synopsis.t ....... skipped: these tests are for testing by the author
t/release-cpan-changes.t .. skipped: these tests are for release candidate testing
t/release-tidyall.t ....... skipped: these tests are for release candidate testing
malformed JSON string, neither tag, array, object, number, string or atom, at character offset 0 (before "Can't connect to sql...") at /tmpfs/.cpan-build-cpansand/2017030515/WebService-SQLFormat-0.000006-VXYVQq/blib/lib/WebService/SQLFormat.pm line 90.
# Tests were run but no plan was declared and done_testing() was not seen.
# Looks like your test exited with 255 after test #2.
t/WebService/SQLFormat.t ..
Dubious, test returned 255 (wstat 65280, 0xff00)
All 2 subtests passed
Test Summary Report
-------------------
t/WebService/SQLFormat.t (Wstat: 65280 Tests: 2 Failed: 0)
Non-zero exit status: 255
Parse errors: No plan found in TAP output
Files=6, Tests=2, 0 wallclock secs ( 0.04 usr 0.00 sys + 0.19 cusr 0.04 csys = 0.27 CPU)
Result: FAIL
Failed 1/6 test programs. 0/2 subtests failed.
Makefile:888: recipe for target 'test_dynamic' failed
make: *** [test_dynamic] Error 255
------------------------------
PREREQUISITES
------------------------------
Prerequisite modules loaded:
requires:
Module Need Have
---------------------- -------- --------
JSON::MaybeXS 0 1.003008
LWP::UserAgent 0 6.15
Module::Runtime 0 0.014
Moo 2.002004 2.003000
perl 5.006 5.022003
strict 0 1.09
Types::Standard 0 1.000005
Types::URI 0 0.006
warnings 0 1.34
build_requires:
Module Need Have
---------------------- -------- --------
ExtUtils::MakeMaker 0 7.24
Test2::Bundle::More 0 0.000067
Test::RequiresInternet 0 0.05
configure_requires:
Module Need Have
---------------------- -------- --------
ExtUtils::MakeMaker 0 7.24
perl 5.006 5.022003
------------------------------
ENVIRONMENT AND OTHER CONTEXT
------------------------------
Environment variables:
LANG = C
PATH = /usr/local/bin:/usr/bin:/bin:/usr/local/sbin:/usr/sbin:/sbin:/home/cpansand/bin/linux-gnu:/home/cpansand/bin/sh:/home/cpansand/bin:/usr/games:/home/cpansand/devel:/home/eserte/src/srezic-misc/scripts
PERL5LIB = /home/cpansand/.cpan/build/2017030515/Types-URI-0.006-hoP3YV/blib/arch:/home/cpansand/.cpan/build/2017030515/Types-URI-0.006-hoP3YV/blib/lib:/home/cpansand/.cpan/build/2017030515/Types-Path-Tiny-0.005-wcBn3u/blib/arch:/home/cpansand/.cpan/build/2017030515/Types-Path-Tiny-0.005-wcBn3u/blib/lib:/home/cpansand/.cpan/build/2017030515/Types-UUID-0.004-ExGFhr/blib/arch:/home/cpansand/.cpan/build/2017030515/Types-UUID-0.004-ExGFhr/blib/lib:/home/cpansand/.cpan/build/2017030515/URI-FromHash-0.05-zxCcIX/blib/arch:/home/cpansand/.cpan/build/2017030515/URI-FromHash-0.05-zxCcIX/blib/lib
PERL5OPT =
PERL5_CPANPLUS_IS_RUNNING = 13527
PERL5_CPAN_IS_RUNNING = 13527
PERL5_CPAN_IS_RUNNING_IN_RECURSION = 684,13527
PERLDOC = -MPod::Perldoc::ToTextOverstrike
PERL_BATCH = yes
PERL_CANARY_STABILITY_NOPROMPT = 1
PERL_CPAN_REPORTER_CONFIG = /run/user/1023/cpansmoker/2017030515/cpanreporter_001_config.ini
PERL_EXTUTILS_AUTOINSTALL = --defaultdeps
PERL_USE_UNSAFE_INC = 1
SHELL = /bin/zsh
TERM = screen
TMPDIR = /run/user/1023/cpansmoker/2017030515
Perl special variables (and OS-specific diagnostics, for MSWin32):
$^X = /bbbike/perl-5.22.3t/bin/perl
$UID/$EUID = 1023 / 1023
$GID = 1023 1023
$EGID = 1023 1023
Perl module toolchain versions installed:
Module Have
------------------- --------
CPAN 2.11_01
CPAN::Meta 2.150010
Cwd 3.62
ExtUtils::CBuilder 0.280224
ExtUtils::Command 7.24
ExtUtils::Install 2.04
ExtUtils::MakeMaker 7.24
ExtUtils::Manifest 1.70
ExtUtils::ParseXS 3.30
File::Spec 3.62
JSON 2.90
JSON::PP 2.27400
Module::Build 0.4220
Module::Signature n/a
Parse::CPAN::Meta 2.150010
Test::Harness 3.36
Test::More 1.302075
YAML 1.21
YAML::Syck 1.29
version 0.9917
--
Summary of my perl5 (revision 5 version 22 subversion 3) configuration:
Platform:
osname=linux, osvers=3.16.0-4-amd64, archname=x86_64-linux-thread-multi
uname='linux eserte 3.16.0-4-amd64 #1 smp debian 3.16.39-1 (2016-12-30) x86_64 gnulinux '
config_args='-ds -e -Dprefix=/opt/perl-5.22.3t -Dusethreads -Dcf_email=srezic@cpan.org'
hint=recommended, useposix=true, d_sigaction=define
useithreads=define, usemultiplicity=define
use64bitint=define, use64bitall=define, uselongdouble=undef
usemymalloc=n, bincompat5005=undef
Compiler:
cc='cc', ccflags ='-D_REENTRANT -D_GNU_SOURCE -fwrapv -fno-strict-aliasing -pipe -fstack-protector-strong -I/usr/local/include -D_LARGEFILE_SOURCE -D_FILE_OFFSET_BITS=64 -D_FORTIFY_SOURCE=2',
optimize='-O2',
cppflags='-D_REENTRANT -D_GNU_SOURCE -fwrapv -fno-strict-aliasing -pipe -fstack-protector-strong -I/usr/local/include'
ccversion='', gccversion='4.9.2', gccosandvers=''
intsize=4, longsize=8, ptrsize=8, doublesize=8, byteorder=12345678, doublekind=3
d_longlong=define, longlongsize=8, d_longdbl=define, longdblsize=16, longdblkind=3
ivtype='long', ivsize=8, nvtype='double', nvsize=8, Off_t='off_t', lseeksize=8
alignbytes=8, prototype=define
Linker and Libraries:
ld='cc', ldflags =' -fstack-protector-strong -L/usr/local/lib'
libpth=/usr/local/lib /usr/lib/gcc/x86_64-linux-gnu/4.9/include-fixed /usr/include/x86_64-linux-gnu /usr/lib /lib/x86_64-linux-gnu /lib/../lib /usr/lib/x86_64-linux-gnu /usr/lib/../lib /lib
libs=-lpthread -lnsl -lgdbm -ldb -ldl -lm -lcrypt -lutil -lc -lgdbm_compat
perllibs=-lpthread -lnsl -ldl -lm -lcrypt -lutil -lc
libc=libc-2.19.so, so=so, useshrplib=false, libperl=libperl.a
gnulibc_version='2.19'
Dynamic Linking:
dlsrc=dl_dlopen.xs, dlext=so, d_dlsymun=undef, ccdlflags='-Wl,-E'
cccdlflags='-fPIC', lddlflags='-shared -O2 -L/usr/local/lib -fstack-protector-strong'
Characteristics of this binary (from libperl):
Compile-time options: HAS_TIMES MULTIPLICITY PERLIO_LAYERS
PERL_DONT_CREATE_GVSV
PERL_HASH_FUNC_ONE_AT_A_TIME_HARD
PERL_IMPLICIT_CONTEXT PERL_MALLOC_WRAP
PERL_NEW_COPY_ON_WRITE PERL_PRESERVE_IVUV
USE_64_BIT_ALL USE_64_BIT_INT USE_ITHREADS
USE_LARGE_FILES USE_LOCALE USE_LOCALE_COLLATE
USE_LOCALE_CTYPE USE_LOCALE_NUMERIC USE_LOCALE_TIME
USE_PERLIO USE_PERL_ATOF USE_REENTRANT_API
Built under linux
Compiled at Jan 17 2017 19:09:56
%ENV:
PERL5LIB="/home/cpansand/.cpan/build/2017030515/Types-URI-0.006-hoP3YV/blib/arch:/home/cpansand/.cpan/build/2017030515/Types-URI-0.006-hoP3YV/blib/lib:/home/cpansand/.cpan/build/2017030515/Types-Path-Tiny-0.005-wcBn3u/blib/arch:/home/cpansand/.cpan/build/2017030515/Types-Path-Tiny-0.005-wcBn3u/blib/lib:/home/cpansand/.cpan/build/2017030515/Types-UUID-0.004-ExGFhr/blib/arch:/home/cpansand/.cpan/build/2017030515/Types-UUID-0.004-ExGFhr/blib/lib:/home/cpansand/.cpan/build/2017030515/URI-FromHash-0.05-zxCcIX/blib/arch:/home/cpansand/.cpan/build/2017030515/URI-FromHash-0.05-zxCcIX/blib/lib"
PERL5OPT=""
PERL5_CPANPLUS_IS_RUNNING="13527"
PERL5_CPAN_IS_RUNNING="13527"
PERL5_CPAN_IS_RUNNING_IN_RECURSION="684,13527"
PERLDOC="-MPod::Perldoc::ToTextOverstrike"
PERL_BATCH="yes"
PERL_CANARY_STABILITY_NOPROMPT="1"
PERL_CPAN_REPORTER_CONFIG="/run/user/1023/cpansmoker/2017030515/cpanreporter_001_config.ini"
PERL_EXTUTILS_AUTOINSTALL="--defaultdeps"
PERL_USE_UNSAFE_INC="1"
@INC:
/home/cpansand/.cpan/build/2017030515/Types-URI-0.006-hoP3YV/blib/arch
/home/cpansand/.cpan/build/2017030515/Types-URI-0.006-hoP3YV/blib/lib
/home/cpansand/.cpan/build/2017030515/Types-Path-Tiny-0.005-wcBn3u/blib/arch
/home/cpansand/.cpan/build/2017030515/Types-Path-Tiny-0.005-wcBn3u/blib/lib
/home/cpansand/.cpan/build/2017030515/Types-UUID-0.004-ExGFhr/blib/arch
/home/cpansand/.cpan/build/2017030515/Types-UUID-0.004-ExGFhr/blib/lib
/home/cpansand/.cpan/build/2017030515/URI-FromHash-0.05-zxCcIX/blib/arch
/home/cpansand/.cpan/build/2017030515/URI-FromHash-0.05-zxCcIX/blib/lib
/opt/perl-5.22.3t/lib/site_perl/5.22.3/x86_64-linux-thread-multi
/opt/perl-5.22.3t/lib/site_perl/5.22.3
/opt/perl-5.22.3t/lib/5.22.3/x86_64-linux-thread-multi
/opt/perl-5.22.3t/lib/5.22.3
.