Report for Catalyst-Controller-RequestToken-0.07

Back
From: metabase:user:30ae4450-2aae-11df-837a-5e0a49663a4f
Subject: FAIL Catalyst-Controller-RequestToken-0.07 5.26.1 
Date: 2018-07-20T13:43:13Z

This distribution has been tested as part of the CPAN Testers
project, supporting the Perl programming language.  See
http://wiki.cpantesters.org/ for more information or email
questions to cpan-testers-discuss@perl.org


--
Dear Hideo Kimura,

This is a computer-generated report for Catalyst-Controller-RequestToken-0.07
on perl 5.26.1, created by CPAN-Reporter-1.2018.

Thank you for uploading your work to CPAN.  However, there was a problem
testing your distribution.

If you think this report is invalid, please consult the CPAN Testers Wiki
for suggestions on how to avoid getting FAIL reports for missing library
or binary dependencies, unsupported operating systems, and so on:

http://wiki.cpantesters.org/wiki/CPANAuthorNotes

Sections of this report:

    * Tester comments
    * Program output
    * Prerequisites
    * Environment and other context

------------------------------
TESTER COMMENTS
------------------------------

Additional comments from tester:

this report is from an automated smoke testing program
and was not reviewed by a human for accuracy

------------------------------
PROGRAM OUTPUT
------------------------------

Output from 'C:\STRAWB~1\c\bin\gmake.exe test':

"C:\Strawberry261\perl\bin\perl.exe" "-MExtUtils::Command::MM" "-MTest::Harness" "-e" "undef *Test::Harness::Switches; test_harness(0, 'inc', 'blib\lib', 'blib\arch')" t/*.t
t/00-load.t ....... ok
t/00_compile.t .... ok
[debug] Debug messages enabled
[debug] Statistics enabled
[debug] Loaded plugins:
.----------------------------------------------------------------------------.
| Catalyst::Plugin::Session  0.4                                             |
| Catalyst::Plugin::Session::State::Cookie  0.17                             |
| Catalyst::Plugin::Session::Store::Dummy                                    |
'----------------------------------------------------------------------------'

[debug] Loaded PSGI Middleware:
.----------------------------------------------------------------------------.
| Catalyst::Middleware::Stash                                                |
| Plack::Middleware::HTTPExceptions                                          |
| Plack::Middleware::RemoveRedundantBody  0.06                               |
| Plack::Middleware::FixMissingBodyInRedirect  0.12                          |
| Plack::Middleware::ContentLength                                           |
| Plack::Middleware::MethodOverride  0.15                                    |
| Plack::Middleware::Head                                                    |
'----------------------------------------------------------------------------'

[debug] Loaded Request Data Handlers:
.----------------------------------------------------------------------------.
| application/x-www-form-urlencoded                                          |
| application/json                                                           |
'----------------------------------------------------------------------------'

[debug] Loaded dispatcher "Catalyst::Dispatcher"
[debug] Loaded engine "Catalyst::Engine"
[debug] Found home "C:\STRAWB~1\cpan\build\Catalyst-Controller-RequestToken-0.07-0\t\lib\TestApp"
[debug] Loaded components:
.-----------------------------------------------------------------+----------.
| Class                                                           | Type     |
+-----------------------------------------------------------------+----------+
| TestApp::Controller::Root                                       | instance |
| TestApp::Controller::Simple                                     | instance |
'-----------------------------------------------------------------+----------'


#   Failed test 'use TestApp;'
#   at t/live-test.t line 18.
#     Tried to use 'TestApp'.
#     Error:  Can't locate Catalyst/Action/Catalyst/Controller/RequestToken/Action/CreateToken.pm in @INC (you may need to install the Catalyst::Action::Catalyst::Controller::RequestToken::Action::CreateToken module) (@INC contains: C:/STRAWB~1/cpan/build/Catalyst-Controller-RequestToken-0.07-0/t/lib C:\STRAWB~1\cpan\build\Catalyst-Controller-RequestToken-0.07-0\inc C:\STRAWB~1\cpan\build\Catalyst-Controller-RequestToken-0.07-0\blib\lib C:\STRAWB~1\cpan\build\Catalyst-Controller-RequestToken-0.07-0\blib\arch C:/Strawberry261/perl/site/lib C:/Strawberry261/perl/vendor/lib C:/Strawberry261/perl/lib .) at C:/Strawberry261/perl/site/lib/Catalyst.pm line 2985.
# Compilation failed in require at t/live-test.t line 18.
# BEGIN failed--compilation aborted at t/live-test.t line 18.
[info] *** Request 1 (1.000/s) [384] [Fri Jul 20 16:43:03 2018] ***
[debug] Path is "/"
[debug] "GET" request for "/" from "127.0.0.1"
[debug] Response Code: 200; Content-Type: text/html; charset=UTF-8; Content-Length: unknown
[info] Request took 0.010015s (99.850/s)
.------------------------------------------------------------+-----------.
| Action                                                     | Time      |
+------------------------------------------------------------+-----------+
| /main                                                      | 0.000000s |
| /end                                                       | 0.000000s |
'------------------------------------------------------------+-----------'

[info] *** Request 2 (2.000/s) [384] [Fri Jul 20 16:43:03 2018] ***
[debug] Path is "/"
[debug] Arguments are "simple/form"
[debug] "GET" request for "simple/form" from "127.0.0.1"
[debug] Response Code: 200; Content-Type: text/html; charset=UTF-8; Content-Length: unknown
[info] Request took 0.011816s (84.631/s)
.------------------------------------------------------------+-----------.
| Action                                                     | Time      |
+------------------------------------------------------------+-----------+
| /main                                                      | 0.000000s |
| /end                                                       | 0.000000s |
'------------------------------------------------------------+-----------'


#   Failed test 'form page - valid'
#   at t/live-test.t line 27.
#          got: "<h1>It works</h1>"
#       length: 17
#     doesn't match '(?^i:FORM)'
Can't call method "make_request" on an undefined value at C:/Strawberry261/perl/vendor/lib/WWW/Mechanize.pm line 990.
# Looks like your test exited with 255 just after 5.
t/live-test.t ..... 
Dubious, test returned 255 (wstat 65280, 0xff00)
Failed 12/15 subtests 
t/pod.t ........... ok

#   Failed test 'Pod coverage on Catalyst::Controller::RequestToken'
#   at C:/Strawberry261/perl/site/lib/Test/Pod/Coverage.pm line 133.
# Coverage for Catalyst::Controller::RequestToken is 83.3%, with 1 naked subroutine:
# 	BUILD
# Looks like you failed 1 test of 4.
t/pod_coverage.t .. 
Dubious, test returned 1 (wstat 256, 0x100)
Failed 1/4 subtests 

Test Summary Report
-------------------
t/live-test.t   (Wstat: 65280 Tests: 5 Failed: 2)
  Failed tests:  1, 5
  Non-zero exit status: 255
  Parse errors: Bad plan.  You planned 15 tests but ran 5.
t/pod_coverage.t (Wstat: 256 Tests: 4 Failed: 1)
  Failed test:  1
  Non-zero exit status: 1
Files=5, Tests=15, 11 wallclock secs ( 0.13 usr +  0.06 sys =  0.19 CPU)
Result: FAIL
Failed 2/5 test programs. 3/15 subtests failed.
gmake: *** [Makefile:784: test_dynamic] Error 1

------------------------------
PREREQUISITES
------------------------------

Prerequisite modules loaded:

requires:

    Module                                   Need Have    
    ---------------------------------------- ---- --------
    Digest                                   0    1.17_01 
    Scalar::Util                             0    1.50    

build_requires:

    Module                                   Need Have    
    ---------------------------------------- ---- --------
    Catalyst::Action::RenderView             0    0.16    
    Catalyst::Plugin::Session                0    0.40    
    Catalyst::Plugin::Session::State::Cookie 0    0.17    
    Catalyst::Runtime                        5.8  5.90117 
    ExtUtils::MakeMaker                      6.36 7.34    
    ok                                       0    1.302135
    Test::More                               0    1.302135

configure_requires:

    Module                                   Need Have    
    ---------------------------------------- ---- --------
    ExtUtils::MakeMaker                      6.36 7.34    


------------------------------
ENVIRONMENT AND OTHER CONTEXT
------------------------------

Environment variables:

    AUTOMATED_TESTING = 1
    COMSPEC = C:\WINDOWS\system32\cmd.exe
    NUMBER_OF_PROCESSORS = 1
    PATH = C:\WINDOWS\system32;C:\WINDOWS;C:\WINDOWS\System32\Wbem;C:\Git\cmd;C:\Strawberry261\c\bin;C:\Strawberry261\perl\site\bin;C:\Strawberry261\perl\bin
    PERL5LIB = 
    PERL5OPT = 
    PERL5_CPANPLUS_IS_RUNNING = 1468
    PERL5_CPAN_IS_RUNNING = 1468
    PERL5_CPAN_IS_RUNNING_IN_RECURSION = 1068,1468
    PERL_CR_SMOKER_CURRENT = Catalyst-Controller-RequestToken-0.07
    PERL_CR_SMOKER_RUNONCE = 1
    PERL_EXTUTILS_AUTOINSTALL = --defaultdeps
    PERL_HASH_SEED = 0x11111111
    PERL_MM_USE_DEFAULT = 1
    PERL_USE_UNSAFE_INC = 1
    PROCESSOR_IDENTIFIER = x86 Family 16 Model 5 Stepping 3, AuthenticAMD
    TEMP = C:\DOCUME~1\a\LOCALS~1\Temp

Perl special variables (and OS-specific diagnostics, for MSWin32):

    $^X = C:\Strawberry261\perl\bin\perl.exe
    $UID/$EUID = 0 / 0
    $GID = 0
    $EGID = 0
    Win32::GetOSName = WinXP/.Net
    Win32::GetOSVersion = Service Pack 3, 5, 1, 2600, 2, 3, 0, 256, 1
    Win32::FsType = NTFS
    Win32::IsAdminUser = 1

Perl module toolchain versions installed:

    Module              Have    
    ------------------- --------
    CPAN                2.18    
    CPAN::Meta          2.150010
    Cwd                 3.74    
    ExtUtils::CBuilder  0.280230
    ExtUtils::Command   7.34    
    ExtUtils::Install   2.14    
    ExtUtils::MakeMaker 7.34    
    ExtUtils::Manifest  1.70    
    ExtUtils::ParseXS   3.35    
    File::Spec          3.74    
    JSON                2.97001 
    JSON::PP            2.97001 
    Module::Build       0.4224  
    Module::Signature   0.81    
    Parse::CPAN::Meta   2.150010
    Test::Harness       3.42    
    Test::More          1.302135
    YAML                1.24    
    YAML::Syck          1.30    
    version             0.9918  


--

Summary of my perl5 (revision 5 version 26 subversion 1) configuration:
   
  Platform:
    osname=MSWin32
    osvers=4.0
    archname=MSWin32-x86-multi-thread-64int
    uname='Win32 strawberry-perl 5.26.1.1 #1 Mon Apr  2 23:57:52 2018 i386'
    config_args='undef'
    hint=recommended
    useposix=true
    d_sigaction=undef
    useithreads=define
    usemultiplicity=define
    use64bitint=define
    use64bitall=undef
    uselongdouble=undef
    usemymalloc=n
    default_inc_excludes_dot=define
    bincompat5005=undef
  Compiler:
    cc='gcc'
    ccflags =' -s -O2 -DWIN32 -D__USE_MINGW_ANSI_STDIO -DPERL_TEXTMODE_SCRIPTS -DPERL_IMPLICIT_CONTEXT -DPERL_IMPLICIT_SYS -DUSE_PERLIO -fwrapv -fno-strict-aliasing -mms-bitfields'
    optimize='-s -O2'
    cppflags='-DWIN32'
    ccversion=''
    gccversion='7.1.0'
    gccosandvers=''
    intsize=4
    longsize=4
    ptrsize=4
    doublesize=8
    byteorder=12345678
    doublekind=3
    d_longlong=define
    longlongsize=8
    d_longdbl=define
    longdblsize=12
    longdblkind=3
    ivtype='long long'
    ivsize=8
    nvtype='double'
    nvsize=8
    Off_t='long long'
    lseeksize=8
    alignbytes=8
    prototype=define
  Linker and Libraries:
    ld='g++'
    ldflags ='-s -L"C:\STRAWB~1\perl\lib\CORE" -L"C:\STRAWB~1\c\lib"'
    libpth=C:\STRAWB~1\c\lib C:\STRAWB~1\c\i686-w64-mingw32\lib C:\STRAWB~1\c\lib\gcc\i686-w64-mingw32\7.1.0
    libs= -lmoldname -lkernel32 -luser32 -lgdi32 -lwinspool -lcomdlg32 -ladvapi32 -lshell32 -lole32 -loleaut32 -lnetapi32 -luuid -lws2_32 -lmpr -lwinmm -lversion -lodbc32 -lodbccp32 -lcomctl32
    perllibs= -lmoldname -lkernel32 -luser32 -lgdi32 -lwinspool -lcomdlg32 -ladvapi32 -lshell32 -lole32 -loleaut32 -lnetapi32 -luuid -lws2_32 -lmpr -lwinmm -lversion -lodbc32 -lodbccp32 -lcomctl32
    libc=
    so=dll
    useshrplib=true
    libperl=libperl526.a
    gnulibc_version=''
  Dynamic Linking:
    dlsrc=dl_win32.xs
    dlext=xs.dll
    d_dlsymun=undef
    ccdlflags=' '
    cccdlflags=' '
    lddlflags='-mdll -s -L"C:\STRAWB~1\perl\lib\CORE" -L"C:\STRAWB~1\c\lib"'


Characteristics of this binary (from libperl): 
  Compile-time options:
    HAS_TIMES
    HAVE_INTERP_INTERN
    MULTIPLICITY
    PERLIO_LAYERS
    PERL_COPY_ON_WRITE
    PERL_DONT_CREATE_GVSV
    PERL_IMPLICIT_CONTEXT
    PERL_IMPLICIT_SYS
    PERL_MALLOC_WRAP
    PERL_OP_PARENT
    PERL_PRESERVE_IVUV
    USE_64_BIT_INT
    USE_ITHREADS
    USE_LARGE_FILES
    USE_LOCALE
    USE_LOCALE_COLLATE
    USE_LOCALE_CTYPE
    USE_LOCALE_NUMERIC
    USE_LOCALE_TIME
    USE_PERLIO
    USE_PERL_ATOF
  Built under MSWin32
  Compiled at Apr  3 2018 00:07:56
  %ENV:
    PERL5_CPANPLUS_IS_RUNNING="1468"
    PERL5_CPAN_IS_RUNNING="1468"
    PERL5_CPAN_IS_RUNNING_IN_RECURSION="1068,1468"
    PERL_CR_SMOKER_CURRENT="Catalyst-Controller-RequestToken-0.07"
    PERL_CR_SMOKER_RUNONCE="1"
    PERL_EXTUTILS_AUTOINSTALL="--defaultdeps"
    PERL_HASH_SEED="0x11111111"
    PERL_MM_USE_DEFAULT="1"
    PERL_USE_UNSAFE_INC="1"
  @INC:
    C:/Strawberry261/perl/site/lib
    C:/Strawberry261/perl/vendor/lib
    C:/Strawberry261/perl/lib
    .