Back
From: metabase:user:314402c4-2aae-11df-837a-5e0a49663a4f
Subject: FAIL Math-GMPz-0.59 5.24.0 GNU/Linux
Date: 2023-10-04T19:05:10Z
This distribution has been tested as part of the CPAN Testers
project, supporting the Perl programming language. See
http://wiki.cpantesters.org/ for more information or email
questions to cpan-testers-discuss@perl.org
--
Dear Sisyphus,
This is a computer-generated report for Math-GMPz-0.59
on perl 5.24.0, created by CPAN-Reporter-1.2018.
Thank you for uploading your work to CPAN. However, there was a problem
testing your distribution.
If you think this report is invalid, please consult the CPAN Testers Wiki
for suggestions on how to avoid getting FAIL reports for missing library
or binary dependencies, unsupported operating systems, and so on:
http://wiki.cpantesters.org/wiki/CPANAuthorNotes
Sections of this report:
* Tester comments
* Program output
* Prerequisites
* Environment and other context
------------------------------
TESTER COMMENTS
------------------------------
Additional comments from tester:
none provided
------------------------------
PROGRAM OUTPUT
------------------------------
Output from '/usr/bin/make test':
"/opt/perl-5.24.0/bin/perl" -MExtUtils::Command::MM -e 'cp_nonempty' -- GMPz.bs blib/arch/auto/Math/GMPz/GMPz.bs 644
make[1]: Entering directory `/home/cpansand/.cpan/build/2023100314/Math-GMPz-0.59-2/Random'
"/opt/perl-5.24.0/bin/perl" -MExtUtils::Command::MM -e 'cp_nonempty' -- Random.bs ../blib/arch/auto/Math/GMPz/Random/Random.bs 644
make[1]: Leaving directory `/home/cpansand/.cpan/build/2023100314/Math-GMPz-0.59-2/Random'
make[1]: Entering directory `/home/cpansand/.cpan/build/2023100314/Math-GMPz-0.59-2/V'
"/opt/perl-5.24.0/bin/perl" -MExtUtils::Command::MM -e 'cp_nonempty' -- V.bs ../blib/arch/auto/Math/GMPz/V/V.bs 644
make[1]: Leaving directory `/home/cpansand/.cpan/build/2023100314/Math-GMPz-0.59-2/V'
make[1]: Entering directory `/home/cpansand/.cpan/build/2023100314/Math-GMPz-0.59-2/Random'
"/opt/perl-5.24.0/bin/perl" -MExtUtils::Command::MM -e 'cp_nonempty' -- Random.bs ../blib/arch/auto/Math/GMPz/Random/Random.bs 644
PERL_DL_NONLAZY=1 "/opt/perl-5.24.0/bin/perl" "-MExtUtils::Command::MM" "-MTest::Harness" "-e" "undef *Test::Harness::Switches; test_harness(0, '../blib/lib', '../blib/arch')" t/*.t
GMP Header version (major): 5
GMP Header version (minor): 0
GMP Header version (patchlevel): 5
GMP CC: x86_64-linux-gnu-gcc -std=gnu99
GMP CFLAGS: -Wall -g -O3
t/a_v_random.t .. ok
t/gmp_random.t .. ok
All tests successful.
Files=2, Tests=18, 0 wallclock secs ( 0.01 usr 0.00 sys + 0.01 cusr 0.00 csys = 0.02 CPU)
Result: PASS
make[1]: Leaving directory `/home/cpansand/.cpan/build/2023100314/Math-GMPz-0.59-2/Random'
make[1]: Entering directory `/home/cpansand/.cpan/build/2023100314/Math-GMPz-0.59-2/V'
"/opt/perl-5.24.0/bin/perl" -MExtUtils::Command::MM -e 'cp_nonempty' -- V.bs ../blib/arch/auto/Math/GMPz/V/V.bs 644
No tests defined for Math::GMPz::V extension.
make[1]: Leaving directory `/home/cpansand/.cpan/build/2023100314/Math-GMPz-0.59-2/V'
PERL_DL_NONLAZY=1 "/opt/perl-5.24.0/bin/perl" "-MExtUtils::Command::MM" "-MTest::Harness" "-e" "undef *Test::Harness::Switches; test_harness(0, 'blib/lib', 'blib/arch')" t/*.t
GMP Header version (major): 5
GMP Header version (minor): 0
GMP Header version (patchlevel): 5
GMP CC: x86_64-linux-gnu-gcc -std=gnu99
GMP CFLAGS: -Wall -g -O3
t/_1aaa_v.t ............... ok
# Using Math::GMPz version 0.59
# Using Math::GMPq version 0.41
# Using gmp library version 5.0.5
# CC is x86_64-linux-gnu-gcc -std=gnu99
# CFLAGS are -Wall -g -O3
# GMP_LIMB_BITS is 64
# GMP_NAIL_BITS is 0
# MATH_GMPz_HAS_MAGICEXT is 1
# MATH_GMPz_IV_MAX is 9223372036854775807
# MATH_GMPz_IV_MIN is -9223372036854775808
# MATH_GMPz_UV_MAX is 18446744073709551615
# LD_PRINTF_BROKEN is 0
t/_1basic.t ............... ok
Skipping for 5.024000 - the aim here is to detect any recent changes,
not to concern ourselves with old behaviour.
t/_itsa.t ................. ok
t/aliases.t ............... ok
Skipping test 13 - no Math::GMPf
t/alloc.t ................. ok
t/arith.t ................. ok
t/bits.t .................. ok
# Using gmp version 5.0.5
t/bitwise.t ............... ok
t/cdiv.t .................. ok
t/cmp.t ................... ok
t/cmp_q.t ................. ok
t/constants.t ............. ok
t/div2.t .................. ok
Skipping tests 37 & 38 - Math::GMPq-0.41 is buggy re these divby0 tests.
Please consider updating Math::GMPq to latest stable version
t/divby0.t ................ ok
Using gmp-5.0.5 - Rmpz_2fac_ui, Rmpz_mfac_uiui and Rmpz_primorial_ui not implemented
t/fac.t ................... ok
t/fdiv.t .................. ok
t/get_set_cmp_NV.t ........ ok
t/imp_exp.t ............... ok
t/imp_warnings.t .......... ok
t/index_bug.t ............. ok
t/io_raw.t ................ ok
t/IV_UV_NV.t .............. ok
Skipping test 2 - no long double support
t/longdouble.t ............ ok
Using Math::BigInt version 1.999726
t/math_bigint.t ........... ok
Using Math::BigInt::GMP version 1.51
Using Math::BigInt version 1.999726
t/math_bigint_gmp.t ....... ok
Using Math::BigInt::GMP version 1.51
Using Math::BigInt version 1.999726
t/math_bigint_gmp_only.t .. ok
t/misc.t .................. ok
Math-MPFR-4.07 (or later) is needed - you have only 3.33 at t/mpfr_NV_checks.t line 19.
t/mpfr_NV_checks.t ........ ok
t/new.t ................... ok
t/NOK_and_POK.t ........... ok
t/not_zero.t .............. ok
t/NV_overloading.t ........ ok
t/out_str.t ............... ok
Skipping tests 52 to 55
t/overload.t .............. ok
Skipping remaining tests - Math::MPFR version 4.19 (or later)
is needed. We have only version 3.33
t/overload_cross_class.t .. ok
Invalid argument supplied to Math::GMPq::overload_mul at t/overload_op_eq.t line 122.
# Tests were run but no plan was declared and done_testing() was not seen.
# Looks like your test exited with 2 just after 13.
t/overload_op_eq.t ........
Dubious, test returned 2 (wstat 512, 0x200)
All 13 subtests passed
t/overload_switch.t ....... ok
Test::Pod version: 1.51
Pod::Simple version: 3.32
t/pod.t ................... ok
t/power.t ................. ok
t/primes.t ................ ok
Skipping test 6 - Math::GMPf not available
t/printf.t ................ ok
GMPZ_PV_NV_BUG set to 0
t/PV_NV_BUG.t ............. ok
t/random.t ................ ok
t/set_uj_sj.t ............. ok
Rmpz_prevprime() not available
t/theoretic.t ............. ok
t/TRmpz_out_str.t ......... ok
Skipping test 2 - nothing to test
Skipping test3 - nothing to test
t/use64bitint.t ........... ok
Test Summary Report
-------------------
t/overload_op_eq.t (Wstat: 512 Tests: 13 Failed: 0)
Non-zero exit status: 2
Parse errors: No plan found in TAP output
Files=47, Tests=28753, 4 wallclock secs ( 0.62 usr 0.08 sys + 2.35 cusr 0.58 csys = 3.63 CPU)
Result: FAIL
Failed 1/47 test programs. 0/28753 subtests failed.
make: *** [test_dynamic] Error 255
------------------------------
PREREQUISITES
------------------------------
Prerequisite modules loaded:
build_requires:
Module Need Have
------------------- ---- --------
Exporter 5.58 5.72
ExtUtils::MakeMaker 0 7.24
Test::More 0.88 1.302052
Test::Warn 0.36 0.37
configure_requires:
Module Need Have
------------------- ---- --------
ExtUtils::MakeMaker 0 7.24
------------------------------
ENVIRONMENT AND OTHER CONTEXT
------------------------------
Environment variables:
LANG = en_US.UTF-8
LANGUAGE = en_US:en
LC_ALL = en_US.UTF-8
PATH = /usr/local/bin:/usr/bin:/bin:/usr/local/sbin:/usr/sbin:/sbin:/home/cpansand/bin/linux-gnu:/home/cpansand/bin/sh:/home/cpansand/bin:/usr/games:/home/cpansand/devel:/home/eserte/src/srezic-misc/scripts
PERL5LIB = /home/cpansand/.cpan/build/2023100314/Test-Warn-0.37-2/blib/arch:/home/cpansand/.cpan/build/2023100314/Test-Warn-0.37-2/blib/lib
PERL5OPT =
PERL5_CPANPLUS_IS_RUNNING = 13155
PERL5_CPAN_IS_RUNNING = 13155
PERL5_CPAN_IS_RUNNING_IN_RECURSION = 10444,13155
PERLDOC = -MPod::Perldoc::ToTextOverstrike
PERL_BATCH = yes
PERL_CANARY_STABILITY_NOPROMPT = 1
PERL_CPAN_REPORTER_CONFIG = /var/tmp/cpansmoker-1023/2023100314/cpanreporter_000_config.ini
PERL_EXTUTILS_AUTOINSTALL = --defaultdeps
PERL_USE_UNSAFE_INC = 1
SHELL = /bin/zsh
TERM = screen
TMPDIR = /var/tmp/cpansmoker-1023/2023100314
Perl special variables (and OS-specific diagnostics, for MSWin32):
$^X = /opt/perl-5.24.0/bin/perl
$UID/$EUID = 1023 / 1023
$GID = 1023 1023
$EGID = 1023 1023
Perl module toolchain versions installed:
Module Have
------------------- --------
CPAN 2.28
CPAN::Meta 2.150010
Cwd 3.63
ExtUtils::CBuilder 0.280225
ExtUtils::Command 7.24
ExtUtils::Install 2.04
ExtUtils::MakeMaker 7.24
ExtUtils::Manifest 1.70
ExtUtils::ParseXS 3.31
File::Spec 3.63
JSON 2.90
JSON::PP 2.27300
Module::Build 0.4220
Module::Signature 0.80
Parse::CPAN::Meta 2.150010
Test::Harness 3.36
Test::More 1.302052
YAML 1.17
YAML::Syck 1.29
version 0.9916
--
Summary of my perl5 (revision 5 version 24 subversion 0) configuration:
Platform:
osname=linux, osvers=3.2.0-4-amd64, archname=x86_64-linux
uname='linux cvrsnica-wheezy 3.2.0-4-amd64 #1 smp debian 3.2.54-2 x86_64 gnulinux '
config_args='-ds -e -Dprefix=/opt/perl-5.24.0 -Dcf_email=srezic@cpan.org'
hint=recommended, useposix=true, d_sigaction=define
useithreads=undef, usemultiplicity=undef
use64bitint=define, use64bitall=define, uselongdouble=undef
usemymalloc=n, bincompat5005=undef
Compiler:
cc='cc', ccflags ='-fwrapv -fno-strict-aliasing -pipe -fstack-protector -I/usr/local/include -D_LARGEFILE_SOURCE -D_FILE_OFFSET_BITS=64 -D_FORTIFY_SOURCE=2',
optimize='-O2',
cppflags='-fwrapv -fno-strict-aliasing -pipe -fstack-protector -I/usr/local/include'
ccversion='', gccversion='4.7.2', gccosandvers=''
intsize=4, longsize=8, ptrsize=8, doublesize=8, byteorder=12345678, doublekind=3
d_longlong=define, longlongsize=8, d_longdbl=define, longdblsize=16, longdblkind=3
ivtype='long', ivsize=8, nvtype='double', nvsize=8, Off_t='off_t', lseeksize=8
alignbytes=8, prototype=define
Linker and Libraries:
ld='cc', ldflags =' -fstack-protector -L/usr/local/lib'
libpth=/usr/local/lib /usr/lib/gcc/x86_64-linux-gnu/4.7/include-fixed /usr/include/x86_64-linux-gnu /usr/lib /lib/x86_64-linux-gnu /lib/../lib /usr/lib/x86_64-linux-gnu /usr/lib/../lib /lib
libs=-lpthread -lnsl -ldb -ldl -lm -lcrypt -lutil -lc
perllibs=-lpthread -lnsl -ldl -lm -lcrypt -lutil -lc
libc=libc-2.13.so, so=so, useshrplib=false, libperl=libperl.a
gnulibc_version='2.13'
Dynamic Linking:
dlsrc=dl_dlopen.xs, dlext=so, d_dlsymun=undef, ccdlflags='-Wl,-E'
cccdlflags='-fPIC', lddlflags='-shared -O2 -L/usr/local/lib -fstack-protector'
Characteristics of this binary (from libperl):
Compile-time options: HAS_TIMES PERLIO_LAYERS PERL_COPY_ON_WRITE
PERL_DONT_CREATE_GVSV
PERL_HASH_FUNC_ONE_AT_A_TIME_HARD PERL_MALLOC_WRAP
PERL_PRESERVE_IVUV USE_64_BIT_ALL USE_64_BIT_INT
USE_LARGE_FILES USE_LOCALE USE_LOCALE_COLLATE
USE_LOCALE_CTYPE USE_LOCALE_NUMERIC USE_LOCALE_TIME
USE_PERLIO USE_PERL_ATOF
Built under linux
Compiled at May 30 2016 08:43:25
%ENV:
PERL5LIB="/home/cpansand/.cpan/build/2023100314/Test-Warn-0.37-2/blib/arch:/home/cpansand/.cpan/build/2023100314/Test-Warn-0.37-2/blib/lib"
PERL5OPT=""
PERL5_CPANPLUS_IS_RUNNING="13155"
PERL5_CPAN_IS_RUNNING="13155"
PERL5_CPAN_IS_RUNNING_IN_RECURSION="10444,13155"
PERLDOC="-MPod::Perldoc::ToTextOverstrike"
PERL_BATCH="yes"
PERL_CANARY_STABILITY_NOPROMPT="1"
PERL_CPAN_REPORTER_CONFIG="/var/tmp/cpansmoker-1023/2023100314/cpanreporter_000_config.ini"
PERL_EXTUTILS_AUTOINSTALL="--defaultdeps"
PERL_USE_UNSAFE_INC="1"
@INC:
/home/cpansand/.cpan/build/2023100314/Test-Warn-0.37-2/blib/arch
/home/cpansand/.cpan/build/2023100314/Test-Warn-0.37-2/blib/lib
/opt/perl-5.24.0/lib/site_perl/5.24.0/x86_64-linux
/opt/perl-5.24.0/lib/site_perl/5.24.0
/opt/perl-5.24.0/lib/5.24.0/x86_64-linux
/opt/perl-5.24.0/lib/5.24.0
.