webrobot v0.81 Perl 5 v5.13.6 x86_64-linux-thread-multi-ld

Status
Fail
From
brian greenfield
Dist
webrobot v0.81
Platform
Perl 5 v5.13.6 x86_64-linux-thread-multi-ld
Date
2010-10-27T23:22:02
ID
012bb322-e221-11df-8233-1c2806264d1f
This distribution has been tested as part of the CPAN Testers
project, supporting the Perl programming language.  See
http://wiki.cpantesters.org/ for more information or email
questions to cpan-testers-discuss@perl.org


--
Dear Stefan Trcek,

This is a computer-generated report for webrobot-0.81
on perl 5.13.6, created by CPAN-Reporter-1.1803.

Thank you for uploading your work to CPAN.  However, there was a problem
testing your distribution.

If you think this report is invalid, please consult the CPAN Testers Wiki
for suggestions on how to avoid getting FAIL reports for missing library
or binary dependencies, unsupported operating systems, and so on:

http://wiki.cpantesters.org/wiki/CPANAuthorNotes

Sections of this report:

    * Tester comments
    * Program output
    * Prerequisites
    * Environment and other context

------------------------------
TESTER COMMENTS
------------------------------

Additional comments from tester:

this report is from an automated smoke testing program
and was not reviewed by a human for accuracy

------------------------------
PROGRAM OUTPUT
------------------------------

Output from '/usr/bin/make test':

PERL_DL_NONLAZY=1 /home/test/perl/bin/perl5.13.6 "-MExtUtils::Command::MM" "-e" "test_harness(0, 'blib/lib', 'blib/arch')" t/*.t
UNIVERSAL->import is deprecated and will be removed in a future perl at /home/test/.cpan/build/webrobot-0.81-T8yxMM/blib/lib/WWW/Webrobot/UseXPath.pm line 9
t/assert.t ....................... ok
# NOTE: MIME::Lite is only necessary if you want to send e-mail
t/check_modules.t ................ ok
t/clone.t ........................ ok
t/config.t ....................... ok
UNIVERSAL->import is deprecated and will be removed in a future perl at /home/test/.cpan/build/webrobot-0.81-T8yxMM/blib/lib/WWW/Webrobot/UseXPath.pm line 9
Undefined subroutine &main::HttpdEcho called at t/encode-assert-chinese.t line 9.
 at t/encode-assert-chinese.t line 9
t/encode-assert-chinese.t ........ 
Dubious, test returned 255 (wstat 65280, 0xff00)
No subtests run 
UNIVERSAL->import is deprecated and will be removed in a future perl at /home/test/.cpan/build/webrobot-0.81-T8yxMM/blib/lib/WWW/Webrobot/UseXPath.pm line 9
Undefined subroutine &main::HttpdEcho called at t/encode-assert-invalid.t line 9.
 at t/encode-assert-invalid.t line 9
t/encode-assert-invalid.t ........ 
Dubious, test returned 255 (wstat 65280, 0xff00)
No subtests run 
UNIVERSAL->import is deprecated and will be removed in a future perl at /home/test/.cpan/build/webrobot-0.81-T8yxMM/blib/lib/WWW/Webrobot/UseXPath.pm line 9
Undefined subroutine &main::HttpdEcho called at t/encode-assert-isolatin-meta.t line 9.
 at t/encode-assert-isolatin-meta.t line 9
t/encode-assert-isolatin-meta.t .. 
Dubious, test returned 255 (wstat 65280, 0xff00)
No subtests run 
UNIVERSAL->import is deprecated and will be removed in a future perl at /home/test/.cpan/build/webrobot-0.81-T8yxMM/blib/lib/WWW/Webrobot/UseXPath.pm line 9
Undefined subroutine &main::HttpdEcho called at t/encode-assert-isolatin.t line 9.
 at t/encode-assert-isolatin.t line 9
t/encode-assert-isolatin.t ....... 
Dubious, test returned 255 (wstat 65280, 0xff00)
No subtests run 
UNIVERSAL->import is deprecated and will be removed in a future perl at /home/test/.cpan/build/webrobot-0.81-T8yxMM/blib/lib/WWW/Webrobot/UseXPath.pm line 9
Undefined subroutine &main::HttpdEcho called at t/encode-chinese-utf8.t line 9.
 at t/encode-chinese-utf8.t line 9
t/encode-chinese-utf8.t .......... 
Dubious, test returned 255 (wstat 65280, 0xff00)
No subtests run 
UNIVERSAL->import is deprecated and will be removed in a future perl at /home/test/.cpan/build/webrobot-0.81-T8yxMM/blib/lib/WWW/Webrobot/UseXPath.pm line 9
Undefined subroutine &main::HttpdEcho called at t/encode-chinese.t line 9.
 at t/encode-chinese.t line 9
t/encode-chinese.t ............... 
Dubious, test returned 255 (wstat 65280, 0xff00)
No subtests run 
UNIVERSAL->import is deprecated and will be removed in a future perl at /home/test/.cpan/build/webrobot-0.81-T8yxMM/blib/lib/WWW/Webrobot/UseXPath.pm line 9
Undefined subroutine &main::HttpdEcho called at t/encode-server-latin1.t line 9.
 at t/encode-server-latin1.t line 9
t/encode-server-latin1.t ......... 
Dubious, test returned 255 (wstat 65280, 0xff00)
No subtests run 
UNIVERSAL->import is deprecated and will be removed in a future perl at /home/test/.cpan/build/webrobot-0.81-T8yxMM/blib/lib/WWW/Webrobot/UseXPath.pm line 9
Undefined subroutine &main::HttpdEcho called at t/encode-server-utf8.t line 9.
 at t/encode-server-utf8.t line 9
t/encode-server-utf8.t ........... 
Dubious, test returned 255 (wstat 65280, 0xff00)
No subtests run 
UNIVERSAL->import is deprecated and will be removed in a future perl at /home/test/.cpan/build/webrobot-0.81-T8yxMM/blib/lib/WWW/Webrobot/UseXPath.pm line 9
t/ext-http-response.t ............ ok

#   Failed test 'Entities must be utf-8 encoded'
#   at t/html-treebuilder.t line 108.
#          got: '49:49:49:49:160:50:50:50:50:198:51:51:51:51'
#     expected: '49:49:49:49:194:160:50:50:50:50:195:134:51:51:51:51'
# Looks like you failed 1 test of 4.
t/html-treebuilder.t ............. 
Dubious, test returned 1 (wstat 256, 0x100)
Failed 1/4 subtests 
t/makeplan.t ..................... ok
UNIVERSAL->import is deprecated and will be removed in a future perl at /home/test/.cpan/build/webrobot-0.81-T8yxMM/blib/lib/WWW/Webrobot/UseXPath.pm line 9
Bareword "HttpdEcho" not allowed while "strict subs" in use at t/plan-assert-file.t line 26.
Bareword "Config" not allowed while "strict subs" in use at t/plan-assert-file.t line 26.
Execution of t/plan-assert-file.t aborted due to compilation errors.
t/plan-assert-file.t ............. 
Dubious, test returned 255 (wstat 65280, 0xff00)
No subtests run 
UNIVERSAL->import is deprecated and will be removed in a future perl at /home/test/.cpan/build/webrobot-0.81-T8yxMM/blib/lib/WWW/Webrobot/UseXPath.pm line 9
Bareword "HttpdEcho" not allowed while "strict subs" in use at t/plan-assert-get-neg.t line 49.
Execution of t/plan-assert-get-neg.t aborted due to compilation errors.
t/plan-assert-get-neg.t .......... 
Dubious, test returned 255 (wstat 65280, 0xff00)
No subtests run 
UNIVERSAL->import is deprecated and will be removed in a future perl at /home/test/.cpan/build/webrobot-0.81-T8yxMM/blib/lib/WWW/Webrobot/UseXPath.pm line 9
Bareword "HttpdEcho" not allowed while "strict subs" in use at t/plan-assert-get.t line 95.
Bareword "Config" not allowed while "strict subs" in use at t/plan-assert-get.t line 95.
Execution of t/plan-assert-get.t aborted due to compilation errors.
t/plan-assert-get.t .............. 
Dubious, test returned 255 (wstat 65280, 0xff00)
No subtests run 
UNIVERSAL->import is deprecated and will be removed in a future perl at /home/test/.cpan/build/webrobot-0.81-T8yxMM/blib/lib/WWW/Webrobot/UseXPath.pm line 9
Bareword "HttpdEcho" not allowed while "strict subs" in use at t/plan-assert-header.t line 26.
Bareword "Config" not allowed while "strict subs" in use at t/plan-assert-header.t line 26.
Execution of t/plan-assert-header.t aborted due to compilation errors.
t/plan-assert-header.t ........... 
Dubious, test returned 255 (wstat 65280, 0xff00)
No subtests run 
UNIVERSAL->import is deprecated and will be removed in a future perl at /home/test/.cpan/build/webrobot-0.81-T8yxMM/blib/lib/WWW/Webrobot/UseXPath.pm line 9
Bareword "HttpdEcho" not allowed while "strict subs" in use at t/plan-cdata.t line 86.
Execution of t/plan-cdata.t aborted due to compilation errors.
t/plan-cdata.t ................... 
Dubious, test returned 255 (wstat 65280, 0xff00)
No subtests run 
UNIVERSAL->import is deprecated and will be removed in a future perl at /home/test/.cpan/build/webrobot-0.81-T8yxMM/blib/lib/WWW/Webrobot/UseXPath.pm line 9
Bareword "HttpdEcho" not allowed while "strict subs" in use at t/plan-child-id.t line 31.
Bareword "Config" not allowed while "strict subs" in use at t/plan-child-id.t line 31.
Execution of t/plan-child-id.t aborted due to compilation errors.
t/plan-child-id.t ................ 
Dubious, test returned 255 (wstat 65280, 0xff00)
No subtests run 
UNIVERSAL->import is deprecated and will be removed in a future perl at /home/test/.cpan/build/webrobot-0.81-T8yxMM/blib/lib/WWW/Webrobot/UseXPath.pm line 9
Bareword "HttpdEcho" not allowed while "strict subs" in use at t/plan-get.t line 69.
Bareword "Config" not allowed while "strict subs" in use at t/plan-get.t line 69.
Execution of t/plan-get.t aborted due to compilation errors.
t/plan-get.t ..................... 
Dubious, test returned 255 (wstat 65280, 0xff00)
No subtests run 
UNIVERSAL->import is deprecated and will be removed in a future perl at /home/test/.cpan/build/webrobot-0.81-T8yxMM/blib/lib/WWW/Webrobot/UseXPath.pm line 9
Bareword "HttpdEcho" not allowed while "strict subs" in use at t/plan-globalassert-2.t line 35.
Execution of t/plan-globalassert-2.t aborted due to compilation errors.
t/plan-globalassert-2.t .......... 
Dubious, test returned 255 (wstat 65280, 0xff00)
No subtests run 
UNIVERSAL->import is deprecated and will be removed in a future perl at /home/test/.cpan/build/webrobot-0.81-T8yxMM/blib/lib/WWW/Webrobot/UseXPath.pm line 9
Bareword "HttpdEcho" not allowed while "strict subs" in use at t/plan-globalassert-2a.t line 35.
Bareword "Config" not allowed while "strict subs" in use at t/plan-globalassert-2a.t line 35.
Execution of t/plan-globalassert-2a.t aborted due to compilation errors.
t/plan-globalassert-2a.t ......... 
Dubious, test returned 255 (wstat 65280, 0xff00)
No subtests run 
UNIVERSAL->import is deprecated and will be removed in a future perl at /home/test/.cpan/build/webrobot-0.81-T8yxMM/blib/lib/WWW/Webrobot/UseXPath.pm line 9
Bareword "HttpdEcho" not allowed while "strict subs" in use at t/plan-globalassert-neg.t line 57.
Execution of t/plan-globalassert-neg.t aborted due to compilation errors.
t/plan-globalassert-neg.t ........ 
Dubious, test returned 255 (wstat 65280, 0xff00)
No subtests run 
UNIVERSAL->import is deprecated and will be removed in a future perl at /home/test/.cpan/build/webrobot-0.81-T8yxMM/blib/lib/WWW/Webrobot/UseXPath.pm line 9
Bareword "HttpdEcho" not allowed while "strict subs" in use at t/plan-globalassert-prop.t line 55.
Execution of t/plan-globalassert-prop.t aborted due to compilation errors.
t/plan-globalassert-prop.t ....... 
Dubious, test returned 255 (wstat 65280, 0xff00)
No subtests run 
UNIVERSAL->import is deprecated and will be removed in a future perl at /home/test/.cpan/build/webrobot-0.81-T8yxMM/blib/lib/WWW/Webrobot/UseXPath.pm line 9
Bareword "HttpdEcho" not allowed while "strict subs" in use at t/plan-post.t line 53.
Execution of t/plan-post.t aborted due to compilation errors.
t/plan-post.t .................... 
Dubious, test returned 255 (wstat 65280, 0xff00)
No subtests run 
UNIVERSAL->import is deprecated and will be removed in a future perl at /home/test/.cpan/build/webrobot-0.81-T8yxMM/blib/lib/WWW/Webrobot/UseXPath.pm line 9
Bareword "HttpdEcho" not allowed while "strict subs" in use at t/plan-properties-basic.t line 36.
Bareword "Config" not allowed while "strict subs" in use at t/plan-properties-basic.t line 36.
Execution of t/plan-properties-basic.t aborted due to compilation errors.
t/plan-properties-basic.t ........ 
Dubious, test returned 255 (wstat 65280, 0xff00)
No subtests run 
UNIVERSAL->import is deprecated and will be removed in a future perl at /home/test/.cpan/build/webrobot-0.81-T8yxMM/blib/lib/WWW/Webrobot/UseXPath.pm line 9
Bareword "HttpdEcho" not allowed while "strict subs" in use at t/plan-properties-simple.t line 56.
Bareword "Config" not allowed while "strict subs" in use at t/plan-properties-simple.t line 56.
Execution of t/plan-properties-simple.t aborted due to compilation errors.
t/plan-properties-simple.t ....... 
Dubious, test returned 255 (wstat 65280, 0xff00)
No subtests run 
UNIVERSAL->import is deprecated and will be removed in a future perl at /home/test/.cpan/build/webrobot-0.81-T8yxMM/blib/lib/WWW/Webrobot/UseXPath.pm line 9
Bareword "HttpdEcho" not allowed while "strict subs" in use at t/plan-properties.t line 161.
Execution of t/plan-properties.t aborted due to compilation errors.
t/plan-properties.t .............. 
Dubious, test returned 255 (wstat 65280, 0xff00)
No subtests run 
UNIVERSAL->import is deprecated and will be removed in a future perl at /home/test/.cpan/build/webrobot-0.81-T8yxMM/blib/lib/WWW/Webrobot/UseXPath.pm line 9
Bareword "HttpdEcho" not allowed while "strict subs" in use at t/plan-recurse.t line 29.
Bareword "Config" not allowed while "strict subs" in use at t/plan-recurse.t line 29.
Execution of t/plan-recurse.t aborted due to compilation errors.
t/plan-recurse.t ................. 
Dubious, test returned 255 (wstat 65280, 0xff00)
No subtests run 
UNIVERSAL->import is deprecated and will be removed in a future perl at /home/test/.cpan/build/webrobot-0.81-T8yxMM/blib/lib/WWW/Webrobot/UseXPath.pm line 9
Bareword "HttpdEcho" not allowed while "strict subs" in use at t/plan-recurse2.t line 28.
Execution of t/plan-recurse2.t aborted due to compilation errors.
t/plan-recurse2.t ................ 
Dubious, test returned 255 (wstat 65280, 0xff00)
No subtests run 
UNIVERSAL->import is deprecated and will be removed in a future perl at /home/test/.cpan/build/webrobot-0.81-T8yxMM/blib/lib/WWW/Webrobot/UseXPath.pm line 9
Bareword "HttpdEcho" not allowed while "strict subs" in use at t/plan-request-header.t line 46.
Bareword "Config" not allowed while "strict subs" in use at t/plan-request-header.t line 46.
Execution of t/plan-request-header.t aborted due to compilation errors.
t/plan-request-header.t .......... 
Dubious, test returned 255 (wstat 65280, 0xff00)
No subtests run 
UNIVERSAL->import is deprecated and will be removed in a future perl at /home/test/.cpan/build/webrobot-0.81-T8yxMM/blib/lib/WWW/Webrobot/UseXPath.pm line 9
Bareword "HttpdEcho" not allowed while "strict subs" in use at t/plan-sleep.t line 19.
Bareword "Config" not allowed while "strict subs" in use at t/plan-sleep.t line 19.
Execution of t/plan-sleep.t aborted due to compilation errors.
t/plan-sleep.t ................... 
Dubious, test returned 255 (wstat 65280, 0xff00)
No subtests run 
t/statistic.t .................... ok
t/tree2postfix.t ................. ok
UNIVERSAL->import is deprecated and will be removed in a future perl at /home/test/.cpan/build/webrobot-0.81-T8yxMM/blib/lib/WWW/Webrobot/UseXPath.pm line 9
t/var_expand.t ................... ok

#   Failed test 'Entities must be utf-8 encoded'
#   at t/xhtml.t line 16.
#          got: '49:49:49:49:160:50:50:50:50:198:51:51:51:51'
#     expected: '49:49:49:49:194:160:50:50:50:50:195:134:51:51:51:51'

#   Failed test 'iso-8859-1: XML entities &<> allowed and required'
#   at t/xhtml.t line 22.
#                   '<?xml version="1.0" encoding="UTF-8"?>
# <html><head>
#     <title>ä</title>
#     <meta content="ä" name="description" />
#     
#     <meta name="entity" value="&amp;&lt;&gt;" />
#   </head><body>
#       1111 2222Æ3333&amp;xxAElig;
#   </body>
#   
#   
# </html>
# '
#     doesn't match '(?^:value="\&\#38;\&\#60;\&\#62;")'
# Looks like you failed 2 tests of 8.
t/xhtml.t ........................ 
Dubious, test returned 2 (wstat 512, 0x200)
Failed 2/8 subtests 
t/xml_print.t .................... ok

Test Summary Report
-------------------
t/encode-assert-chinese.t      (Wstat: 65280 Tests: 0 Failed: 0)
  Non-zero exit status: 255
  Parse errors: No plan found in TAP output
t/encode-assert-invalid.t      (Wstat: 65280 Tests: 0 Failed: 0)
  Non-zero exit status: 255
  Parse errors: No plan found in TAP output
t/encode-assert-isolatin-meta.t (Wstat: 65280 Tests: 0 Failed: 0)
  Non-zero exit status: 255
  Parse errors: No plan found in TAP output
t/encode-assert-isolatin.t     (Wstat: 65280 Tests: 0 Failed: 0)
  Non-zero exit status: 255
  Parse errors: No plan found in TAP output
t/encode-chinese-utf8.t        (Wstat: 65280 Tests: 0 Failed: 0)
  Non-zero exit status: 255
  Parse errors: No plan found in TAP output
t/encode-chinese.t             (Wstat: 65280 Tests: 0 Failed: 0)
  Non-zero exit status: 255
  Parse errors: No plan found in TAP output
t/encode-server-latin1.t       (Wstat: 65280 Tests: 0 Failed: 0)
  Non-zero exit status: 255
  Parse errors: No plan found in TAP output
t/encode-server-utf8.t         (Wstat: 65280 Tests: 0 Failed: 0)
  Non-zero exit status: 255
  Parse errors: No plan found in TAP output
t/html-treebuilder.t           (Wstat: 256 Tests: 4 Failed: 1)
  Failed test:  2
  Non-zero exit status: 1
t/plan-assert-file.t           (Wstat: 65280 Tests: 0 Failed: 0)
  Non-zero exit status: 255
  Parse errors: No plan found in TAP output
t/plan-assert-get-neg.t        (Wstat: 65280 Tests: 0 Failed: 0)
  Non-zero exit status: 255
  Parse errors: No plan found in TAP output
t/plan-assert-get.t            (Wstat: 65280 Tests: 0 Failed: 0)
  Non-zero exit status: 255
  Parse errors: No plan found in TAP output
t/plan-assert-header.t         (Wstat: 65280 Tests: 0 Failed: 0)
  Non-zero exit status: 255
  Parse errors: No plan found in TAP output
t/plan-cdata.t                 (Wstat: 65280 Tests: 0 Failed: 0)
  Non-zero exit status: 255
  Parse errors: No plan found in TAP output
t/plan-child-id.t              (Wstat: 65280 Tests: 0 Failed: 0)
  Non-zero exit status: 255
  Parse errors: No plan found in TAP output
t/plan-get.t                   (Wstat: 65280 Tests: 0 Failed: 0)
  Non-zero exit status: 255
  Parse errors: No plan found in TAP output
t/plan-globalassert-2.t        (Wstat: 65280 Tests: 0 Failed: 0)
  Non-zero exit status: 255
  Parse errors: No plan found in TAP output
t/plan-globalassert-2a.t       (Wstat: 65280 Tests: 0 Failed: 0)
  Non-zero exit status: 255
  Parse errors: No plan found in TAP output
t/plan-globalassert-neg.t      (Wstat: 65280 Tests: 0 Failed: 0)
  Non-zero exit status: 255
  Parse errors: No plan found in TAP output
t/plan-globalassert-prop.t     (Wstat: 65280 Tests: 0 Failed: 0)
  Non-zero exit status: 255
  Parse errors: No plan found in TAP output
t/plan-post.t                  (Wstat: 65280 Tests: 0 Failed: 0)
  Non-zero exit status: 255
  Parse errors: No plan found in TAP output
t/plan-properties-basic.t      (Wstat: 65280 Tests: 0 Failed: 0)
  Non-zero exit status: 255
  Parse errors: No plan found in TAP output
t/plan-properties-simple.t     (Wstat: 65280 Tests: 0 Failed: 0)
  Non-zero exit status: 255
  Parse errors: No plan found in TAP output
t/plan-properties.t            (Wstat: 65280 Tests: 0 Failed: 0)
  Non-zero exit status: 255
  Parse errors: No plan found in TAP output
t/plan-recurse.t               (Wstat: 65280 Tests: 0 Failed: 0)
  Non-zero exit status: 255
  Parse errors: No plan found in TAP output
t/plan-recurse2.t              (Wstat: 65280 Tests: 0 Failed: 0)
  Non-zero exit status: 255
  Parse errors: No plan found in TAP output
t/plan-request-header.t        (Wstat: 65280 Tests: 0 Failed: 0)
  Non-zero exit status: 255
  Parse errors: No plan found in TAP output
t/plan-sleep.t                 (Wstat: 65280 Tests: 0 Failed: 0)
  Non-zero exit status: 255
  Parse errors: No plan found in TAP output
t/xhtml.t                      (Wstat: 512 Tests: 8 Failed: 2)
  Failed tests:  2, 4
  Non-zero exit status: 2
Files=39, Tests=127,  9 wallclock secs ( 0.12 usr  0.03 sys +  5.90 cusr  1.44 csys =  7.49 CPU)
Result: FAIL
Failed 29/39 test programs. 3/127 subtests failed.
make: *** [test_dynamic] Error 255

------------------------------
PREREQUISITES
------------------------------

Prerequisite modules loaded:

requires:

    Module              Need Have   
    ------------------- ---- -------
    Bundle::LWP         0    5.835  
    HTML::TreeBuilder   0    4.1    
    Test::More          0    0.97_01
    Time::HiRes         0    1.9721 
    Unicode::Lite       0    0.12   
    XML::Parser         0    2.40   
    XML::XPath          0    1.13   

build_requires:

    Module              Need Have   
    ------------------- ---- -------
    ExtUtils::MakeMaker 0    6.57_05


------------------------------
ENVIRONMENT AND OTHER CONTEXT
------------------------------

Environment variables:

    AUTOMATED_TESTING = 1
    LANG = C
    LC_ALL = C
    PATH = /home/test/perl/bin:~/bin:/usr/bin:/bin
    PERL5LIB = /home/test/.cpan/build/HTML-Tree-4.1-ZiVrAS/blib/arch:/home/test/.cpan/build/HTML-Tree-4.1-ZiVrAS/blib/lib:/home/test/.cpan/build/Unicode-Lite-0.12-svTrxF/blib/arch:/home/test/.cpan/build/Unicode-Lite-0.12-svTrxF/blib/lib:/home/test/.cpan/build/Unicode-Map-0.112-Q7wv2k/blib/arch:/home/test/.cpan/build/Unicode-Map-0.112-Q7wv2k/blib/lib:/home/test/.cpan/build/Unicode-String-2.09-a_XsF9/blib/arch:/home/test/.cpan/build/Unicode-String-2.09-a_XsF9/blib/lib:/home/test/.cpan/build/enum-1.016-rTUUvb/blib/arch:/home/test/.cpan/build/enum-1.016-rTUUvb/blib/lib:/home/test/.cpan/build/XML-XPath-1.13-wtLcMy/blib/arch:/home/test/.cpan/build/XML-XPath-1.13-wtLcMy/blib/lib
    PERL5OPT = 
    PERL5_CPANPLUS_IS_RUNNING = 11307
    PERL5_CPAN_IS_RUNNING = 11307
    PERL5_CPAN_IS_RUNNING_IN_RECURSION = 32135,11307
    PERL_CR_SMOKER_CURRENT = webrobot-0.81
    PERL_EXTUTILS_AUTOINSTALL = --defaultdeps
    PERL_MM_USE_DEFAULT = 1
    SHELL = /bin/bash
    TERM = linux

Perl special variables (and OS-specific diagnostics, for MSWin32):

    $^X = /home/test/perl/bin/perl5.13.6
    $UID/$EUID = 1001 / 1001
    $GID = 1001 1001
    $EGID = 1001 1001

Perl module toolchain versions installed:

    Module              Have   
    ------------------- -------
    CPAN                1.94_61
    Cwd                 3.34   
    ExtUtils::CBuilder  0.2703 
    ExtUtils::Command   1.16   
    ExtUtils::Install   1.55   
    ExtUtils::MakeMaker 6.57_05
    ExtUtils::Manifest  1.58   
    ExtUtils::ParseXS   2.2207 
    File::Spec          3.33   
    Module::Build       0.3607 
    Module::Signature   n/a    
    Test::Harness       3.22   
    Test::More          0.97_01
    YAML                n/a    
    YAML::Syck          1.15   
    version             0.82   


--

Summary of my perl5 (revision 5 version 13 subversion 6) configuration:
   
  Platform:
    osname=linux, osvers=2.6.26-2-amd64, archname=x86_64-linux-thread-multi-ld
    uname='linux zippy 2.6.26-2-amd64 #1 smp tue jan 12 22:12:20 utc 2010 x86_64 gnulinux '
    config_args='-des -Dusedevel -des -Duselongdouble -Duse64bitall -Dusethreads -Dprefix=~/perl'
    hint=recommended, useposix=true, d_sigaction=define
    useithreads=define, usemultiplicity=define
    useperlio=define, d_sfio=undef, uselargefiles=define, usesocks=undef
    use64bitint=define, use64bitall=define, uselongdouble=define
    usemymalloc=n, bincompat5005=undef
  Compiler:
    cc='cc', ccflags ='-D_REENTRANT -D_GNU_SOURCE -fno-strict-aliasing -pipe -fstack-protector -I/usr/local/include -D_LARGEFILE_SOURCE -D_FILE_OFFSET_BITS=64',
    optimize='-O2',
    cppflags='-D_REENTRANT -D_GNU_SOURCE -fno-strict-aliasing -pipe -fstack-protector -I/usr/local/include'
    ccversion='', gccversion='4.4.5 20100728 (prerelease)', gccosandvers=''
    intsize=4, longsize=8, ptrsize=8, doublesize=8, byteorder=12345678
    d_longlong=define, longlongsize=8, d_longdbl=define, longdblsize=16
    ivtype='long', ivsize=8, nvtype='long double', nvsize=16, Off_t='off_t', lseeksize=8
    alignbytes=16, prototype=define
  Linker and Libraries:
    ld='cc', ldflags =' -fstack-protector -L/usr/local/lib'
    libpth=/usr/local/lib /lib /usr/lib /lib64 /usr/lib64
    libs=-lnsl -ldb -ldl -lm -lcrypt -lutil -lpthread -lc
    perllibs=-lnsl -ldl -lm -lcrypt -lutil -lpthread -lc
    libc=/lib/libc-2.11.2.so, so=so, useshrplib=false, libperl=libperl.a
    gnulibc_version='2.11.2'
  Dynamic Linking:
    dlsrc=dl_dlopen.xs, dlext=so, d_dlsymun=undef, ccdlflags='-Wl,-E'
    cccdlflags='-fPIC', lddlflags='-shared -O2 -L/usr/local/lib -fstack-protector'


Characteristics of this binary (from libperl): 
  Compile-time options: MULTIPLICITY PERL_DONT_CREATE_GVSV
                        PERL_IMPLICIT_CONTEXT PERL_MALLOC_WRAP PERL_USE_DEVEL
                        USE_64_BIT_ALL USE_64_BIT_INT USE_ITHREADS
                        USE_LARGE_FILES USE_LONG_DOUBLE USE_PERLIO
                        USE_PERL_ATOF USE_REENTRANT_API
  Built under linux
  Compiled at Oct 21 2010 11:13:45
  %ENV:
    PERL5LIB="/home/test/.cpan/build/HTML-Tree-4.1-ZiVrAS/blib/arch:/home/test/.cpan/build/HTML-Tree-4.1-ZiVrAS/blib/lib:/home/test/.cpan/build/Unicode-Lite-0.12-svTrxF/blib/arch:/home/test/.cpan/build/Unicode-Lite-0.12-svTrxF/blib/lib:/home/test/.cpan/build/Unicode-Map-0.112-Q7wv2k/blib/arch:/home/test/.cpan/build/Unicode-Map-0.112-Q7wv2k/blib/lib:/home/test/.cpan/build/Unicode-String-2.09-a_XsF9/blib/arch:/home/test/.cpan/build/Unicode-String-2.09-a_XsF9/blib/lib:/home/test/.cpan/build/enum-1.016-rTUUvb/blib/arch:/home/test/.cpan/build/enum-1.016-rTUUvb/blib/lib:/home/test/.cpan/build/XML-XPath-1.13-wtLcMy/blib/arch:/home/test/.cpan/build/XML-XPath-1.13-wtLcMy/blib/lib"
    PERL5OPT=""
    PERL5_CPANPLUS_IS_RUNNING="11307"
    PERL5_CPAN_IS_RUNNING="11307"
    PERL5_CPAN_IS_RUNNING_IN_RECURSION="32135,11307"
    PERL_CR_SMOKER_CURRENT="webrobot-0.81"
    PERL_EXTUTILS_AUTOINSTALL="--defaultdeps"
    PERL_MM_USE_DEFAULT="1"
  @INC:
    /home/test/.cpan/build/HTML-Tree-4.1-ZiVrAS/blib/arch
    /home/test/.cpan/build/HTML-Tree-4.1-ZiVrAS/blib/lib
    /home/test/.cpan/build/Unicode-Lite-0.12-svTrxF/blib/arch
    /home/test/.cpan/build/Unicode-Lite-0.12-svTrxF/blib/lib
    /home/test/.cpan/build/Unicode-Map-0.112-Q7wv2k/blib/arch
    /home/test/.cpan/build/Unicode-Map-0.112-Q7wv2k/blib/lib
    /home/test/.cpan/build/Unicode-String-2.09-a_XsF9/blib/arch
    /home/test/.cpan/build/Unicode-String-2.09-a_XsF9/blib/lib
    /home/test/.cpan/build/enum-1.016-rTUUvb/blib/arch
    /home/test/.cpan/build/enum-1.016-rTUUvb/blib/lib
    /home/test/.cpan/build/XML-XPath-1.13-wtLcMy/blib/arch
    /home/test/.cpan/build/XML-XPath-1.13-wtLcMy/blib/lib
    /home/test/perl/lib/site_perl/5.13.6/x86_64-linux-thread-multi-ld
    /home/test/perl/lib/site_perl/5.13.6
    /home/test/perl/lib/5.13.6/x86_64-linux-thread-multi-ld
    /home/test/perl/lib/5.13.6
    .