Test-FTP-Server v0.012 Perl 5 v5.25.5 x86_64-linux-thread-multi

Status
Fail
From
Dan Collins
Dist
Test-FTP-Server v0.012
Platform
Perl 5 v5.25.5 x86_64-linux-thread-multi
Date
2016-10-18T12:33:00
ID
01c789a6-952f-11e6-9d8c-fd3fe822d6a9
This distribution has been tested as part of the CPAN Testers
project, supporting the Perl programming language.  See
http://wiki.cpantesters.org/ for more information or email
questions to cpan-testers-discuss@perl.org


--
Dear Taku Amano,

This is a computer-generated report for Test-FTP-Server-0.012
on perl 5.25.5, created by CPAN-Reporter-1.2018.

Thank you for uploading your work to CPAN.  However, there was a problem
testing your distribution.

If you think this report is invalid, please consult the CPAN Testers Wiki
for suggestions on how to avoid getting FAIL reports for missing library
or binary dependencies, unsupported operating systems, and so on:

http://wiki.cpantesters.org/wiki/CPANAuthorNotes

Sections of this report:

    * Tester comments
    * Program output
    * Prerequisites
    * Environment and other context

------------------------------
TESTER COMMENTS
------------------------------

Additional comments from tester:

this report is from an automated smoke testing program
and was not reviewed by a human for accuracy

------------------------------
PROGRAM OUTPUT
------------------------------

Output from '/usr/bin/make test':

PERL_DL_NONLAZY=1 "/home/cpan1/install/bin/perl" "-MExtUtils::Command::MM" "-MTest::Harness" "-e" "undef *Test::Harness::Switches; test_harness(0, 'inc', 'blib/lib', 'blib/arch')" t/*.t
Unescaped left brace in regex is deprecated here, passed through in regex; marked by <-- HERE in m/^[A-Z]{1,8}(-[A-Z]{ <-- HERE 1-8})*$/ at /home/cpan1/install/lib/perl5/site_perl/5.25.5/Net/FTPServer.pm line 6691.
Unescaped left brace in regex is deprecated here, passed through in regex; marked by <-- HERE in m/^[A-Z]{1,8}(-[A-Z]{ <-- HERE 1-8})*$/ at /home/cpan1/install/lib/perl5/site_perl/5.25.5/Net/FTPServer.pm line 6691.
Unescaped left brace in regex is deprecated here, passed through in regex; marked by <-- HERE in m/^[A-Z]{1,8}(-[A-Z]{ <-- HERE 1-8})*$/ at /home/cpan1/install/lib/perl5/site_perl/5.25.5/Net/FTPServer.pm line 6691.
t/00_compile.t .. ok
Unescaped left brace in regex is deprecated here, passed through in regex; marked by <-- HERE in m/^[A-Z]{1,8}(-[A-Z]{ <-- HERE 1-8})*$/ at /home/cpan1/install/lib/perl5/site_perl/5.25.5/Net/FTPServer.pm line 6691.

#   Failed test at t/03_sandbox.t line 46.
#          got: ''
#     expected: 'testdir'
Can't use an undefined value as an ARRAY reference at t/03_sandbox.t line 55.
# Tests were run but no plan was declared and done_testing() was not seen.
# Looks like your test exited with 10 just after 4.
t/03_sandbox.t .. 
Dubious, test returned 10 (wstat 2560, 0xa00)
Failed 1/4 subtests 

#   Failed test at t/02_root.t line 51.
#          got: ''
#     expected: 'testdir'
t/01_run.t ...... ok
Can't use an undefined value as an ARRAY reference at t/02_root.t line 60.
# Tests were run but no plan was declared and done_testing() was not seen.
# Looks like your test exited with 10 just after 4.
t/02_root.t ..... 
Dubious, test returned 10 (wstat 2560, 0xa00)
Failed 1/4 subtests 

Test Summary Report
-------------------
t/03_sandbox.t (Wstat: 2560 Tests: 4 Failed: 1)
  Failed test:  3
  Non-zero exit status: 10
  Parse errors: No plan found in TAP output
t/02_root.t   (Wstat: 2560 Tests: 4 Failed: 1)
  Failed test:  3
  Non-zero exit status: 10
  Parse errors: No plan found in TAP output
Files=4, Tests=13,  1 wallclock secs ( 0.06 usr  0.00 sys +  1.74 cusr  0.17 csys =  1.97 CPU)
Result: FAIL
Failed 2/4 test programs. 2/13 subtests failed.
Makefile:795: recipe for target 'test_dynamic' failed
make: *** [test_dynamic] Error 10

------------------------------
PREREQUISITES
------------------------------

Prerequisite modules loaded:

requires:

    Module                Need Have    
    --------------------- ---- --------
    Net::FTPServer        0    1.125   

build_requires:

    Module                Need Have    
    --------------------- ---- --------
    ExtUtils::MakeMaker   6.42 7.24    
    File::Copy::Recursive 0    0.38    
    Test::More            0.88 1.302061
    Test::TCP             0    2.17    

configure_requires:

    Module                Need Have    
    --------------------- ---- --------
    ExtUtils::MakeMaker   6.42 7.24    


------------------------------
ENVIRONMENT AND OTHER CONTEXT
------------------------------

Environment variables:

    AUTOMATED_TESTING = 1
    HARNESS_OPTIONS = j5
    LANG = en_US.UTF-8
    PATH = /usr/local/bin:/usr/bin:/bin:/usr/local/games:/usr/games
    PERL5LIB = 
    PERL5OPT = 
    PERL5_CPANPLUS_IS_RUNNING = 19195
    PERL5_CPAN_IS_RUNNING = 19195
    PERL5_CPAN_IS_RUNNING_IN_RECURSION = 4452,19195
    PERLBREW_BASHRC_VERSION = 0.76
    PERLBREW_HOME = /home/dcollins/.perlbrew
    PERLBREW_ROOT = /home/dcollins/toolchain/perl5
    PERL_CR_SMOKER_CURRENT = Net-FTP-Find-0.041
    PERL_CR_SMOKER_RUNONCE = 1
    PERL_EXTUTILS_AUTOINSTALL = --defaultdeps
    PERL_MM_USE_DEFAULT = 1
    SHELL = /bin/bash
    TERM = putty

Perl special variables (and OS-specific diagnostics, for MSWin32):

    $^X = /home/cpan1/install/bin/perl
    $UID/$EUID = 1002 / 1002
    $GID = 1002 1002
    $EGID = 1002 1002

Perl module toolchain versions installed:

    Module              Have    
    ------------------- --------
    CPAN                2.14    
    CPAN::Meta          2.150010
    Cwd                 3.62    
    ExtUtils::CBuilder  0.280224
    ExtUtils::Command   7.24    
    ExtUtils::Install   2.04    
    ExtUtils::MakeMaker 7.24    
    ExtUtils::Manifest  1.70    
    ExtUtils::ParseXS   3.30    
    File::Spec          3.62    
    JSON                2.90    
    JSON::PP            2.27400 
    Module::Build       0.4220  
    Module::Signature   0.81    
    Parse::CPAN::Meta   2.150010
    Test::Harness       3.36    
    Test::More          1.302061
    YAML                1.18    
    YAML::Syck          1.29    
    version             0.9917  


--

Summary of my perl5 (revision 5 version 25 subversion 5) configuration:
  Commit id: b912808c57c4dd8f57efd441416886c2674ab4cd
  Platform:
    osname=linux
    osvers=3.16.0-4-amd64
    archname=x86_64-linux-thread-multi
    uname='linux digitalis 3.16.0-4-amd64 #1 smp debian 3.16.36-1+deb8u1 (2016-09-03) x86_64 gnulinux '
    config_args='-Dusedevel -DDEBUGGING -Dusethreads -Dprefix=/home/cpan1/install -Uversiononly -des'
    hint=recommended
    useposix=true
    d_sigaction=define
    useithreads=define
    usemultiplicity=define
    use64bitint=define
    use64bitall=define
    uselongdouble=undef
    usemymalloc=n
    bincompat5005=undef
  Compiler:
    cc='cc'
    ccflags ='-D_REENTRANT -D_GNU_SOURCE -fwrapv -DDEBUGGING -fno-strict-aliasing -pipe -fstack-protector-strong -I/usr/local/include -D_LARGEFILE_SOURCE -D_FILE_OFFSET_BITS=64 -D_FORTIFY_SOURCE=2'
    optimize='-O2 -g'
    cppflags='-D_REENTRANT -D_GNU_SOURCE -fwrapv -DDEBUGGING -fno-strict-aliasing -pipe -fstack-protector-strong -I/usr/local/include'
    ccversion=''
    gccversion='4.9.2'
    gccosandvers=''
    intsize=4
    longsize=8
    ptrsize=8
    doublesize=8
    byteorder=12345678
    doublekind=3
    d_longlong=define
    longlongsize=8
    d_longdbl=define
    longdblsize=16
    longdblkind=3
    ivtype='long'
    ivsize=8
    nvtype='double'
    nvsize=8
    Off_t='off_t'
    lseeksize=8
    alignbytes=8
    prototype=define
  Linker and Libraries:
    ld='cc'
    ldflags =' -fstack-protector-strong -L/usr/local/lib'
    libpth=/usr/local/lib /usr/lib/gcc/x86_64-linux-gnu/4.9/include-fixed /usr/include/x86_64-linux-gnu /usr/lib /lib/x86_64-linux-gnu /lib/../lib /usr/lib/x86_64-linux-gnu /usr/lib/../lib /lib
    libs=-lpthread -lnsl -ldl -lm -lcrypt -lutil -lc
    perllibs=-lpthread -lnsl -ldl -lm -lcrypt -lutil -lc
    libc=libc-2.19.so
    so=so
    useshrplib=false
    libperl=libperl.a
    gnulibc_version='2.19'
  Dynamic Linking:
    dlsrc=dl_dlopen.xs
    dlext=so
    d_dlsymun=undef
    ccdlflags='-Wl,-E'
    cccdlflags='-fPIC'
    lddlflags='-shared -O2 -g -L/usr/local/lib -fstack-protector-strong'


Characteristics of this binary (from libperl): 
  Compile-time options:
    DEBUGGING
    HAS_TIMES
    MULTIPLICITY
    PERLIO_LAYERS
    PERL_COPY_ON_WRITE
    PERL_DONT_CREATE_GVSV
    PERL_HASH_FUNC_ONE_AT_A_TIME_HARD
    PERL_IMPLICIT_CONTEXT
    PERL_MALLOC_WRAP
    PERL_OP_PARENT
    PERL_PRESERVE_IVUV
    PERL_TRACK_MEMPOOL
    PERL_USE_DEVEL
    USE_64_BIT_ALL
    USE_64_BIT_INT
    USE_ITHREADS
    USE_LARGE_FILES
    USE_LOCALE
    USE_LOCALE_COLLATE
    USE_LOCALE_CTYPE
    USE_LOCALE_NUMERIC
    USE_LOCALE_TIME
    USE_PERLIO
    USE_PERL_ATOF
    USE_REENTRANT_API
  Built under linux
  Compiled at Oct 11 2016 16:20:24
  %ENV:
    PERL5LIB=""
    PERL5OPT=""
    PERL5_CPANPLUS_IS_RUNNING="19195"
    PERL5_CPAN_IS_RUNNING="19195"
    PERL5_CPAN_IS_RUNNING_IN_RECURSION="4452,19195"
    PERLBREW_BASHRC_VERSION="0.76"
    PERLBREW_HOME="/home/dcollins/.perlbrew"
    PERLBREW_ROOT="/home/dcollins/toolchain/perl5"
    PERL_CR_SMOKER_CURRENT="Net-FTP-Find-0.041"
    PERL_CR_SMOKER_RUNONCE="1"
    PERL_EXTUTILS_AUTOINSTALL="--defaultdeps"
    PERL_MM_USE_DEFAULT="1"
  @INC:
    /home/cpan1/install/lib/perl5/site_perl/5.25.5/x86_64-linux-thread-multi
    /home/cpan1/install/lib/perl5/site_perl/5.25.5
    /home/cpan1/install/lib/perl5/5.25.5/x86_64-linux-thread-multi
    /home/cpan1/install/lib/perl5/5.25.5
    .