GHCN vv0.22.258 Perl 5 v5.36.0 x86_64-linux

Status
Fail
From
Slaven Rezić
Dist
GHCN vv0.22.258
Platform
Perl 5 v5.36.0 x86_64-linux
Date
2022-09-16T07:13:15
ID
08562b72-358f-11ed-a0d5-fffa6d8775ea
This distribution has been tested as part of the CPAN Testers
project, supporting the Perl programming language.  See
http://wiki.cpantesters.org/ for more information or email
questions to cpan-testers-discuss@perl.org


--
Dear Gary Puckering,

This is a computer-generated report for GHCN-v0.22.258
on perl 5.36.0, created by CPAN-Reporter-1.2018.

Thank you for uploading your work to CPAN.  However, there was a problem
testing your distribution.

If you think this report is invalid, please consult the CPAN Testers Wiki
for suggestions on how to avoid getting FAIL reports for missing library
or binary dependencies, unsupported operating systems, and so on:

http://wiki.cpantesters.org/wiki/CPANAuthorNotes

Sections of this report:

    * Tester comments
    * Program output
    * Prerequisites
    * Environment and other context

------------------------------
TESTER COMMENTS
------------------------------

Additional comments from tester:

none provided

------------------------------
PROGRAM OUTPUT
------------------------------

Output from '/usr/bin/make test':

PERL_DL_NONLAZY=1 "/opt/perl-5.36.0/bin/perl" "-MExtUtils::Command::MM" "-MTest::Harness" "-e" "undef *Test::Harness::Switches; test_harness(0, 'blib/lib', 'blib/arch')" t/*.t
# 
# Versions for all modules listed in MYMETA.json (including optional ones):
# 
# === Configure Requires ===
# 
#     Module              Want Have
#     ------------------- ---- ----
#     ExtUtils::MakeMaker  any 7.64
# 
# === Build Requires ===
# 
#     Module              Want Have
#     ------------------- ---- ----
#     ExtUtils::MakeMaker  any 7.64
# 
# === Test Requires ===
# 
#     Module              Want     Have
#     ------------------- ---- --------
#     Capture::Tiny        any     0.48
#     ExtUtils::MakeMaker  any     7.64
#     File::Path           any     2.18
#     File::Spec           any     3.84
#     File::Temp           any   0.2311
#     Test::Exception      any     0.43
#     Test::More           any 1.302191
#     lib                  any     0.65
# 
# === Test Recommends ===
# 
#     Module         Want     Have
#     ---------- -------- --------
#     CPAN::Meta 2.120900 2.150010
# 
# === Runtime Requires ===
# 
#     Module                    Want        Have
#     ------------------------- ---- -----------
#     Cache::FileCache           any       undef
#     Carp                       any        1.52
#     Const::Fast                any       0.014
#     ControlBreak               any v2022.08.30
#     Devel::Size                any        0.83
#     English                    any        1.11
#     Exporter                   any        5.77
#     File::HomeDir              any       1.006
#     File::Spec                 any        3.84
#     FindBin                    any        1.53
#     GIS::Distance              any        0.19
#     Getopt::Long               any        2.52
#     HTML::Entities             any        3.78
#     Hash::Wrap                 any        0.22
#     List::Util                 any        1.63
#     Module::Load::Conditional  any        0.74
#     Object::Pad               0.66        0.68
#     Pod::Usage                 any        2.03
#     Set::IntSpan::Fast         any        1.15
#     Text::Abbrev               any        1.02
#     Time::HiRes                any      1.9770
#     Try::Tiny                  any        0.31
#     URI::Fetch                 any        0.15
#     YAML::Tiny                 any        1.73
#     base                       any        2.27
#     feature                    any        1.72
#     if                         any      0.0610
#     parent                     any       0.238
#     strict                     any        1.12
#     warnings                   any        1.58
# 
t/00-report-prereqs.t ........... ok
t/00_initialize_test_env.t ...... ok
t/11_common.t ................... ok
t/12_country_codes.t ............ ok
t/13_measures.t ................. ok
t/14_options.t .................. ok
t/21_station.t .................. ok
*E* unreadable config file: /home/cpansand/.ghcn_fetch.yaml at /opt/perl-5.36.0/lib/site_perl/5.36.0/Test/Builder.pm line 374.
# Looks like your test exited with 255 just after 3.
t/22_station_table_subs.t ....... 
Dubious, test returned 255 (wstat 65280, 0xff00)
Failed 7/10 subtests 
creating or refreshing cache: /home/cpansand/.cpan/build/2022091504/GHCN-v0.22.258-0/t/ghcn_cache/ghcn
t/31_station_table_synthesis.t .. ok
t/81_timing_stats.t ............. ok
t/91_ghcn_fetch.t ............... ok
t/92_ghcn_extremes.t ............ ok
t/93_ghcn_station_counts.t ...... ok

Test Summary Report
-------------------
t/22_station_table_subs.t     (Wstat: 65280 (exited 255) Tests: 3 Failed: 0)
  Non-zero exit status: 255
  Parse errors: Bad plan.  You planned 10 tests but ran 3.
Files=13, Tests=127, 136 wallclock secs ( 0.10 usr  0.02 sys + 29.65 cusr  1.94 csys = 31.71 CPU)
Result: FAIL
Failed 1/13 test programs. 0/127 subtests failed.
make: *** [Makefile:999: test_dynamic] Error 255

------------------------------
PREREQUISITES
------------------------------

Prerequisite modules loaded:

requires:

    Module                    Need     Have       
    ------------------------- -------- -----------
    base                      0        2.27       
    Cache::FileCache          0        0          
    Carp                      0        1.52       
    Const::Fast               0        0.014      
    ControlBreak              0        v2022.08.30
    Devel::Size               0        0.83       
    English                   0        1.11       
    Exporter                  0        5.77       
    feature                   0        1.72       
    File::HomeDir             0        1.006      
    File::Spec                0        3.84       
    FindBin                   0        1.53       
    Getopt::Long              0        2.52       
    GIS::Distance             0        0.19       
    Hash::Wrap                0        0.22       
    HTML::Entities            0        3.78       
    if                        0        0.0610     
    List::Util                0        1.63       
    Module::Load::Conditional 0        0.74       
    Object::Pad               0.66     0.68       
    parent                    0        0.238      
    perl                      5.018000 5.036000   
    Pod::Usage                0        2.03       
    Set::IntSpan::Fast        0        1.15       
    strict                    0        1.12       
    Text::Abbrev              0        1.02       
    Time::HiRes               0        1.9770     
    Try::Tiny                 0        0.31       
    URI::Fetch                0        0.15       
    warnings                  0        1.58       
    YAML::Tiny                0        1.73       

build_requires:

    Module                    Need     Have       
    ------------------------- -------- -----------
    Capture::Tiny             0        0.48       
    ExtUtils::MakeMaker       0        7.64       
    File::Path                0        2.18       
    File::Spec                0        3.84       
    File::Temp                0        0.2311     
    lib                       0        0.65       
    Test::Exception           0        0.43       
    Test::More                0        1.302191   

configure_requires:

    Module                    Need     Have       
    ------------------------- -------- -----------
    ExtUtils::MakeMaker       0        7.64       


------------------------------
ENVIRONMENT AND OTHER CONTEXT
------------------------------

Environment variables:

    LANG = en_US.UTF-8
    PATH = /usr/local/bin:/usr/bin:/bin:/usr/local/sbin:/usr/sbin:/sbin:/home/cpansand/bin/linux-gnu:/home/cpansand/bin/sh:/home/cpansand/bin:/usr/games:/home/cpansand/devel:/home/eserte/src/srezic-misc/scripts
    PERL5LIB = /home/cpansand/.local/share/.cpan/build/2022091504/Set-IntSpan-Fast-1.15-0/blib/arch:/home/cpansand/.local/share/.cpan/build/2022091504/Set-IntSpan-Fast-1.15-0/blib/lib:/home/cpansand/.local/share/.cpan/build/2022091504/Data-Types-0.17-0/blib/arch:/home/cpansand/.local/share/.cpan/build/2022091504/Data-Types-0.17-0/blib/lib
    PERL5OPT = 
    PERL5_CPANPLUS_IS_RUNNING = 4065709
    PERL5_CPAN_IS_RUNNING = 4065709
    PERL5_CPAN_IS_RUNNING_IN_RECURSION = 4065653,4065709
    PERLDOC = -MPod::Perldoc::ToTextOverstrike
    PERL_BATCH = yes
    PERL_CANARY_STABILITY_NOPROMPT = 1
    PERL_CPAN_REPORTER_CONFIG = /var/tmp/cpansmoker-1023/2022091504/cpanreporter_000_config.ini
    PERL_EXTUTILS_AUTOINSTALL = --defaultdeps
    PERL_USE_UNSAFE_INC = 1
    SHELL = /usr/bin/zsh
    TERM = screen
    TMPDIR = /var/tmp/cpansmoker-1023/2022091504

Perl special variables (and OS-specific diagnostics, for MSWin32):

    $^X = /opt/perl-5.36.0/bin/perl
    $UID/$EUID = 1023 / 1023
    $GID = 1023 1023
    $EGID = 1023 1023

Perl module toolchain versions installed:

    Module              Have    
    ------------------- --------
    CPAN                2.33    
    CPAN::Meta          2.150010
    Cwd                 3.84    
    ExtUtils::CBuilder  0.280236
    ExtUtils::Command   7.64    
    ExtUtils::Install   2.20    
    ExtUtils::MakeMaker 7.64    
    ExtUtils::Manifest  1.73    
    ExtUtils::ParseXS   3.45    
    File::Spec          3.84    
    JSON                4.07    
    JSON::PP            4.10    
    Module::Build       0.4231  
    Module::Signature   n/a     
    Parse::CPAN::Meta   2.150010
    Test::Harness       3.44    
    Test::More          1.302191
    YAML                1.30    
    YAML::Syck          1.34    
    version             0.9929  


--

Summary of my perl5 (revision 5 version 36 subversion 0) configuration:
   
  Platform:
    osname=linux
    osvers=5.4.0-110-generic
    archname=x86_64-linux
    uname='linux cloud8.bbbike.org 5.4.0-110-generic #124-ubuntu smp thu apr 14 19:46:19 utc 2022 x86_64 x86_64 x86_64 gnulinux '
    config_args='-ds -e -Dprefix=/opt/perl-5.36.0 -Dcf_email=srezic@cpan.org'
    hint=recommended
    useposix=true
    d_sigaction=define
    useithreads=undef
    usemultiplicity=undef
    use64bitint=define
    use64bitall=define
    uselongdouble=undef
    usemymalloc=n
    default_inc_excludes_dot=define
  Compiler:
    cc='cc'
    ccflags ='-fwrapv -fno-strict-aliasing -pipe -fstack-protector-strong -I/usr/local/include -D_LARGEFILE_SOURCE -D_FILE_OFFSET_BITS=64'
    optimize='-O2'
    cppflags='-fwrapv -fno-strict-aliasing -pipe -fstack-protector-strong -I/usr/local/include'
    ccversion=''
    gccversion='9.4.0'
    gccosandvers=''
    intsize=4
    longsize=8
    ptrsize=8
    doublesize=8
    byteorder=12345678
    doublekind=3
    d_longlong=define
    longlongsize=8
    d_longdbl=define
    longdblsize=16
    longdblkind=3
    ivtype='long'
    ivsize=8
    nvtype='double'
    nvsize=8
    Off_t='off_t'
    lseeksize=8
    alignbytes=8
    prototype=define
  Linker and Libraries:
    ld='cc'
    ldflags =' -fstack-protector-strong -L/usr/local/lib'
    libpth=/usr/local/lib /usr/lib/x86_64-linux-gnu /usr/lib /lib/x86_64-linux-gnu /lib
    libs=-lpthread -lnsl -lgdbm -ldb -ldl -lm -lcrypt -lutil -lc
    perllibs=-lpthread -lnsl -ldl -lm -lcrypt -lutil -lc
    libc=libc-2.31.so
    so=so
    useshrplib=false
    libperl=libperl.a
    gnulibc_version='2.31'
  Dynamic Linking:
    dlsrc=dl_dlopen.xs
    dlext=so
    d_dlsymun=undef
    ccdlflags='-Wl,-E'
    cccdlflags='-fPIC'
    lddlflags='-shared -O2 -L/usr/local/lib -fstack-protector-strong'


Characteristics of this binary (from libperl): 
  Compile-time options:
    HAS_TIMES
    PERLIO_LAYERS
    PERL_COPY_ON_WRITE
    PERL_DONT_CREATE_GVSV
    PERL_MALLOC_WRAP
    PERL_OP_PARENT
    PERL_PRESERVE_IVUV
    USE_64_BIT_ALL
    USE_64_BIT_INT
    USE_LARGE_FILES
    USE_LOCALE
    USE_LOCALE_COLLATE
    USE_LOCALE_CTYPE
    USE_LOCALE_NUMERIC
    USE_LOCALE_TIME
    USE_PERLIO
    USE_PERL_ATOF
  Built under linux
  Compiled at May 31 2022 20:15:43
  %ENV:
    PERL5LIB="/home/cpansand/.local/share/.cpan/build/2022091504/Set-IntSpan-Fast-1.15-0/blib/arch:/home/cpansand/.local/share/.cpan/build/2022091504/Set-IntSpan-Fast-1.15-0/blib/lib:/home/cpansand/.local/share/.cpan/build/2022091504/Data-Types-0.17-0/blib/arch:/home/cpansand/.local/share/.cpan/build/2022091504/Data-Types-0.17-0/blib/lib"
    PERL5OPT=""
    PERL5_CPANPLUS_IS_RUNNING="4065709"
    PERL5_CPAN_IS_RUNNING="4065709"
    PERL5_CPAN_IS_RUNNING_IN_RECURSION="4065653,4065709"
    PERLDOC="-MPod::Perldoc::ToTextOverstrike"
    PERL_BATCH="yes"
    PERL_CANARY_STABILITY_NOPROMPT="1"
    PERL_CPAN_REPORTER_CONFIG="/var/tmp/cpansmoker-1023/2022091504/cpanreporter_000_config.ini"
    PERL_EXTUTILS_AUTOINSTALL="--defaultdeps"
    PERL_USE_UNSAFE_INC="1"
  @INC:
    /home/cpansand/.local/share/.cpan/build/2022091504/Set-IntSpan-Fast-1.15-0/blib/arch
    /home/cpansand/.local/share/.cpan/build/2022091504/Set-IntSpan-Fast-1.15-0/blib/lib
    /home/cpansand/.local/share/.cpan/build/2022091504/Data-Types-0.17-0/blib/arch
    /home/cpansand/.local/share/.cpan/build/2022091504/Data-Types-0.17-0/blib/lib
    /opt/perl-5.36.0/lib/site_perl/5.36.0/x86_64-linux
    /opt/perl-5.36.0/lib/site_perl/5.36.0
    /opt/perl-5.36.0/lib/5.36.0/x86_64-linux
    /opt/perl-5.36.0/lib/5.36.0
    .