Report for Test-WWW-Mechanize-Catalyst-0.45

Back
From: metabase:user:9820532a-708b-1014-9a05-b18a96298da1
Subject: FAIL Test-WWW-Mechanize-Catalyst-0.45 v5.15.6 GNU/Linux
Date: 2012-01-12T16:11:08Z

This distribution has been tested as part of the CPAN Testers
project, supporting the Perl programming language.  See
http://wiki.cpantesters.org/ for more information or email
questions to cpan-testers-discuss@perl.org


--
Dear Leon Brocard,

This is a computer-generated report for Test-WWW-Mechanize-Catalyst-0.45
on perl 5.15.6, created by CPAN-Reporter-1.2003.

Thank you for uploading your work to CPAN.  However, there was a problem
testing your distribution.

If you think this report is invalid, please consult the CPAN Testers Wiki
for suggestions on how to avoid getting FAIL reports for missing library
or binary dependencies, unsupported operating systems, and so on:

http://wiki.cpantesters.org/wiki/CPANAuthorNotes

Sections of this report:

    * Tester comments
    * Program output
    * Prerequisites
    * Environment and other context

------------------------------
TESTER COMMENTS
------------------------------

Additional comments from tester:

this report is from an automated smoke testing program
and was not reviewed by a human for accuracy

------------------------------
PROGRAM OUTPUT
------------------------------

Output from '/usr/bin/make test':

PERL_DL_NONLAZY=1 /home/test/perl5/perlbrew/perls/perl-5.15.6-th-ld/bin/perl5.15.6 "-MExtUtils::Command::MM" "-e" "test_harness(0, 'blib/lib', 'blib/arch')" t/*.t
Can't locate object method "_build_request_export" via package "Test::WWW::Mechanize::Catalyst" at /home/test/perl5/perlbrew/perls/perl-5.15.6-th-ld/lib/site_perl/5.15.6/Catalyst/Test.pm line 91.
Undefined subroutine &Test::WWW::Mechanize::Catalyst::Aux::request called at lib/Test/WWW/Mechanize/Catalyst.pm line 40.
# Looks like your test exited with 255 before it could output anything.
t/auth-test.t ........... 
Dubious, test returned 255 (wstat 65280, 0xff00)
Failed 5/5 subtests 
Can't locate object method "_build_request_export" via package "Test::WWW::Mechanize::Catalyst" at /home/test/perl5/perlbrew/perls/perl-5.15.6-th-ld/lib/site_perl/5.15.6/Catalyst/Test.pm line 91.
Use of uninitialized value $scheme in pattern match (m//) at /home/test/perl5/perlbrew/perls/perl-5.15.6-th-ld/lib/site_perl/5.15.6/HTTP/Cookies.pm line 44.
Undefined subroutine &Test::WWW::Mechanize::Catalyst::Aux::request called at lib/Test/WWW/Mechanize/Catalyst.pm line 40.
# Looks like your test exited with 255 before it could output anything.
t/cookies.t ............. 
Dubious, test returned 255 (wstat 65280, 0xff00)
Failed 3/3 subtests 
# ###################################################################
# Starting an external Catalyst HTTP server on port 7357
# To change the port, please set the TWMC_TEST_PORT env variable.
# (The server will be automatically shut-down right after the tests).
# ###################################################################
Can't locate object method "_build_request_export" via package "Test::WWW::Mechanize::Catalyst" at /home/test/perl5/perlbrew/perls/perl-5.15.6-th-ld/lib/site_perl/5.15.6/Catalyst/Test.pm line 91.
[warn] Specifying the engine in ->setup is no longer supported, see Catalyst::Upgrading
[warn] Action methods (default) found defined in your application class, ExternalCatty. This is deprecated, please move them into a Root controller.
Use of uninitialized value $scheme in pattern match (m//) at /home/test/perl5/perlbrew/perls/perl-5.15.6-th-ld/lib/site_perl/5.15.6/HTTP/Cookies.pm line 44.

#   Failed test 'Survive to a multi Content-Type sting'
#   at t/multi_content_type.t line 36.
# died: Undefined subroutine &Test::WWW::Mechanize::Catalyst::Aux::request called at lib/Test/WWW/Mechanize/Catalyst.pm line 40.

#   Failed test 'Multi Content-Type Content-Type'
#   at t/multi_content_type.t line 38.
#          got: undef
#     expected: 'text/html'

#   Failed test 'Multi Content-Type title'
#   at t/multi_content_type.t line 39.
#          got: undef
#     expected: "Root"

#   Failed test 'Multi Content-Type body'
#   at t/multi_content_type.t line 40.
# String to look in is undef
# Looks like you planned 6 tests but ran 5.
# Looks like you failed 4 tests of 5 run.
t/multi_content_type.t .. 
Dubious, test returned 4 (wstat 1024, 0x400)
Failed 5/6 subtests 
t/pod.t ................. ok
t/pod_coverage.t ........ ok
Can't locate object method "_build_request_export" via package "Test::WWW::Mechanize::Catalyst" at /home/test/perl5/perlbrew/perls/perl-5.15.6-th-ld/lib/site_perl/5.15.6/Catalyst/Test.pm line 91.
Undefined subroutine &Test::WWW::Mechanize::Catalyst::Aux::request called at lib/Test/WWW/Mechanize/Catalyst.pm line 40.
# Looks like your test exited with 255 before it could output anything.
t/redirect.t ............ 
Dubious, test returned 255 (wstat 65280, 0xff00)
Failed 27/27 subtests 
Can't locate object method "_build_request_export" via package "Test::WWW::Mechanize::Catalyst" at /home/test/perl5/perlbrew/perls/perl-5.15.6-th-ld/lib/site_perl/5.15.6/Catalyst/Test.pm line 91.
Undefined subroutine &Test::WWW::Mechanize::Catalyst::Aux::request called at lib/Test/WWW/Mechanize/Catalyst.pm line 40.
# Looks like your test exited with 255 before it could output anything.
t/simple.t .............. 
Dubious, test returned 255 (wstat 65280, 0xff00)
Failed 39/39 subtests 

Test Summary Report
-------------------
t/auth-test.t         (Wstat: 65280 Tests: 0 Failed: 0)
  Non-zero exit status: 255
  Parse errors: Bad plan.  You planned 5 tests but ran 0.
t/cookies.t           (Wstat: 65280 Tests: 0 Failed: 0)
  Non-zero exit status: 255
  Parse errors: Bad plan.  You planned 3 tests but ran 0.
t/multi_content_type.t (Wstat: 1024 Tests: 5 Failed: 4)
  Failed tests:  2-5
  Non-zero exit status: 4
  Parse errors: Bad plan.  You planned 6 tests but ran 5.
t/redirect.t          (Wstat: 65280 Tests: 0 Failed: 0)
  Non-zero exit status: 255
  Parse errors: Bad plan.  You planned 27 tests but ran 0.
t/simple.t            (Wstat: 65280 Tests: 0 Failed: 0)
  Non-zero exit status: 255
  Parse errors: Bad plan.  You planned 39 tests but ran 0.
Files=7, Tests=7,  5 wallclock secs ( 0.05 usr  0.01 sys +  3.94 cusr  0.42 csys =  4.42 CPU)
Result: FAIL
Failed 5/7 test programs. 4/7 subtests failed.
make: *** [test_dynamic] Error 255

------------------------------
PREREQUISITES
------------------------------

Prerequisite modules loaded:

requires:

    Module                                   Need  Have   
    ---------------------------------------- ----- -------
    Catalyst                                 5.00  5.90007
    Catalyst::Plugin::Session::State::Cookie 0     0.17   
    Catalyst::Plugin::Session::Store::Dummy  0     0      
    LWP                                      5.816 6.03   
    Test::Exception                          0     0.31   
    Test::More                               0     0.98   
    Test::WWW::Mechanize                     1.14  1.38   
    WWW::Mechanize                           1.50  1.71   

build_requires:

    Module                                   Need  Have   
    ---------------------------------------- ----- -------
    ExtUtils::MakeMaker                      0     6.62   


------------------------------
ENVIRONMENT AND OTHER CONTEXT
------------------------------

Environment variables:

    AUTOMATED_TESTING = 1
    LANG = C
    LC_ALL = C
    MANPATH_WITHOUT_PERLBREW = 
    PATH = /home/test/perl5/perlbrew/bin:/home/test/perl5/perlbrew/perls/perl-5.15.6-th-ld/bin:/home/test/bin:~/bin:/usr/bin:/bin
    PATH_WITHOUT_PERLBREW = /home/test/bin:~/bin:/usr/bin:/bin
    PERL5LIB = 
    PERL5OPT = 
    PERL5_CPANPLUS_IS_RUNNING = 9302
    PERL5_CPAN_IS_RUNNING = 9302
    PERL5_CPAN_IS_RUNNING_IN_RECURSION = 10050,9302
    PERLBREW_BASHRC_VERSION = 0.39
    PERLBREW_HOME = /home/test/.perlbrew
    PERLBREW_MANPATH = /home/test/perl5/perlbrew/perls/perl-5.15.6-th-ld/man
    PERLBREW_PATH = /home/test/perl5/perlbrew/bin:/home/test/perl5/perlbrew/perls/perl-5.15.6-th-ld/bin
    PERLBREW_PERL = perl-5.15.6-th-ld
    PERLBREW_ROOT = /home/test/perl5/perlbrew
    PERLBREW_VERSION = 0.39
    PERL_CPANM_OPT = --prompt --mirror file:///mirrors/cpan/
    PERL_CR_SMOKER_CURRENT = Test-WWW-Mechanize-Catalyst-0.45
    PERL_EXTUTILS_AUTOINSTALL = --defaultdeps
    PERL_MM_USE_DEFAULT = 1
    SHELL = /bin/bash
    TERM = linux

Perl special variables (and OS-specific diagnostics, for MSWin32):

    $^X = /home/test/perl5/perlbrew/perls/perl-5.15.6-th-ld/bin/perl5.15.6
    $UID/$EUID = 1001 / 1001
    $GID = 1001 1001
    $EGID = 1001 1001

Perl module toolchain versions installed:

    Module              Have    
    ------------------- --------
    CPAN                1.9800  
    CPAN::Meta          2.113640
    Cwd                 3.33    
    ExtUtils::CBuilder  0.280202
    ExtUtils::Command   1.17    
    ExtUtils::Install   1.54    
    ExtUtils::MakeMaker 6.62    
    ExtUtils::Manifest  1.60    
    ExtUtils::ParseXS   3.11    
    File::Spec          3.33    
    JSON                2.53    
    JSON::PP            2.27008 
    Module::Build       0.39_01 
    Module::Signature   n/a     
    Parse::CPAN::Meta   1.4401  
    Test::Harness       3.23    
    Test::More          0.98    
    YAML                0.78    
    YAML::Syck          1.19    
    version             0.95    


--

Summary of my perl5 (revision 5 version 15 subversion 6) configuration:
   
  Platform:
    osname=linux, osvers=2.6.35-28-generic, archname=x86_64-linux-thread-multi-ld
    uname='linux zippy 2.6.35-28-generic #50-ubuntu smp fri mar 18 18:42:20 utc 2011 x86_64 gnulinux '
    config_args='-de -Dprefix=/home/test/perl5/perlbrew/perls/perl-5.15.6-th-ld -Dusethreads -Duselongdouble -Dusedevel'
    hint=recommended, useposix=true, d_sigaction=define
    useithreads=define, usemultiplicity=define
    useperlio=define, d_sfio=undef, uselargefiles=define, usesocks=undef
    use64bitint=define, use64bitall=define, uselongdouble=define
    usemymalloc=n, bincompat5005=undef
  Compiler:
    cc='cc', ccflags ='-D_REENTRANT -D_GNU_SOURCE -fno-strict-aliasing -pipe -fstack-protector -I/usr/local/include -D_LARGEFILE_SOURCE -D_FILE_OFFSET_BITS=64',
    optimize='-O2',
    cppflags='-D_REENTRANT -D_GNU_SOURCE -fno-strict-aliasing -pipe -fstack-protector -I/usr/local/include'
    ccversion='', gccversion='4.4.5', gccosandvers=''
    intsize=4, longsize=8, ptrsize=8, doublesize=8, byteorder=12345678
    d_longlong=define, longlongsize=8, d_longdbl=define, longdblsize=16
    ivtype='long', ivsize=8, nvtype='long double', nvsize=16, Off_t='off_t', lseeksize=8
    alignbytes=16, prototype=define
  Linker and Libraries:
    ld='cc', ldflags =' -fstack-protector -L/usr/local/lib'
    libpth=/usr/local/lib /lib/../lib /usr/lib/../lib /lib /usr/lib /usr/lib/x86_64-linux-gnu /lib64 /usr/lib64
    libs=-lnsl -ldl -lm -lcrypt -lutil -lpthread -lc
    perllibs=-lnsl -ldl -lm -lcrypt -lutil -lpthread -lc
    libc=/lib/libc-2.12.1.so, so=so, useshrplib=false, libperl=libperl.a
    gnulibc_version='2.12.1'
  Dynamic Linking:
    dlsrc=dl_dlopen.xs, dlext=so, d_dlsymun=undef, ccdlflags='-Wl,-E'
    cccdlflags='-fPIC', lddlflags='-shared -O2 -L/usr/local/lib -fstack-protector'


Characteristics of this binary (from libperl): 
  Compile-time options: HAS_TIMES MULTIPLICITY PERLIO_LAYERS
                        PERL_DONT_CREATE_GVSV PERL_IMPLICIT_CONTEXT
                        PERL_MALLOC_WRAP PERL_PRESERVE_IVUV PERL_USE_DEVEL
                        USE_64_BIT_ALL USE_64_BIT_INT USE_ITHREADS
                        USE_LARGE_FILES USE_LOCALE USE_LOCALE_COLLATE
                        USE_LOCALE_CTYPE USE_LOCALE_NUMERIC USE_LONG_DOUBLE
                        USE_PERLIO USE_PERL_ATOF USE_REENTRANT_API
  Built under linux
  Compiled at Jan  7 2012 12:22:32
  %ENV:
    PERL5LIB=""
    PERL5OPT=""
    PERL5_CPANPLUS_IS_RUNNING="9302"
    PERL5_CPAN_IS_RUNNING="9302"
    PERL5_CPAN_IS_RUNNING_IN_RECURSION="10050,9302"
    PERLBREW_BASHRC_VERSION="0.39"
    PERLBREW_HOME="/home/test/.perlbrew"
    PERLBREW_MANPATH="/home/test/perl5/perlbrew/perls/perl-5.15.6-th-ld/man"
    PERLBREW_PATH="/home/test/perl5/perlbrew/bin:/home/test/perl5/perlbrew/perls/perl-5.15.6-th-ld/bin"
    PERLBREW_PERL="perl-5.15.6-th-ld"
    PERLBREW_ROOT="/home/test/perl5/perlbrew"
    PERLBREW_VERSION="0.39"
    PERL_CPANM_OPT="--prompt --mirror file:///mirrors/cpan/"
    PERL_CR_SMOKER_CURRENT="Test-WWW-Mechanize-Catalyst-0.45"
    PERL_EXTUTILS_AUTOINSTALL="--defaultdeps"
    PERL_MM_USE_DEFAULT="1"
  @INC:
    /home/test/perl5/perlbrew/perls/perl-5.15.6-th-ld/lib/site_perl/5.15.6/x86_64-linux-thread-multi-ld
    /home/test/perl5/perlbrew/perls/perl-5.15.6-th-ld/lib/site_perl/5.15.6
    /home/test/perl5/perlbrew/perls/perl-5.15.6-th-ld/lib/5.15.6/x86_64-linux-thread-multi-ld
    /home/test/perl5/perlbrew/perls/perl-5.15.6-th-ld/lib/5.15.6
    .