Back
From: metabase:user:31d414ea-2aae-11df-837a-5e0a49663a4f
Subject: NA Test-FTP-Server-0.012 v5.6.2 GNU/Linux
Date: 2010-09-17T09:50:59Z
This distribution has been tested as part of the CPAN Testers
project, supporting the Perl programming language. See
http://wiki.cpantesters.org/ for more information or email
questions to cpan-testers-discuss@perl.org
--
Dear Author,
This is a computer-generated report for Test-FTP-Server-0.012
on perl 5.6.2, created by CPAN-Reporter-1.18.
Thank you for uploading your work to CPAN. While attempting to build or test
this distribution, the distribution signaled that support is not available
either for this operating system or this version of Perl. Nevertheless, any
diagnostic output produced is provided below for reference. If this is not
what you expect, you may wish to consult the CPAN Testers Wiki:
http://wiki.cpantesters.org/wiki/CPANAuthorNotes
Sections of this report:
* Tester comments
* Program output
* Prerequisites
* Environment and other context
------------------------------
TESTER COMMENTS
------------------------------
Additional comments from tester:
this report is from an automated smoke testing program
and was not reviewed by a human for accuracy
------------------------------
PROGRAM OUTPUT
------------------------------
Output from '/usr/bin/make test':
PERL_DL_NONLAZY=1 /home/david/cpantesting/perl-5.6.2/bin/perl "-MExtUtils::Command::MM" "-e" "test_harness(0, 'inc', 'blib/lib', 'blib/arch')" t/*.t
t/00_compile.t .. ok
Perl v5.8.0 required--this is only v5.6.2, stopped at /home/david/cpantesting/perl-5.6.2/.cpan/build/Test-FTP-Server-0.012-eIDag6/inc/Test/TCP.pm line 4.
BEGIN failed--compilation aborted at /home/david/cpantesting/perl-5.6.2/.cpan/build/Test-FTP-Server-0.012-eIDag6/inc/Test/TCP.pm line 4.
Compilation failed in require at t/01_run.t line 10.
BEGIN failed--compilation aborted at t/01_run.t line 10.
t/01_run.t ......
Dubious, test returned 255 (wstat 65280, 0xff00)
No subtests run
Perl v5.8.0 required--this is only v5.6.2, stopped at /home/david/cpantesting/perl-5.6.2/.cpan/build/Test-FTP-Server-0.012-eIDag6/inc/Test/TCP.pm line 4.
BEGIN failed--compilation aborted at /home/david/cpantesting/perl-5.6.2/.cpan/build/Test-FTP-Server-0.012-eIDag6/inc/Test/TCP.pm line 4.
Compilation failed in require at t/02_root.t line 14.
BEGIN failed--compilation aborted at t/02_root.t line 14.
t/02_root.t .....
Dubious, test returned 255 (wstat 65280, 0xff00)
No subtests run
Perl v5.8.0 required--this is only v5.6.2, stopped at /home/david/cpantesting/perl-5.6.2/.cpan/build/Test-FTP-Server-0.012-eIDag6/inc/Test/TCP.pm line 4.
BEGIN failed--compilation aborted at /home/david/cpantesting/perl-5.6.2/.cpan/build/Test-FTP-Server-0.012-eIDag6/inc/Test/TCP.pm line 4.
Compilation failed in require at t/03_sandbox.t line 14.
BEGIN failed--compilation aborted at t/03_sandbox.t line 14.
t/03_sandbox.t ..
Dubious, test returned 255 (wstat 65280, 0xff00)
No subtests run
Test Summary Report
-------------------
t/01_run.t (Wstat: 65280 Tests: 0 Failed: 0)
Non-zero exit status: 255
Parse errors: No plan found in TAP output
t/02_root.t (Wstat: 65280 Tests: 0 Failed: 0)
Non-zero exit status: 255
Parse errors: No plan found in TAP output
t/03_sandbox.t (Wstat: 65280 Tests: 0 Failed: 0)
Non-zero exit status: 255
Parse errors: No plan found in TAP output
Files=4, Tests=1, 2 wallclock secs ( 0.01 usr 0.02 sys + 0.34 cusr 0.04 csys = 0.41 CPU)
Result: FAIL
Failed 3/4 test programs. 0/1 subtests failed.
make: *** [test_dynamic] Error 11
------------------------------
PREREQUISITES
------------------------------
Prerequisite modules loaded:
requires:
Module Need Have
--------------------- ---- -----
ExtUtils::MakeMaker 6.42 6.56
File::Copy::Recursive 0 0.38
Net::FTPServer 0 1.122
Test::More 0.88 0.96
! Test::TCP 0 n/a
configure_requires:
Module Need Have
--------------------- ---- -----
ExtUtils::MakeMaker 6.42 6.56
------------------------------
ENVIRONMENT AND OTHER CONTEXT
------------------------------
Environment variables:
AUTOMATED_TESTING = 1
PATH = /usr/local/bin:/usr/bin:/bin:/usr/games
PERL5LIB = /home/david/cpantesting/perl-5.6.2/.cpan/build/Net-FTPServer-1.122-EtnvB6/blib/arch:/home/david/cpantesting/perl-5.6.2/.cpan/build/Net-FTPServer-1.122-EtnvB6/blib/lib
PERL5OPT =
PERL5_CPANPLUS_IS_RUNNING = 20203
PERL5_CPAN_IS_RUNNING = 20203
PERLVER = 5.6.2
PERL_INLINE_DIRECTORY = /home/david/.Inline-5.6.2
SHELL = /bin/bash
TERM = screen
Perl special variables (and OS-specific diagnostics, for MSWin32):
$^X = /home/david/cpantesting/perl-5.6.2/bin/perl
$UID/$EUID = 1000 / 1000
$GID = 1000 1000
$EGID = 1000 1000
Perl module toolchain versions installed:
Module Have
------------------- ------
CPAN 1.9402
Cwd 3.31
ExtUtils::CBuilder 0.2703
ExtUtils::Command 1.16
ExtUtils::Install 1.54
ExtUtils::MakeMaker 6.56
ExtUtils::Manifest 1.56
ExtUtils::ParseXS 2.2206
File::Spec 3.31
Module::Build 0.3607
Module::Signature n/a
Test::Harness 3.22
Test::More 0.96
YAML n/a
YAML::Syck n/a
version 0.82
--
Summary of my perl5 (revision 5.0 version 6 subversion 2) configuration:
Platform:
osname=linux, osvers=2.6.18-4-xen-amd64, archname=x86_64-linux
uname='linux pigsty.barnyard.co.uk 2.6.18-4-xen-amd64 #1 smp fri may 4 02:40:51 utc 2007 x86_64 gnulinux '
config_args='-de -Dprefix=/home/david/cpantesting/perl-5.6.2'
hint=recommended, useposix=true, d_sigaction=define
usethreads=undef use5005threads=undef useithreads=undef usemultiplicity=undef
useperlio=undef d_sfio=undef uselargefiles=define usesocks=undef
use64bitint=define use64bitall=define uselongdouble=undef
Compiler:
cc='cc', ccflags ='-fno-strict-aliasing -I/usr/local/include -D_LARGEFILE_SOURCE -D_FILE_OFFSET_BITS=64',
optimize='-O2',
cppflags='-fno-strict-aliasing -I/usr/local/include'
ccversion='', gccversion='4.1.2 20061115 (prerelease) (Debian 4.1.1-21)', gccosandvers=''
intsize=4, longsize=8, ptrsize=8, doublesize=8, byteorder=12345678
d_longlong=define, longlongsize=8, d_longdbl=define, longdblsize=16
ivtype='long', ivsize=8, nvtype='double', nvsize=8, Off_t='off_t', lseeksize=8
alignbytes=8, usemymalloc=n, prototype=define
Linker and Libraries:
ld='cc', ldflags =' -L/usr/local/lib'
libpth=/usr/local/lib /lib /usr/lib
libs=-lnsl -lgdbm -ldb -ldl -lm -lc -lcrypt -lutil
perllibs=-lnsl -ldl -lm -lc -lcrypt -lutil
libc=/lib/libc-2.3.6.so, so=so, useshrplib=false, libperl=libperl.a
Dynamic Linking:
dlsrc=dl_dlopen.xs, dlext=so, d_dlsymun=undef, ccdlflags='-rdynamic'
cccdlflags='-fpic', lddlflags='-shared -L/usr/local/lib'
Characteristics of this binary (from libperl):
Compile-time options: USE_64_BIT_INT USE_64_BIT_ALL USE_LARGE_FILES
Built under linux
Compiled at Aug 25 2010 13:58:18
%ENV:
PERL5LIB="/home/david/cpantesting/perl-5.6.2/.cpan/build/Net-FTPServer-1.122-EtnvB6/blib/arch:/home/david/cpantesting/perl-5.6.2/.cpan/build/Net-FTPServer-1.122-EtnvB6/blib/lib"
PERL5OPT=""
PERL5_CPANPLUS_IS_RUNNING="20203"
PERL5_CPAN_IS_RUNNING="20203"
PERLVER="5.6.2"
PERL_INLINE_DIRECTORY="/home/david/.Inline-5.6.2"
@INC:
/home/david/cpantesting/perl-5.6.2/.cpan/build/Net-FTPServer-1.122-EtnvB6/blib/arch
/home/david/cpantesting/perl-5.6.2/.cpan/build/Net-FTPServer-1.122-EtnvB6/blib/lib
/home/david/cpantesting/perl-5.6.2/lib/5.6.2/x86_64-linux
/home/david/cpantesting/perl-5.6.2/lib/5.6.2
/home/david/cpantesting/perl-5.6.2/lib/site_perl/5.6.2/x86_64-linux
/home/david/cpantesting/perl-5.6.2/lib/site_perl/5.6.2
/home/david/cpantesting/perl-5.6.2/lib/site_perl
.