Back
From: metabase:user:fc502086-3162-11e0-be77-a7476c46bbd7
Subject: FAIL Net-RabbitMQ-0.2.0 v5.14.0 Windows (Cygwin)
Date: 2011-06-07T16:27:27Z
This distribution has been tested as part of the CPAN Testers
project, supporting the Perl programming language. See
http://wiki.cpantesters.org/ for more information or email
questions to cpan-testers-discuss@perl.org
--
Dear Theo Schlossnagle,
This is a computer-generated report for Net-RabbitMQ-0.2.0
on perl 5.14.0, created by CPAN-Reporter-1.1902.
Thank you for uploading your work to CPAN. However, there was a problem
testing your distribution.
If you think this report is invalid, please consult the CPAN Testers Wiki
for suggestions on how to avoid getting FAIL reports for missing library
or binary dependencies, unsupported operating systems, and so on:
http://wiki.cpantesters.org/wiki/CPANAuthorNotes
Sections of this report:
* Tester comments
* Program output
* Prerequisites
* Environment and other context
------------------------------
TESTER COMMENTS
------------------------------
Additional comments from tester:
this report is from an automated smoke testing program
and was not reviewed by a human for accuracy
------------------------------
PROGRAM OUTPUT
------------------------------
Output from '/usr/bin/make test':
PERL_DL_NONLAZY=1 /cygdrive/e/perl5.14/bin/perl.exe "-MExtUtils::Command::MM" "-e" "test_harness(0, 'blib/lib', 'blib/arch')" t/*.t
# Failed test 'connect'
# at t/001_declare_exchange.t line 12.
# got: 'Opening socket: Operation not permitted
# '
# expected: ''
# Failed test 'channel_open'
# at t/001_declare_exchange.t line 14.
# got: 'Opening channel: Operation not permitted
# '
# expected: ''
# Failed test 'exchange_delcare'
# at t/001_declare_exchange.t line 16.
# got: 'Declaring exchange: Operation not permitted
# '
# expected: ''
# Looks like you failed 3 tests of 5.
t/001_declare_exchange.t ..
Dubious, test returned 3 (wstat 768, 0x300)
Failed 3/5 subtests
# Failed test 'connect'
# at t/002_publish.t line 12.
# got: 'Opening socket: Operation not permitted
# '
# expected: ''
# Failed test 'channel_open'
# at t/002_publish.t line 14.
# got: 'Opening channel: Operation not permitted
# '
# expected: ''
# Failed test 'queue_declare'
# at t/002_publish.t line 16.
# got: 'Declaring queue: Operation not permitted
# '
# expected: ''
# Failed test 'queue_bind'
# at t/002_publish.t line 18.
# got: 'Binding queue: Operation not permitted
# '
# expected: ''
# Failed test 'drain queue'
# at t/002_publish.t line 20.
# got: 'basic_get: Operation not permitted
# '
# expected: ''
# Looks like you failed 5 tests of 8.
t/002_publish.t ...........
Dubious, test returned 5 (wstat 1280, 0x500)
Failed 5/8 subtests
# Failed test 'connect'
# at t/003_consume.t line 13.
# got: 'Opening socket: Operation not permitted
# '
# expected: ''
# Failed test 'channel_open'
# at t/003_consume.t line 15.
# got: 'Opening channel: Operation not permitted
# '
# expected: ''
# Failed test 'consume'
# at t/003_consume.t line 17.
# got: 'Consume queue: Operation not permitted
# '
# expected: ''
# Failed test 'recv'
# at t/003_consume.t line 21.
# got: 'Bad frame read. at t/003_consume.t line 20.
# '
# expected: ''
Use of uninitialized value in substitution (s///) at t/003_consume.t line 22.
# Failed test 'payload'
# at t/003_consume.t line 23.
# Structures begin differing at:
# $got->{body} = Does not exist
# $expected->{body} = 'Magic Payload'
# Looks like you failed 5 tests of 7.
t/003_consume.t ...........
Dubious, test returned 5 (wstat 1280, 0x500)
Failed 5/7 subtests
# Failed test 'connect'
# at t/004_selfconsume.t line 13.
# got: 'Opening socket: Operation not permitted
# '
# expected: ''
# Failed test 'channel_open'
# at t/004_selfconsume.t line 15.
# got: 'Opening channel: Operation not permitted
# '
# expected: ''
# Failed test 'queue_declare'
# at t/004_selfconsume.t line 18.
# got: 'Declaring queue: Operation not permitted
# '
# expected: ''
# Failed test 'queue_declare -> private name'
# at t/004_selfconsume.t line 19.
# got: ''
# expected: anything else
# Failed test 'queue_bind'
# at t/004_selfconsume.t line 21.
# got: 'Binding queue: Operation not permitted
# '
# expected: ''
# Failed test 'consume'
# at t/004_selfconsume.t line 24.
# got: 'Consume queue: Operation not permitted
# '
# expected: ''
# Failed test 'recv'
# at t/004_selfconsume.t line 28.
# got: 'Bad frame read. at t/004_selfconsume.t line 27.
# '
# expected: ''
Use of uninitialized value in substitution (s///) at t/004_selfconsume.t line 29.
# Failed test 'payload'
# at t/004_selfconsume.t line 30.
# Structures begin differing at:
# $got->{body} = Does not exist
# $expected->{body} = 'Magic Transient Payload'
# Looks like you failed 8 tests of 10.
t/004_selfconsume.t .......
Dubious, test returned 8 (wstat 2048, 0x800)
Failed 8/10 subtests
# Failed test 'connect'
# at t/005_noack.t line 13.
# got: 'Opening socket: Operation not permitted
# '
# expected: ''
# Failed test 'channel_open'
# at t/005_noack.t line 15.
# got: 'Opening channel: Operation not permitted
# '
# expected: ''
# Failed test 'queue_declare'
# at t/005_noack.t line 17.
# got: 'Declaring queue: Operation not permitted
# '
# expected: ''
# Failed test 'queue_bind'
# at t/005_noack.t line 19.
# got: 'Binding queue: Operation not permitted
# '
# expected: ''
# Failed test 'purge'
# at t/005_noack.t line 21.
# got: 'Purging queue: Operation not permitted
# '
# expected: ''
# Failed test 'consuming'
# at t/005_noack.t line 25.
# got: 'Consume queue: Operation not permitted
# '
# expected: ''
Use of uninitialized value in substitution (s///) at t/005_noack.t line 28.
# Failed test 'payload'
# at t/005_noack.t line 29.
# Structures begin differing at:
# $got->{body} = Does not exist
# $expected->{body} = 'Magic Payload 144516'
# Failed test 'disconnect'
# at t/005_noack.t line 39.
# got: 'Closing connection: Operation not permitted
# '
# expected: ''
# Failed test 'connect'
# at t/005_noack.t line 42.
# got: 'Opening socket: Operation not permitted
# '
# expected: ''
# Failed test 'channel_open'
# at t/005_noack.t line 44.
# got: 'Opening channel: Operation not permitted
# '
# expected: ''
# Failed test 'consuming'
# at t/005_noack.t line 46.
# got: 'Consume queue: Operation not permitted
# '
# expected: ''
Use of uninitialized value in substitution (s///) at t/005_noack.t line 50.
# Failed test 'payload'
# at t/005_noack.t line 51.
# Structures begin differing at:
# $got->{body} = Does not exist
# $expected->{body} = 'Magic Payload 144516'
Use of uninitialized value in subroutine entry at t/005_noack.t line 60.
# Failed test 'acking'
# at t/005_noack.t line 61.
# got: 'bad tag at t/005_noack.t line 60.
# '
# expected: ''
# Looks like you failed 13 tests of 16.
t/005_noack.t .............
Dubious, test returned 13 (wstat 3328, 0xd00)
Failed 13/16 subtests
# Failed test 'connect'
# at t/006_txn.t line 13.
# got: 'Opening socket: Operation not permitted
# '
# expected: ''
# Failed test 'channel_open'
# at t/006_txn.t line 15.
# got: 'Opening channel: Operation not permitted
# '
# expected: ''
# Failed test 'queue_declare'
# at t/006_txn.t line 18.
# got: 'Declaring queue: Operation not permitted
# '
# expected: ''
# Failed test 'queue_declare -> private name'
# at t/006_txn.t line 19.
# got: ''
# expected: anything else
# Failed test 'queue_bind'
# at t/006_txn.t line 21.
# got: 'Binding queue: Operation not permitted
# '
# expected: ''
# Failed test 'tx_select'
# at t/006_txn.t line 23.
# got: 'Selecting transaction: Operation not permitted
# '
# expected: ''
# Failed test 'tx_rollback'
# at t/006_txn.t line 26.
# got: 'Rolling Back transaction: Operation not permitted
# '
# expected: ''
# Failed test 'tx_commit'
# at t/006_txn.t line 29.
# got: 'Commiting transaction: Operation not permitted
# '
# expected: ''
# Failed test 'consume'
# at t/006_txn.t line 31.
# got: 'Consume queue: Operation not permitted
# '
# expected: ''
# Failed test 'recv'
# at t/006_txn.t line 35.
# got: 'Bad frame read. at t/006_txn.t line 34.
# '
# expected: ''
Use of uninitialized value in substitution (s///) at t/006_txn.t line 36.
# Failed test 'payload'
# at t/006_txn.t line 37.
# Structures begin differing at:
# $got->{body} = Does not exist
# $expected->{body} = 'Magic Transient Payload (Commit)'
# Looks like you failed 11 tests of 13.
t/006_txn.t ...............
Dubious, test returned 11 (wstat 2816, 0xb00)
Failed 11/13 subtests
# Failed test 'connect'
# at t/007_get.t line 13.
# got: 'Opening socket: Operation not permitted
# '
# expected: ''
# Failed test 'channel_open'
# at t/007_get.t line 15.
# got: 'Opening channel: Operation not permitted
# '
# expected: ''
# Failed test 'queue_declare'
# at t/007_get.t line 18.
# got: 'Declaring queue: Operation not permitted
# '
# expected: ''
# Failed test 'queue_declare -> private name'
# at t/007_get.t line 19.
# got: ''
# expected: anything else
# Failed test 'queue_bind'
# at t/007_get.t line 21.
# got: 'Binding queue: Operation not permitted
# '
# expected: ''
# Failed test 'get'
# at t/007_get.t line 25.
# got: 'basic_get: Operation not permitted
# '
# expected: ''
# Failed test 'get'
# at t/007_get.t line 31.
# got: 'basic_get: Operation not permitted
# '
# expected: ''
Use of uninitialized value in substitution (s///) at t/007_get.t line 32.
# Failed test 'get should see message'
# at t/007_get.t line 33.
# Structures begin differing at:
# $got->{body} = Does not exist
# $expected->{body} = 'Magic Transient Payload'
# Failed test 'get'
# at t/007_get.t line 64.
# got: 'basic_get: Operation not permitted
# '
# expected: ''
Use of uninitialized value in substitution (s///) at t/007_get.t line 65.
# Failed test 'get should see message'
# at t/007_get.t line 67.
# Structures begin differing at:
# $got->{body} = Does not exist
# $expected->{body} = 'Magic Transient Payload 2'
# Looks like you failed 10 tests of 13.
t/007_get.t ...............
Dubious, test returned 10 (wstat 2560, 0xa00)
Failed 10/13 subtests
# Failed test 'connect'
# at t/008_queue_declare.t line 12.
# got: 'Opening socket: Operation not permitted
# '
# expected: ''
# Failed test 'channel_open'
# at t/008_queue_declare.t line 14.
# got: 'Opening channel: Operation not permitted
# '
# expected: ''
# Failed test 'queue_declare'
# at t/008_queue_declare.t line 21.
# got: 'Declaring queue: Operation not permitted
# '
# expected: ''
Use of uninitialized value $queuename in concatenation (.) or string at t/008_queue_declare.t line 22.
# Failed test 'queue_declare -> = test.net.rabbitmq.perl'
# at t/008_queue_declare.t line 22.
# got: undef
# expected: 'test.net.rabbitmq.perl'
# Looks like you failed 4 tests of 8.
t/008_queue_declare.t .....
Dubious, test returned 4 (wstat 1024, 0x400)
Failed 4/8 subtests
Opening socket: Operation not permitted
# Looks like you planned 10 tests but ran 2.
# Looks like your test exited with 119 just after 2.
t/009_no_route.t ..........
Dubious, test returned 119 (wstat 30464, 0x7700)
Failed 8/10 subtests
# Failed test 'connect'
# at t/010_qos.t line 13.
# got: 'Opening socket: Operation not permitted
# '
# expected: ''
# Failed test 'channel_open'
# at t/010_qos.t line 15.
# got: 'Opening channel: Operation not permitted
# '
# expected: ''
# Failed test 'qos error'
# at t/010_qos.t line 18.
# got: 'Basic QoS: Operation not permitted
# '
# expected: ''
# Failed test 'qos'
# at t/010_qos.t line 19.
# got: ''
# expected: undef
# Looks like you failed 4 tests of 6.
t/010_qos.t ...............
Dubious, test returned 4 (wstat 1024, 0x400)
Failed 4/6 subtests
# Failed test 'connect'
# at t/011_hearbeat.t line 13.
# got: 'Opening socket: Operation not permitted
# '
# expected: ''
# Failed test 'channel_open'
# at t/011_hearbeat.t line 15.
# got: 'Opening channel: Operation not permitted
# '
# expected: ''
# Failed test 'publish'
# at t/011_hearbeat.t line 25.
# got: '-1'
# expected: '0'
# Looks like you planned 6 tests but ran 7.
# Looks like you failed 3 tests of 7 run.
t/011_hearbeat.t ..........
Dubious, test returned 3 (wstat 768, 0x300)
Failed 3/6 subtests
t/012_timeout.t ........... ok
Test Summary Report
-------------------
t/001_declare_exchange.t (Wstat: 768 Tests: 5 Failed: 3)
Failed tests: 3-5
Non-zero exit status: 3
t/002_publish.t (Wstat: 1280 Tests: 8 Failed: 5)
Failed tests: 3-7
Non-zero exit status: 5
t/003_consume.t (Wstat: 1280 Tests: 7 Failed: 5)
Failed tests: 3-7
Non-zero exit status: 5
t/004_selfconsume.t (Wstat: 2048 Tests: 10 Failed: 8)
Failed tests: 3-10
Non-zero exit status: 8
t/005_noack.t (Wstat: 3328 Tests: 16 Failed: 13)
Failed tests: 3-7, 9-16
Non-zero exit status: 13
t/006_txn.t (Wstat: 2816 Tests: 13 Failed: 11)
Failed tests: 3-13
Non-zero exit status: 11
t/007_get.t (Wstat: 2560 Tests: 13 Failed: 10)
Failed tests: 3-8, 10-13
Non-zero exit status: 10
t/008_queue_declare.t (Wstat: 1024 Tests: 8 Failed: 4)
Failed tests: 3-6
Non-zero exit status: 4
t/009_no_route.t (Wstat: 30464 Tests: 2 Failed: 0)
Non-zero exit status: 119
Parse errors: Bad plan. You planned 10 tests but ran 2.
t/010_qos.t (Wstat: 1024 Tests: 6 Failed: 4)
Failed tests: 3-6
Non-zero exit status: 4
t/011_hearbeat.t (Wstat: 768 Tests: 7 Failed: 4)
Failed tests: 3-4, 6-7
Non-zero exit status: 3
Parse errors: Bad plan. You planned 6 tests but ran 7.
Files=12, Tests=99, 23 wallclock secs ( 0.02 usr 0.05 sys + 1.34 cusr 1.59 csys = 3.00 CPU)
Result: FAIL
Failed 11/12 test programs. 67/99 subtests failed.
make: *** [test_dynamic] Error 255
------------------------------
PREREQUISITES
------------------------------
Prerequisite modules loaded:
build_requires:
Module Need Have
------------------- ---- -------
ExtUtils::MakeMaker 0 6.57_05
configure_requires:
Module Need Have
------------------- ---- -------
ExtUtils::MakeMaker 0 6.57_05
------------------------------
ENVIRONMENT AND OTHER CONTEXT
------------------------------
Environment variables:
AUTOMATED_TESTING = 1
COMSPEC = C:\WINDOWS\system32\cmd.exe
LANG = C.UTF-8
NUMBER_OF_PROCESSORS = 2
PATH = /usr/local/bin:/usr/bin:/cygdrive/c/Archivos de programa/ActiveState Komodo Edit 6:/cygdrive/c/oracle/ora92/bin:/cygdrive/c/WINDOWS/system32:/cygdrive/c/WINDOWS:/cygdrive/c/WINDOWS/System32/Wbem:/cygdrive/c/Archivos de programa/Archivos comunes/Lenovo:/cygdrive/c/Archivos de programa/Lenovo/Client Security Solution:/cygdrive/c/Archivos de programa/Intel/DMIX:/cygdrive/c/Archivos de programa/Oracle/jre/1.3.1/bin:/cygdrive/c/Archivos de programa/Oracle/jre/1.1.8/bin:/cygdrive/c/oracle/instantclient_11_1:/usr/lib/lapack
PERL5LIB = /cygdrive/e/perl5.14/.cpan/build/Class-Easy-0.16-BfzkyN/blib/arch:/cygdrive/e/perl5.14/.cpan/build/Class-Easy-0.16-BfzkyN/blib/lib:/cygdrive/e/perl5.14/.cpan/build/Sys-SigAction-0.11-Bpfa9r/blib/arch:/cygdrive/e/perl5.14/.cpan/build/Sys-SigAction-0.11-Bpfa9r/blib/lib
PERL5OPT =
PERL5_CPANPLUS_IS_RUNNING = 92216
PERL5_CPAN_IS_RUNNING = 92216
PERL5_CPAN_IS_RUNNING_IN_RECURSION = 1200,92216
PERL_CR_SMOKER_CURRENT = Net-RabbitMQ-Channel-0.05
PERL_EXTUTILS_AUTOINSTALL = --defaultdeps
PERL_MM_USE_DEFAULT = 1
PROCESSOR_IDENTIFIER = x86 Family 6 Model 23 Stepping 10, GenuineIntel
TEMP = /tmp
TERM = xterm
Perl special variables (and OS-specific diagnostics, for MSWin32):
$^X = /cygdrive/e/perl5.14/bin/perl
$UID/$EUID = 144567 / 144567
$GID = 10513 0 544 545 10513
$EGID = 10513 0 544 545 10513
Perl module toolchain versions installed:
Module Have
------------------- --------
CPAN 1.9600
Cwd 3.36
ExtUtils::CBuilder 0.280203
ExtUtils::Command 1.17
ExtUtils::Install 1.56
ExtUtils::MakeMaker 6.57_05
ExtUtils::Manifest 1.58
ExtUtils::ParseXS 2.2210
File::Spec 3.33
Module::Build 0.3800
Module::Signature n/a
Test::Harness 3.23
Test::More 0.98
YAML 0.73
YAML::Syck 1.17
version 0.88
--
Summary of my perl5 (revision 5 version 14 subversion 0) configuration:
Platform:
osname=cygwin, osvers=1.7.9(0.23753), archname=cygwin-thread-multi-64int
uname='cygwin_nt-5.1 lkravna 1.7.9(0.23753) 2011-03-29 10:10 i686 cygwin '
config_args=''
hint=recommended, useposix=true, d_sigaction=define
useithreads=define, usemultiplicity=define
useperlio=define, d_sfio=undef, uselargefiles=define, usesocks=undef
use64bitint=define, use64bitall=undef, uselongdouble=undef
usemymalloc=y, bincompat5005=undef
Compiler:
cc='gcc', ccflags ='-DPERL_USE_SAFE_PUTENV -U__STRICT_ANSI__ -fno-strict-aliasing -pipe -fstack-protector',
optimize='-O3',
cppflags='-DPERL_USE_SAFE_PUTENV -U__STRICT_ANSI__ -fno-strict-aliasing -pipe -fstack-protector'
ccversion='', gccversion='4.3.4 20090804 (release) 1', gccosandvers=''
intsize=4, longsize=4, ptrsize=4, doublesize=8, byteorder=12345678
d_longlong=define, longlongsize=8, d_longdbl=define, longdblsize=12
ivtype='long long', ivsize=8, nvtype='double', nvsize=8, Off_t='off_t', lseeksize=8
alignbytes=8, prototype=define
Linker and Libraries:
ld='g++', ldflags =' -Wl,--enable-auto-import -Wl,--export-all-symbols -Wl,--enable-auto-image-base -fstack-protector -L/usr/local/lib'
libpth=/usr/local/lib /usr/lib /lib
libs=-lgdbm -ldb -ldl -lcrypt -lgdbm_compat
perllibs=-ldl -lcrypt
libc=/usr/lib/libc.a, so=dll, useshrplib=true, libperl=cygperl5_14_0.dll
gnulibc_version=''
Dynamic Linking:
dlsrc=dl_dlopen.xs, dlext=dll, d_dlsymun=undef, ccdlflags=' '
cccdlflags=' ', lddlflags=' --shared -Wl,--enable-auto-import -Wl,--export-all-symbols -Wl,--enable-auto-image-base -L/usr/local/lib -fstack-protector'
Characteristics of this binary (from libperl):
Compile-time options: MULTIPLICITY MYMALLOC PERL_DONT_CREATE_GVSV
PERL_IMPLICIT_CONTEXT PERL_PRESERVE_IVUV
PERL_USE_SAFE_PUTENV USE_64_BIT_INT USE_ITHREADS
USE_LARGE_FILES USE_PERLIO USE_PERL_ATOF
USE_REENTRANT_API
Built under cygwin
Compiled at May 20 2011 10:10:09
%ENV:
PERL5LIB="/cygdrive/e/perl5.14/.cpan/build/Class-Easy-0.16-BfzkyN/blib/arch:/cygdrive/e/perl5.14/.cpan/build/Class-Easy-0.16-BfzkyN/blib/lib:/cygdrive/e/perl5.14/.cpan/build/Sys-SigAction-0.11-Bpfa9r/blib/arch:/cygdrive/e/perl5.14/.cpan/build/Sys-SigAction-0.11-Bpfa9r/blib/lib"
PERL5OPT=""
PERL5_CPANPLUS_IS_RUNNING="92216"
PERL5_CPAN_IS_RUNNING="92216"
PERL5_CPAN_IS_RUNNING_IN_RECURSION="1200,92216"
PERL_CR_SMOKER_CURRENT="Net-RabbitMQ-Channel-0.05"
PERL_EXTUTILS_AUTOINSTALL="--defaultdeps"
PERL_MM_USE_DEFAULT="1"
@INC:
/cygdrive/e/perl5.14/.cpan/build/Class-Easy-0.16-BfzkyN/blib/arch
/cygdrive/e/perl5.14/.cpan/build/Class-Easy-0.16-BfzkyN/blib/lib
/cygdrive/e/perl5.14/.cpan/build/Sys-SigAction-0.11-Bpfa9r/blib/arch
/cygdrive/e/perl5.14/.cpan/build/Sys-SigAction-0.11-Bpfa9r/blib/lib
/cygdrive/e/perl5.14/lib/site_perl/5.14.0/cygwin-thread-multi-64int
/cygdrive/e/perl5.14/lib/site_perl/5.14.0
/cygdrive/e/perl5.14/lib/5.14.0/cygwin-thread-multi-64int
/cygdrive/e/perl5.14/lib/5.14.0
.