Podcast-ESLPodcast-Splitter vv0.0.1 Perl 5 v5.29.10 amd64-freebsd

Status
Fail
From
Slaven Rezić (SREZIC)
Dist
Podcast-ESLPodcast-Splitter vv0.0.1
Platform
Perl 5 v5.29.10 amd64-freebsd
Date
2019-04-29T10:25:22
ID
18865c82-6a69-11e9-96a6-f86b1f24ea8f
This distribution has been tested as part of the CPAN Testers
project, supporting the Perl programming language.  See
http://wiki.cpantesters.org/ for more information or email
questions to cpan-testers-discuss@perl.org


--
Dear Yohei Yamaguchi,

This is a computer-generated report for Podcast-ESLPodcast-Splitter-v0.0.1
on perl 5.29.10, created by CPAN-Reporter-1.2018.

Thank you for uploading your work to CPAN.  However, there was a problem
testing your distribution.

If you think this report is invalid, please consult the CPAN Testers Wiki
for suggestions on how to avoid getting FAIL reports for missing library
or binary dependencies, unsupported operating systems, and so on:

http://wiki.cpantesters.org/wiki/CPANAuthorNotes

Sections of this report:

    * Tester comments
    * Program output
    * Prerequisites
    * Environment and other context

------------------------------
TESTER COMMENTS
------------------------------

Additional comments from tester:

none provided

------------------------------
PROGRAM OUTPUT
------------------------------

Output from './Build test':


#   Failed test 'use Podcast::ESLPodcast::Splitter;'
#   at t/00.load.t line 4.
#     Tried to use 'Podcast::ESLPodcast::Splitter'.
#     Error:  Can't locate MP3/Splitter.pm in @INC (you may need to install the MP3::Splitter module) (@INC contains: /usr/home/cpansand/.cpan/build/2019042910/Podcast-ESLPodcast-Splitter-v0.0.1-0/blib/lib /usr/home/cpansand/.cpan/build/2019042910/Podcast-ESLPodcast-Splitter-v0.0.1-0/blib/arch /usr/perl5.29.10p/lib/site_perl/5.29.10/amd64-freebsd /usr/perl5.29.10p/lib/site_perl/5.29.10 /usr/perl5.29.10p/lib/5.29.10/amd64-freebsd /usr/perl5.29.10p/lib/5.29.10 .) at /usr/home/cpansand/.cpan/build/2019042910/Podcast-ESLPodcast-Splitter-v0.0.1-0/blib/lib/Podcast/ESLPodcast/Splitter.pm line 10.
# BEGIN failed--compilation aborted at /usr/home/cpansand/.cpan/build/2019042910/Podcast-ESLPodcast-Splitter-v0.0.1-0/blib/lib/Podcast/ESLPodcast/Splitter.pm line 10.
# Compilation failed in require at t/00.load.t line 4.
# BEGIN failed--compilation aborted at t/00.load.t line 4.
# Testing Podcast::ESLPodcast::Splitter 
# Looks like you failed 1 test of 1.
t/00.load.t ....... 
Dubious, test returned 1 (wstat 256, 0x100)
Failed 1/1 subtests 

#   Failed test 'Test::Perl::Critic for "blib/lib/Podcast/ESLPodcast/Splitter.pm"'
#   at /usr/perl5.29.10p/lib/site_perl/5.29.10/Test/Perl/Critic.pm line 121.
# 
#   Variable, subroutine, and package names have to be in CamelCase at line 22, column 10.  (no explanation).  (Severity: 5)
#   Variable, subroutine, and package names have to be in CamelCase at line 22, column 18.  (no explanation).  (Severity: 5)
#   Variable, subroutine, and package names have to be in CamelCase at line 23, column 8.  (no explanation).  (Severity: 5)
#   Variable, subroutine, and package names have to be in CamelCase at line 23, column 20.  (no explanation).  (Severity: 5)
#   Variable, subroutine, and package names have to be in CamelCase at line 23, column 44.  (no explanation).  (Severity: 5)
#   Variable, subroutine, and package names have to be in CamelCase at line 23, column 57.  (no explanation).  (Severity: 5)
#   Variable, subroutine, and package names have to be in CamelCase at line 24, column 8.  (no explanation).  (Severity: 5)
#   Variable, subroutine, and package names have to be in CamelCase at line 24, column 17.  (no explanation).  (Severity: 5)
#   Variable, subroutine, and package names have to be in CamelCase at line 25, column 5.  (no explanation).  (Severity: 5)
#   Variable, subroutine, and package names have to be in CamelCase at line 26, column 11.  (no explanation).  (Severity: 5)
#   Variable, subroutine, and package names have to be in CamelCase at line 26, column 18.  (no explanation).  (Severity: 5)
#   Variable, subroutine, and package names have to be in CamelCase at line 30, column 1.  (no explanation).  (Severity: 5)
#   Variable, subroutine, and package names have to be in CamelCase at line 31, column 8.  (no explanation).  (Severity: 5)
#   Variable, subroutine, and package names have to be in CamelCase at line 33, column 38.  (no explanation).  (Severity: 5)
#   Method invocation should use "()" at line 33, column 43.  Use "->MethodName()" instead of "->MethodName".  (Severity: 5)
#   Variable, subroutine, and package names have to be in CamelCase at line 34, column 38.  (no explanation).  (Severity: 5)
#   Method invocation should use "()" at line 34, column 43.  Use "->MethodName()" instead of "->MethodName".  (Severity: 5)
#   Variable, subroutine, and package names have to be in CamelCase at line 35, column 38.  (no explanation).  (Severity: 5)
#   Method invocation should use "()" at line 35, column 43.  Use "->MethodName()" instead of "->MethodName".  (Severity: 5)
#   Variable, subroutine, and package names have to be in CamelCase at line 36, column 38.  (no explanation).  (Severity: 5)
#   Method invocation should use "()" at line 36, column 43.  Use "->MethodName()" instead of "->MethodName".  (Severity: 5)
#   Variable, subroutine, and package names have to be in CamelCase at line 37, column 38.  (no explanation).  (Severity: 5)
#   Method invocation should use "()" at line 37, column 43.  Use "->MethodName()" instead of "->MethodName".  (Severity: 5)
#   Variable, subroutine, and package names have to be in CamelCase at line 39, column 12.  (no explanation).  (Severity: 5)
#   Variable, subroutine, and package names have to be in CamelCase at line 42, column 1.  (no explanation).  (Severity: 5)
#   Variable, subroutine, and package names have to be in CamelCase at line 43, column 8.  (no explanation).  (Severity: 5)
#   Variable, subroutine, and package names have to be in CamelCase at line 44, column 8.  (no explanation).  (Severity: 5)
#   Variable, subroutine, and package names have to be in CamelCase at line 45, column 8.  (no explanation).  (Severity: 5)
#   Variable, subroutine, and package names have to be in CamelCase at line 46, column 12.  (no explanation).  (Severity: 5)
#   Variable, subroutine, and package names have to be in CamelCase at line 46, column 20.  (no explanation).  (Severity: 5)
#   Variable, subroutine, and package names have to be in CamelCase at line 47, column 14.  (no explanation).  (Severity: 5)
#   Method invocation should use "()" at line 47, column 19.  Use "->MethodName()" instead of "->MethodName".  (Severity: 5)
#   Variable, subroutine, and package names have to be in CamelCase at line 48, column 41.  (no explanation).  (Severity: 5)
#   Method invocation should use "()" at line 48, column 46.  Use "->MethodName()" instead of "->MethodName".  (Severity: 5)
#   Variable, subroutine, and package names have to be in CamelCase at line 51, column 19.  (no explanation).  (Severity: 5)
#   Variable, subroutine, and package names have to be in CamelCase at line 51, column 31.  (no explanation).  (Severity: 5)
#   Variable, subroutine, and package names have to be in CamelCase at line 54, column 11.  (no explanation).  (Severity: 5)
#   Method invocation should use "()" at line 54, column 16.  Use "->MethodName()" instead of "->MethodName".  (Severity: 5)
#   Variable, subroutine, and package names have to be in CamelCase at line 54, column 24.  (no explanation).  (Severity: 5)
#   Method invocation should use "()" at line 54, column 29.  Use "->MethodName()" instead of "->MethodName".  (Severity: 5)
#   Variable, subroutine, and package names have to be in CamelCase at line 54, column 38.  (no explanation).  (Severity: 5)
#   Method invocation should use "()" at line 54, column 43.  Use "->MethodName()" instead of "->MethodName".  (Severity: 5)
#   Variable, subroutine, and package names have to be in CamelCase at line 56, column 12.  (no explanation).  (Severity: 5)
#   Variable, subroutine, and package names have to be in CamelCase at line 56, column 44.  (no explanation).  (Severity: 5)
#   Method invocation should use "()" at line 56, column 49.  Use "->MethodName()" instead of "->MethodName".  (Severity: 5)
#   Variable, subroutine, and package names have to be in CamelCase at line 57, column 20.  (no explanation).  (Severity: 5)
#   Variable, subroutine, and package names have to be in CamelCase at line 59, column 12.  (no explanation).  (Severity: 5)
#   Variable, subroutine, and package names have to be in CamelCase at line 59, column 24.  (no explanation).  (Severity: 5)
#   Variable, subroutine, and package names have to be in CamelCase at line 60, column 12.  (no explanation).  (Severity: 5)
#   Variable, subroutine, and package names have to be in CamelCase at line 60, column 33.  (no explanation).  (Severity: 5)
#   Variable, subroutine, and package names have to be in CamelCase at line 61, column 30.  (no explanation).  (Severity: 5)
#   Variable, subroutine, and package names have to be in CamelCase at line 61, column 37.  (no explanation).  (Severity: 5)
#   Variable, subroutine, and package names have to be in CamelCase at line 62, column 53.  (no explanation).  (Severity: 5)
#   Variable, subroutine, and package names have to be in CamelCase at line 65, column 26.  (no explanation).  (Severity: 5)
#   Variable, subroutine, and package names have to be in CamelCase at line 65, column 37.  (no explanation).  (Severity: 5)
#   Variable, subroutine, and package names have to be in CamelCase at line 66, column 50.  (no explanation).  (Severity: 5)
#   Variable, subroutine, and package names have to be in CamelCase at line 69, column 11.  (no explanation).  (Severity: 5)
#   Variable, subroutine, and package names have to be in CamelCase at line 75, column 1.  (no explanation).  (Severity: 5)
#   Variable, subroutine, and package names have to be in CamelCase at line 76, column 9.  (no explanation).  (Severity: 5)
#   Variable, subroutine, and package names have to be in CamelCase at line 79, column 8.  (no explanation).  (Severity: 5)
#   Variable, subroutine, and package names have to be in CamelCase at line 80, column 31.  (no explanation).  (Severity: 5)
#   Variable, subroutine, and package names have to be in CamelCase at line 83, column 13.  (no explanation).  (Severity: 5)
#   Variable, subroutine, and package names have to be in CamelCase at line 86, column 13.  (no explanation).  (Severity: 5)
#   Variable, subroutine, and package names have to be in CamelCase at line 89, column 13.  (no explanation).  (Severity: 5)
#   Variable, subroutine, and package names have to be in CamelCase at line 94, column 41.  (no explanation).  (Severity: 5)
#   Variable, subroutine, and package names have to be in CamelCase at line 100, column 8.  (no explanation).  (Severity: 5)
#   Variable, subroutine, and package names have to be in CamelCase at line 101, column 5.  (no explanation).  (Severity: 5)
#   Variable, subroutine, and package names have to be in CamelCase at line 102, column 9.  (no explanation).  (Severity: 5)
#   Variable, subroutine, and package names have to be in CamelCase at line 103, column 24.  (no explanation).  (Severity: 5)
#   Variable, subroutine, and package names have to be in CamelCase at line 103, column 52.  (no explanation).  (Severity: 5)
#   Variable, subroutine, and package names have to be in CamelCase at line 105, column 5.  (no explanation).  (Severity: 5)
#   Variable, subroutine, and package names have to be in CamelCase at line 106, column 9.  (no explanation).  (Severity: 5)
#   Variable, subroutine, and package names have to be in CamelCase at line 107, column 24.  (no explanation).  (Severity: 5)
#   Variable, subroutine, and package names have to be in CamelCase at line 107, column 45.  (no explanation).  (Severity: 5)
#   Variable, subroutine, and package names have to be in CamelCase at line 109, column 5.  (no explanation).  (Severity: 5)
#   Variable, subroutine, and package names have to be in CamelCase at line 109, column 28.  (no explanation).  (Severity: 5)
#   Variable, subroutine, and package names have to be in CamelCase at line 110, column 12.  (no explanation).  (Severity: 5)
#   Variable, subroutine, and package names have to be in CamelCase at line 114, column 1.  (no explanation).  (Severity: 5)
#   Variable, subroutine, and package names have to be in CamelCase at line 115, column 10.  (no explanation).  (Severity: 5)
#   Variable, subroutine, and package names have to be in CamelCase at line 115, column 17.  (no explanation).  (Severity: 5)
#   Variable, subroutine, and package names have to be in CamelCase at line 116, column 8.  (no explanation).  (Severity: 5)
#   Variable, subroutine, and package names have to be in CamelCase at line 116, column 37.  (no explanation).  (Severity: 5)
#   Variable, subroutine, and package names have to be in CamelCase at line 117, column 8.  (no explanation).  (Severity: 5)
#   Variable, subroutine, and package names have to be in CamelCase at line 117, column 37.  (no explanation).  (Severity: 5)
#   Variable, subroutine, and package names have to be in CamelCase at line 118, column 8.  (no explanation).  (Severity: 5)
#   Variable, subroutine, and package names have to be in CamelCase at line 118, column 16.  (no explanation).  (Severity: 5)
#   Variable, subroutine, and package names have to be in CamelCase at line 118, column 22.  (no explanation).  (Severity: 5)
#   Variable, subroutine, and package names have to be in CamelCase at line 119, column 12.  (no explanation).  (Severity: 5)
#   Method invocation should use "()" at line 119, column 17.  Use "->MethodName()" instead of "->MethodName".  (Severity: 5)
#   Variable, subroutine, and package names have to be in CamelCase at line 123, column 1.  (no explanation).  (Severity: 5)
#   Variable, subroutine, and package names have to be in CamelCase at line 124, column 10.  (no explanation).  (Severity: 5)
#   Variable, subroutine, and package names have to be in CamelCase at line 124, column 21.  (no explanation).  (Severity: 5)
#   Variable, subroutine, and package names have to be in CamelCase at line 126, column 10.  (no explanation).  (Severity: 5)
#   Variable, subroutine, and package names have to be in CamelCase at line 127, column 9.  (no explanation).  (Severity: 5)
#   Variable, subroutine, and package names have to be in CamelCase at line 127, column 30.  (no explanation).  (Severity: 5)
#   Variable, subroutine, and package names have to be in CamelCase at line 128, column 9.  (no explanation).  (Severity: 5)
#   Variable, subroutine, and package names have to be in CamelCase at line 134, column 1.  (no explanation).  (Severity: 5)
#   Variable, subroutine, and package names have to be in CamelCase at line 135, column 10.  (no explanation).  (Severity: 5)
#   Variable, subroutine, and package names have to be in CamelCase at line 135, column 16.  (no explanation).  (Severity: 5)
#   Three-argument form of open used at line 136, column 5.  Three-argument open is not available until perl 5.6.  (Severity: 5)
#   Use of "open" is not allowed at line 136, column 5.  Use file operation methods of MainObject instead.  (Severity: 5)
#   Variable, subroutine, and package names have to be in CamelCase at line 136, column 14.  (no explanation).  (Severity: 5)
#   Variable, subroutine, and package names have to be in CamelCase at line 136, column 25.  (no explanation).  (Severity: 5)
#   Use of low precedence operators is not allowed at line 136, column 37.  Replace low precedence operators with the high precedence substitutes.  (Severity: 5)
#   Variable, subroutine, and package names have to be in CamelCase at line 137, column 8.  (no explanation).  (Severity: 5)
#   Method invocation should use "()" at line 137, column 29.  Use "->MethodName()" instead of "->MethodName".  (Severity: 5)
#   Variable, subroutine, and package names have to be in CamelCase at line 138, column 10.  (no explanation).  (Severity: 5)
#   Variable, subroutine, and package names have to be in CamelCase at line 140, column 18.  (no explanation).  (Severity: 5)
#   Variable, subroutine, and package names have to be in CamelCase at line 140, column 26.  (no explanation).  (Severity: 5)
#   Variable, subroutine, and package names have to be in CamelCase at line 140, column 32.  (no explanation).  (Severity: 5)
#   Variable, subroutine, and package names have to be in CamelCase at line 141, column 19.  (no explanation).  (Severity: 5)
#   Variable, subroutine, and package names have to be in CamelCase at line 141, column 23.  (no explanation).  (Severity: 5)
#   Variable, subroutine, and package names have to be in CamelCase at line 142, column 16.  (no explanation).  (Severity: 5)
#   Variable, subroutine, and package names have to be in CamelCase at line 142, column 29.  (no explanation).  (Severity: 5)
#   Variable, subroutine, and package names have to be in CamelCase at line 143, column 21.  (no explanation).  (Severity: 5)
#   Variable, subroutine, and package names have to be in CamelCase at line 143, column 30.  (no explanation).  (Severity: 5)
#   Variable, subroutine, and package names have to be in CamelCase at line 144, column 42.  (no explanation).  (Severity: 5)
#   Variable, subroutine, and package names have to be in CamelCase at line 144, column 49.  (no explanation).  (Severity: 5)
#   Variable, subroutine, and package names have to be in CamelCase at line 144, column 57.  (no explanation).  (Severity: 5)
#   Variable, subroutine, and package names have to be in CamelCase at line 144, column 65.  (no explanation).  (Severity: 5)
#   Variable, subroutine, and package names have to be in CamelCase at line 147, column 46.  (no explanation).  (Severity: 5)
#   Variable, subroutine, and package names have to be in CamelCase at line 151, column 11.  (no explanation).  (Severity: 5)
#   Variable, subroutine, and package names have to be in CamelCase at line 152, column 17.  (no explanation).  (Severity: 5)
#   Method invocation should use "()" at line 152, column 21.  Use "->MethodName()" instead of "->MethodName".  (Severity: 5)
#   Variable, subroutine, and package names have to be in CamelCase at line 153, column 13.  (no explanation).  (Severity: 5)
#   Variable, subroutine, and package names have to be in CamelCase at line 153, column 29.  (no explanation).  (Severity: 5)
#   Method invocation should use "()" at line 153, column 33.  Use "->MethodName()" instead of "->MethodName".  (Severity: 5)
#   Variable, subroutine, and package names have to be in CamelCase at line 154, column 12.  (no explanation).  (Severity: 5)
#   Method invocation should use "()" at line 154, column 16.  Use "->MethodName()" instead of "->MethodName".  (Severity: 5)
t/perlcritic.t .... 
Dubious, test returned 1 (wstat 256, 0x100)
Failed 1/1 subtests 

#   Failed test 'Pod coverage on Podcast::ESLPodcast::Splitter'
#   at /usr/perl5.29.10p/lib/site_perl/5.29.10/Test/Pod/Coverage.pm line 133.
# Podcast::ESLPodcast::Splitter: requiring 'Podcast::ESLPodcast::Splitter' failed
# Looks like you failed 1 test of 1.
t/pod-coverage.t .. 
Dubious, test returned 1 (wstat 256, 0x100)
Failed 1/1 subtests 
t/pod.t ........... ok

Test Summary Report
-------------------
t/00.load.t     (Wstat: 256 Tests: 1 Failed: 1)
  Failed test:  1
  Non-zero exit status: 1
t/perlcritic.t  (Wstat: 256 Tests: 1 Failed: 1)
  Failed test:  1
  Non-zero exit status: 1
t/pod-coverage.t (Wstat: 256 Tests: 1 Failed: 1)
  Failed test:  1
  Non-zero exit status: 1
Files=4, Tests=4,  2 wallclock secs ( 0.02 usr  0.05 sys +  2.04 cusr  0.62 csys =  2.72 CPU)
Result: FAIL
Failed 3/4 test programs. 3/4 subtests failed.

------------------------------
PREREQUISITES
------------------------------

Prerequisite modules loaded:

requires:

    Module        Need Have    
    ------------- ---- --------
    Test::More    0    1.302162
    version       0    0.9924  

configure_requires:

    Module        Need Have    
    ------------- ---- --------
    Module::Build 0.40 0.4229  


------------------------------
ENVIRONMENT AND OTHER CONTEXT
------------------------------

Environment variables:

    LC_ALL = de_DE.UTF-8
    PATH = /usr/local/bin:/usr/bin:/bin:/usr/local/sbin:/usr/sbin:/sbin:/home/cpansand/bin/freebsd12.0:/home/cpansand/bin/sh:/home/cpansand/bin:/usr/games:/home/cpansand/devel:/usr/home/eserte/src/srezic-misc/scripts
    PERL5LIB = 
    PERL5OPT = 
    PERL5_CPANPLUS_IS_RUNNING = 51491
    PERL5_CPAN_IS_RUNNING = 51491
    PERL5_CPAN_IS_RUNNING_IN_RECURSION = 24389,51491
    PERLDOC = -MPod::Perldoc::ToTextOverstrike
    PERL_BATCH = yes
    PERL_CANARY_STABILITY_NOPROMPT = 1
    PERL_CPAN_REPORTER_CONFIG = /var/tmp/cpansmoker-1023/2019042823/cpanreporter_000_config.ini
    PERL_EXTUTILS_AUTOINSTALL = --defaultdeps
    PERL_PARALLEL_SMOKER = yes
    PERL_USE_UNSAFE_INC = 1
    SHELL = /usr/local/bin/zsh
    TERM = screen
    TMPDIR = /var/tmp/cpansmoker-1023/2019042823

Perl special variables (and OS-specific diagnostics, for MSWin32):

    $^X = /usr/perl5.29.10p/bin/perl5.29.10
    $UID/$EUID = 1023 / 1023
    $GID = 1023 1023
    $EGID = 1023 1023

Perl module toolchain versions installed:

    Module              Have    
    ------------------- --------
    CPAN                2.26    
    CPAN::Meta          2.150010
    Cwd                 3.78    
    ExtUtils::CBuilder  0.280231
    ExtUtils::Command   7.34    
    ExtUtils::Install   2.14    
    ExtUtils::MakeMaker 7.34    
    ExtUtils::Manifest  1.72    
    ExtUtils::ParseXS   3.40    
    File::Spec          3.78    
    JSON                4.02    
    JSON::PP            4.02    
    Module::Build       0.4229  
    Module::Signature   0.83    
    Parse::CPAN::Meta   2.150010
    Test::Harness       3.42    
    Test::More          1.302162
    YAML                1.27    
    YAML::Syck          1.31    
    version             0.9924  


--

Summary of my perl5 (revision 5 version 29 subversion 10) configuration:
   
  Platform:
    osname=freebsd
    osvers=12.0-stable
    archname=amd64-freebsd
    uname='freebsd cloud1.bbbike.org 12.0-stable freebsd 12.0-stable 8077844c632(stable12) generic amd64 '
    config_args='-ds -e -Dprefix=/usr/perl5.29.10p -Dusedevel -Dusemallocwrap=no -Dcf_email=srezic@cpan.org -Doptimize=-O2 -pipe'
    hint=recommended
    useposix=true
    d_sigaction=define
    useithreads=undef
    usemultiplicity=undef
    use64bitint=define
    use64bitall=define
    uselongdouble=undef
    usemymalloc=n
    default_inc_excludes_dot=define
    bincompat5005=undef
  Compiler:
    cc='cc'
    ccflags ='-DHAS_FPSETMASK -DHAS_FLOATINGPOINT_H -fno-strict-aliasing -pipe -fstack-protector-strong -I/usr/local/include -D_FORTIFY_SOURCE=2'
    optimize='-O2 -pipe'
    cppflags='-DHAS_FPSETMASK -DHAS_FLOATINGPOINT_H -fno-strict-aliasing -pipe -fstack-protector-strong -I/usr/local/include'
    ccversion=''
    gccversion='4.2.1 Compatible FreeBSD Clang 8.0.0 (tags/RELEASE_800/final 356365)'
    gccosandvers=''
    intsize=4
    longsize=8
    ptrsize=8
    doublesize=8
    byteorder=12345678
    doublekind=3
    d_longlong=define
    longlongsize=8
    d_longdbl=define
    longdblsize=16
    longdblkind=3
    ivtype='long'
    ivsize=8
    nvtype='double'
    nvsize=8
    Off_t='off_t'
    lseeksize=8
    alignbytes=8
    prototype=define
  Linker and Libraries:
    ld='cc'
    ldflags ='-pthread -Wl,-E  -fstack-protector-strong -L/usr/local/lib'
    libpth=/usr/lib /usr/local/lib /usr/lib/clang/8.0.0/lib /usr/lib
    libs=-lpthread -lgdbm -ldl -lm -lcrypt -lutil -lc
    perllibs=-lpthread -ldl -lm -lcrypt -lutil -lc
    libc=
    so=so
    useshrplib=false
    libperl=libperl.a
    gnulibc_version=''
  Dynamic Linking:
    dlsrc=dl_dlopen.xs
    dlext=so
    d_dlsymun=undef
    ccdlflags=' '
    cccdlflags='-DPIC -fPIC'
    lddlflags='-shared  -L/usr/local/lib -fstack-protector-strong'


Characteristics of this binary (from libperl): 
  Compile-time options:
    HAS_TIMES
    PERLIO_LAYERS
    PERL_COPY_ON_WRITE
    PERL_DONT_CREATE_GVSV
    PERL_OP_PARENT
    PERL_PRESERVE_IVUV
    PERL_USE_DEVEL
    USE_64_BIT_ALL
    USE_64_BIT_INT
    USE_LARGE_FILES
    USE_LOCALE
    USE_LOCALE_COLLATE
    USE_LOCALE_CTYPE
    USE_LOCALE_NUMERIC
    USE_LOCALE_TIME
    USE_PERLIO
    USE_PERL_ATOF
  Built under freebsd
  Compiled at Apr 20 2019 22:03:13
  %ENV:
    PERL5LIB=""
    PERL5OPT=""
    PERL5_CPANPLUS_IS_RUNNING="51491"
    PERL5_CPAN_IS_RUNNING="51491"
    PERL5_CPAN_IS_RUNNING_IN_RECURSION="24389,51491"
    PERLDOC="-MPod::Perldoc::ToTextOverstrike"
    PERL_BATCH="yes"
    PERL_CANARY_STABILITY_NOPROMPT="1"
    PERL_CPAN_REPORTER_CONFIG="/var/tmp/cpansmoker-1023/2019042823/cpanreporter_000_config.ini"
    PERL_EXTUTILS_AUTOINSTALL="--defaultdeps"
    PERL_PARALLEL_SMOKER="yes"
    PERL_USE_UNSAFE_INC="1"
  @INC:
    /usr/perl5.29.10p/lib/site_perl/5.29.10/amd64-freebsd
    /usr/perl5.29.10p/lib/site_perl/5.29.10
    /usr/perl5.29.10p/lib/5.29.10/amd64-freebsd
    /usr/perl5.29.10p/lib/5.29.10
    .