Back
From: metabase:user:30f0bd62-2aae-11df-837a-5e0a49663a4f
Subject: FAIL Net-RabbitMQ-0.1.9 v5.8.9 OpenBSD
Date: 2011-04-12T15:46:58Z
This distribution has been tested as part of the CPAN Testers
project, supporting the Perl programming language. See
http://wiki.cpantesters.org/ for more information or email
questions to cpan-testers-discuss@perl.org
--
Dear Theo Schlossnagle,
This is a computer-generated report for Net-RabbitMQ-0.1.9
on perl 5.8.9, created by CPAN-Reporter-1.1902.
Thank you for uploading your work to CPAN. However, there was a problem
testing your distribution.
If you think this report is invalid, please consult the CPAN Testers Wiki
for suggestions on how to avoid getting FAIL reports for missing library
or binary dependencies, unsupported operating systems, and so on:
http://wiki.cpantesters.org/wiki/CPANAuthorNotes
Sections of this report:
* Tester comments
* Program output
* Prerequisites
* Environment and other context
------------------------------
TESTER COMMENTS
------------------------------
Additional comments from tester:
this report is from an automated smoke testing program
and was not reviewed by a human for accuracy
------------------------------
PROGRAM OUTPUT
------------------------------
Output from '/usr/bin/make test':
PERL_DL_NONLAZY=1 /home/sts/cpansmoke/perl-5.8.9/bin/perl "-MExtUtils::Command::MM" "-e" "test_harness(0, 'blib/lib', 'blib/arch')" t/*.t
t/001_declare_exchange.t .. ok
t/002_publish.t ........... ok
# Failed test 'payload'
# at t/003_consume.t line 23.
# Structures begin differing at:
# $got->{props}{priority} = Does not exist
# $expected->{props}{priority} = '2'
# Looks like you failed 1 test of 7.
t/003_consume.t ...........
Dubious, test returned 1 (wstat 256, 0x100)
Failed 1/7 subtests
t/004_selfconsume.t ....... ok
t/005_noack.t ............. ok
t/006_txn.t ............... ok
# Failed test 'get'
# at t/007_get.t line 64.
# got: 'basic_get: server channel error 406, message: PRECONDITION_FAILED - user_id property set to 'yoda' but authenticated user was 'guest' at t/007_get.t line 63.
# '
# expected: ''
# Failed test 'get should see message'
# at t/007_get.t line 67.
# Structures begin differing at:
# $got->{body} = 'Magic Transient Payload'
# $expected->{body} = 'Magic Transient Payload 2'
# Looks like you failed 2 tests of 13.
t/007_get.t ...............
Dubious, test returned 2 (wstat 512, 0x200)
Failed 2/13 subtests
t/008_queue_declare.t ..... ok
t/009_no_route.t .......... ok
t/010_qos.t ............... ok
Test Summary Report
-------------------
t/003_consume.t (Wstat: 256 Tests: 7 Failed: 1)
Failed test: 7
Non-zero exit status: 1
t/007_get.t (Wstat: 512 Tests: 13 Failed: 2)
Failed tests: 12-13
Non-zero exit status: 2
Files=10, Tests=93, 31 wallclock secs ( 0.08 usr 0.03 sys + 0.35 cusr 0.07 csys = 0.53 CPU)
Result: FAIL
Failed 2/10 test programs. 3/93 subtests failed.
*** Error code 255
Stop in /home/sts/cpansmoke/perl-5.8.9/cpan/build/Net-RabbitMQ-0.1.9-NDybWK (line 927 of Makefile).
------------------------------
PREREQUISITES
------------------------------
Prerequisite modules loaded:
configure_requires:
Module Need Have
------------------- ---- ----
ExtUtils::MakeMaker 0 6.56
------------------------------
ENVIRONMENT AND OTHER CONTEXT
------------------------------
Environment variables:
AUTOMATED_TESTING = 1
PATH = /home/sts/bin:/bin:/sbin:/usr/bin:/usr/sbin:/usr/X11R6/bin:/usr/local/bin:/usr/local/sbin:/usr/games:.
PERL5LIB =
PERL5OPT =
PERL5_CPANPLUS_IS_RUNNING = 31886
PERL5_CPAN_IS_RUNNING = 31886
PERL5_CPAN_IS_RUNNING_IN_RECURSION = 14030,31886
PERL_CR_SMOKER_CURRENT = Net-RabbitMQ-Channel-0.03
PERL_EXTUTILS_AUTOINSTALL = --defaultdeps
PERL_MM_USE_DEFAULT = 1
SHELL = /usr/local/bin/bash
TERM = screen
TMPDIR = /home/sts/cpansmoke/tmp
Perl special variables (and OS-specific diagnostics, for MSWin32):
$^X = /home/sts/cpansmoke/perl-5.8.9/bin/perl
$UID/$EUID = 1000 / 1000
$GID = 10 10 0
$EGID = 10 10 0
Perl module toolchain versions installed:
Module Have
------------------- --------
CPAN 1.9600
Cwd 3.33
ExtUtils::CBuilder 0.280202
ExtUtils::Command 1.16
ExtUtils::Install 1.52
ExtUtils::MakeMaker 6.56
ExtUtils::Manifest 1.56
ExtUtils::ParseXS 2.2206
File::Spec 3.33
Module::Build 0.3800
Module::Signature n/a
Test::Harness 3.23
Test::More 0.98
YAML 0.72
YAML::Syck n/a
version 0.88
--
Summary of my perl5 (revision 5 version 8 subversion 9) configuration:
Platform:
osname=openbsd, osvers=4.8, archname=OpenBSD.i386-openbsd-thread-multi
uname='openbsd cpansmoke3 4.8 generic.mp#359 i386 '
config_args='-des -Dusethreads -Dprefix=/home/sts/cpansmoke/perl-5.8.9'
hint=recommended, useposix=true, d_sigaction=define
usethreads=define use5005threads=undef useithreads=define usemultiplicity=define
useperlio=define d_sfio=undef uselargefiles=define usesocks=undef
use64bitint=undef use64bitall=undef uselongdouble=undef
usemymalloc=n, bincompat5005=undef
Compiler:
cc='cc', ccflags ='-pthread -fno-strict-aliasing -pipe -I/usr/local/include',
optimize='-O2',
cppflags='-pthread -fno-strict-aliasing -pipe -I/usr/local/include'
ccversion='', gccversion='4.2.1 20070719 ', gccosandvers='openbsd4.8'
intsize=4, longsize=4, ptrsize=4, doublesize=8, byteorder=1234
d_longlong=define, longlongsize=8, d_longdbl=define, longdblsize=12
ivtype='long', ivsize=4, nvtype='double', nvsize=8, Off_t='off_t', lseeksize=8
alignbytes=4, prototype=define
Linker and Libraries:
ld='cc', ldflags ='-pthread -Wl,-E -L/usr/local/lib'
libpth=/usr/local/lib /usr/lib
libs=-lgdbm -lm -lutil -lc
perllibs=-lm -lutil -lc
libc=/usr/lib/libc.so.56.0, so=so, useshrplib=false, libperl=libperl.a
gnulibc_version=''
Dynamic Linking:
dlsrc=dl_dlopen.xs, dlext=so, d_dlsymun=undef, ccdlflags=' '
cccdlflags='-DPIC -fPIC ', lddlflags='-shared -fPIC -L/usr/local/lib'
Characteristics of this binary (from libperl):
Compile-time options: MULTIPLICITY PERL_IMPLICIT_CONTEXT PERL_MALLOC_WRAP
USE_FAST_STDIO USE_ITHREADS USE_LARGE_FILES
USE_PERLIO USE_REENTRANT_API
Built under openbsd
Compiled at Apr 8 2011 11:59:54
%ENV:
PERL5LIB=""
PERL5OPT=""
PERL5_CPANPLUS_IS_RUNNING="31886"
PERL5_CPAN_IS_RUNNING="31886"
PERL5_CPAN_IS_RUNNING_IN_RECURSION="14030,31886"
PERL_CR_SMOKER_CURRENT="Net-RabbitMQ-Channel-0.03"
PERL_EXTUTILS_AUTOINSTALL="--defaultdeps"
PERL_MM_USE_DEFAULT="1"
@INC:
/home/sts/cpansmoke/perl-5.8.9/lib/5.8.9/OpenBSD.i386-openbsd-thread-multi
/home/sts/cpansmoke/perl-5.8.9/lib/5.8.9
/home/sts/cpansmoke/perl-5.8.9/lib/site_perl/5.8.9/OpenBSD.i386-openbsd-thread-multi
/home/sts/cpansmoke/perl-5.8.9/lib/site_perl/5.8.9
.