Tcl-pTk v1.11 Perl 5 v5.28.3 x86_64-linux

Status
Fail
From
Andreas J. K├Ânig (ANDK)
Dist
Tcl-pTk v1.11
Platform
Perl 5 v5.28.3 x86_64-linux
Date
2023-09-16T15:38:38
ID
1b3cbf0c-54a7-11ee-9064-7c2958d4364c
This distribution has been tested as part of the CPAN Testers
project, supporting the Perl programming language.  See
http://wiki.cpantesters.org/ for more information or email
questions to cpan-testers-discuss@perl.org


--
Dear Christopher Alexander Chavez,

This is a computer-generated report for Tcl-pTk-1.11
on perl 5.28.3, created by CPAN-Reporter-1.2018.

Thank you for uploading your work to CPAN.  However, there was a problem
testing your distribution.

If you think this report is invalid, please consult the CPAN Testers Wiki
for suggestions on how to avoid getting FAIL reports for missing library
or binary dependencies, unsupported operating systems, and so on:

http://wiki.cpantesters.org/wiki/CPANAuthorNotes

Sections of this report:

    * Tester comments
    * Program output
    * Prerequisites
    * Environment and other context

------------------------------
TESTER COMMENTS
------------------------------

Additional comments from tester:

this report is from an automated smoke testing program
and was not reviewed by a human for accuracy

------------------------------
PROGRAM OUTPUT
------------------------------

Output from '/usr/bin/make test':

PERL_DL_NONLAZY=1 "/home/sand/src/perl/repoperls/installed-perls/host/k93msid/v5.28.3/da1c/bin/perl" "-MExtUtils::Command::MM" "-MTest::Harness" "-e" "undef *Test::Harness::Switches; test_harness(0, 'blib/lib', 'blib/arch')" t/*.t
t/after.t ..................... ok
t/afterDestroy.t .............. ok
t/afterIdle.t ................. ok
t/balloon.t ................... ok
Balloon should appear over 'Balloon Text' button
t/balloon2.t .................. ok
t/bgerror1.t .................. ok
t/bgerror2.t .................. ok
Error Dialog Should Show. This is expected
t/bgerror3.t .................. ok
t/bind.t ...................... ok
t/bindBreak.t ................. ok
t/bitmapSubClass.t ............ ok
t/browseEntry.t ............... ok
t/browseEntry2.t .............. ok
t/busy.t ...................... ok
t/callback.t .................. ok
t/callbackSet.t ............... ok
t/canFind.t ................... ok
t/canIndex.t .................. ok
t/canScale.t .................. ok
t/canvasFocusBusy.t ........... ok
t/checkradio.t ................ ok
t/cleanupCrashTest.t .......... ok
t/command.t ................... ok
t/configureReturn.t ........... ok
t/dialog.t .................... ok
t/dialogBox.t ................. ok
t/dialogBoxGeom.t ............. ok
t/dirtree.t ................... skipped: Tix Tcl package not available
t/dndlocal.t .................. ok
t/emptyMenuButtonSubclass.t ... ok
t/emptyMenuSubclass.t ......... ok
t/emptySubclass.t ............. ok
t/entry.t ..................... ok
t/entryPaste.t ................ ok
t/entryValidate.t ............. ok
t/fileevent.t ................. skipped: fileevent is unavailable, reason: Can't locate sys/ioctl.ph in @INC (did you run h2ph?) (@INC contains: /tmp/loop_over_bdir-493677-n1Lefw/Tcl-pTk-1.11-0/blib/lib /tmp/loop_over_bdir-493677-n1Lefw/Tcl-pTk-1.11-0/blib/arch /home/sand/src/perl/repoperls/installed-perls/host/k93msid/v5.28.3/da1c/lib/site_perl/5.28.3/x86_64-linux /home/sand/src/perl/repoperls/installed-perls/host/k93msid/v5.28.3/da1c/lib/site_perl/5.28.3 /home/sand/src/perl/repoperls/installed-perls/host/k93msid/v5.28.3/da1c/lib/5.28.3/x86_64-linux /home/sand/src/perl/repoperls/installed-perls/host/k93msid/v5.28.3/da1c/lib/5.28.3 .) at /tmp/loop_over_bdir-493677-n1Lefw/Tcl-pTk-1.11-0/blib/lib/Tcl/pTk/Widget.pm line 2164.
t/fileevent2.t ................ skipped: fileevent is unavailable, reason: Can't locate sys/ioctl.ph in @INC (did you run h2ph?) (@INC contains: /tmp/loop_over_bdir-493677-n1Lefw/Tcl-pTk-1.11-0/blib/lib /tmp/loop_over_bdir-493677-n1Lefw/Tcl-pTk-1.11-0/blib/arch /home/sand/src/perl/repoperls/installed-perls/host/k93msid/v5.28.3/da1c/lib/site_perl/5.28.3/x86_64-linux /home/sand/src/perl/repoperls/installed-perls/host/k93msid/v5.28.3/da1c/lib/site_perl/5.28.3 /home/sand/src/perl/repoperls/installed-perls/host/k93msid/v5.28.3/da1c/lib/5.28.3/x86_64-linux /home/sand/src/perl/repoperls/installed-perls/host/k93msid/v5.28.3/da1c/lib/5.28.3 .) at /tmp/loop_over_bdir-493677-n1Lefw/Tcl-pTk-1.11-0/blib/lib/Tcl/pTk/Widget.pm line 2164.
t/focusMethods.t .............. ok
t/font.t ...................... ok
t/font2.t ..................... ok
t/fontAttr.t .................. ok
t/frameForeground.t ........... ok
t/geomgr.t .................... ok
t/hlist.t ..................... skipped: Tix Tcl package not available
t/iconimage.t ................. ok
t/imageLoad.t ................. skipped: Tix Tcl package not available
t/itemStyle.t ................. skipped: Tix Tcl package not available
t/labEntry.t .................. ok
t/labEntryFacelift.t .......... ok
t/labEntryParentChild.t ....... ok
t/libLoad.t ................... skipped: Tix Tcl package not available
t/listbox.t ................... ok
t/mainloopMult.t .............. ok
t/menub-cascade.t ............. ok
t/menub_newMenu.t ............. ok
t/menubarpath.t ............... ok
t/menuitems.t ................. ok
t/messageBox.t ................ ok
t/moveResizeWindow.t .......... ok
t/moveToplevelWindow.t ........ ok
t/multMainWindow1.t ........... ok
t/multMainWindow2.t ........... ok
t/notebook.t .................. skipped: Tix Tcl package not available
t/notebook2.t ................. skipped: Tix Tcl package not available
t/onDestroy.t ................. ok
t/optmenu.t ................... ok
t/palette.t ................... ok
t/pane.t ...................... skipped: BWidget Tcl package not available
t/patchTk.t ................... skipped: Not using Aqua Tk
t/photoGetImage.t ............. ok
t/photoImg.t .................. ok
t/photoSubClass.t ............. ok
t/photoTk.t ................... ok
t/progBar.t ................... ok
t/protocol.t .................. ok
t/ptk-compat.t ................ ok
t/ptk-compat2.t ............... ok
t/repeat.t .................... ok
t/repeatSubReuse.t ............ ok
t/rt125058.t .................. ok
t/scrolled.t .................. ok
t/scrolledOptional.t .......... ok
t/selection.t ................. ok
t/slideMegaWidget.t ........... ok
t/slideMegaWidget2.t .......... ok
munmap_chunk(): invalid pointer
t/spreadsheetHideRows.t ....... 
All 1 subtests passed 
munmap_chunk(): invalid pointer
t/table.t ..................... 
All 2 subtests passed 
munmap_chunk(): invalid pointer
t/tableFacelift.t ............. 
All 2 subtests passed 
munmap_chunk(): invalid pointer
t/tableMatrixCallbacks.t ...... 
All 10 subtests passed 
munmap_chunk(): invalid pointer
t/tableMatrixCleanup.t ........ 
All 2 subtests passed 
munmap_chunk(): invalid pointer
t/tableMatrixDebug.t .......... 
All 2 subtests passed 
munmap_chunk(): invalid pointer
t/tableMatrixSpreadsheet.t .... 
All 6 subtests passed 
t/tclVersion.t ................ ok
t/text.t ...................... ok
t/text2-old.t ................. ok
t/text2.t ..................... ok
t/text3.t ..................... ok
t/textEdit.t .................. ok
t/textRO.t .................... ok
t/textSubwidget.t ............. ok
t/textUndo.t .................. ok
t/tileLabelFont.t ............. ok
t/tileTree.t .................. ok
t/tileWidget.t ................ ok
t/tixTree.t ................... skipped: Tix Tcl package not available
t/tk-mw.t ..................... ok
t/tkFacelift_BEsubclass.t ..... ok
t/tkFacelift_browseEntry.t .... ok
t/tkFacelift_frameSubclass.t .. ok
t/tkFacelift_mega1.t .......... ok
t/tkFacelift_notebook.t ....... ok
t/tkFacelift_simple.t ......... skipped: Tix Tcl package not available
t/tkHijack_BEsubclass.t ....... ok
t/tkHijack_bgerror1.t ......... ok
t/tkHijack_bgerror2.t ......... ok
t/tkHijack_bgerror3.t ......... ok
t/tkHijack_mega1.t ............ ok
t/tkHijack_simple.t ........... skipped: Tix Tcl package not available
munmap_chunk(): invalid pointer
t/tkHijack_spreadsheet.t ...... 
All 1 subtests passed 
t/trace.t ..................... ok
t/tree.t ...................... skipped: Tix Tcl package not available
t/ttkBrowseEntry.t ............ ok
t/ttkEntryValidate.t .......... ok
t/ttkTixNoteBook.t ............ ok
t/unicode.t ................... ok
t/usewidgets.t ................ ok
t/virtualEv.t ................. ok
t/widgetDelete.t .............. ok
t/widgetMethod.t .............. ok
t/widgetName.t ................ ok
t/wmForget.t .................. ok
t/wmStackorder.t .............. ok
t/xevent.t .................... ok
t/zzPhoto.t ................... ok

Test Summary Report
-------------------
t/font.t                    (Wstat: 0 Tests: 13 Failed: 0)
  TODO passed:   11
t/fontAttr.t                (Wstat: 0 Tests: 8 Failed: 0)
  TODO passed:   1-2, 5-8
t/spreadsheetHideRows.t     (Wstat: 134 (Signal: ABRT, dumped core) Tests: 1 Failed: 0)
  Non-zero wait status: 134
t/table.t                   (Wstat: 134 (Signal: ABRT, dumped core) Tests: 2 Failed: 0)
  Non-zero wait status: 134
t/tableFacelift.t           (Wstat: 134 (Signal: ABRT, dumped core) Tests: 2 Failed: 0)
  Non-zero wait status: 134
t/tableMatrixCallbacks.t    (Wstat: 134 (Signal: ABRT, dumped core) Tests: 10 Failed: 0)
  Non-zero wait status: 134
t/tableMatrixCleanup.t      (Wstat: 134 (Signal: ABRT, dumped core) Tests: 2 Failed: 0)
  Non-zero wait status: 134
t/tableMatrixDebug.t        (Wstat: 134 (Signal: ABRT, dumped core) Tests: 2 Failed: 0)
  Non-zero wait status: 134
t/tableMatrixSpreadsheet.t  (Wstat: 134 (Signal: ABRT, dumped core) Tests: 6 Failed: 0)
  Non-zero wait status: 134
t/tkHijack_spreadsheet.t    (Wstat: 134 (Signal: ABRT, dumped core) Tests: 1 Failed: 0)
  Non-zero wait status: 134
t/wmStackorder.t            (Wstat: 0 Tests: 10 Failed: 0)
  TODO passed:   1-10
Files=134, Tests=618, 174 wallclock secs ( 0.32 usr  0.24 sys + 19.68 cusr  5.18 csys = 25.42 CPU)
Result: FAIL
Failed 8/134 test programs. 0/618 subtests failed.
make: *** [Makefile:1211: test_dynamic] Error 255

------------------------------
PREREQUISITES
------------------------------

Prerequisite modules loaded:

requires:

    Module              Need  Have    
    ------------------- ----- --------
    Class::ISA          0.36  0.36    
    perl                5.008 5.028003
    Sub::Name           0.05  0.26    
    Tcl                 0.90  1.27    
    Time::HiRes         0     1.9764  

build_requires:

    Module              Need  Have    
    ------------------- ----- --------
    ExtUtils::MakeMaker 0     7.64    
    Test::Deep          0     1.130   
    Test::More          0     1.302194

configure_requires:

    Module              Need  Have    
    ------------------- ----- --------
    ExtUtils::MakeMaker 0     7.64    


------------------------------
ENVIRONMENT AND OTHER CONTEXT
------------------------------

Environment variables:

    AUTOMATED_TESTING = 1
    LANG = en_US.UTF-8
    LANGUAGE = en_US:en
    PATH = /home/sand/bin:/usr/local/bin:/usr/bin:/bin:/usr/games:/usr/local/perl/bin:/usr/X11/bin:/sbin:/usr/sbin
    PERL5LIB = 
    PERL5OPT = 
    PERL5_CPANPLUS_IS_RUNNING = 1213387
    PERL5_CPAN_IS_RUNNING = 1213387
    PERL_CANARY_STABILITY_NOPROMPT = 1
    PERL_MM_USE_DEFAULT = 1
    PERL_USE_UNSAFE_INC = 1
    SHELL = /usr/bin/zsh
    TERM = screen

Perl special variables (and OS-specific diagnostics, for MSWin32):

    $^X = /home/sand/src/perl/repoperls/installed-perls/host/k93msid/v5.28.3/da1c/bin/perl
    $UID/$EUID = 1005 / 1005
    $GID = 1005 1005
    $EGID = 1005 1005

Perl module toolchain versions installed:

    Module              Have    
    ------------------- --------
    CPAN                2.34    
    CPAN::Meta          2.150010
    Cwd                 3.75    
    ExtUtils::CBuilder  0.280236
    ExtUtils::Command   7.64    
    ExtUtils::Install   2.14    
    ExtUtils::MakeMaker 7.64    
    ExtUtils::Manifest  1.75    
    ExtUtils::ParseXS   3.39    
    File::Spec          3.75    
    JSON                4.09    
    JSON::PP            4.12    
    Module::Build       0.4231  
    Module::Signature   0.88    
    Parse::CPAN::Meta   2.150010
    Test::Harness       3.43_06 
    Test::More          1.302194
    YAML                1.30    
    YAML::Syck          1.34    
    version             0.9929  


--

Summary of my perl5 (revision 5 version 28 subversion 3) configuration:
  Derived from: ae49126f3ca2352fb49d7121a769189bf31e6f72
  Platform:
    osname=linux
    osvers=5.16.0-5-amd64
    archname=x86_64-linux
    uname='linux k93msid 5.16.0-5-amd64 #1 smp preempt debian 5.16.14-1 (2022-03-15) x86_64 gnulinux '
    config_args='-Dprefix=/home/sand/src/perl/repoperls/installed-perls/host/k93msid/v5.28.3/da1c -Dmyhostname=k93msid -Dinstallusrbinperl=n -Uversiononly -Dusedevel -des -Ui_db -Dlibswanted=cl pthread socket inet nsl gdbm dbm malloc dl ld sun m crypt sec util c cposix posix ucb BSD gdbm_compat -Uuseithreads -Uuselongdouble -DEBUGGING=-g'
    hint=recommended
    useposix=true
    d_sigaction=define
    useithreads=undef
    usemultiplicity=undef
    use64bitint=define
    use64bitall=define
    uselongdouble=undef
    usemymalloc=n
    default_inc_excludes_dot=define
    bincompat5005=undef
  Compiler:
    cc='cc'
    ccflags ='-fwrapv -fno-strict-aliasing -pipe -fstack-protector-strong -I/usr/local/include -D_LARGEFILE_SOURCE -D_FILE_OFFSET_BITS=64 -D_FORTIFY_SOURCE=2'
    optimize='-O2 -g'
    cppflags='-fwrapv -fno-strict-aliasing -pipe -fstack-protector-strong -I/usr/local/include'
    ccversion=''
    gccversion='11.2.0'
    gccosandvers=''
    intsize=4
    longsize=8
    ptrsize=8
    doublesize=8
    byteorder=12345678
    doublekind=3
    d_longlong=define
    longlongsize=8
    d_longdbl=define
    longdblsize=16
    longdblkind=3
    ivtype='long'
    ivsize=8
    nvtype='double'
    nvsize=8
    Off_t='off_t'
    lseeksize=8
    alignbytes=8
    prototype=define
  Linker and Libraries:
    ld='cc'
    ldflags =' -fstack-protector-strong -L/usr/local/lib'
    libpth=/usr/local/lib /usr/include/x86_64-linux-gnu /usr/lib /lib/x86_64-linux-gnu /lib/../lib /usr/lib/x86_64-linux-gnu /usr/lib/../lib /lib
    libs=-lpthread -lnsl -ldl -lm -lcrypt -lutil -lc
    perllibs=-lpthread -lnsl -ldl -lm -lcrypt -lutil -lc
    libc=libc-2.33.so
    so=so
    useshrplib=false
    libperl=libperl.a
    gnulibc_version='2.33'
  Dynamic Linking:
    dlsrc=dl_dlopen.xs
    dlext=so
    d_dlsymun=undef
    ccdlflags='-Wl,-E'
    cccdlflags='-fPIC'
    lddlflags='-shared -O2 -g -L/usr/local/lib -fstack-protector-strong'


Characteristics of this binary (from libperl): 
  Compile-time options:
    HAS_TIMES
    PERLIO_LAYERS
    PERL_COPY_ON_WRITE
    PERL_DONT_CREATE_GVSV
    PERL_MALLOC_WRAP
    PERL_OP_PARENT
    PERL_PRESERVE_IVUV
    PERL_USE_DEVEL
    USE_64_BIT_ALL
    USE_64_BIT_INT
    USE_LARGE_FILES
    USE_LOCALE
    USE_LOCALE_COLLATE
    USE_LOCALE_CTYPE
    USE_LOCALE_NUMERIC
    USE_LOCALE_TIME
    USE_PERLIO
    USE_PERL_ATOF
  Locally applied patches:
    uncommitted-changes
  Built under linux
  Compiled at Mar 20 2022 12:00:27
  %ENV:
    PERL5LIB=""
    PERL5OPT=""
    PERL5_CPANPLUS_IS_RUNNING="1213387"
    PERL5_CPAN_IS_RUNNING="1213387"
    PERL_CANARY_STABILITY_NOPROMPT="1"
    PERL_MM_USE_DEFAULT="1"
    PERL_USE_UNSAFE_INC="1"
  @INC:
    /home/sand/src/perl/repoperls/installed-perls/host/k93msid/v5.28.3/da1c/lib/site_perl/5.28.3/x86_64-linux
    /home/sand/src/perl/repoperls/installed-perls/host/k93msid/v5.28.3/da1c/lib/site_perl/5.28.3
    /home/sand/src/perl/repoperls/installed-perls/host/k93msid/v5.28.3/da1c/lib/5.28.3/x86_64-linux
    /home/sand/src/perl/repoperls/installed-perls/host/k93msid/v5.28.3/da1c/lib/5.28.3
    .