Back
From: metabase:user:322078bc-2aae-11df-837a-5e0a49663a4f
Subject: FAIL Net-RabbitMQ-0.1.8 v5.10.0 NetBSD
Date: 2010-12-18T03:51:37Z
This distribution has been tested as part of the CPAN Testers
project, supporting the Perl programming language. See
http://wiki.cpantesters.org/ for more information or email
questions to cpan-testers-discuss@perl.org
--
Dear Theo Schlossnagle,
This is a computer-generated error report created automatically by
CPANPLUS, version 0.9010. Testers personal comments may appear
at the end of this report.
Thank you for uploading your work to CPAN. However, it appears that
there were some problems testing your distribution.
TEST RESULTS:
Below is the error stack from stage 'make test':
[MSG] [Sat Dec 18 03:50:49 2010] Checking if your kit is complete...
Looks good
Writing Makefile for Net::RabbitMQ
[MSG] [Sat Dec 18 03:50:49 2010] DEFAULT 'filter_prereqs' HANDLER RETURNING 'sub return value'
[MSG] [Sat Dec 18 03:50:49 2010] Checking for previous PASS result for "Net-RabbitMQ-0.1.8"
[MSG] [Sat Dec 18 03:50:58 2010] cp RabbitMQ.pm blib/lib/Net/RabbitMQ.pm
/home/cpan/pit/bare/perl-5.10.0/bin/perl /home/cpan/pit/bare/perl-5.10.0/lib/5.10.0/ExtUtils/xsubpp -typemap /home/cpan/pit/bare/perl-5.10.0/lib/5.10.0/ExtUtils/typemap -typemap typemap RabbitMQ.xs > RabbitMQ.xsc && mv RabbitMQ.xsc RabbitMQ.c
cc -c -fno-strict-aliasing -pipe -I/usr/pkg/include -O -DVERSION=\"0.1.8\" -DXS_VERSION=\"0.1.8\" -DPIC -fPIC "-I/home/cpan/pit/bare/perl-5.10.0/lib/5.10.0/i386-netbsd/CORE" RabbitMQ.c
cc -c -fno-strict-aliasing -pipe -I/usr/pkg/include -O -DVERSION=\"0.1.8\" -DXS_VERSION=\"0.1.8\" -DPIC -fPIC "-I/home/cpan/pit/bare/perl-5.10.0/lib/5.10.0/i386-netbsd/CORE" amqp_api.c
cc -c -fno-strict-aliasing -pipe -I/usr/pkg/include -O -DVERSION=\"0.1.8\" -DXS_VERSION=\"0.1.8\" -DPIC -fPIC "-I/home/cpan/pit/bare/perl-5.10.0/lib/5.10.0/i386-netbsd/CORE" amqp_connection.c
cc -c -fno-strict-aliasing -pipe -I/usr/pkg/include -O -DVERSION=\"0.1.8\" -DXS_VERSION=\"0.1.8\" -DPIC -fPIC "-I/home/cpan/pit/bare/perl-5.10.0/lib/5.10.0/i386-netbsd/CORE" amqp_debug.c
cc -c -fno-strict-aliasing -pipe -I/usr/pkg/include -O -DVERSION=\"0.1.8\" -DXS_VERSION=\"0.1.8\" -DPIC -fPIC "-I/home/cpan/pit/bare/perl-5.10.0/lib/5.10.0/i386-netbsd/CORE" amqp_framing.c
cc -c -fno-strict-aliasing -pipe -I/usr/pkg/include -O -DVERSION=\"0.1.8\" -DXS_VERSION=\"0.1.8\" -DPIC -fPIC "-I/home/cpan/pit/bare/perl-5.10.0/lib/5.10.0/i386-netbsd/CORE" amqp_mem.c
cc -c -fno-strict-aliasing -pipe -I/usr/pkg/include -O -DVERSION=\"0.1.8\" -DXS_VERSION=\"0.1.8\" -DPIC -fPIC "-I/home/cpan/pit/bare/perl-5.10.0/lib/5.10.0/i386-netbsd/CORE" amqp_socket.c
cc -c -fno-strict-aliasing -pipe -I/usr/pkg/include -O -DVERSION=\"0.1.8\" -DXS_VERSION=\"0.1.8\" -DPIC -fPIC "-I/home/cpan/pit/bare/perl-5.10.0/lib/5.10.0/i386-netbsd/CORE" amqp_table.c
Running Mkbootstrap for Net::RabbitMQ ()
chmod 644 RabbitMQ.bs
rm -f blib/arch/auto/Net/RabbitMQ/RabbitMQ.so
cc --whole-archive -shared -L/usr/pkg/lib RabbitMQ.o amqp_api.o amqp_connection.o amqp_debug.o amqp_framing.o amqp_mem.o amqp_socket.o amqp_table.o -o blib/arch/auto/Net/RabbitMQ/RabbitMQ.so
chmod 755 blib/arch/auto/Net/RabbitMQ/RabbitMQ.so
cp RabbitMQ.bs blib/arch/auto/Net/RabbitMQ/RabbitMQ.bs
chmod 644 blib/arch/auto/Net/RabbitMQ/RabbitMQ.bs
Manifying blib/man3/Net::RabbitMQ.3
[ERROR] [Sat Dec 18 03:51:36 2010] MAKE TEST failed: No such file or directory PERL_DL_NONLAZY=1 /home/cpan/pit/bare/perl-5.10.0/bin/perl "-MExtUtils::Command::MM" "-e" "test_harness(0, 'blib/lib', 'blib/arch')" t/*.t
# Failed test 'connect'
# at t/001_declare_exchange.t line 12.
# got: 'Logging in: (end-of-stream)
# '
# expected: ''
# Failed test 'channel_open'
# at t/001_declare_exchange.t line 14.
# got: 'Opening channel: (end-of-stream)
# '
# expected: ''
# Failed test 'exchange_delcare'
# at t/001_declare_exchange.t line 16.
# got: 'Declaring exchange: (end-of-stream)
# '
# expected: ''
# Looks like you failed 3 tests of 5.
t/001_declare_exchange.t ..
Dubious, test returned 3 (wstat 768, 0x300)
Failed 3/5 subtests
# Failed test 'connect'
# at t/002_publish.t line 12.
# got: 'Logging in: (end-of-stream)
# '
# expected: ''
# Failed test 'channel_open'
# at t/002_publish.t line 14.
# got: 'Opening channel: (end-of-stream)
# '
# expected: ''
# Failed test 'queue_declare'
# at t/002_publish.t line 16.
# got: 'Declaring queue: (end-of-stream)
# '
# expected: ''
# Failed test 'queue_bind'
# at t/002_publish.t line 18.
# got: 'Binding queue: (end-of-stream)
# '
# expected: ''
# Looks like you failed 4 tests of 7.
t/002_publish.t ...........
Dubious, test returned 4 (wstat 1024, 0x400)
Failed 4/7 subtests
t/003_consume.t ...........
Dubious, test returned 5 (wstat 1280, 0x500)
Failed 5/7 subtests
# Failed test 'connect'
# at t/003_consume.t line 13.
# got: 'Logging in: (end-of-stream)
# '
# expected: ''
# Failed test 'channel_open'
# at t/003_consume.t line 15.
# got: 'Opening channel: (end-of-stream)
# '
# expected: ''
# Failed test 'consume'
# at t/003_consume.t line 17.
# got: 'Consume queue: (end-of-stream)
# '
# expected: ''
# Failed test 'recv'
# at t/003_consume.t line 21.
# got: 'Bad frame read. at t/003_consume.t line 20.
# '
# expected: ''
Use of uninitialized value in substitution (s///) at t/003_consume.t line 22.
# Failed test 'payload'
# at t/003_consume.t line 23.
# Structures begin differing at:
# $got->{body} = Does not exist
# $expected->{body} = 'Magic Payload'
# Looks like you failed 5 tests of 7.
# Failed test 'connect'
# at t/004_selfconsume.t line 13.
# got: 'Logging in: (end-of-stream)
# '
# expected: ''
# Failed test 'channel_open'
# at t/004_selfconsume.t line 15.
# got: 'Opening channel: (end-of-stream)
# '
# expected: ''
# Failed test 'queue_declare'
# at t/004_selfconsume.t line 18.
# got: 'Declaring queue: (end-of-stream)
# '
# expected: ''
# Failed test 'queue_declare -> private name'
# at t/004_selfconsume.t line 19.
# got: ''
# expected: anything else
# Failed test 'queue_bind'
# at t/004_selfconsume.t line 21.
# got: 'Binding queue: (end-of-stream)
# '
# expected: ''
# Failed test 'consume'
# at t/004_selfconsume.t line 24.
# got: 'Consume queue: (end-of-stream)
# '
# expected: ''
# Failed test 'recv'
# at t/004_selfconsume.t line 28.
# got: 'Bad frame read. at t/004_selfconsume.t line 27.
# '
# expected: ''
Use of uninitialized value in substitution (s///) at t/004_selfconsume.t line 29.
# Failed test 'payload'
# at t/004_selfconsume.t line 30.
# Structures begin differing at:
# $got->{body} = Does not exist
# $expected->{body} = 'Magic Transient Payload'
# Looks like you failed 8 tests of 10.
t/004_selfconsume.t .......
Dubious, test returned 8 (wstat 2048, 0x800)
Failed 8/10 subtests
# Failed test 'connect'
# at t/005_noack.t line 13.
# got: 'Logging in: (end-of-stream)
# '
# expected: ''
# Failed test 'channel_open'
# at t/005_noack.t line 15.
# got: 'Opening channel: (end-of-stream)
# '
# expected: ''
# Failed test 'queue_declare'
# at t/005_noack.t line 17.
# got: 'Declaring queue: (end-of-stream)
# '
# expected: ''
# Failed test 'queue_bind'
# at t/005_noack.t line 19.
# got: 'Binding queue: (end-of-stream)
# '
# expected: ''
# Failed test 'purge'
# at t/005_noack.t line 21.
# got: 'Purging queue: (end-of-stream)
# '
# expected: ''
# Failed test 'consuming'
# at t/005_noack.t line 25.
# got: 'Consume queue: (end-of-stream)
# '
# expected: ''
Use of uninitialized value in substitution (s///) at t/005_noack.t line 28.
# Failed test 'payload'
# at t/005_noack.t line 29.
# Structures begin differing at:
# $got->{body} = Does not exist
# $expected->{body} = 'Magic Payload 12151'
# Failed test 'disconnect'
# at t/005_noack.t line 39.
# got: 'Closing connection: (end-of-stream)
# '
# expected: ''
t/005_noack.t .............
Dubious, test returned 13 (wstat 3328, 0xd00)
Failed 13/16 subtests
# Failed test 'connect'
# at t/005_noack.t line 42.
# got: 'Logging in: (end-of-stream)
# '
# expected: ''
# Failed test 'channel_open'
# at t/005_noack.t line 44.
# got: 'Opening channel: (end-of-stream)
# '
# expected: ''
# Failed test 'consuming'
# at t/005_noack.t line 46.
# got: 'Consume queue: (end-of-stream)
# '
# expected: ''
Use of uninitialized value in substitution (s///) at t/005_noack.t line 50.
# Failed test 'payload'
# at t/005_noack.t line 51.
# Structures begin differing at:
# $got->{body} = Does not exist
# $expected->{body} = 'Magic Payload 12151'
Use of uninitialized value in subroutine entry at t/005_noack.t line 60.
# Failed test 'acking'
# at t/005_noack.t line 61.
# got: 'bad tag at t/005_noack.t line 60.
# '
# expected: ''
# Looks like you failed 13 tests of 16.
t/006_txn.t ...............
Dubious, test returned 11 (wstat 2816, 0xb00)
Failed 11/13 subtests
# Failed test 'connect'
# at t/006_txn.t line 13.
# got: 'Logging in: (end-of-stream)
# '
# expected: ''
# Failed test 'channel_open'
# at t/006_txn.t line 15.
# got: 'Opening channel: (end-of-stream)
# '
# expected: ''
# Failed test 'queue_declare'
# at t/006_txn.t line 18.
# got: 'Declaring queue: (end-of-stream)
# '
# expected: ''
# Failed test 'queue_declare -> private name'
# at t/006_txn.t line 19.
# got: ''
# expected: anything else
# Failed test 'queue_bind'
# at t/006_txn.t line 21.
# got: 'Binding queue: (end-of-stream)
# '
# expected: ''
# Failed test 'tx_select'
# at t/006_txn.t line 23.
# got: 'Selecting transaction: (end-of-stream)
# '
# expected: ''
# Failed test 'tx_rollback'
# at t/006_txn.t line 26.
# got: 'Rolling Back transaction: (end-of-stream)
# '
# expected: ''
# Failed test 'tx_commit'
# at t/006_txn.t line 29.
# got: 'Commiting transaction: (end-of-stream)
# '
# expected: ''
# Failed test 'consume'
# at t/006_txn.t line 31.
# got: 'Consume queue: (end-of-stream)
# '
# expected: ''
# Failed test 'recv'
# at t/006_txn.t line 35.
# got: 'Bad frame read. at t/006_txn.t line 34.
# '
# expected: ''
Use of uninitialized value in substitution (s///) at t/006_txn.t line 36.
# Failed test 'payload'
# at t/006_txn.t line 37.
# Structures begin differing at:
# $got->{body} = Does not exist
# $expected->{body} = 'Magic Transient Payload (Commit)'
# Looks like you failed 11 tests of 13.
t/007_get.t ...............
Dubious, test returned 10 (wstat 2560, 0xa00)
Failed 10/13 subtests
# Failed test 'connect'
# at t/007_get.t line 13.
# got: 'Logging in: (end-of-stream)
# '
# expected: ''
# Failed test 'channel_open'
# at t/007_get.t line 15.
# got: 'Opening channel: (end-of-stream)
# '
# expected: ''
# Failed test 'queue_declare'
# at t/007_get.t line 18.
# got: 'Declaring queue: (end-of-stream)
# '
# expected: ''
# Failed test 'queue_declare -> private name'
# at t/007_get.t line 19.
# got: ''
# expected: anything else
# Failed test 'queue_bind'
# at t/007_get.t line 21.
# got: 'Binding queue: (end-of-stream)
# '
# expected: ''
# Failed test 'get'
# at t/007_get.t line 25.
# got: 'basic_get: (end-of-stream)
# '
# expected: ''
# Failed test 'get'
# at t/007_get.t line 31.
# got: 'basic_get: (end-of-stream)
# '
# expected: ''
Use of uninitialized value in substitution (s///) at t/007_get.t line 32.
# Failed test 'get should see message'
# at t/007_get.t line 33.
# Structures begin differing at:
# $got->{body} = Does not exist
# $expected->{body} = 'Magic Transient Payload'
# Failed test 'get'
# at t/007_get.t line 64.
# got: 'basic_get: (end-of-stream)
# '
# expected: ''
Use of uninitialized value in substitution (s///) at t/007_get.t line 65.
# Failed test 'get should see message'
# at t/007_get.t line 67.
# Structures begin differing at:
# $got->{body} = Does not exist
# $expected->{body} = 'Magic Transient Payload 2'
# Looks like you failed 10 tests of 13.
t/008_queue_declare.t .....
Dubious, test returned 4 (wstat 1024, 0x400)
Failed 4/6 subtests
# Failed test 'connect'
# at t/008_queue_declare.t line 12.
# got: 'Logging in: (end-of-stream)
# '
# expected: ''
# Failed test 'channel_open'
# at t/008_queue_declare.t line 14.
# got: 'Opening channel: (end-of-stream)
# '
# expected: ''
# Failed test 'queue_declare'
# at t/008_queue_declare.t line 18.
# got: 'Declaring queue: (end-of-stream)
# '
# expected: ''
Use of uninitialized value $queuename in concatenation (.) or string at t/008_queue_declare.t line 19.
# Failed test 'queue_declare -> = test.net.rabbitmq.perl'
# at t/008_queue_declare.t line 19.
# got: undef
# expected: 'test.net.rabbitmq.perl'
# Looks like you failed 4 tests of 6.
t/009_delete_exchange.t ...
Dubious, test returned 3 (wstat 768, 0x300)
Failed 3/5 subtests
Test Summary Report
-------------------
t/001_declare_exchange.t (Wstat: 768 Tests: 5 Failed: 3)
Failed tests: 3-5
Non-zero exit status: 3
t/002_publish.t (Wstat: 1024 Tests: 7 Failed: 4)
Failed tests: 3-6
Non-zero exit status: 4
t/003_consume.t (Wstat: 1280 Tests: 7 Failed: 5)
Failed tests: 3-7
Non-zero exit status: 5
t/004_selfconsume.t (Wstat: 2048 Tests: 10 Failed: 8)
Failed tests: 3-10
Non-zero exit status: 8
t/005_noack.t (Wstat: 3328 Tests: 16 Failed: 13)
Failed tests: 3-7, 9-16
Non-zero exit status: 13
t/006_txn.t (Wstat: 2816 Tests: 13 Failed: 11)
Failed tests: 3-13
Non-zero exit status: 11
t/007_get.t (Wstat: 2560 Tests: 13 Failed: 10)
Failed tests: 3-8, 10-13
Non-zero exit status: 10
t/008_queue_declare.t (Wstat: 1024 Tests: 6 Failed: 4)
Failed tests: 3-6
Non-zero exit status: 4
t/009_delete_exchange.t (Wstat: 768 Tests: 5 Failed: 3)
Failed tests: 3-5
Non-zero exit status: 3
Files=9, Tests=82, 38 wallclock secs ( 0.04 usr 0.32 sys + 0.71 cusr 0.67 csys = 1.74 CPU)
Result: FAIL
Stop.
make: stopped in /home/cpan/pit/bare/conf/perl-5.10.0/.cpanplus/5.10.0/build/Net-RabbitMQ-0.1.8
# Failed test 'connect'
# at t/009_delete_exchange.t line 12.
# got: 'Logging in: (end-of-stream)
# '
# expected: ''
# Failed test 'channel_open'
# at t/009_delete_exchange.t line 14.
# got: 'Opening channel: (end-of-stream)
# '
# expected: ''
# Failed test 'exchange_delete'
# at t/009_delete_exchange.t line 16.
# got: 'Deleting exchange: (end-of-stream)
# '
# expected: ''
# Looks like you failed 3 tests of 5.
Failed 9/9 test programs. 61/82 subtests failed.
*** Error code 3
[MSG] [Sat Dec 18 03:51:36 2010] DEFAULT 'proceed_on_test_failure' HANDLER RETURNING 'sub return value'
Perl module toolchain versions installed:
Module Name Have
CPANPLUS 0.9010
CPANPLUS::Dist::Build 0.50
Cwd 3.33
ExtUtils::CBuilder 0.2801
ExtUtils::Command 1.16
ExtUtils::Install 1.54
ExtUtils::MakeMaker 6.56
ExtUtils::Manifest 1.58
ExtUtils::ParseXS 2.2206
File::Spec 3.33
Module::Build 0.3607
Test::Harness 3.22
Test::More 0.96
version 0.86
******************************** NOTE ********************************
The comments above are created mechanically, possibly without manual
checking by the sender. As there are many people performing automatic
tests on each upload to CPAN, it is likely that you will receive
identical messages about the same problem.
If you believe that the message is mistaken, please reply to the first
one with correction and/or additional informations, and do not take
it personally. We appreciate your patience. :)
**********************************************************************
Additional comments:
This report was machine-generated by CPANPLUS::Dist::YACSmoke 0.58.
Powered by minismokebox version 0.38
------------------------------
ENVIRONMENT AND OTHER CONTEXT
------------------------------
Environment variables:
AUTOMATED_TESTING = 1
PATH = /home/cpan/bin:/bin:/sbin:/usr/bin:/usr/sbin:/usr/X11R7/bin:/usr/X11R6/bin:/usr/pkg/bin:/usr/pkg/sbin:/usr/games:/usr/local/bin:/usr/local/sbin
PERL5LIB = :/home/cpan/pit/bare/conf/perl-5.10.0/.cpanplus/5.10.0/build/IO-stringy-2.110/blib/lib:/home/cpan/pit/bare/conf/perl-5.10.0/.cpanplus/5.10.0/build/IO-stringy-2.110/blib/arch:/home/cpan/pit/bare/conf/perl-5.10.0/.cpanplus/5.10.0/build/Class-Easy-0.11/blib/lib:/home/cpan/pit/bare/conf/perl-5.10.0/.cpanplus/5.10.0/build/Class-Easy-0.11/blib/arch:/home/cpan/pit/bare/conf/perl-5.10.0/.cpanplus/5.10.0/build/Net-RabbitMQ-0.1.8/blib/lib:/home/cpan/pit/bare/conf/perl-5.10.0/.cpanplus/5.10.0/build/Net-RabbitMQ-0.1.8/blib/arch
PERL5_CPANPLUS_IS_RUNNING = 13007
PERL5_CPANPLUS_IS_VERSION = 0.9010
PERL5_MINISMOKEBOX = 0.38
PERL5_YACSMOKE_BASE = /home/cpan/pit/bare/conf/perl-5.10.0
PERL_EXTUTILS_AUTOINSTALL = --defaultdeps
PERL_MM_USE_DEFAULT = 1
SHELL = /usr/pkg/bin/bash
TERM = screen
Perl special variables (and OS-specific diagnostics, for MSWin32):
Perl: $^X = /home/cpan/pit/bare/perl-5.10.0/bin/perl
UID: $< = 1001
EUID: $> = 1001
GID: $( = 100 100
EGID: $) = 100 100
-------------------------------
--
Summary of my perl5 (revision 5 version 10 subversion 0) configuration:
Platform:
osname=netbsd, osvers=5.1, archname=i386-netbsd
uname='netbsd lancer.bingosnet.co.uk 5.1 netbsd 5.1 (generic) #0: sun nov 7 14:39:56 utc 2010 builds@b6.netbsd.org:homebuildsabnetbsd-5-1-releasei386201011061943z-objhomebuildsabnetbsd-5-1-releasesrcsysarchi386compilegeneric i386 '
config_args='-des -Dprefix=/home/cpan/pit/bare/perl-5.10.0'
hint=recommended, useposix=true, d_sigaction=define
useithreads=undef, usemultiplicity=undef
useperlio=define, d_sfio=undef, uselargefiles=define, usesocks=undef
use64bitint=undef, use64bitall=undef, uselongdouble=undef
usemymalloc=n, bincompat5005=undef
Compiler:
cc='cc', ccflags ='-fno-strict-aliasing -pipe -I/usr/pkg/include',
optimize='-O',
cppflags='-fno-strict-aliasing -pipe -I/usr/pkg/include'
ccversion='', gccversion='4.1.3 20080704 prerelease (NetBSD nb2 20081120)', gccosandvers=''
intsize=4, longsize=4, ptrsize=4, doublesize=8, byteorder=1234
d_longlong=define, longlongsize=8, d_longdbl=define, longdblsize=12
ivtype='long', ivsize=4, nvtype='double', nvsize=8, Off_t='off_t', lseeksize=8
alignbytes=4, prototype=define
Linker and Libraries:
ld='cc', ldflags =' -Wl,-rpath,/usr/pkg/lib -Wl,-rpath,/usr/local/lib -L/usr/pkg/lib'
libpth=/usr/pkg/lib /lib /usr/lib
libs=-lm -lcrypt -lutil -lc -lposix
perllibs=-lm -lcrypt -lutil -lc -lposix
libc=/lib/libc.so, so=so, useshrplib=false, libperl=libperl.a
gnulibc_version=''
Dynamic Linking:
dlsrc=dl_dlopen.xs, dlext=so, d_dlsymun=undef, ccdlflags='-Wl,-E '
cccdlflags='-DPIC -fPIC ', lddlflags='--whole-archive -shared -L/usr/pkg/lib'
Characteristics of this binary (from libperl):
Compile-time options: PERL_DONT_CREATE_GVSV PERL_MALLOC_WRAP
USE_LARGE_FILES USE_PERLIO
Built under netbsd
Compiled at Dec 8 2010 10:40:45
%ENV:
PERL5LIB=":/home/cpan/pit/bare/conf/perl-5.10.0/.cpanplus/5.10.0/build/IO-stringy-2.110/blib/lib:/home/cpan/pit/bare/conf/perl-5.10.0/.cpanplus/5.10.0/build/IO-stringy-2.110/blib/arch:/home/cpan/pit/bare/conf/perl-5.10.0/.cpanplus/5.10.0/build/Class-Easy-0.11/blib/lib:/home/cpan/pit/bare/conf/perl-5.10.0/.cpanplus/5.10.0/build/Class-Easy-0.11/blib/arch:/home/cpan/pit/bare/conf/perl-5.10.0/.cpanplus/5.10.0/build/Net-RabbitMQ-0.1.8/blib/lib:/home/cpan/pit/bare/conf/perl-5.10.0/.cpanplus/5.10.0/build/Net-RabbitMQ-0.1.8/blib/arch"
PERL5_CPANPLUS_IS_RUNNING="13007"
PERL5_CPANPLUS_IS_VERSION="0.9010"
PERL5_MINISMOKEBOX="0.38"
PERL5_YACSMOKE_BASE="/home/cpan/pit/bare/conf/perl-5.10.0"
PERL_EXTUTILS_AUTOINSTALL="--defaultdeps"
PERL_MM_USE_DEFAULT="1"
@INC:
/home/cpan/pit/bare/conf/perl-5.10.0/.cpanplus/5.10.0/build/IO-stringy-2.110/blib/lib
/home/cpan/pit/bare/conf/perl-5.10.0/.cpanplus/5.10.0/build/IO-stringy-2.110/blib/arch
/home/cpan/pit/bare/conf/perl-5.10.0/.cpanplus/5.10.0/build/Class-Easy-0.11/blib/lib
/home/cpan/pit/bare/conf/perl-5.10.0/.cpanplus/5.10.0/build/Class-Easy-0.11/blib/arch
/home/cpan/pit/bare/conf/perl-5.10.0/.cpanplus/5.10.0/build/Net-RabbitMQ-0.1.8/blib/lib
/home/cpan/pit/bare/conf/perl-5.10.0/.cpanplus/5.10.0/build/Net-RabbitMQ-0.1.8/blib/arch
/home/cpan/pit/bare/perl-5.10.0/lib/5.10.0/i386-netbsd
/home/cpan/pit/bare/perl-5.10.0/lib/5.10.0
/home/cpan/pit/bare/perl-5.10.0/lib/site_perl/5.10.0/i386-netbsd
/home/cpan/pit/bare/perl-5.10.0/lib/site_perl/5.10.0
.