Report for Text-Tradition-Analysis-1.2

Back
From: metabase:user:314402c4-2aae-11df-837a-5e0a49663a4f
Subject: FAIL Text-Tradition-Analysis-1.2 v5.12.3 FreeBSD
Date: 2013-08-10T17:41:44Z

This distribution has been tested as part of the CPAN Testers
project, supporting the Perl programming language.  See
http://wiki.cpantesters.org/ for more information or email
questions to cpan-testers-discuss@perl.org


--
Dear Tara Andrews,

This is a computer-generated report for Text-Tradition-Analysis-1.2
on perl 5.12.3, created by CPAN-Reporter-1.2007.

Thank you for uploading your work to CPAN.  However, there was a problem
testing your distribution.

If you think this report is invalid, please consult the CPAN Testers Wiki
for suggestions on how to avoid getting FAIL reports for missing library
or binary dependencies, unsupported operating systems, and so on:

http://wiki.cpantesters.org/wiki/CPANAuthorNotes

Sections of this report:

    * Tester comments
    * Program output
    * Prerequisites
    * Environment and other context

------------------------------
TESTER COMMENTS
------------------------------

Additional comments from tester:

none provided

------------------------------
PROGRAM OUTPUT
------------------------------

Output from '/usr/bin/make test':

PERL_DL_NONLAZY=1 /usr/perl5.12.3/bin/perl5.12.3 "-MExtUtils::Command::MM" "-e" "test_harness(0, 'inc', 'blib/lib', 'blib/arch')" t/*.t
t/00dependencies.t .................. ok
t/02pod.t ........................... ok
t/03podcoverage.t ................... skipped: set TEST_POD to enable this test
DROPPING unsupported attribute public at /usr/local/src/CPAN/build/Text-Tradition-1.2-rt8Bvc/blib/lib/Text/Tradition/Parser/Self.pm line 214.
t/analysis.t ........................ ok
t/stemma.t .......................... ok
Can't use string ("--- !!perl/hash:Text::Tradition:"...) as a HASH ref while "strict refs" in use at /usr/perl5.12.3/lib/site_perl/5.12.3/KiokuDB/TypeMap/Entry/MOP.pm line 403.
	...propagated at /var/tmp/CPAN-build/Text-Tradition-Analysis-1.2-fkB_M1/blib/lib/Text/Tradition/Analysis.pm line 245.
# Looks like your test exited with 2 just after 1.
t/text_tradition_analysis.t ......... 
Dubious, test returned 2 (wstat 512, 0x200)
All 1 subtests passed 
t/text_tradition_analysis_result.t .. ok
t/text_tradition_hasstemma.t ........ ok
t/text_tradition_stemma.t ........... ok

Test Summary Report
-------------------
t/text_tradition_analysis.t       (Wstat: 512 Tests: 1 Failed: 0)
  Non-zero exit status: 2
Files=9, Tests=997, 66 wallclock secs ( 0.16 usr  0.04 sys + 54.69 cusr  1.88 csys = 56.77 CPU)
Result: FAIL
Failed 1/9 test programs. 0/997 subtests failed.
*** Error code 255

Stop in /var/tmp/CPAN-build/Text-Tradition-Analysis-1.2-fkB_M1.

------------------------------
PREREQUISITES
------------------------------

Prerequisite modules loaded:

requires:

    Module                     Need  Have    
    -------------------------- ----- --------
    Algorithm::Diff            0     1.1902  
    Bio::Phylo::IO             0     0       
    File::chdir                0     0.1008  
    File::Which                0     1.09    
    Graph                      0     0.94    
    Graph::Reader::Dot         0     1.03    
    IPC::Run                   0     0.92    
    JSON                       0     2.59    
    LWP::UserAgent             0     6.05    
    Moose                      0     2.1004  
    Moose::Role                0     2.1004  
    perl                       5.012 5.012003
    Set::Scalar                0     1.25    
    Text::Tradition            1.2   1.2     
    Text::Tradition::Error     0     0       
    TryCatch                   0     1.003002

build_requires:

    Module                     Need  Have    
    -------------------------- ----- --------
    ExtUtils::MakeMaker        6.59  6.72    
    Test::More::UTF8           0     0.04    
    Text::Tradition::Directory 0     0       

configure_requires:

    Module                     Need  Have    
    -------------------------- ----- --------
    ExtUtils::MakeMaker        6.59  6.72    


------------------------------
ENVIRONMENT AND OTHER CONTEXT
------------------------------

Environment variables:

    DBIC_NO_WARN_BAD_PERL = 1
    PATH = /usr/local/bin:/usr/X11R6/bin:/usr/X11/bin:/usr/perl5.8.0/bin:/usr/bin:/bin:/usr/local/sbin:/usr/sbin:/sbin:/usr/local/pilot/bin:/home2/cpansand/bin/freebsd8.0:/home2/cpansand/bin/sh:/home2/cpansand/bin:/usr/X386/bin:/usr/games:/home2/cpansand/devel:/usr/home/e/eserte/work/srezic-misc/scripts
    PERL5LIB = /usr/local/src/CPAN/build/Text-Tradition-1.2-rt8Bvc/blib/arch:/usr/local/src/CPAN/build/Text-Tradition-1.2-rt8Bvc/blib/lib:/usr/local/src/CPAN/build/Text-TEI-Markup-1.7-fBfdQ6/blib/arch:/usr/local/src/CPAN/build/Text-TEI-Markup-1.7-fBfdQ6/blib/lib:/usr/local/src/CPAN/build/Statistics-UIDList-0.01-xPEIkV/blib/arch:/usr/local/src/CPAN/build/Statistics-UIDList-0.01-xPEIkV/blib/lib:/usr/local/src/CPAN/build/Parse-Syslog-Line-1.7-6oeoF8/blib/arch:/usr/local/src/CPAN/build/Parse-Syslog-Line-1.7-6oeoF8/blib/lib
    PERL5OPT = 
    PERL5_CPANPLUS_IS_RUNNING = 94004
    PERL5_CPAN_IS_RUNNING = 94004
    PERL5_CPAN_IS_RUNNING_IN_RECURSION = 93982,94004
    PERL_BATCH = yes
    PERL_CPAN_REPORTER_CONFIG = /var/tmp/cpansmoker-1023/rjVIwwxTe__config.ini
    PERL_EXTUTILS_AUTOINSTALL = --defaultdeps
    PERL_HTML_DISPLAY_CLASS = HTML::Display::Mozilla
    SHELL = /usr/local/bin/zsh
    TERM = screen
    TMPDIR = /var/tmp/cpansmoker-1023

Perl special variables (and OS-specific diagnostics, for MSWin32):

    $^X = /usr/perl5.12.3/bin/perl5.12.3
    $UID/$EUID = 1023 / 1023
    $GID = 1023 1023
    $EGID = 1023 1023

Perl module toolchain versions installed:

    Module              Have    
    ------------------- --------
    CPAN                2.00    
    CPAN::Meta          2.131560
    Cwd                 3.40    
    ExtUtils::CBuilder  0.280205
    ExtUtils::Command   1.17    
    ExtUtils::Install   1.55    
    ExtUtils::MakeMaker 6.72    
    ExtUtils::Manifest  1.60    
    ExtUtils::ParseXS   3.18    
    File::Spec          3.40    
    JSON                2.59    
    JSON::PP            2.27200 
    Module::Build       0.4007  
    Module::Signature   0.73    
    Parse::CPAN::Meta   1.4404  
    Test::Harness       3.23    
    Test::More          0.98    
    YAML                0.84    
    YAML::Syck          1.27    
    version             0.9902  


--

Summary of my perl5 (revision 5 version 12 subversion 3) configuration:
   
  Platform:
    osname=freebsd, osvers=8.0-release, archname=i386-freebsd
    uname='freebsd biokovo.herceg.de 8.0-release freebsd 8.0-release #0: sat nov 21 15:48:17 utc 2009 root@almeida.cse.buffalo.edu:usrobjusrsrcsysgeneric i386 '
    config_args='-Dprefix=/usr/perl5.12.3 -Dusemymalloc=n -D cc=ccache cc -Dgccansipedantic -Duse64bit -de -D hintfile=myfreebsd'
    hint=recommended, useposix=true, d_sigaction=define
    useithreads=undef, usemultiplicity=undef
    useperlio=define, d_sfio=undef, uselargefiles=define, usesocks=undef
    use64bitint=undef, use64bitall=undef, uselongdouble=undef
    usemymalloc=n, bincompat5005=undef
  Compiler:
    cc='ccache cc', ccflags ='-DHAS_FPSETMASK -DHAS_FLOATINGPOINT_H -fno-strict-aliasing -pipe -fstack-protector -I/usr/local/include',
    optimize='-O2 -mtune=athlon64 -pipe',
    cppflags='-DHAS_FPSETMASK -DHAS_FLOATINGPOINT_H -fno-strict-aliasing -pipe -fstack-protector -I/usr/local/include'
    ccversion='', gccversion='4.2.1 20070719  [FreeBSD]', gccosandvers=''
    intsize=4, longsize=4, ptrsize=4, doublesize=8, byteorder=1234
    d_longlong=define, longlongsize=8, d_longdbl=define, longdblsize=12
    ivtype='long', ivsize=4, nvtype='double', nvsize=8, Off_t='off_t', lseeksize=8
    alignbytes=4, prototype=define
  Linker and Libraries:
    ld='ccache cc', ldflags ='-Wl,-E  -fstack-protector -L/usr/local/lib'
    libpth=/usr/lib /usr/local/lib
    libs=-lgdbm -lm -lcrypt -lutil -lc
    perllibs=-lm -lcrypt -lutil -lc
    libc=, so=so, useshrplib=false, libperl=libperl.a
    gnulibc_version=''
  Dynamic Linking:
    dlsrc=dl_dlopen.xs, dlext=so, d_dlsymun=undef, ccdlflags=' '
    cccdlflags='-DPIC -fPIC', lddlflags='-shared  -L/usr/local/lib -fstack-protector'


Characteristics of this binary (from libperl): 
  Compile-time options: PERL_DONT_CREATE_GVSV PERL_MALLOC_WRAP PERL_USE_DEVEL
                        USE_LARGE_FILES USE_PERLIO USE_PERL_ATOF
  Built under freebsd
  Compiled at Jan 25 2011 22:50:03
  %ENV:
    PERL5LIB="/usr/local/src/CPAN/build/Text-Tradition-1.2-rt8Bvc/blib/arch:/usr/local/src/CPAN/build/Text-Tradition-1.2-rt8Bvc/blib/lib:/usr/local/src/CPAN/build/Text-TEI-Markup-1.7-fBfdQ6/blib/arch:/usr/local/src/CPAN/build/Text-TEI-Markup-1.7-fBfdQ6/blib/lib:/usr/local/src/CPAN/build/Statistics-UIDList-0.01-xPEIkV/blib/arch:/usr/local/src/CPAN/build/Statistics-UIDList-0.01-xPEIkV/blib/lib:/usr/local/src/CPAN/build/Parse-Syslog-Line-1.7-6oeoF8/blib/arch:/usr/local/src/CPAN/build/Parse-Syslog-Line-1.7-6oeoF8/blib/lib"
    PERL5OPT=""
    PERL5_CPANPLUS_IS_RUNNING="94004"
    PERL5_CPAN_IS_RUNNING="94004"
    PERL5_CPAN_IS_RUNNING_IN_RECURSION="93982,94004"
    PERL_BATCH="yes"
    PERL_CPAN_REPORTER_CONFIG="/var/tmp/cpansmoker-1023/rjVIwwxTe__config.ini"
    PERL_EXTUTILS_AUTOINSTALL="--defaultdeps"
    PERL_HTML_DISPLAY_CLASS="HTML::Display::Mozilla"
  @INC:
    /usr/local/src/CPAN/build/Text-Tradition-1.2-rt8Bvc/blib/arch
    /usr/local/src/CPAN/build/Text-Tradition-1.2-rt8Bvc/blib/lib
    /usr/local/src/CPAN/build/Text-TEI-Markup-1.7-fBfdQ6/blib/arch
    /usr/local/src/CPAN/build/Text-TEI-Markup-1.7-fBfdQ6/blib/lib
    /usr/local/src/CPAN/build/Statistics-UIDList-0.01-xPEIkV/blib/arch
    /usr/local/src/CPAN/build/Statistics-UIDList-0.01-xPEIkV/blib/lib
    /usr/local/src/CPAN/build/Parse-Syslog-Line-1.7-6oeoF8/blib/arch
    /usr/local/src/CPAN/build/Parse-Syslog-Line-1.7-6oeoF8/blib/lib
    /usr/perl5.12.3/lib/site_perl/5.12.3/i386-freebsd
    /usr/perl5.12.3/lib/site_perl/5.12.3
    /usr/perl5.12.3/lib/5.12.3/i386-freebsd
    /usr/perl5.12.3/lib/5.12.3
    .