webrobot v0.81 Perl 5 v5.8.9 i386-freebsd

Status
Fail
From
Chris Williams (BINGOS)
Dist
webrobot v0.81
Platform
Perl 5 v5.8.9 i386-freebsd
Date
2010-04-16T05:08:45
ID
22439eac-4916-11df-9759-eb5590befd91
This distribution has been tested as part of the CPAN Testers
project, supporting the Perl programming language.  See
http://wiki.cpantesters.org/ for more information or email
questions to cpan-testers-discuss@perl.org


--

Dear STRCEK,
    
This is a computer-generated error report created automatically by
CPANPLUS, version 0.9003. Testers personal comments may appear 
at the end of this report.


Thank you for uploading your work to CPAN.  However, it appears that
there were some problems testing your distribution.

TEST RESULTS:

Below is the error stack from stage 'make test':

[MSG] [Fri Apr 16 06:08:19 2010] cp lib/WWW/Webrobot/Ext/XHtml/HTTP/Response.pm blib/lib/WWW/Webrobot/Ext/XHtml/HTTP/Response.pm
cp lib/WWW/Webrobot/Statistic.pm blib/lib/WWW/Webrobot/Statistic.pm
cp lib/WWW/Webrobot/HttpErrcode.pm blib/lib/WWW/Webrobot/HttpErrcode.pm
cp lib/WWW/Webrobot/pod/Testplan.pod blib/lib/WWW/Webrobot/pod/Testplan.pod
cp lib/WWW/Webrobot/TestplanRunner.pm blib/lib/WWW/Webrobot/TestplanRunner.pm
cp lib/WWW/Webrobot/Html2XHtml.pm blib/lib/WWW/Webrobot/Html2XHtml.pm
cp lib/WWW/Webrobot/Forker.pm blib/lib/WWW/Webrobot/Forker.pm
cp lib/WWW/Webrobot/Tree2Postfix.pm blib/lib/WWW/Webrobot/Tree2Postfix.pm
cp lib/WWW/Webrobot/WebrobotLoad.pm blib/lib/WWW/Webrobot/WebrobotLoad.pm
cp lib/WWW/Webrobot/AssertConstant.pm blib/lib/WWW/Webrobot/AssertConstant.pm
cp lib/WWW/Webrobot/Attributes.pm blib/lib/WWW/Webrobot/Attributes.pm
cp lib/WWW/Webrobot/SendMail.pm blib/lib/WWW/Webrobot/SendMail.pm
cp lib/WWW/Webrobot/pod/Recur.pod blib/lib/WWW/Webrobot/pod/Recur.pod
cp lib/WWW/Webrobot/HtmlAnalyzer.pm blib/lib/WWW/Webrobot/HtmlAnalyzer.pm
cp lib/WWW/Webrobot/Print/Null.pm blib/lib/WWW/Webrobot/Print/Null.pm
cp lib/WWW/Webrobot/UseXPath.pm blib/lib/WWW/Webrobot/UseXPath.pm
cp lib/WWW/Webrobot/Print/MakeTestplan.pm blib/lib/WWW/Webrobot/Print/MakeTestplan.pm
cp lib/WWW/Webrobot/Print/FilterHTTP.pm blib/lib/WWW/Webrobot/Print/FilterHTTP.pm
cp lib/WWW/Webrobot/SelftestRunner.pm blib/lib/WWW/Webrobot/SelftestRunner.pm
cp lib/WWW/Webrobot/Print/Test.pm blib/lib/WWW/Webrobot/Print/Test.pm
cp lib/WWW/Webrobot/Print/ChildSend.pm blib/lib/WWW/Webrobot/Print/ChildSend.pm
cp lib/WWW/Webrobot/StatisticSummary.pm blib/lib/WWW/Webrobot/StatisticSummary.pm
cp lib/WWW/Webrobot/Global.pm blib/lib/WWW/Webrobot/Global.pm
cp lib/WWW/Webrobot/Properties.pm blib/lib/WWW/Webrobot/Properties.pm
cp lib/WWW/Webrobot/MyUserAgent.pm blib/lib/WWW/Webrobot/MyUserAgent.pm
cp lib/WWW/Webrobot/MyEncode.pm blib/lib/WWW/Webrobot/MyEncode.pm
cp lib/WWW/Webrobot/Ext/General/HTTP/Response.pm blib/lib/WWW/Webrobot/Ext/General/HTTP/Response.pm
cp lib/WWW/Webrobot/Print/File.pm blib/lib/WWW/Webrobot/Print/File.pm
cp lib/WWW/Webrobot/pod/OutputListeners.pod blib/lib/WWW/Webrobot/pod/OutputListeners.pod
cp lib/WWW/Webrobot/SymbolTable.pm blib/lib/WWW/Webrobot/SymbolTable.pm
cp lib/WWW/Webrobot/HarnessTester.pm blib/lib/WWW/Webrobot/HarnessTester.pm
cp lib/WWW/Webrobot/Print/Text.pm blib/lib/WWW/Webrobot/Print/Text.pm
cp lib/WWW/Webrobot/Histogram.pm blib/lib/WWW/Webrobot/Histogram.pm
cp lib/WWW/Webrobot/UserAgentConnection.pm blib/lib/WWW/Webrobot/UserAgentConnection.pm
cp lib/WWW/Webrobot/Recur/RandomBrowser.pm blib/lib/WWW/Webrobot/Recur/RandomBrowser.pm
cp lib/WWW/Webrobot/Print/NegativeTest.pm blib/lib/WWW/Webrobot/Print/NegativeTest.pm
cp lib/WWW/Webrobot/XML2Tree.pm blib/lib/WWW/Webrobot/XML2Tree.pm
cp lib/WWW/Webrobot/pod/Config.pod blib/lib/WWW/Webrobot/pod/Config.pod
cp lib/WWW/Webrobot.pm blib/lib/WWW/Webrobot.pm
cp lib/WWW/Webrobot/Recur/LinkChecker.pm blib/lib/WWW/Webrobot/Recur/LinkChecker.pm
cp lib/WWW/Webrobot/Recur/Browser.pm blib/lib/WWW/Webrobot/Recur/Browser.pm
cp lib/WWW/Webrobot/AssertDefault.pm blib/lib/WWW/Webrobot/AssertDefault.pm
cp lib/WWW/Webrobot/Print/TestSimple.pm blib/lib/WWW/Webrobot/Print/TestSimple.pm
cp lib/WWW/Webrobot/Util.pm blib/lib/WWW/Webrobot/Util.pm
cp lib/WWW/Webrobot/Assert.pm blib/lib/WWW/Webrobot/Assert.pm
cp lib/WWW/Webrobot/Print/Html.pm blib/lib/WWW/Webrobot/Print/Html.pm
cp lib/WWW/Webrobot/StupidHTTPD.pm blib/lib/WWW/Webrobot/StupidHTTPD.pm
cp lib/WWW/Webrobot/XHtml.pm blib/lib/WWW/Webrobot/XHtml.pm
cp lib/WWW/Webrobot/pod/README.pod blib/lib/WWW/Webrobot/pod/README.pod
cp bin/webrobot-load blib/script/webrobot-load
/usr/home/cpan/pit/bare/perl-5.8.9/bin/perl -MExtUtils::MY -e 'MY->fixin(shift)' -- blib/script/webrobot-load
cp bin/webrobot blib/script/webrobot
/usr/home/cpan/pit/bare/perl-5.8.9/bin/perl -MExtUtils::MY -e 'MY->fixin(shift)' -- blib/script/webrobot
cp bin/xpath-shell blib/script/xpath-shell
/usr/home/cpan/pit/bare/perl-5.8.9/bin/perl -MExtUtils::MY -e 'MY->fixin(shift)' -- blib/script/xpath-shell
cp bin/webrobot-gen-plan blib/script/webrobot-gen-plan
/usr/home/cpan/pit/bare/perl-5.8.9/bin/perl -MExtUtils::MY -e 'MY->fixin(shift)' -- blib/script/webrobot-gen-plan
Manifying blib/man1/webrobot-load.1
Manifying blib/man1/webrobot.1
Manifying blib/man1/xpath-shell.1
Manifying blib/man1/webrobot-gen-plan.1
Manifying blib/man3/WWW::Webrobot::Ext::XHtml::HTTP::Response.3
Manifying blib/man3/WWW::Webrobot::HttpErrcode.3
Manifying blib/man3/WWW::Webrobot::Statistic.3
Manifying blib/man3/WWW::Webrobot::pod::Testplan.3
Manifying blib/man3/WWW::Webrobot::TestplanRunner.3
Manifying blib/man3/WWW::Webrobot::Html2XHtml.3
Manifying blib/man3/WWW::Webrobot::Forker.3
Manifying blib/man3/WWW::Webrobot::WebrobotLoad.3
Manifying blib/man3/WWW::Webrobot::AssertConstant.3
Manifying blib/man3/WWW::Webrobot::Attributes.3
Manifying blib/man3/WWW::Webrobot::pod::Recur.3
Manifying blib/man3/WWW::Webrobot::SendMail.3
Manifying blib/man3/WWW::Webrobot::HtmlAnalyzer.3
Manifying blib/man3/WWW::Webrobot::Print::Null.3
Manifying blib/man3/WWW::Webrobot::Print::FilterHTTP.3
Manifying blib/man3/WWW::Webrobot::UseXPath.3
Manifying blib/man3/WWW::Webrobot::Print::MakeTestplan.3
Manifying blib/man3/WWW::Webrobot::SelftestRunner.3
Manifying blib/man3/WWW::Webrobot::Print::ChildSend.3
Manifying blib/man3/WWW::Webrobot::Print::Test.3
Manifying blib/man3/WWW::Webrobot::Global.3
Manifying blib/man3/WWW::Webrobot::Properties.3
Manifying blib/man3/WWW::Webrobot::MyEncode.3
Manifying blib/man3/WWW::Webrobot::MyUserAgent.3
Manifying blib/man3/WWW::Webrobot::Print::File.3
Manifying blib/man3/WWW::Webrobot::pod::OutputListeners.3
Manifying blib/man3/WWW::Webrobot::SymbolTable.3
Manifying blib/man3/WWW::Webrobot::HarnessTester.3
Manifying blib/man3/WWW::Webrobot::Print::Text.3
Manifying blib/man3/WWW::Webrobot::Histogram.3
Manifying blib/man3/WWW::Webrobot::Recur::RandomBrowser.3
Manifying blib/man3/WWW::Webrobot::UserAgentConnection.3
Manifying blib/man3/WWW::Webrobot::Print::NegativeTest.3
Manifying blib/man3/WWW::Webrobot::pod::Config.3
Manifying blib/man3/WWW::Webrobot::XML2Tree.3
Manifying blib/man3/WWW::Webrobot.3
Manifying blib/man3/WWW::Webrobot::Recur::LinkChecker.3
Manifying blib/man3/WWW::Webrobot::Recur::Browser.3
Manifying blib/man3/WWW::Webrobot::AssertDefault.3
Manifying blib/man3/WWW::Webrobot::Print::TestSimple.3
Manifying blib/man3/WWW::Webrobot::Print::Html.3
Manifying blib/man3/WWW::Webrobot::Assert.3
Manifying blib/man3/WWW::Webrobot::Util.3
Manifying blib/man3/WWW::Webrobot::XHtml.3
Manifying blib/man3/WWW::Webrobot::StupidHTTPD.3
Manifying blib/man3/WWW::Webrobot::pod::README.3

[ERROR] [Fri Apr 16 06:08:45 2010] MAKE TEST failed: No such file or directory PERL_DL_NONLAZY=1 /usr/home/cpan/pit/bare/perl-5.8.9/bin/perl "-MExtUtils::Command::MM" "-e" "test_harness(0, 'blib/lib', 'blib/arch')" t/*.t
t/assert.t ....................... ok
# NOTE: Crypt::SSLeay is only necessary if you want to use the protocol https
# NOTE: MIME::Lite is only necessary if you want to send e-mail
t/check_modules.t ................ ok
t/clone.t ........................ ok
t/config.t ....................... ok
t/encode-assert-chinese.t ........ ok
t/encode-assert-invalid.t ........ ok
t/encode-assert-isolatin-meta.t .. ok
t/encode-assert-isolatin.t ....... ok
t/encode-chinese-utf8.t .......... ok
t/encode-chinese.t ............... ok
t/encode-server-latin1.t ......... ok
t/encode-server-utf8.t ........... ok
t/ext-http-response.t ............ ok
t/html-treebuilder.t ............. ok
t/makeplan.t ..................... skipped: enabled on linux only because you need (sh, echo)
t/plan-assert-file.t ............. ok
# Looks like your test exited with 1 just after 2.
t/plan-assert-get-neg.t .......... 
Dubious, test returned 1 (wstat 256, 0x100)
All 2 subtests passed 
t/plan-assert-get.t .............. ok
t/plan-assert-header.t ........... ok
t/plan-cdata.t ................... ok
t/plan-child-id.t ................ ok
t/plan-get.t ..................... ok
# Looks like your test exited with 1 just after 3.
t/plan-globalassert-2.t .......... 
Dubious, test returned 1 (wstat 256, 0x100)
All 3 subtests passed 
t/plan-globalassert-2a.t ......... ok
# Looks like your test exited with 1 just after 5.
t/plan-globalassert-neg.t ........ 
Dubious, test returned 1 (wstat 256, 0x100)
All 5 subtests passed 
t/plan-globalassert-prop.t ....... ok
t/plan-post.t .................... ok
t/plan-properties-basic.t ........ ok
t/plan-properties-simple.t ....... ok
t/plan-properties.t .............. ok
t/plan-recurse.t ................. ok
t/plan-recurse2.t ................ ok
t/plan-request-header.t .......... ok
t/plan-sleep.t ................... ok
t/statistic.t .................... ok
t/tree2postfix.t ................. ok
t/var_expand.t ................... ok
t/xhtml.t ........................ ok
t/xml_print.t .................... ok

Test Summary Report
-------------------
t/plan-assert-get-neg.t        (Wstat: 256 Tests: 2 Failed: 0)
  Non-zero exit status: 1
t/plan-globalassert-2.t        (Wstat: 256 Tests: 3 Failed: 0)
  Non-zero exit status: 1
t/plan-globalassert-neg.t      (Wstat: 256 Tests: 5 Failed: 0)
  Non-zero exit status: 1
Files=39, Tests=182, 26 wallclock secs ( 0.38 usr  0.24 sys + 13.12 cusr  9.23 csys = 22.96 CPU)
Result: FAIL
Failed 3/39 test programs. 0/182 subtests failed.
*** Error code 255

Stop in /usr/home/cpan/pit/bare/conf/perl-5.8.9/.cpanplus/5.8.9/build/webrobot-0.81.

[MSG] [Fri Apr 16 06:08:45 2010] DEFAULT 'proceed_on_test_failure' HANDLER RETURNING 'sub return value'

PREREQUISITES:

Here is a list of prerequisites you specified and versions we 
managed to load:
                                
	  Module Name                        Have     Want
	  Bundle::LWP                       5.810        0
	  HTML::TreeBuilder                  3.23        0
	  Test::More                         0.94        0
	  Time::HiRes                      1.9715        0
	  Unicode::Lite                      0.12        0
	  XML::Parser                        2.36        0
	  XML::XPath                         1.13        0

Perl module toolchain versions installed:
	Module Name                        Have
	CPANPLUS                         0.9003
	CPANPLUS::Dist::Build              0.46
	Cwd                                3.30
	ExtUtils::CBuilder               0.2703
	ExtUtils::Command                  1.16
	ExtUtils::Install                  1.54
	ExtUtils::MakeMaker                6.56
	ExtUtils::Manifest                 1.58
	ExtUtils::ParseXS                2.2205
	File::Spec                         3.30
	Module::Build                    0.3607
	Test::Harness                      3.21
	Test::More                         0.94
	version                            0.80

******************************** NOTE ********************************
The comments above are created mechanically, possibly without manual
checking by the sender.  As there are many people performing automatic
tests on each upload to CPAN, it is likely that you will receive 
identical messages about the same problem.

If you believe that the message is mistaken, please reply to the first
one with correction and/or additional informations, and do not take
it personally.  We appreciate your patience. :)
**********************************************************************

Additional comments:
 

This report was machine-generated by CPANPLUS::Dist::YACSmoke 0.54.
Powered by minismokebox version 0.26

------------------------------
ENVIRONMENT AND OTHER CONTEXT
------------------------------

Environment variables:

    AUTOMATED_TESTING = 1
    PATH = /sbin:/bin:/usr/sbin:/usr/bin:/usr/games:/usr/local/sbin:/usr/local/bin:/home/cpan/bin
    PERL5LIB = :/usr/home/cpan/pit/bare/conf/perl-5.8.9/.cpanplus/5.8.9/build/HTML-Tagset-3.20/blib/lib:/usr/home/cpan/pit/bare/conf/perl-5.8.9/.cpanplus/5.8.9/build/HTML-Tagset-3.20/blib/arch:/usr/home/cpan/pit/bare/conf/perl-5.8.9/.cpanplus/5.8.9/build/HTML-Parser-3.65/blib/lib:/usr/home/cpan/pit/bare/conf/perl-5.8.9/.cpanplus/5.8.9/build/HTML-Parser-3.65/blib/arch:/usr/home/cpan/pit/bare/conf/perl-5.8.9/.cpanplus/5.8.9/build/URI-1.54/blib/lib:/usr/home/cpan/pit/bare/conf/perl-5.8.9/.cpanplus/5.8.9/build/URI-1.54/blib/arch:/usr/home/cpan/pit/bare/conf/perl-5.8.9/.cpanplus/5.8.9/build/libwww-perl-5.834/blib/lib:/usr/home/cpan/pit/bare/conf/perl-5.8.9/.cpanplus/5.8.9/build/libwww-perl-5.834/blib/arch:/usr/home/cpan/pit/bare/conf/perl-5.8.9/.cpanplus/5.8.9/build/HTML-Tree-3.23/blib/lib:/usr/home/cpan/pit/bare/conf/perl-5.8.9/.cpanplus/5.8.9/build/HTML-Tree-3.23/blib/arch:/usr/home/cpan/pit/bare/conf/perl-5.8.9/.cpanplus/5.8.9/build/Unicode-Map-0.112/blib/lib:/usr/home/cpan/pit/bare/conf/perl-5.8.9/.cpanplus/5.8.9/build/Unicode-Map-0.112/blib/arch:/usr/home/cpan/pit/bare/conf/perl-5.8.9/.cpanplus/5.8.9/build/Unicode-String-2.09/blib/lib:/usr/home/cpan/pit/bare/conf/perl-5.8.9/.cpanplus/5.8.9/build/Unicode-String-2.09/blib/arch:/usr/home/cpan/pit/bare/conf/perl-5.8.9/.cpanplus/5.8.9/build/enum-1.016/blib/lib:/usr/home/cpan/pit/bare/conf/perl-5.8.9/.cpanplus/5.8.9/build/enum-1.016/blib/arch:/usr/home/cpan/pit/bare/conf/perl-5.8.9/.cpanplus/5.8.9/build/Unicode-Lite-0.12/blib/lib:/usr/home/cpan/pit/bare/conf/perl-5.8.9/.cpanplus/5.8.9/build/Unicode-Lite-0.12/blib/arch:/usr/home/cpan/pit/bare/conf/perl-5.8.9/.cpanplus/5.8.9/build/XML-Parser-2.36/blib/lib:/usr/home/cpan/pit/bare/conf/perl-5.8.9/.cpanplus/5.8.9/build/XML-Parser-2.36/blib/arch:/usr/home/cpan/pit/bare/conf/perl-5.8.9/.cpanplus/5.8.9/build/XML-XPath-1.13/blib/lib:/usr/home/cpan/pit/bare/conf/perl-5.8.9/.cpanplus/5.8.9/build/XML-XPath-1.13/blib/arch:/usr/home/cpan/pit/bare/conf/perl-5.8.9/.cpanplus/5.8.9/build/webrobot-0.81/blib/lib:/usr/home/cpan/pit/bare/conf/perl-5.8.9/.cpanplus/5.8.9/build/webrobot-0.81/blib/arch
    PERL5_CPANPLUS_IS_RUNNING = 84663
    PERL5_CPANPLUS_IS_VERSION = 0.9003
    PERL5_MINISMOKEBOX = 0.26
    PERL5_YACSMOKE_BASE = /usr/home/cpan/pit/bare/conf/perl-5.8.9/
    PERL_EXTUTILS_AUTOINSTALL = --defaultdeps
    PERL_MM_USE_DEFAULT = 1
    SHELL = /usr/local/bin/bash
    TERM = screen

Perl special variables (and OS-specific diagnostics, for MSWin32):

    Perl: $^X = /usr/home/cpan/pit/bare/perl-5.8.9/bin/perl
    UID:  $<  = 1003
    EUID: $>  = 1003
    GID:  $(  = 1003 1003 1003
    EGID: $)  = 1003 1003 1003


-------------------------------


--

Summary of my perl5 (revision 5 version 8 subversion 9) configuration:
  Platform:
    osname=freebsd, osvers=7.2-release, archname=i386-freebsd
    uname='freebsd wintermute.staffordshire.gov.uk 7.2-release freebsd 7.2-release #0: fri may 1 08:49:13 utc 2009 root@walker.cse.buffalo.edu:usrobjusrsrcsysgeneric i386 '
    config_args='-de -Dprefix=/usr/home/cpan/pit/bare/perl-5.8.9'
    hint=recommended, useposix=true, d_sigaction=define
    usethreads=undef use5005threads=undef useithreads=undef usemultiplicity=undef
    useperlio=define d_sfio=undef uselargefiles=define usesocks=undef
    use64bitint=undef use64bitall=undef uselongdouble=undef
    usemymalloc=n, bincompat5005=undef
  Compiler:
    cc='cc', ccflags ='-DHAS_FPSETMASK -DHAS_FLOATINGPOINT_H -fno-strict-aliasing -pipe -I/usr/local/include',
    optimize='-O',
    cppflags='-DHAS_FPSETMASK -DHAS_FLOATINGPOINT_H -fno-strict-aliasing -pipe -I/usr/local/include'
    ccversion='', gccversion='4.2.1 20070719  [FreeBSD]', gccosandvers=''
    intsize=4, longsize=4, ptrsize=4, doublesize=8, byteorder=1234
    d_longlong=define, longlongsize=8, d_longdbl=define, longdblsize=12
    ivtype='long', ivsize=4, nvtype='double', nvsize=8, Off_t='off_t', lseeksize=8
    alignbytes=4, prototype=define
  Linker and Libraries:
    ld='cc', ldflags ='-Wl,-E  -L/usr/local/lib'
    libpth=/usr/lib /usr/local/lib
    libs=-lgdbm -lm -lcrypt -lutil -lc
    perllibs=-lm -lcrypt -lutil -lc
    libc=, so=so, useshrplib=false, libperl=libperl.a
    gnulibc_version=''
  Dynamic Linking:
    dlsrc=dl_dlopen.xs, dlext=so, d_dlsymun=undef, ccdlflags=' '
    cccdlflags='-DPIC -fPIC', lddlflags='-shared  -L/usr/local/lib'


Characteristics of this binary (from libperl): 
  Compile-time options: PERL_MALLOC_WRAP USE_FAST_STDIO USE_LARGE_FILES
                        USE_PERLIO
  Built under freebsd
  Compiled at Oct  9 2009 23:44:35
  %ENV:
    PERL5LIB=":/usr/home/cpan/pit/bare/conf/perl-5.8.9/.cpanplus/5.8.9/build/HTML-Tagset-3.20/blib/lib:/usr/home/cpan/pit/bare/conf/perl-5.8.9/.cpanplus/5.8.9/build/HTML-Tagset-3.20/blib/arch:/usr/home/cpan/pit/bare/conf/perl-5.8.9/.cpanplus/5.8.9/build/HTML-Parser-3.65/blib/lib:/usr/home/cpan/pit/bare/conf/perl-5.8.9/.cpanplus/5.8.9/build/HTML-Parser-3.65/blib/arch:/usr/home/cpan/pit/bare/conf/perl-5.8.9/.cpanplus/5.8.9/build/URI-1.54/blib/lib:/usr/home/cpan/pit/bare/conf/perl-5.8.9/.cpanplus/5.8.9/build/URI-1.54/blib/arch:/usr/home/cpan/pit/bare/conf/perl-5.8.9/.cpanplus/5.8.9/build/libwww-perl-5.834/blib/lib:/usr/home/cpan/pit/bare/conf/perl-5.8.9/.cpanplus/5.8.9/build/libwww-perl-5.834/blib/arch:/usr/home/cpan/pit/bare/conf/perl-5.8.9/.cpanplus/5.8.9/build/HTML-Tree-3.23/blib/lib:/usr/home/cpan/pit/bare/conf/perl-5.8.9/.cpanplus/5.8.9/build/HTML-Tree-3.23/blib/arch:/usr/home/cpan/pit/bare/conf/perl-5.8.9/.cpanplus/5.8.9/build/Unicode-Map-0.112/blib/lib:/usr/home/cpan/pit/bare/conf/perl-5.8.9/.cpanplus/5.8.9/build/Unicode-Map-0.112/blib/arch:/usr/home/cpan/pit/bare/conf/perl-5.8.9/.cpanplus/5.8.9/build/Unicode-String-2.09/blib/lib:/usr/home/cpan/pit/bare/conf/perl-5.8.9/.cpanplus/5.8.9/build/Unicode-String-2.09/blib/arch:/usr/home/cpan/pit/bare/conf/perl-5.8.9/.cpanplus/5.8.9/build/enum-1.016/blib/lib:/usr/home/cpan/pit/bare/conf/perl-5.8.9/.cpanplus/5.8.9/build/enum-1.016/blib/arch:/usr/home/cpan/pit/bare/conf/perl-5.8.9/.cpanplus/5.8.9/build/Unicode-Lite-0.12/blib/lib:/usr/home/cpan/pit/bare/conf/perl-5.8.9/.cpanplus/5.8.9/build/Unicode-Lite-0.12/blib/arch:/usr/home/cpan/pit/bare/conf/perl-5.8.9/.cpanplus/5.8.9/build/XML-Parser-2.36/blib/lib:/usr/home/cpan/pit/bare/conf/perl-5.8.9/.cpanplus/5.8.9/build/XML-Parser-2.36/blib/arch:/usr/home/cpan/pit/bare/conf/perl-5.8.9/.cpanplus/5.8.9/build/XML-XPath-1.13/blib/lib:/usr/home/cpan/pit/bare/conf/perl-5.8.9/.cpanplus/5.8.9/build/XML-XPath-1.13/blib/arch:/usr/home/cpan/pit/bare/conf/perl-5.8.9/.cpanplus/5.8.9/build/webrobot-0.81/blib/lib:/usr/home/cpan/pit/bare/conf/perl-5.8.9/.cpanplus/5.8.9/build/webrobot-0.81/blib/arch"
    PERL5_CPANPLUS_IS_RUNNING="84663"
    PERL5_CPANPLUS_IS_VERSION="0.9003"
    PERL5_MINISMOKEBOX="0.26"
    PERL5_YACSMOKE_BASE="/usr/home/cpan/pit/bare/conf/perl-5.8.9/"
    PERL_EXTUTILS_AUTOINSTALL="--defaultdeps"
    PERL_MM_USE_DEFAULT="1"
  @INC:
    /usr/home/cpan/pit/bare/conf/perl-5.8.9/.cpanplus/5.8.9/build/HTML-Tagset-3.20/blib/lib
    /usr/home/cpan/pit/bare/conf/perl-5.8.9/.cpanplus/5.8.9/build/HTML-Tagset-3.20/blib/arch
    /usr/home/cpan/pit/bare/conf/perl-5.8.9/.cpanplus/5.8.9/build/HTML-Parser-3.65/blib/lib
    /usr/home/cpan/pit/bare/conf/perl-5.8.9/.cpanplus/5.8.9/build/HTML-Parser-3.65/blib/arch
    /usr/home/cpan/pit/bare/conf/perl-5.8.9/.cpanplus/5.8.9/build/URI-1.54/blib/lib
    /usr/home/cpan/pit/bare/conf/perl-5.8.9/.cpanplus/5.8.9/build/URI-1.54/blib/arch
    /usr/home/cpan/pit/bare/conf/perl-5.8.9/.cpanplus/5.8.9/build/libwww-perl-5.834/blib/lib
    /usr/home/cpan/pit/bare/conf/perl-5.8.9/.cpanplus/5.8.9/build/libwww-perl-5.834/blib/arch
    /usr/home/cpan/pit/bare/conf/perl-5.8.9/.cpanplus/5.8.9/build/HTML-Tree-3.23/blib/lib
    /usr/home/cpan/pit/bare/conf/perl-5.8.9/.cpanplus/5.8.9/build/HTML-Tree-3.23/blib/arch
    /usr/home/cpan/pit/bare/conf/perl-5.8.9/.cpanplus/5.8.9/build/Unicode-Map-0.112/blib/lib
    /usr/home/cpan/pit/bare/conf/perl-5.8.9/.cpanplus/5.8.9/build/Unicode-Map-0.112/blib/arch
    /usr/home/cpan/pit/bare/conf/perl-5.8.9/.cpanplus/5.8.9/build/Unicode-String-2.09/blib/lib
    /usr/home/cpan/pit/bare/conf/perl-5.8.9/.cpanplus/5.8.9/build/Unicode-String-2.09/blib/arch
    /usr/home/cpan/pit/bare/conf/perl-5.8.9/.cpanplus/5.8.9/build/enum-1.016/blib/lib
    /usr/home/cpan/pit/bare/conf/perl-5.8.9/.cpanplus/5.8.9/build/enum-1.016/blib/arch
    /usr/home/cpan/pit/bare/conf/perl-5.8.9/.cpanplus/5.8.9/build/Unicode-Lite-0.12/blib/lib
    /usr/home/cpan/pit/bare/conf/perl-5.8.9/.cpanplus/5.8.9/build/Unicode-Lite-0.12/blib/arch
    /usr/home/cpan/pit/bare/conf/perl-5.8.9/.cpanplus/5.8.9/build/XML-Parser-2.36/blib/lib
    /usr/home/cpan/pit/bare/conf/perl-5.8.9/.cpanplus/5.8.9/build/XML-Parser-2.36/blib/arch
    /usr/home/cpan/pit/bare/conf/perl-5.8.9/.cpanplus/5.8.9/build/XML-XPath-1.13/blib/lib
    /usr/home/cpan/pit/bare/conf/perl-5.8.9/.cpanplus/5.8.9/build/XML-XPath-1.13/blib/arch
    /usr/home/cpan/pit/bare/conf/perl-5.8.9/.cpanplus/5.8.9/build/webrobot-0.81/blib/lib
    /usr/home/cpan/pit/bare/conf/perl-5.8.9/.cpanplus/5.8.9/build/webrobot-0.81/blib/arch
    /usr/home/cpan/pit/bare/perl-5.8.9/lib/5.8.9/i386-freebsd
    /usr/home/cpan/pit/bare/perl-5.8.9/lib/5.8.9
    /usr/home/cpan/pit/bare/perl-5.8.9/lib/site_perl/5.8.9/i386-freebsd
    /usr/home/cpan/pit/bare/perl-5.8.9/lib/site_perl/5.8.9
    .